[INFO] fetching crate flnet-libc 0.6.0...
[INFO] testing flnet-libc-0.6.0 against 1.69.0 for beta-1.70-1
[INFO] extracting crate flnet-libc 0.6.0 into /workspace/builds/worker-7-tc1/source
[INFO] validating manifest of crates.io crate flnet-libc 0.6.0 on toolchain 1.69.0
[INFO] running `Command { std: CARGO_HOME="/workspace/cargo-home" RUSTUP_HOME="/workspace/rustup-home" "/workspace/cargo-home/bin/cargo" "+1.69.0" "metadata" "--manifest-path" "Cargo.toml" "--no-deps", kill_on_drop: false }`
[INFO] started tweaking crates.io crate flnet-libc 0.6.0
[INFO] finished tweaking crates.io crate flnet-libc 0.6.0
[INFO] tweaked toml for crates.io crate flnet-libc 0.6.0 written to /workspace/builds/worker-7-tc1/source/Cargo.toml
[INFO] running `Command { std: CARGO_HOME="/workspace/cargo-home" RUSTUP_HOME="/workspace/rustup-home" __CARGO_TEST_CHANNEL_OVERRIDE_DO_NOT_USE_THIS="nightly" "/workspace/cargo-home/bin/cargo" "+1.69.0" "generate-lockfile" "--manifest-path" "Cargo.toml" "-Zno-index-update", kill_on_drop: false }`
[INFO] [stderr]     Blocking waiting for file lock on package cache
[INFO] running `Command { std: CARGO_HOME="/workspace/cargo-home" RUSTUP_HOME="/workspace/rustup-home" "/workspace/cargo-home/bin/cargo" "+1.69.0" "fetch" "--manifest-path" "Cargo.toml", kill_on_drop: false }`
[INFO] [stderr]  Downloading crates ...
[INFO] [stderr]   Downloaded rtp v0.6.8
[INFO] [stderr]   Downloaded ghash v0.4.4
[INFO] [stderr]   Downloaded aes-gcm v0.9.4
[INFO] [stderr]   Downloaded waitgroup v0.1.2
[INFO] [stderr]   Downloaded webrtc-media v0.4.7
[INFO] [stderr]   Downloaded x509-parser v0.13.2
[INFO] [stderr]   Downloaded asn1-rs-impl v0.1.0
[INFO] [stderr]   Downloaded asn1-rs v0.5.2
[INFO] [stderr]   Downloaded block-modes v0.7.0
[INFO] [stderr]   Downloaded bimap v0.6.3
[INFO] [stderr]   Downloaded substring v1.4.5
[INFO] [stderr]   Downloaded derive_builder v0.10.2
[INFO] [stderr]   Downloaded darling_macro v0.12.4
[INFO] [stderr]   Downloaded derive_builder_core v0.10.2
[INFO] [stderr]   Downloaded darling_core v0.12.4
[INFO] [stderr]   Downloaded x25519-dalek v2.0.0-rc.2
[INFO] [stderr]   Downloaded webrtc-data v0.3.3
[INFO] [stderr]   Downloaded flarch v0.6.0
[INFO] [stderr]   Downloaded curve25519-dalek v4.0.0-rc.2
[INFO] [stderr]   Downloaded webrtc-sctp v0.4.3
[INFO] [stderr]   Downloaded flmodules v0.6.0
[INFO] [stderr]   Downloaded flnet v0.6.0
[INFO] [stderr]   Downloaded webrtc-util v0.6.0
[INFO] [stderr]   Downloaded darling v0.12.4
[INFO] [stderr]   Downloaded p256 v0.11.1
[INFO] [stderr]   Downloaded derive_builder_macro v0.10.2
[INFO] [stderr]   Downloaded platforms v3.0.2
[INFO] [stderr]   Downloaded webrtc-srtp v0.8.9
[INFO] [stderr]   Downloaded ed25519-compact v1.0.16
[INFO] [stderr]   Downloaded names v0.13.0
[INFO] [stderr]   Downloaded der-oid-macro v0.5.0
[INFO] [stderr]   Downloaded der-parser v6.0.1
[INFO] [stderr]   Downloaded oid-registry v0.2.0
[INFO] [stderr]   Downloaded x509-parser v0.12.0
[INFO] [stderr]   Downloaded rcgen v0.8.14
[INFO] [stderr]   Downloaded sdp v0.5.3
[INFO] [stderr]   Downloaded der-parser v8.2.0
[INFO] [stderr]   Downloaded ccm v0.3.0
[INFO] [stderr]   Downloaded asn1-rs-derive v0.4.0
[INFO] [stderr]   Downloaded oid-registry v0.6.1
[INFO] [stderr]   Downloaded rcgen v0.9.3
[INFO] [stderr]   Downloaded der-parser v7.0.0
[INFO] [stderr]   Downloaded asn1-rs-derive v0.1.0
[INFO] [stderr]   Downloaded asn1-rs v0.3.1
[INFO] [stderr]   Downloaded oid-registry v0.4.0
[INFO] [stderr]   Downloaded rusticata-macros v4.1.0
[INFO] [stderr]   Downloaded webrtc v0.4.0
[INFO] [stderr]   Downloaded webrtc-ice v0.6.6
[INFO] [stderr]   Downloaded rtcp v0.6.6
[INFO] [stderr]   Downloaded webrtc-mdns v0.4.3
[INFO] [stderr]   Downloaded turn v0.5.4
[INFO] [stderr]   Downloaded interceptor v0.7.7
[INFO] [stderr]   Downloaded webrtc-dtls v0.5.4
[INFO] running `Command { std: "docker" "create" "-v" "/var/lib/crater-agent-workspace/builds/worker-7-tc1/target:/opt/rustwide/target:rw,Z" "-v" "/var/lib/crater-agent-workspace/builds/worker-7-tc1/source:/opt/rustwide/workdir:ro,Z" "-v" "/var/lib/crater-agent-workspace/cargo-home:/opt/rustwide/cargo-home:ro,Z" "-v" "/var/lib/crater-agent-workspace/rustup-home:/opt/rustwide/rustup-home:ro,Z" "-e" "SOURCE_DIR=/opt/rustwide/workdir" "-e" "CARGO_TARGET_DIR=/opt/rustwide/target" "-e" "CARGO_HOME=/opt/rustwide/cargo-home" "-e" "RUSTUP_HOME=/opt/rustwide/rustup-home" "-w" "/opt/rustwide/workdir" "-m" "1610612736" "--user" "0:0" "--network" "none" "ghcr.io/rust-lang/crates-build-env/linux@sha256:5ff2268d62e97bff2cde7d5815dd6ed5b47097566f13b8d0ca110b04b60e07ed" "/opt/rustwide/cargo-home/bin/cargo" "+1.69.0" "metadata" "--no-deps" "--format-version=1", kill_on_drop: false }`
[INFO] [stdout] 971911bb9a44f168da92335b7c433b938cb9d153e9d338bbf639bff71e027113
[INFO] running `Command { std: "docker" "start" "-a" "971911bb9a44f168da92335b7c433b938cb9d153e9d338bbf639bff71e027113", kill_on_drop: false }`
[INFO] running `Command { std: "docker" "inspect" "971911bb9a44f168da92335b7c433b938cb9d153e9d338bbf639bff71e027113", kill_on_drop: false }`
[INFO] running `Command { std: "docker" "rm" "-f" "971911bb9a44f168da92335b7c433b938cb9d153e9d338bbf639bff71e027113", kill_on_drop: false }`
[INFO] [stdout] 971911bb9a44f168da92335b7c433b938cb9d153e9d338bbf639bff71e027113
[INFO] running `Command { std: "docker" "create" "-v" "/var/lib/crater-agent-workspace/builds/worker-7-tc1/target:/opt/rustwide/target:rw,Z" "-v" "/var/lib/crater-agent-workspace/builds/worker-7-tc1/source:/opt/rustwide/workdir:ro,Z" "-v" "/var/lib/crater-agent-workspace/cargo-home:/opt/rustwide/cargo-home:ro,Z" "-v" "/var/lib/crater-agent-workspace/rustup-home:/opt/rustwide/rustup-home:ro,Z" "-e" "SOURCE_DIR=/opt/rustwide/workdir" "-e" "CARGO_TARGET_DIR=/opt/rustwide/target" "-e" "CARGO_INCREMENTAL=0" "-e" "RUST_BACKTRACE=full" "-e" "RUSTFLAGS=--cap-lints=warn" "-e" "RUSTDOCFLAGS=--cap-lints=warn" "-e" "CARGO_HOME=/opt/rustwide/cargo-home" "-e" "RUSTUP_HOME=/opt/rustwide/rustup-home" "-w" "/opt/rustwide/workdir" "-m" "1610612736" "--user" "0:0" "--network" "none" "ghcr.io/rust-lang/crates-build-env/linux@sha256:5ff2268d62e97bff2cde7d5815dd6ed5b47097566f13b8d0ca110b04b60e07ed" "/opt/rustwide/cargo-home/bin/cargo" "+1.69.0" "build" "--frozen" "--message-format=json", kill_on_drop: false }`
[INFO] [stdout] 7dc6d0520c07819ca1e63c81d9d63ef324320362ab0aa909c070bb9218248556
[INFO] running `Command { std: "docker" "start" "-a" "7dc6d0520c07819ca1e63c81d9d63ef324320362ab0aa909c070bb9218248556", kill_on_drop: false }`
[INFO] [stderr]     Blocking waiting for file lock on package cache
[INFO] [stderr]     Blocking waiting for file lock on package cache
[INFO] [stderr]     Blocking waiting for file lock on package cache
[INFO] [stderr]    Compiling subtle v2.4.1
[INFO] [stderr]    Compiling generic-array v0.14.7
[INFO] [stderr]    Compiling syn v1.0.109
[INFO] [stderr]    Compiling bytes v1.4.0
[INFO] [stderr]    Compiling num-traits v0.2.15
[INFO] [stderr]    Compiling tokio v1.28.0
[INFO] [stderr]    Compiling syn v2.0.15
[INFO] [stderr]    Compiling getrandom v0.2.9
[INFO] [stderr]    Compiling parking_lot_core v0.9.7
[INFO] [stderr]    Compiling socket2 v0.4.9
[INFO] [stderr]    Compiling signal-hook-registry v1.4.1
[INFO] [stderr]    Compiling mio v0.8.6
[INFO] [stderr]    Compiling num_cpus v1.15.0
[INFO] [stderr]    Compiling memoffset v0.6.5
[INFO] [stderr]    Compiling num-integer v0.1.45
[INFO] [stderr]    Compiling cpufeatures v0.2.7
[INFO] [stderr]    Compiling minimal-lexical v0.2.1
[INFO] [stderr]    Compiling webrtc-util v0.5.4
[INFO] [stderr]    Compiling rand_core v0.6.4
[INFO] [stderr]    Compiling ring v0.16.20
[INFO] [stderr]    Compiling parking_lot v0.12.1
[INFO] [stderr]    Compiling nom v7.1.3
[INFO] [stderr]    Compiling rand_chacha v0.3.1
[INFO] [stderr]    Compiling num-bigint v0.4.3
[INFO] [stderr]    Compiling nix v0.24.3
[INFO] [stderr]    Compiling webrtc-util v0.7.0
[INFO] [stderr]    Compiling futures-core v0.3.28
[INFO] [stderr]    Compiling pkg-config v0.3.26
[INFO] [stderr]    Compiling time-macros v0.2.8
[INFO] [stderr]    Compiling futures-task v0.3.28
[INFO] [stderr]    Compiling rand v0.8.5
[INFO] [stderr]    Compiling futures-channel v0.3.28
[INFO] [stderr]    Compiling time v0.1.45
[INFO] [stderr]    Compiling crypto-common v0.1.6
[INFO] [stderr]    Compiling block-buffer v0.10.4
[INFO] [stderr]    Compiling universal-hash v0.4.1
[INFO] [stderr]    Compiling digest v0.9.0
[INFO] [stderr]    Compiling digest v0.10.6
[INFO] [stderr]    Compiling cipher v0.2.5
[INFO] [stderr]    Compiling futures-util v0.3.28
[INFO] [stderr]    Compiling iana-time-zone v0.1.56
[INFO] [stderr]    Compiling base64ct v1.6.0
[INFO] [stderr]    Compiling openssl-sys v0.9.87
[INFO] [stderr]    Compiling platforms v3.0.2
[INFO] [stderr]    Compiling futures-sink v0.3.28
[INFO] [stderr]    Compiling byteorder v1.4.3
[INFO] [stderr]    Compiling hmac v0.12.1
[INFO] [stderr]    Compiling cipher v0.3.0
[INFO] [stderr]    Compiling block-buffer v0.9.0
[INFO] [stderr]    Compiling ff v0.12.1
[INFO] [stderr]    Compiling atty v0.2.14
[INFO] [stderr]    Compiling base16ct v0.1.1
[INFO] [stderr]    Compiling regex-syntax v0.7.1
[INFO] [stderr]    Compiling openssl v0.10.52
[INFO] [stderr]    Compiling serde_json v1.0.96
[INFO] [stderr]    Compiling group v0.12.1
[INFO] [stderr]    Compiling hkdf v0.12.3
[INFO] [stderr]    Compiling sha2 v0.10.6
[INFO] [stderr]    Compiling polyval v0.5.3
[INFO] [stderr]    Compiling crc-catalog v2.2.0
[INFO] [stderr]    Compiling oid-registry v0.4.0
[INFO] [stderr]    Compiling oid-registry v0.2.0
[INFO] [stderr]    Compiling curve25519-dalek v4.0.0-rc.2
[INFO] [stderr]    Compiling crc-catalog v1.1.1
[INFO] [stderr]    Compiling native-tls v0.2.11
[INFO] [stderr]    Compiling data-encoding v2.3.3
[INFO] [stderr]    Compiling cpuid-bool v0.2.0
[INFO] [stderr]    Compiling polyval v0.4.5
[INFO] [stderr]    Compiling crc v2.1.0
[INFO] [stderr]    Compiling ghash v0.4.4
[INFO] [stderr]    Compiling crc v3.0.1
[INFO] [stderr]    Compiling getrandom v0.1.16
[INFO] [stderr]    Compiling sha-1 v0.9.8
[INFO] [stderr]    Compiling ctr v0.8.0
[INFO] [stderr]    Compiling aes v0.7.5
[INFO] [stderr]    Compiling chrono v0.4.24
[INFO] [stderr]    Compiling signature v1.6.4
[INFO] [stderr]    Compiling md-5 v0.10.5
[INFO] [stderr]    Compiling aes-soft v0.6.4
[INFO] [stderr]    Compiling aead v0.4.3
[INFO] [stderr]    Compiling crypto-mac v0.11.1
[INFO] [stderr]    Compiling aead v0.3.2
[INFO] [stderr]    Compiling pem v1.1.1
[INFO] [stderr]    Compiling time v0.3.20
[INFO] [stderr]    Compiling webrtc-util v0.6.0
[INFO] [stderr]    Compiling substring v1.4.5
[INFO] [stderr]    Compiling os_str_bytes v6.5.0
[INFO] [stderr]    Compiling linked-hash-map v0.5.6
[INFO] [stderr]    Compiling humantime v2.1.0
[INFO] [stderr]    Compiling rusticata-macros v4.1.0
[INFO] [stderr]    Compiling oid-registry v0.6.1
[INFO] [stderr]    Compiling atomic-waker v1.1.1
[INFO] [stderr]    Compiling yaml-rust v0.4.5
[INFO] [stderr]    Compiling waitgroup v0.1.2
[INFO] [stderr]    Compiling clap_lex v0.2.4
[INFO] [stderr]    Compiling aes-gcm v0.9.4
[INFO] [stderr]    Compiling aes v0.6.0
[INFO] [stderr]    Compiling hmac v0.11.0
[INFO] [stderr]    Compiling rand_core v0.5.1
[INFO] [stderr]    Compiling ghash v0.3.1
[INFO] [stderr]    Compiling webpki v0.21.4
[INFO] [stderr]    Compiling sct v0.6.1
[INFO] [stderr]    Compiling ctr v0.6.0
[INFO] [stderr]    Compiling crypto-mac v0.10.1
[INFO] [stderr]    Compiling textwrap v0.16.0
[INFO] [stderr]    Compiling names v0.13.0
[INFO] [stderr]    Compiling block-padding v0.2.1
[INFO] [stderr]    Compiling yasna v0.4.0
[INFO] [stderr]    Compiling hmac v0.10.1
[INFO] [stderr]    Compiling aes-gcm v0.8.0
[INFO] [stderr]    Compiling rustls v0.19.1
[INFO] [stderr]    Compiling block-modes v0.7.0
[INFO] [stderr]    Compiling ccm v0.3.0
[INFO] [stderr]    Compiling sha2 v0.9.9
[INFO] [stderr]    Compiling sha-1 v0.10.1
[INFO] [stderr]    Compiling http v0.2.9
[INFO] [stderr]    Compiling uuid v0.8.2
[INFO] [stderr]    Compiling ct-codecs v1.1.1
[INFO] [stderr]    Compiling utf-8 v0.7.6
[INFO] [stderr]    Compiling bimap v0.6.3
[INFO] [stderr]    Compiling regex v1.8.1
[INFO] [stderr]    Compiling ed25519-compact v1.0.16
[INFO] [stderr]    Compiling synstructure v0.12.6
[INFO] [stderr]    Compiling darling_core v0.14.4
[INFO] [stderr]    Compiling darling_core v0.12.4
[INFO] [stderr]    Compiling darling_core v0.13.4
[INFO] [stderr]    Compiling proc-macro-error v1.0.4
[INFO] [stderr]    Compiling yasna v0.5.2
[INFO] [stderr]    Compiling env_logger v0.9.3
[INFO] [stderr]    Compiling rcgen v0.9.3
[INFO] [stderr]    Compiling displaydoc v0.2.3
[INFO] [stderr]    Compiling asn1-rs-impl v0.1.0
[INFO] [stderr]    Compiling asn1-rs-derive v0.1.0
[INFO] [stderr]    Compiling asn1-rs-derive v0.4.0
[INFO] [stderr]    Compiling der-oid-macro v0.5.0
[INFO] [stderr]    Compiling clap_derive v3.2.25
[INFO] [stderr]    Compiling thiserror-impl v1.0.40
[INFO] [stderr]    Compiling tokio-macros v2.1.0
[INFO] [stderr]    Compiling async-trait v0.1.68
[INFO] [stderr]    Compiling zeroize_derive v1.4.2
[INFO] [stderr]    Compiling serde_derive v1.0.160
[INFO] [stderr]    Compiling futures-macro v0.3.28
[INFO] [stderr]    Compiling openssl-macros v0.1.1
[INFO] [stderr]    Compiling der-parser v6.0.1
[INFO] [stderr]    Compiling darling_macro v0.14.4
[INFO] [stderr]    Compiling darling_macro v0.12.4
[INFO] [stderr]    Compiling darling_macro v0.13.4
[INFO] [stderr]    Compiling zeroize v1.6.0
[INFO] [stderr]    Compiling darling v0.14.4
[INFO] [stderr]    Compiling der v0.6.1
[INFO] [stderr]    Compiling thiserror v1.0.40
[INFO] [stderr]    Compiling crypto-bigint v0.4.9
[INFO] [stderr]    Compiling derive_builder_core v0.11.2
[INFO] [stderr]    Compiling asn1-rs v0.3.1
[INFO] [stderr]    Compiling asn1-rs v0.5.2
[INFO] [stderr]    Compiling x509-parser v0.12.0
[INFO] [stderr]    Compiling curve25519-dalek v3.2.0
[INFO] [stderr]    Compiling darling v0.12.4
[INFO] [stderr]    Compiling darling v0.13.4
[INFO] [stderr]    Compiling derive_builder_core v0.10.2
[INFO] [stderr]    Compiling sdp v0.5.3
[INFO] [stderr]    Compiling serde_with_macros v1.5.2
[INFO] [stderr]    Compiling clap v3.2.25
[INFO] [stderr]    Compiling spki v0.6.0
[INFO] [stderr]    Compiling pkcs8 v0.9.0
[INFO] [stderr]    Compiling rfc6979 v0.3.1
[INFO] [stderr]    Compiling sec1 v0.3.0
[INFO] [stderr]    Compiling derive_builder_macro v0.10.2
[INFO] [stderr]    Compiling der-parser v7.0.0
[INFO] [stderr]    Compiling derive_builder_macro v0.11.2
[INFO] [stderr]    Compiling der-parser v8.2.0
[INFO] [stderr]    Compiling elliptic-curve v0.12.3
[INFO] [stderr]    Compiling x509-parser v0.13.2
[INFO] [stderr]    Compiling x25519-dalek v2.0.0-rc.2
[INFO] [stderr]    Compiling rcgen v0.8.14
[INFO] [stderr]    Compiling ecdsa v0.14.8
[INFO] [stderr]    Compiling derive_builder v0.10.2
[INFO] [stderr]    Compiling derive_builder v0.11.2
[INFO] [stderr]    Compiling tungstenite v0.17.3
[INFO] [stderr]    Compiling p256 v0.11.1
[INFO] [stderr]    Compiling futures-executor v0.3.28
[INFO] [stderr]    Compiling futures v0.3.28
[INFO] [stderr]    Compiling serde v1.0.160
[INFO] [stderr]    Compiling flarch v0.6.0
[INFO] [stderr]    Compiling tokio-native-tls v0.3.1
[INFO] [stderr]    Compiling tokio-tungstenite v0.17.2
[INFO] [stderr]    Compiling stun v0.4.4
[INFO] [stderr]    Compiling rtp v0.6.8
[INFO] [stderr]    Compiling bincode v1.3.3
[INFO] [stderr]    Compiling serde_yaml v0.8.26
[INFO] [stderr]    Compiling toml v0.5.11
[INFO] [stderr]    Compiling rtcp v0.6.6
[INFO] [stderr]    Compiling webrtc-sctp v0.4.3
[INFO] [stderr]    Compiling webrtc-mdns v0.4.3
[INFO] [stderr]    Compiling turn v0.5.4
[INFO] [stderr]    Compiling webrtc-dtls v0.5.4
[INFO] [stderr]    Compiling serde_with v1.14.0
[INFO] [stderr]    Compiling webrtc-media v0.4.7
[INFO] [stdout] error[E0433]: failed to resolve: could not find `StaticSecret` in `x25519_dalek`
[INFO] [stdout]   --> /opt/rustwide/cargo-home/registry/src/github.com-1ecc6299db9ec823/webrtc-dtls-0.5.4/src/curve/named_curve.rs:47:44
[INFO] [stdout]    |
[INFO] [stdout] 47 |             let secret_key = x25519_dalek::StaticSecret::new(OsRng);
[INFO] [stdout]    |                                            ^^^^^^^^^^^^
[INFO] [stdout]    |                                            |
[INFO] [stdout]    |                                            could not find `StaticSecret` in `x25519_dalek`
[INFO] [stdout]    |                                            help: a struct with a similar name exists: `SharedSecret`
[INFO] [stdout] 
[INFO] [stdout] 
[INFO] [stdout] error[E0412]: cannot find type `StaticSecret` in crate `x25519_dalek`
[INFO] [stdout]    --> /opt/rustwide/cargo-home/registry/src/github.com-1ecc6299db9ec823/webrtc-dtls-0.5.4/src/curve/named_curve.rs:27:38
[INFO] [stdout]     |
[INFO] [stdout] 27  |     StaticSecretX25519(x25519_dalek::StaticSecret),
[INFO] [stdout]     |                                      ^^^^^^^^^^^^ help: a struct with a similar name exists: `SharedSecret`
[INFO] [stdout]     |
[INFO] [stdout]    ::: /opt/rustwide/cargo-home/registry/src/github.com-1ecc6299db9ec823/x25519-dalek-2.0.0-rc.2/src/x25519.rs:282:1
[INFO] [stdout]     |
[INFO] [stdout] 282 | pub struct SharedSecret(pub(crate) MontgomeryPoint);
[INFO] [stdout]     | ----------------------- similarly named struct `SharedSecret` defined here
[INFO] [stdout] 
[INFO] [stdout] 
[INFO] [stderr]    Compiling webrtc-srtp v0.8.9
[INFO] [stdout] error[E0599]: no function or associated item named `unmarshal` found for struct `rtp::header::Header` in the current scope
[INFO] [stdout]    --> /opt/rustwide/cargo-home/registry/src/github.com-1ecc6299db9ec823/webrtc-srtp-0.8.9/src/session/mod.rs:151:39
[INFO] [stdout]     |
[INFO] [stdout] 151 |             vec![rtp::header::Header::unmarshal(&mut buf)?.ssrc]
[INFO] [stdout]     |                                       ^^^^^^^^^ function or associated item not found in `Header`
[INFO] [stdout]     |
[INFO] [stdout]     = help: items from traits can only be used if the trait is in scope
[INFO] [stdout] help: the following trait is implemented but not in scope; perhaps add a `use` for it:
[INFO] [stdout]     |
[INFO] [stdout] 1   | use webrtc_util::marshal::Unmarshal;
[INFO] [stdout]     |
[INFO] [stdout] 
[INFO] [stdout] 
[INFO] [stdout] error[E0599]: no method named `marshal` found for reference `&rtp::packet::Packet` in the current scope
[INFO] [stdout]    --> /opt/rustwide/cargo-home/registry/src/github.com-1ecc6299db9ec823/webrtc-srtp-0.8.9/src/session/mod.rs:251:23
[INFO] [stdout]     |
[INFO] [stdout] 251 |         let raw = pkt.marshal()?;
[INFO] [stdout]     |                       ^^^^^^^ method not found in `&Packet`
[INFO] [stdout]     |
[INFO] [stdout]     = help: items from traits can only be used if the trait is in scope
[INFO] [stdout] help: the following trait is implemented but not in scope; perhaps add a `use` for it:
[INFO] [stdout]     |
[INFO] [stdout] 1   | use webrtc_util::marshal::Marshal;
[INFO] [stdout]     |
[INFO] [stdout] 
[INFO] [stdout] 
[INFO] [stdout] error[E0599]: no function or associated item named `unmarshal` found for struct `rtp::header::Header` in the current scope
[INFO] [stdout]   --> /opt/rustwide/cargo-home/registry/src/github.com-1ecc6299db9ec823/webrtc-srtp-0.8.9/src/stream.rs:63:43
[INFO] [stdout]    |
[INFO] [stdout] 63 |         let header = rtp::header::Header::unmarshal(&mut b)?;
[INFO] [stdout]    |                                           ^^^^^^^^^ function or associated item not found in `Header`
[INFO] [stdout]    |
[INFO] [stdout]    = help: items from traits can only be used if the trait is in scope
[INFO] [stdout] help: the following trait is implemented but not in scope; perhaps add a `use` for it:
[INFO] [stdout]    |
[INFO] [stdout] 1  | use webrtc_util::marshal::Unmarshal;
[INFO] [stdout]    |
[INFO] [stdout] 
[INFO] [stdout] 
[INFO] [stdout] error[E0599]: no method named `marshal_size` found for reference `&rtp::header::Header` in the current scope
[INFO] [stdout]   --> /opt/rustwide/cargo-home/registry/src/github.com-1ecc6299db9ec823/webrtc-srtp-0.8.9/src/cipher/cipher_aead_aes_gcm.rs:40:44
[INFO] [stdout]    |
[INFO] [stdout] 40 |             BytesMut::with_capacity(header.marshal_size() + payload.len() + self.auth_tag_len());
[INFO] [stdout]    |                                            ^^^^^^^^^^^^ method not found in `&Header`
[INFO] [stdout]    |
[INFO] [stdout]    = help: items from traits can only be used if the trait is in scope
[INFO] [stdout] help: the following trait is implemented but not in scope; perhaps add a `use` for it:
[INFO] [stdout]    |
[INFO] [stdout] 1  | use webrtc_util::marshal::MarshalSize;
[INFO] [stdout]    |
[INFO] [stdout] 
[INFO] [stdout] 
[INFO] [stdout] error[E0599]: no method named `marshal` found for reference `&rtp::header::Header` in the current scope
[INFO] [stdout]   --> /opt/rustwide/cargo-home/registry/src/github.com-1ecc6299db9ec823/webrtc-srtp-0.8.9/src/cipher/cipher_aead_aes_gcm.rs:42:27
[INFO] [stdout]    |
[INFO] [stdout] 42 |         let data = header.marshal()?;
[INFO] [stdout]    |                           ^^^^^^^ method not found in `&Header`
[INFO] [stdout]    |
[INFO] [stdout]    = help: items from traits can only be used if the trait is in scope
[INFO] [stdout] help: the following trait is implemented but not in scope; perhaps add a `use` for it:
[INFO] [stdout]    |
[INFO] [stdout] 1  | use webrtc_util::marshal::Marshal;
[INFO] [stdout]    |
[INFO] [stdout] 
[INFO] [stdout] 
[INFO] [stdout] error[E0599]: no method named `marshal_size` found for reference `&rtp::header::Header` in the current scope
[INFO] [stdout]   --> /opt/rustwide/cargo-home/registry/src/github.com-1ecc6299db9ec823/webrtc-srtp-0.8.9/src/cipher/cipher_aead_aes_gcm.rs:70:37
[INFO] [stdout]    |
[INFO] [stdout] 70 |         let payload_offset = header.marshal_size();
[INFO] [stdout]    |                                     ^^^^^^^^^^^^ method not found in `&Header`
[INFO] [stdout]    |
[INFO] [stdout]    = help: items from traits can only be used if the trait is in scope
[INFO] [stdout] help: the following trait is implemented but not in scope; perhaps add a `use` for it:
[INFO] [stdout]    |
[INFO] [stdout] 1  | use webrtc_util::marshal::MarshalSize;
[INFO] [stdout]    |
[INFO] [stdout] 
[INFO] [stdout] 
[INFO] [stdout] error[E0599]: no method named `marshal_size` found for reference `&rtp::header::Header` in the current scope
[INFO] [stdout]    --> /opt/rustwide/cargo-home/registry/src/github.com-1ecc6299db9ec823/webrtc-srtp-0.8.9/src/cipher/cipher_aes_cm_hmac_sha1.rs:174:44
[INFO] [stdout]     |
[INFO] [stdout] 174 |             BytesMut::with_capacity(header.marshal_size() + payload.len() + self.auth_tag_len());
[INFO] [stdout]     |                                            ^^^^^^^^^^^^ method not found in `&Header`
[INFO] [stdout]     |
[INFO] [stdout]     = help: items from traits can only be used if the trait is in scope
[INFO] [stdout] help: the following trait is implemented but not in scope; perhaps add a `use` for it:
[INFO] [stdout]     |
[INFO] [stdout] 1   | use webrtc_util::marshal::MarshalSize;
[INFO] [stdout]     |
[INFO] [stdout] 
[INFO] [stdout] 
[INFO] [stdout] error[E0599]: no method named `marshal` found for reference `&rtp::header::Header` in the current scope
[INFO] [stdout]    --> /opt/rustwide/cargo-home/registry/src/github.com-1ecc6299db9ec823/webrtc-srtp-0.8.9/src/cipher/cipher_aes_cm_hmac_sha1.rs:177:27
[INFO] [stdout]     |
[INFO] [stdout] 177 |         let data = header.marshal()?;
[INFO] [stdout]     |                           ^^^^^^^ method not found in `&Header`
[INFO] [stdout]     |
[INFO] [stdout]     = help: items from traits can only be used if the trait is in scope
[INFO] [stdout] help: the following trait is implemented but not in scope; perhaps add a `use` for it:
[INFO] [stdout]     |
[INFO] [stdout] 1   | use webrtc_util::marshal::Marshal;
[INFO] [stdout]     |
[INFO] [stdout] 
[INFO] [stdout] 
[INFO] [stdout] error[E0599]: no method named `marshal_size` found for reference `&rtp::header::Header` in the current scope
[INFO] [stdout]    --> /opt/rustwide/cargo-home/registry/src/github.com-1ecc6299db9ec823/webrtc-srtp-0.8.9/src/cipher/cipher_aes_cm_hmac_sha1.rs:193:37
[INFO] [stdout]     |
[INFO] [stdout] 193 |         let payload_offset = header.marshal_size();
[INFO] [stdout]     |                                     ^^^^^^^^^^^^ method not found in `&Header`
[INFO] [stdout]     |
[INFO] [stdout]     = help: items from traits can only be used if the trait is in scope
[INFO] [stdout] help: the following trait is implemented but not in scope; perhaps add a `use` for it:
[INFO] [stdout]     |
[INFO] [stdout] 1   | use webrtc_util::marshal::MarshalSize;
[INFO] [stdout]     |
[INFO] [stdout] 
[INFO] [stdout] 
[INFO] [stdout] error[E0599]: no method named `marshal_size` found for reference `&rtp::header::Header` in the current scope
[INFO] [stdout]    --> /opt/rustwide/cargo-home/registry/src/github.com-1ecc6299db9ec823/webrtc-srtp-0.8.9/src/cipher/cipher_aes_cm_hmac_sha1.rs:242:37
[INFO] [stdout]     |
[INFO] [stdout] 242 |         let payload_offset = header.marshal_size();
[INFO] [stdout]     |                                     ^^^^^^^^^^^^ method not found in `&Header`
[INFO] [stdout]     |
[INFO] [stdout]     = help: items from traits can only be used if the trait is in scope
[INFO] [stdout] help: the following trait is implemented but not in scope; perhaps add a `use` for it:
[INFO] [stdout]     |
[INFO] [stdout] 1   | use webrtc_util::marshal::MarshalSize;
[INFO] [stdout]     |
[INFO] [stdout] 
[INFO] [stdout] 
[INFO] [stdout] error[E0599]: no function or associated item named `unmarshal` found for struct `rtp::header::Header` in the current scope
[INFO] [stdout]   --> /opt/rustwide/cargo-home/registry/src/github.com-1ecc6299db9ec823/webrtc-srtp-0.8.9/src/context/srtp.rs:47:43
[INFO] [stdout]    |
[INFO] [stdout] 47 |         let header = rtp::header::Header::unmarshal(&mut buf)?;
[INFO] [stdout]    |                                           ^^^^^^^^^ function or associated item not found in `Header`
[INFO] [stdout]    |
[INFO] [stdout]    = help: items from traits can only be used if the trait is in scope
[INFO] [stdout] help: the following trait is implemented but not in scope; perhaps add a `use` for it:
[INFO] [stdout]    |
[INFO] [stdout] 1  | use webrtc_util::marshal::Unmarshal;
[INFO] [stdout]    |
[INFO] [stdout] 
[INFO] [stdout] 
[INFO] [stdout] error[E0599]: no method named `marshal_size` found for reference `&rtp::header::Header` in the current scope
[INFO] [stdout]   --> /opt/rustwide/cargo-home/registry/src/github.com-1ecc6299db9ec823/webrtc-srtp-0.8.9/src/context/srtp.rs:67:44
[INFO] [stdout]    |
[INFO] [stdout] 67 |             .encrypt_rtp(&plaintext[header.marshal_size()..], header, roc)?;
[INFO] [stdout]    |                                            ^^^^^^^^^^^^ method not found in `&Header`
[INFO] [stdout]    |
[INFO] [stdout]    = help: items from traits can only be used if the trait is in scope
[INFO] [stdout] help: the following trait is implemented but not in scope; perhaps add a `use` for it:
[INFO] [stdout]    |
[INFO] [stdout] 1  | use webrtc_util::marshal::MarshalSize;
[INFO] [stdout]    |
[INFO] [stdout] 
[INFO] [stdout] 
[INFO] [stdout] error[E0599]: no function or associated item named `unmarshal` found for struct `rtp::header::Header` in the current scope
[INFO] [stdout]   --> /opt/rustwide/cargo-home/registry/src/github.com-1ecc6299db9ec823/webrtc-srtp-0.8.9/src/context/srtp.rs:82:43
[INFO] [stdout]    |
[INFO] [stdout] 82 |         let header = rtp::header::Header::unmarshal(&mut buf)?;
[INFO] [stdout]    |                                           ^^^^^^^^^ function or associated item not found in `Header`
[INFO] [stdout]    |
[INFO] [stdout]    = help: items from traits can only be used if the trait is in scope
[INFO] [stdout] help: the following trait is implemented but not in scope; perhaps add a `use` for it:
[INFO] [stdout]    |
[INFO] [stdout] 1  | use webrtc_util::marshal::Unmarshal;
[INFO] [stdout]    |
[INFO] [stdout] 
[INFO] [stdout] 
[INFO] [stdout] error: aborting due to 2 previous errors
[INFO] [stdout] 
[INFO] [stdout] 
[INFO] [stdout] Some errors have detailed explanations: E0412, E0433.
[INFO] [stdout] 
[INFO] [stdout] For more information about an error, try `rustc --explain E0412`.
[INFO] [stdout] 
[INFO] [stderr] error: could not compile `webrtc-dtls` due to 3 previous errors
[INFO] [stderr] warning: build failed, waiting for other jobs to finish...
[INFO] [stdout] error: aborting due to 13 previous errors
[INFO] [stdout] 
[INFO] [stdout] 
[INFO] [stdout] For more information about this error, try `rustc --explain E0599`.
[INFO] [stdout] 
[INFO] [stderr] error: could not compile `webrtc-srtp` due to 14 previous errors
[INFO] running `Command { std: "docker" "inspect" "7dc6d0520c07819ca1e63c81d9d63ef324320362ab0aa909c070bb9218248556", kill_on_drop: false }`
[INFO] running `Command { std: "docker" "rm" "-f" "7dc6d0520c07819ca1e63c81d9d63ef324320362ab0aa909c070bb9218248556", kill_on_drop: false }`
[INFO] [stdout] 7dc6d0520c07819ca1e63c81d9d63ef324320362ab0aa909c070bb9218248556
