[INFO] fetching crate flipperzero-rt 0.8.0...
[INFO] testing flipperzero-rt-0.8.0 against 1.69.0 for beta-1.70-1
[INFO] extracting crate flipperzero-rt 0.8.0 into /workspace/builds/worker-4-tc1/source
[INFO] validating manifest of crates.io crate flipperzero-rt 0.8.0 on toolchain 1.69.0
[INFO] running `Command { std: CARGO_HOME="/workspace/cargo-home" RUSTUP_HOME="/workspace/rustup-home" "/workspace/cargo-home/bin/cargo" "+1.69.0" "metadata" "--manifest-path" "Cargo.toml" "--no-deps", kill_on_drop: false }`
[INFO] started tweaking crates.io crate flipperzero-rt 0.8.0
[INFO] finished tweaking crates.io crate flipperzero-rt 0.8.0
[INFO] tweaked toml for crates.io crate flipperzero-rt 0.8.0 written to /workspace/builds/worker-4-tc1/source/Cargo.toml
[INFO] running `Command { std: CARGO_HOME="/workspace/cargo-home" RUSTUP_HOME="/workspace/rustup-home" __CARGO_TEST_CHANNEL_OVERRIDE_DO_NOT_USE_THIS="nightly" "/workspace/cargo-home/bin/cargo" "+1.69.0" "generate-lockfile" "--manifest-path" "Cargo.toml" "-Zno-index-update", kill_on_drop: false }`
[INFO] running `Command { std: CARGO_HOME="/workspace/cargo-home" RUSTUP_HOME="/workspace/rustup-home" "/workspace/cargo-home/bin/cargo" "+1.69.0" "fetch" "--manifest-path" "Cargo.toml", kill_on_drop: false }`
[INFO] [stderr]  Downloading crates ...
[INFO] [stderr]   Downloaded ufmt-macros v0.3.0
[INFO] [stderr]   Downloaded ufmt-write v0.1.0
[INFO] [stderr]   Downloaded ufmt v0.2.0
[INFO] [stderr]   Downloaded flipperzero-sys v0.8.0
[INFO] running `Command { std: "docker" "create" "-v" "/var/lib/crater-agent-workspace/builds/worker-4-tc1/target:/opt/rustwide/target:rw,Z" "-v" "/var/lib/crater-agent-workspace/builds/worker-4-tc1/source:/opt/rustwide/workdir:ro,Z" "-v" "/var/lib/crater-agent-workspace/cargo-home:/opt/rustwide/cargo-home:ro,Z" "-v" "/var/lib/crater-agent-workspace/rustup-home:/opt/rustwide/rustup-home:ro,Z" "-e" "SOURCE_DIR=/opt/rustwide/workdir" "-e" "CARGO_TARGET_DIR=/opt/rustwide/target" "-e" "CARGO_HOME=/opt/rustwide/cargo-home" "-e" "RUSTUP_HOME=/opt/rustwide/rustup-home" "-w" "/opt/rustwide/workdir" "-m" "1610612736" "--user" "0:0" "--network" "none" "ghcr.io/rust-lang/crates-build-env/linux@sha256:5ff2268d62e97bff2cde7d5815dd6ed5b47097566f13b8d0ca110b04b60e07ed" "/opt/rustwide/cargo-home/bin/cargo" "+1.69.0" "metadata" "--no-deps" "--format-version=1", kill_on_drop: false }`
[INFO] [stdout] dc0cbceda4af8781bd655fa60fa9fa399df867b04ce3a7198f30cd2fdb197c8e
[INFO] running `Command { std: "docker" "start" "-a" "dc0cbceda4af8781bd655fa60fa9fa399df867b04ce3a7198f30cd2fdb197c8e", kill_on_drop: false }`
[INFO] running `Command { std: "docker" "inspect" "dc0cbceda4af8781bd655fa60fa9fa399df867b04ce3a7198f30cd2fdb197c8e", kill_on_drop: false }`
[INFO] running `Command { std: "docker" "rm" "-f" "dc0cbceda4af8781bd655fa60fa9fa399df867b04ce3a7198f30cd2fdb197c8e", kill_on_drop: false }`
[INFO] [stdout] dc0cbceda4af8781bd655fa60fa9fa399df867b04ce3a7198f30cd2fdb197c8e
[INFO] running `Command { std: "docker" "create" "-v" "/var/lib/crater-agent-workspace/builds/worker-4-tc1/target:/opt/rustwide/target:rw,Z" "-v" "/var/lib/crater-agent-workspace/builds/worker-4-tc1/source:/opt/rustwide/workdir:ro,Z" "-v" "/var/lib/crater-agent-workspace/cargo-home:/opt/rustwide/cargo-home:ro,Z" "-v" "/var/lib/crater-agent-workspace/rustup-home:/opt/rustwide/rustup-home:ro,Z" "-e" "SOURCE_DIR=/opt/rustwide/workdir" "-e" "CARGO_TARGET_DIR=/opt/rustwide/target" "-e" "CARGO_INCREMENTAL=0" "-e" "RUST_BACKTRACE=full" "-e" "RUSTFLAGS=--cap-lints=warn" "-e" "RUSTDOCFLAGS=--cap-lints=warn" "-e" "CARGO_HOME=/opt/rustwide/cargo-home" "-e" "RUSTUP_HOME=/opt/rustwide/rustup-home" "-w" "/opt/rustwide/workdir" "-m" "1610612736" "--user" "0:0" "--network" "none" "ghcr.io/rust-lang/crates-build-env/linux@sha256:5ff2268d62e97bff2cde7d5815dd6ed5b47097566f13b8d0ca110b04b60e07ed" "/opt/rustwide/cargo-home/bin/cargo" "+1.69.0" "build" "--frozen" "--message-format=json", kill_on_drop: false }`
[INFO] [stdout] f20ae2a7f7a7a53d29f8a33743db15ea2a64108d9194d357621e5a3cb0458882
[INFO] running `Command { std: "docker" "start" "-a" "f20ae2a7f7a7a53d29f8a33743db15ea2a64108d9194d357621e5a3cb0458882", kill_on_drop: false }`
[INFO] [stderr]    Compiling ufmt-write v0.1.0
[INFO] [stderr]    Compiling flipperzero-rt v0.8.0 (/opt/rustwide/workdir)
[INFO] [stderr]    Compiling ufmt-macros v0.3.0
[INFO] [stderr]    Compiling ufmt v0.2.0
[INFO] [stderr]    Compiling flipperzero-sys v0.8.0
[INFO] [stderr]     Finished dev [unoptimized + debuginfo] target(s) in 1.56s
[INFO] running `Command { std: "docker" "inspect" "f20ae2a7f7a7a53d29f8a33743db15ea2a64108d9194d357621e5a3cb0458882", kill_on_drop: false }`
[INFO] running `Command { std: "docker" "rm" "-f" "f20ae2a7f7a7a53d29f8a33743db15ea2a64108d9194d357621e5a3cb0458882", kill_on_drop: false }`
[INFO] [stdout] f20ae2a7f7a7a53d29f8a33743db15ea2a64108d9194d357621e5a3cb0458882
[INFO] running `Command { std: "docker" "create" "-v" "/var/lib/crater-agent-workspace/builds/worker-4-tc1/target:/opt/rustwide/target:rw,Z" "-v" "/var/lib/crater-agent-workspace/builds/worker-4-tc1/source:/opt/rustwide/workdir:ro,Z" "-v" "/var/lib/crater-agent-workspace/cargo-home:/opt/rustwide/cargo-home:ro,Z" "-v" "/var/lib/crater-agent-workspace/rustup-home:/opt/rustwide/rustup-home:ro,Z" "-e" "SOURCE_DIR=/opt/rustwide/workdir" "-e" "CARGO_TARGET_DIR=/opt/rustwide/target" "-e" "CARGO_INCREMENTAL=0" "-e" "RUST_BACKTRACE=full" "-e" "RUSTFLAGS=--cap-lints=warn" "-e" "RUSTDOCFLAGS=--cap-lints=warn" "-e" "CARGO_HOME=/opt/rustwide/cargo-home" "-e" "RUSTUP_HOME=/opt/rustwide/rustup-home" "-w" "/opt/rustwide/workdir" "-m" "1610612736" "--user" "0:0" "--network" "none" "ghcr.io/rust-lang/crates-build-env/linux@sha256:5ff2268d62e97bff2cde7d5815dd6ed5b47097566f13b8d0ca110b04b60e07ed" "/opt/rustwide/cargo-home/bin/cargo" "+1.69.0" "test" "--frozen" "--no-run" "--message-format=json", kill_on_drop: false }`
[INFO] [stdout] 4340b9feb959909238133b0fef9c086876f098800c64ec4fda0c17fa49ca0dff
[INFO] running `Command { std: "docker" "start" "-a" "4340b9feb959909238133b0fef9c086876f098800c64ec4fda0c17fa49ca0dff", kill_on_drop: false }`
[INFO] [stderr]     Finished test [unoptimized + debuginfo] target(s) in 0.01s
[INFO] running `Command { std: "docker" "inspect" "4340b9feb959909238133b0fef9c086876f098800c64ec4fda0c17fa49ca0dff", kill_on_drop: false }`
[INFO] running `Command { std: "docker" "rm" "-f" "4340b9feb959909238133b0fef9c086876f098800c64ec4fda0c17fa49ca0dff", kill_on_drop: false }`
[INFO] [stdout] 4340b9feb959909238133b0fef9c086876f098800c64ec4fda0c17fa49ca0dff
[INFO] running `Command { std: "docker" "create" "-v" "/var/lib/crater-agent-workspace/builds/worker-4-tc1/target:/opt/rustwide/target:rw,Z" "-v" "/var/lib/crater-agent-workspace/builds/worker-4-tc1/source:/opt/rustwide/workdir:ro,Z" "-v" "/var/lib/crater-agent-workspace/cargo-home:/opt/rustwide/cargo-home:ro,Z" "-v" "/var/lib/crater-agent-workspace/rustup-home:/opt/rustwide/rustup-home:ro,Z" "-e" "SOURCE_DIR=/opt/rustwide/workdir" "-e" "CARGO_TARGET_DIR=/opt/rustwide/target" "-e" "CARGO_INCREMENTAL=0" "-e" "RUST_BACKTRACE=full" "-e" "RUSTFLAGS=--cap-lints=warn" "-e" "RUSTDOCFLAGS=--cap-lints=warn" "-e" "CARGO_HOME=/opt/rustwide/cargo-home" "-e" "RUSTUP_HOME=/opt/rustwide/rustup-home" "-w" "/opt/rustwide/workdir" "-m" "1610612736" "--user" "0:0" "--network" "none" "ghcr.io/rust-lang/crates-build-env/linux@sha256:5ff2268d62e97bff2cde7d5815dd6ed5b47097566f13b8d0ca110b04b60e07ed" "/opt/rustwide/cargo-home/bin/cargo" "+1.69.0" "test" "--frozen", kill_on_drop: false }`
[INFO] [stdout] c182c2f629f535f7f12dc1f5e7465502a663bb384e8955a51b437bcffb347929
[INFO] running `Command { std: "docker" "start" "-a" "c182c2f629f535f7f12dc1f5e7465502a663bb384e8955a51b437bcffb347929", kill_on_drop: false }`
[INFO] [stderr]     Finished test [unoptimized + debuginfo] target(s) in 0.01s
[INFO] [stderr]    Doc-tests flipperzero-rt
[INFO] [stdout] 
[INFO] [stdout] running 1 test
[INFO] [stdout] test src/manifest.rs - manifest::manifest (line 15) ... FAILED
[INFO] [stdout] 
[INFO] [stdout] failures:
[INFO] [stdout] 
[INFO] [stdout] ---- src/manifest.rs - manifest::manifest (line 15) stdout ----
[INFO] [stdout] error: cannot find macro `manifest` in this scope
[INFO] [stdout]  --> src/manifest.rs:16:1
[INFO] [stdout]   |
[INFO] [stdout] 3 | manifest!(
[INFO] [stdout]   | ^^^^^^^^
[INFO] [stdout]   |
[INFO] [stdout]   = help: consider importing this macro:
[INFO] [stdout]           flipperzero_rt::manifest
[INFO] [stdout] 
[INFO] [stdout] error[E0152]: duplicate lang item in crate `flipperzero_rt`: `panic_impl`.
[INFO] [stdout]   |
[INFO] [stdout]   = note: the lang item is first defined in crate `std` (which `rust_out` depends on)
[INFO] [stdout]   = note: first definition in `std` loaded from /opt/rustwide/rustup-home/toolchains/1.69.0-x86_64-unknown-linux-gnu/lib/rustlib/x86_64-unknown-linux-gnu/lib/libstd-89bc084783fdc439.so, /opt/rustwide/rustup-home/toolchains/1.69.0-x86_64-unknown-linux-gnu/lib/rustlib/x86_64-unknown-linux-gnu/lib/libstd-89bc084783fdc439.rlib
[INFO] [stdout]   = note: second definition in `flipperzero_rt` loaded from /opt/rustwide/target/debug/deps/libflipperzero_rt-4239cf7af6d87ad1.rlib
[INFO] [stdout] 
[INFO] [stdout] error: aborting due to 2 previous errors
[INFO] [stdout] 
[INFO] [stdout] For more information about this error, try `rustc --explain E0152`.
[INFO] [stdout] Couldn't compile the test.
[INFO] [stdout] 
[INFO] [stdout] failures:
[INFO] [stdout]     src/manifest.rs - manifest::manifest (line 15)
[INFO] [stdout] 
[INFO] [stdout] test result: FAILED. 0 passed; 1 failed; 0 ignored; 0 measured; 0 filtered out; finished in 0.04s
[INFO] [stdout] 
[INFO] [stderr] error: doctest failed, to rerun pass `--doc`
[INFO] running `Command { std: "docker" "inspect" "c182c2f629f535f7f12dc1f5e7465502a663bb384e8955a51b437bcffb347929", kill_on_drop: false }`
[INFO] running `Command { std: "docker" "rm" "-f" "c182c2f629f535f7f12dc1f5e7465502a663bb384e8955a51b437bcffb347929", kill_on_drop: false }`
[INFO] [stdout] c182c2f629f535f7f12dc1f5e7465502a663bb384e8955a51b437bcffb347929
