[INFO] fetching crate flags-macro 0.1.4...
[INFO] testing flags-macro-0.1.4 against 1.69.0 for beta-1.70-1
[INFO] extracting crate flags-macro 0.1.4 into /workspace/builds/worker-3-tc1/source
[INFO] validating manifest of crates.io crate flags-macro 0.1.4 on toolchain 1.69.0
[INFO] running `Command { std: CARGO_HOME="/workspace/cargo-home" RUSTUP_HOME="/workspace/rustup-home" "/workspace/cargo-home/bin/cargo" "+1.69.0" "metadata" "--manifest-path" "Cargo.toml" "--no-deps", kill_on_drop: false }`
[INFO] started tweaking crates.io crate flags-macro 0.1.4
[INFO] finished tweaking crates.io crate flags-macro 0.1.4
[INFO] tweaked toml for crates.io crate flags-macro 0.1.4 written to /workspace/builds/worker-3-tc1/source/Cargo.toml
[INFO] running `Command { std: CARGO_HOME="/workspace/cargo-home" RUSTUP_HOME="/workspace/rustup-home" __CARGO_TEST_CHANNEL_OVERRIDE_DO_NOT_USE_THIS="nightly" "/workspace/cargo-home/bin/cargo" "+1.69.0" "generate-lockfile" "--manifest-path" "Cargo.toml" "-Zno-index-update", kill_on_drop: false }`
[INFO] running `Command { std: CARGO_HOME="/workspace/cargo-home" RUSTUP_HOME="/workspace/rustup-home" "/workspace/cargo-home/bin/cargo" "+1.69.0" "fetch" "--manifest-path" "Cargo.toml", kill_on_drop: false }`
[INFO] [stderr]  Downloading crates ...
[INFO] [stderr]   Downloaded proc-macro2 v0.2.3
[INFO] [stderr]   Downloaded quote v0.4.2
[INFO] [stderr]   Downloaded syn v0.12.15
[INFO] [stderr]   Downloaded enumflags v0.4.2
[INFO] [stderr]   Downloaded enumflags_derive v0.4.2
[INFO] running `Command { std: "docker" "create" "-v" "/var/lib/crater-agent-workspace/builds/worker-3-tc1/target:/opt/rustwide/target:rw,Z" "-v" "/var/lib/crater-agent-workspace/builds/worker-3-tc1/source:/opt/rustwide/workdir:ro,Z" "-v" "/var/lib/crater-agent-workspace/cargo-home:/opt/rustwide/cargo-home:ro,Z" "-v" "/var/lib/crater-agent-workspace/rustup-home:/opt/rustwide/rustup-home:ro,Z" "-e" "SOURCE_DIR=/opt/rustwide/workdir" "-e" "CARGO_TARGET_DIR=/opt/rustwide/target" "-e" "CARGO_HOME=/opt/rustwide/cargo-home" "-e" "RUSTUP_HOME=/opt/rustwide/rustup-home" "-w" "/opt/rustwide/workdir" "-m" "1610612736" "--user" "0:0" "--network" "none" "ghcr.io/rust-lang/crates-build-env/linux@sha256:5ff2268d62e97bff2cde7d5815dd6ed5b47097566f13b8d0ca110b04b60e07ed" "/opt/rustwide/cargo-home/bin/cargo" "+1.69.0" "metadata" "--no-deps" "--format-version=1", kill_on_drop: false }`
[INFO] [stdout] 88d130678d9ed3342f6ce029ad98ea5983fd8d491bb0b8fcd6b46067cf128b9b
[INFO] running `Command { std: "docker" "start" "-a" "88d130678d9ed3342f6ce029ad98ea5983fd8d491bb0b8fcd6b46067cf128b9b", kill_on_drop: false }`
[INFO] running `Command { std: "docker" "inspect" "88d130678d9ed3342f6ce029ad98ea5983fd8d491bb0b8fcd6b46067cf128b9b", kill_on_drop: false }`
[INFO] running `Command { std: "docker" "rm" "-f" "88d130678d9ed3342f6ce029ad98ea5983fd8d491bb0b8fcd6b46067cf128b9b", kill_on_drop: false }`
[INFO] [stdout] 88d130678d9ed3342f6ce029ad98ea5983fd8d491bb0b8fcd6b46067cf128b9b
[INFO] running `Command { std: "docker" "create" "-v" "/var/lib/crater-agent-workspace/builds/worker-3-tc1/target:/opt/rustwide/target:rw,Z" "-v" "/var/lib/crater-agent-workspace/builds/worker-3-tc1/source:/opt/rustwide/workdir:ro,Z" "-v" "/var/lib/crater-agent-workspace/cargo-home:/opt/rustwide/cargo-home:ro,Z" "-v" "/var/lib/crater-agent-workspace/rustup-home:/opt/rustwide/rustup-home:ro,Z" "-e" "SOURCE_DIR=/opt/rustwide/workdir" "-e" "CARGO_TARGET_DIR=/opt/rustwide/target" "-e" "CARGO_INCREMENTAL=0" "-e" "RUST_BACKTRACE=full" "-e" "RUSTFLAGS=--cap-lints=warn" "-e" "RUSTDOCFLAGS=--cap-lints=warn" "-e" "CARGO_HOME=/opt/rustwide/cargo-home" "-e" "RUSTUP_HOME=/opt/rustwide/rustup-home" "-w" "/opt/rustwide/workdir" "-m" "1610612736" "--user" "0:0" "--network" "none" "ghcr.io/rust-lang/crates-build-env/linux@sha256:5ff2268d62e97bff2cde7d5815dd6ed5b47097566f13b8d0ca110b04b60e07ed" "/opt/rustwide/cargo-home/bin/cargo" "+1.69.0" "build" "--frozen" "--message-format=json", kill_on_drop: false }`
[INFO] [stdout] 2569f570e68fec836c49f2ea4dae1d1f0268806b139fe78b538f3f030c8ba6bd
[INFO] running `Command { std: "docker" "start" "-a" "2569f570e68fec836c49f2ea4dae1d1f0268806b139fe78b538f3f030c8ba6bd", kill_on_drop: false }`
[INFO] [stderr]    Compiling flags-macro v0.1.4 (/opt/rustwide/workdir)
[INFO] [stderr]     Finished dev [unoptimized + debuginfo] target(s) in 0.09s
[INFO] running `Command { std: "docker" "inspect" "2569f570e68fec836c49f2ea4dae1d1f0268806b139fe78b538f3f030c8ba6bd", kill_on_drop: false }`
[INFO] running `Command { std: "docker" "rm" "-f" "2569f570e68fec836c49f2ea4dae1d1f0268806b139fe78b538f3f030c8ba6bd", kill_on_drop: false }`
[INFO] [stdout] 2569f570e68fec836c49f2ea4dae1d1f0268806b139fe78b538f3f030c8ba6bd
[INFO] running `Command { std: "docker" "create" "-v" "/var/lib/crater-agent-workspace/builds/worker-3-tc1/target:/opt/rustwide/target:rw,Z" "-v" "/var/lib/crater-agent-workspace/builds/worker-3-tc1/source:/opt/rustwide/workdir:ro,Z" "-v" "/var/lib/crater-agent-workspace/cargo-home:/opt/rustwide/cargo-home:ro,Z" "-v" "/var/lib/crater-agent-workspace/rustup-home:/opt/rustwide/rustup-home:ro,Z" "-e" "SOURCE_DIR=/opt/rustwide/workdir" "-e" "CARGO_TARGET_DIR=/opt/rustwide/target" "-e" "CARGO_INCREMENTAL=0" "-e" "RUST_BACKTRACE=full" "-e" "RUSTFLAGS=--cap-lints=warn" "-e" "RUSTDOCFLAGS=--cap-lints=warn" "-e" "CARGO_HOME=/opt/rustwide/cargo-home" "-e" "RUSTUP_HOME=/opt/rustwide/rustup-home" "-w" "/opt/rustwide/workdir" "-m" "1610612736" "--user" "0:0" "--network" "none" "ghcr.io/rust-lang/crates-build-env/linux@sha256:5ff2268d62e97bff2cde7d5815dd6ed5b47097566f13b8d0ca110b04b60e07ed" "/opt/rustwide/cargo-home/bin/cargo" "+1.69.0" "test" "--frozen" "--no-run" "--message-format=json", kill_on_drop: false }`
[INFO] [stdout] 3509edb39d1ffcf03b84cbff3962aa1ec39f81cb7ff8b3818b4a1a5832311f53
[INFO] running `Command { std: "docker" "start" "-a" "3509edb39d1ffcf03b84cbff3962aa1ec39f81cb7ff8b3818b4a1a5832311f53", kill_on_drop: false }`
[INFO] [stderr]    Compiling proc-macro2 v0.2.3
[INFO] [stderr]    Compiling enumflags v0.4.2
[INFO] [stderr]    Compiling quote v0.4.2
[INFO] [stderr]    Compiling syn v0.12.15
[INFO] [stderr]    Compiling enumflags_derive v0.4.2
[INFO] [stderr]    Compiling flags-macro v0.1.4 (/opt/rustwide/workdir)
[INFO] [stdout] warning: associated constant `Winged` should have an upper case name
[INFO] [stdout]   --> tests/test.rs:10:19
[INFO] [stdout]    |
[INFO] [stdout] 10 |             const Winged = 0b01;
[INFO] [stdout]    |                   ^^^^^^ help: convert the identifier to upper case: `WINGED`
[INFO] [stdout]    |
[INFO] [stdout]    = note: `#[warn(non_upper_case_globals)]` on by default
[INFO] [stdout] 
[INFO] [stdout] 
[INFO] [stdout] warning: associated constant `Horned` should have an upper case name
[INFO] [stdout]   --> tests/test.rs:11:19
[INFO] [stdout]    |
[INFO] [stdout] 11 |             const Horned = 0b10;
[INFO] [stdout]    |                   ^^^^^^ help: convert the identifier to upper case: `HORNED`
[INFO] [stdout] 
[INFO] [stdout] 
[INFO] [stdout] warning: 2 warnings emitted
[INFO] [stdout] 
[INFO] [stdout] 
[INFO] [stderr]     Finished test [unoptimized + debuginfo] target(s) in 3.08s
[INFO] [stderr] warning: the following packages contain code that will be rejected by a future version of Rust: syn v0.12.15
[INFO] [stderr] note: to see what the problems were, use the option `--future-incompat-report`, or run `cargo report future-incompatibilities --id 2`
[INFO] running `Command { std: "docker" "inspect" "3509edb39d1ffcf03b84cbff3962aa1ec39f81cb7ff8b3818b4a1a5832311f53", kill_on_drop: false }`
[INFO] running `Command { std: "docker" "rm" "-f" "3509edb39d1ffcf03b84cbff3962aa1ec39f81cb7ff8b3818b4a1a5832311f53", kill_on_drop: false }`
[INFO] [stdout] 3509edb39d1ffcf03b84cbff3962aa1ec39f81cb7ff8b3818b4a1a5832311f53
[INFO] running `Command { std: "docker" "create" "-v" "/var/lib/crater-agent-workspace/builds/worker-3-tc1/target:/opt/rustwide/target:rw,Z" "-v" "/var/lib/crater-agent-workspace/builds/worker-3-tc1/source:/opt/rustwide/workdir:ro,Z" "-v" "/var/lib/crater-agent-workspace/cargo-home:/opt/rustwide/cargo-home:ro,Z" "-v" "/var/lib/crater-agent-workspace/rustup-home:/opt/rustwide/rustup-home:ro,Z" "-e" "SOURCE_DIR=/opt/rustwide/workdir" "-e" "CARGO_TARGET_DIR=/opt/rustwide/target" "-e" "CARGO_INCREMENTAL=0" "-e" "RUST_BACKTRACE=full" "-e" "RUSTFLAGS=--cap-lints=warn" "-e" "RUSTDOCFLAGS=--cap-lints=warn" "-e" "CARGO_HOME=/opt/rustwide/cargo-home" "-e" "RUSTUP_HOME=/opt/rustwide/rustup-home" "-w" "/opt/rustwide/workdir" "-m" "1610612736" "--user" "0:0" "--network" "none" "ghcr.io/rust-lang/crates-build-env/linux@sha256:5ff2268d62e97bff2cde7d5815dd6ed5b47097566f13b8d0ca110b04b60e07ed" "/opt/rustwide/cargo-home/bin/cargo" "+1.69.0" "test" "--frozen", kill_on_drop: false }`
[INFO] [stdout] a43cb5c167e23378b0f6ba50d914663803b906ae441d76765709296bacee7790
[INFO] running `Command { std: "docker" "start" "-a" "a43cb5c167e23378b0f6ba50d914663803b906ae441d76765709296bacee7790", kill_on_drop: false }`
[INFO] [stderr] warning: associated constant `Winged` should have an upper case name
[INFO] [stderr]   --> tests/test.rs:10:19
[INFO] [stderr]    |
[INFO] [stderr] 10 |             const Winged = 0b01;
[INFO] [stderr]    |                   ^^^^^^ help: convert the identifier to upper case: `WINGED`
[INFO] [stderr]    |
[INFO] [stderr]    = note: `#[warn(non_upper_case_globals)]` on by default
[INFO] [stderr] 
[INFO] [stderr] warning: associated constant `Horned` should have an upper case name
[INFO] [stderr]   --> tests/test.rs:11:19
[INFO] [stderr]    |
[INFO] [stderr] 11 |             const Horned = 0b10;
[INFO] [stderr]    |                   ^^^^^^ help: convert the identifier to upper case: `HORNED`
[INFO] [stderr] 
[INFO] [stderr] warning: `flags-macro` (test "test") generated 2 warnings
[INFO] [stderr]     Finished test [unoptimized + debuginfo] target(s) in 0.00s
[INFO] [stderr] warning: the following packages contain code that will be rejected by a future version of Rust: syn v0.12.15
[INFO] [stderr] note: to see what the problems were, use the option `--future-incompat-report`, or run `cargo report future-incompatibilities --id 2`
[INFO] [stderr]      Running unittests src/lib.rs (/opt/rustwide/target/debug/deps/flags_macro-e2f0bc7a927fcaa3)
[INFO] [stdout] 
[INFO] [stdout] running 1 test
[INFO] [stdout] test tests::trailing_separators ... ok
[INFO] [stdout] 
[INFO] [stdout] test result: ok. 1 passed; 0 failed; 0 ignored; 0 measured; 0 filtered out; finished in 0.00s
[INFO] [stdout] 
[INFO] [stderr]      Running tests/test.rs (/opt/rustwide/target/debug/deps/test-71e074ec7bbbaa91)
[INFO] [stdout] 
[INFO] [stdout] running 1 test
[INFO] [stdout] test deeper_path ... ok
[INFO] [stdout] 
[INFO] [stdout] test result: ok. 1 passed; 0 failed; 0 ignored; 0 measured; 0 filtered out; finished in 0.00s
[INFO] [stdout] 
[INFO] [stderr]    Doc-tests flags-macro
[INFO] [stdout] 
[INFO] [stdout] running 3 tests
[INFO] [stdout] test src/lib.rs - (line 35) ... FAILED
[INFO] [stdout] test src/lib.rs - set_array (line 132) ... ok
[INFO] [stdout] test src/lib.rs - (line 12) ... ok
[INFO] [stdout] 
[INFO] [stdout] failures:
[INFO] [stdout] 
[INFO] [stdout] ---- src/lib.rs - (line 35) stdout ----
[INFO] [stdout] error[E0432]: unresolved import `super`
[INFO] [stdout]  --> src/lib.rs:43:10
[INFO] [stdout]   |
[INFO] [stdout] 9 | #[derive(EnumFlags, Copy, Clone, PartialEq, Eq, Debug)]
[INFO] [stdout]   |          ^^^^^^^^^ no `Test` in the root
[INFO] [stdout]   |
[INFO] [stdout]   = note: this error originates in the derive macro `EnumFlags` (in Nightly builds, run with -Z macro-backtrace for more info)
[INFO] [stdout] 
[INFO] [stdout] error[E0277]: no implementation for `Test | Test`
[INFO] [stdout]   --> src/lib.rs:47:14
[INFO] [stdout]    |
[INFO] [stdout] 13 | let flags0 = flags![Test::{}];
[INFO] [stdout]    |              ^^^^^^^^^^^^^^^^ no implementation for `Test | Test`
[INFO] [stdout]    |
[INFO] [stdout]    = help: the trait `BitOr` is not implemented for `Test`
[INFO] [stdout]    = note: required for `Test` to implement `DefaultSet`
[INFO] [stdout]    = note: this error originates in the macro `flags` (in Nightly builds, run with -Z macro-backtrace for more info)
[INFO] [stdout] 
[INFO] [stdout] error[E0277]: no implementation for `Test | Test`
[INFO] [stdout]   --> src/lib.rs:47:14
[INFO] [stdout]    |
[INFO] [stdout] 13 | let flags0 = flags![Test::{}];
[INFO] [stdout]    |              ^^^^^^^^^^^^^^^^ no implementation for `Test | Test`
[INFO] [stdout]    |
[INFO] [stdout]    = help: the trait `BitOr` is not implemented for `Test`
[INFO] [stdout]    = note: required for `Test` to implement `DefaultSet`
[INFO] [stdout]    = note: this error originates in the macro `flags` (in Nightly builds, run with -Z macro-backtrace for more info)
[INFO] [stdout] 
[INFO] [stdout] error[E0277]: no implementation for `Test | Test`
[INFO] [stdout]   --> src/lib.rs:48:14
[INFO] [stdout]    |
[INFO] [stdout] 14 | let flags1 = flags![Test::{A}];
[INFO] [stdout]    |              ^^^^^^^^^^^^^^^^^ no implementation for `Test | Test`
[INFO] [stdout]    |
[INFO] [stdout]    = help: the trait `BitOr` is not implemented for `Test`
[INFO] [stdout]    = note: required for `Test` to implement `DefaultSet`
[INFO] [stdout]    = note: this error originates in the macro `flags` (in Nightly builds, run with -Z macro-backtrace for more info)
[INFO] [stdout] 
[INFO] [stdout] error[E0277]: no implementation for `Test | Test`
[INFO] [stdout]   --> src/lib.rs:49:14
[INFO] [stdout]    |
[INFO] [stdout] 15 | let flags2 = flags![Test::{A | B}];
[INFO] [stdout]    |              ^^^^^^^^^^^^^^^^^^^^^ no implementation for `Test | Test`
[INFO] [stdout]    |
[INFO] [stdout]    = help: the trait `BitOr` is not implemented for `Test`
[INFO] [stdout]    = note: required for `Test` to implement `DefaultSet`
[INFO] [stdout]    = note: this error originates in the macro `flags` (in Nightly builds, run with -Z macro-backtrace for more info)
[INFO] [stdout] 
[INFO] [stdout] error[E0369]: no implementation for `Test | Test`
[INFO] [stdout]   --> src/lib.rs:53:28
[INFO] [stdout]    |
[INFO] [stdout] 19 | assert_eq!(flags2, Test::A | Test::B);
[INFO] [stdout]    |                    ------- ^ ------- Test
[INFO] [stdout]    |                    |
[INFO] [stdout]    |                    Test
[INFO] [stdout]    |
[INFO] [stdout] note: an implementation of `BitOr<_>` might be missing for `Test`
[INFO] [stdout]   --> src/lib.rs:45:1
[INFO] [stdout]    |
[INFO] [stdout] 11 | pub enum Test { A = 0b0001, B = 0b0010 }
[INFO] [stdout]    | ^^^^^^^^^^^^^ must implement `BitOr<_>`
[INFO] [stdout] note: the trait `BitOr` must be implemented
[INFO] [stdout]   --> /rustc/84c898d65adf2f39a5a98507f1fe0ce10a2b8dbc/library/core/src/ops/bit.rs:250:1
[INFO] [stdout] 
[INFO] [stdout] error: aborting due to 6 previous errors
[INFO] [stdout] 
[INFO] [stdout] Some errors have detailed explanations: E0277, E0369, E0432.
[INFO] [stdout] For more information about an error, try `rustc --explain E0277`.
[INFO] [stdout] Couldn't compile the test.
[INFO] [stdout] 
[INFO] [stdout] failures:
[INFO] [stdout]     src/lib.rs - (line 35)
[INFO] [stdout] 
[INFO] [stdout] test result: FAILED. 2 passed; 1 failed; 0 ignored; 0 measured; 0 filtered out; finished in 0.17s
[INFO] [stdout] 
[INFO] [stderr] error: doctest failed, to rerun pass `--doc`
[INFO] running `Command { std: "docker" "inspect" "a43cb5c167e23378b0f6ba50d914663803b906ae441d76765709296bacee7790", kill_on_drop: false }`
[INFO] running `Command { std: "docker" "rm" "-f" "a43cb5c167e23378b0f6ba50d914663803b906ae441d76765709296bacee7790", kill_on_drop: false }`
[INFO] [stdout] a43cb5c167e23378b0f6ba50d914663803b906ae441d76765709296bacee7790
