[INFO] fetching crate fixed-macro-impl 1.2.0...
[INFO] testing fixed-macro-impl-1.2.0 against 1.69.0 for beta-1.70-1
[INFO] extracting crate fixed-macro-impl 1.2.0 into /workspace/builds/worker-0-tc1/source
[INFO] validating manifest of crates.io crate fixed-macro-impl 1.2.0 on toolchain 1.69.0
[INFO] running `Command { std: CARGO_HOME="/workspace/cargo-home" RUSTUP_HOME="/workspace/rustup-home" "/workspace/cargo-home/bin/cargo" "+1.69.0" "metadata" "--manifest-path" "Cargo.toml" "--no-deps", kill_on_drop: false }`
[INFO] started tweaking crates.io crate fixed-macro-impl 1.2.0
[INFO] finished tweaking crates.io crate fixed-macro-impl 1.2.0
[INFO] tweaked toml for crates.io crate fixed-macro-impl 1.2.0 written to /workspace/builds/worker-0-tc1/source/Cargo.toml
[INFO] running `Command { std: CARGO_HOME="/workspace/cargo-home" RUSTUP_HOME="/workspace/rustup-home" __CARGO_TEST_CHANNEL_OVERRIDE_DO_NOT_USE_THIS="nightly" "/workspace/cargo-home/bin/cargo" "+1.69.0" "generate-lockfile" "--manifest-path" "Cargo.toml" "-Zno-index-update", kill_on_drop: false }`
[INFO] running `Command { std: CARGO_HOME="/workspace/cargo-home" RUSTUP_HOME="/workspace/rustup-home" "/workspace/cargo-home/bin/cargo" "+1.69.0" "fetch" "--manifest-path" "Cargo.toml", kill_on_drop: false }`
[INFO] [stderr]  Downloading crates ...
[INFO] [stderr]   Downloaded fixed v1.23.1
[INFO] running `Command { std: "docker" "create" "-v" "/var/lib/crater-agent-workspace/builds/worker-0-tc1/target:/opt/rustwide/target:rw,Z" "-v" "/var/lib/crater-agent-workspace/builds/worker-0-tc1/source:/opt/rustwide/workdir:ro,Z" "-v" "/var/lib/crater-agent-workspace/cargo-home:/opt/rustwide/cargo-home:ro,Z" "-v" "/var/lib/crater-agent-workspace/rustup-home:/opt/rustwide/rustup-home:ro,Z" "-e" "SOURCE_DIR=/opt/rustwide/workdir" "-e" "CARGO_TARGET_DIR=/opt/rustwide/target" "-e" "CARGO_HOME=/opt/rustwide/cargo-home" "-e" "RUSTUP_HOME=/opt/rustwide/rustup-home" "-w" "/opt/rustwide/workdir" "-m" "1610612736" "--user" "0:0" "--network" "none" "ghcr.io/rust-lang/crates-build-env/linux@sha256:5ff2268d62e97bff2cde7d5815dd6ed5b47097566f13b8d0ca110b04b60e07ed" "/opt/rustwide/cargo-home/bin/cargo" "+1.69.0" "metadata" "--no-deps" "--format-version=1", kill_on_drop: false }`
[INFO] [stdout] e5b9a2f767982ed6a5b20bb15f89ff3e850bc03b15b72db89251b1ad77ff9ab5
[INFO] running `Command { std: "docker" "start" "-a" "e5b9a2f767982ed6a5b20bb15f89ff3e850bc03b15b72db89251b1ad77ff9ab5", kill_on_drop: false }`
[INFO] running `Command { std: "docker" "inspect" "e5b9a2f767982ed6a5b20bb15f89ff3e850bc03b15b72db89251b1ad77ff9ab5", kill_on_drop: false }`
[INFO] running `Command { std: "docker" "rm" "-f" "e5b9a2f767982ed6a5b20bb15f89ff3e850bc03b15b72db89251b1ad77ff9ab5", kill_on_drop: false }`
[INFO] [stdout] e5b9a2f767982ed6a5b20bb15f89ff3e850bc03b15b72db89251b1ad77ff9ab5
[INFO] running `Command { std: "docker" "create" "-v" "/var/lib/crater-agent-workspace/builds/worker-0-tc1/target:/opt/rustwide/target:rw,Z" "-v" "/var/lib/crater-agent-workspace/builds/worker-0-tc1/source:/opt/rustwide/workdir:ro,Z" "-v" "/var/lib/crater-agent-workspace/cargo-home:/opt/rustwide/cargo-home:ro,Z" "-v" "/var/lib/crater-agent-workspace/rustup-home:/opt/rustwide/rustup-home:ro,Z" "-e" "SOURCE_DIR=/opt/rustwide/workdir" "-e" "CARGO_TARGET_DIR=/opt/rustwide/target" "-e" "CARGO_INCREMENTAL=0" "-e" "RUST_BACKTRACE=full" "-e" "RUSTFLAGS=--cap-lints=warn" "-e" "RUSTDOCFLAGS=--cap-lints=warn" "-e" "CARGO_HOME=/opt/rustwide/cargo-home" "-e" "RUSTUP_HOME=/opt/rustwide/rustup-home" "-w" "/opt/rustwide/workdir" "-m" "1610612736" "--user" "0:0" "--network" "none" "ghcr.io/rust-lang/crates-build-env/linux@sha256:5ff2268d62e97bff2cde7d5815dd6ed5b47097566f13b8d0ca110b04b60e07ed" "/opt/rustwide/cargo-home/bin/cargo" "+1.69.0" "build" "--frozen" "--message-format=json", kill_on_drop: false }`
[INFO] [stdout] 2098978b8e7802ede8cd41562510e60ff40596b4d8402408e70e2c1614428e8c
[INFO] running `Command { std: "docker" "start" "-a" "2098978b8e7802ede8cd41562510e60ff40596b4d8402408e70e2c1614428e8c", kill_on_drop: false }`
[INFO] [stderr]    Compiling proc-macro2 v1.0.56
[INFO] [stderr]    Compiling quote v1.0.26
[INFO] [stderr]    Compiling unicode-ident v1.0.8
[INFO] [stderr]    Compiling az v1.2.1
[INFO] [stderr]    Compiling syn v1.0.109
[INFO] [stderr]    Compiling paste v1.0.12
[INFO] [stderr]    Compiling fixed v1.23.1
[INFO] [stderr]    Compiling bytemuck v1.13.1
[INFO] [stderr]    Compiling half v2.2.1
[INFO] [stderr]    Compiling proc-macro-error-attr v1.0.4
[INFO] [stderr]    Compiling proc-macro-error v1.0.4
[INFO] [stderr]    Compiling typenum v1.16.0
[INFO] [stderr]    Compiling fixed-macro-impl v1.2.0 (/opt/rustwide/workdir)
[INFO] [stderr]     Finished dev [unoptimized + debuginfo] target(s) in 10.21s
[INFO] running `Command { std: "docker" "inspect" "2098978b8e7802ede8cd41562510e60ff40596b4d8402408e70e2c1614428e8c", kill_on_drop: false }`
[INFO] running `Command { std: "docker" "rm" "-f" "2098978b8e7802ede8cd41562510e60ff40596b4d8402408e70e2c1614428e8c", kill_on_drop: false }`
[INFO] [stdout] 2098978b8e7802ede8cd41562510e60ff40596b4d8402408e70e2c1614428e8c
[INFO] running `Command { std: "docker" "create" "-v" "/var/lib/crater-agent-workspace/builds/worker-0-tc1/target:/opt/rustwide/target:rw,Z" "-v" "/var/lib/crater-agent-workspace/builds/worker-0-tc1/source:/opt/rustwide/workdir:ro,Z" "-v" "/var/lib/crater-agent-workspace/cargo-home:/opt/rustwide/cargo-home:ro,Z" "-v" "/var/lib/crater-agent-workspace/rustup-home:/opt/rustwide/rustup-home:ro,Z" "-e" "SOURCE_DIR=/opt/rustwide/workdir" "-e" "CARGO_TARGET_DIR=/opt/rustwide/target" "-e" "CARGO_INCREMENTAL=0" "-e" "RUST_BACKTRACE=full" "-e" "RUSTFLAGS=--cap-lints=warn" "-e" "RUSTDOCFLAGS=--cap-lints=warn" "-e" "CARGO_HOME=/opt/rustwide/cargo-home" "-e" "RUSTUP_HOME=/opt/rustwide/rustup-home" "-w" "/opt/rustwide/workdir" "-m" "1610612736" "--user" "0:0" "--network" "none" "ghcr.io/rust-lang/crates-build-env/linux@sha256:5ff2268d62e97bff2cde7d5815dd6ed5b47097566f13b8d0ca110b04b60e07ed" "/opt/rustwide/cargo-home/bin/cargo" "+1.69.0" "test" "--frozen" "--no-run" "--message-format=json", kill_on_drop: false }`
[INFO] [stdout] d714038cc130a353fa57244bbdb70c0203bb71fcb90766465a4020528a90c2d7
[INFO] running `Command { std: "docker" "start" "-a" "d714038cc130a353fa57244bbdb70c0203bb71fcb90766465a4020528a90c2d7", kill_on_drop: false }`
[INFO] [stderr]    Compiling fixed-macro-impl v1.2.0 (/opt/rustwide/workdir)
[INFO] [stderr]     Finished test [unoptimized + debuginfo] target(s) in 1.11s
[INFO] running `Command { std: "docker" "inspect" "d714038cc130a353fa57244bbdb70c0203bb71fcb90766465a4020528a90c2d7", kill_on_drop: false }`
[INFO] running `Command { std: "docker" "rm" "-f" "d714038cc130a353fa57244bbdb70c0203bb71fcb90766465a4020528a90c2d7", kill_on_drop: false }`
[INFO] [stdout] d714038cc130a353fa57244bbdb70c0203bb71fcb90766465a4020528a90c2d7
[INFO] running `Command { std: "docker" "create" "-v" "/var/lib/crater-agent-workspace/builds/worker-0-tc1/target:/opt/rustwide/target:rw,Z" "-v" "/var/lib/crater-agent-workspace/builds/worker-0-tc1/source:/opt/rustwide/workdir:ro,Z" "-v" "/var/lib/crater-agent-workspace/cargo-home:/opt/rustwide/cargo-home:ro,Z" "-v" "/var/lib/crater-agent-workspace/rustup-home:/opt/rustwide/rustup-home:ro,Z" "-e" "SOURCE_DIR=/opt/rustwide/workdir" "-e" "CARGO_TARGET_DIR=/opt/rustwide/target" "-e" "CARGO_INCREMENTAL=0" "-e" "RUST_BACKTRACE=full" "-e" "RUSTFLAGS=--cap-lints=warn" "-e" "RUSTDOCFLAGS=--cap-lints=warn" "-e" "CARGO_HOME=/opt/rustwide/cargo-home" "-e" "RUSTUP_HOME=/opt/rustwide/rustup-home" "-w" "/opt/rustwide/workdir" "-m" "1610612736" "--user" "0:0" "--network" "none" "ghcr.io/rust-lang/crates-build-env/linux@sha256:5ff2268d62e97bff2cde7d5815dd6ed5b47097566f13b8d0ca110b04b60e07ed" "/opt/rustwide/cargo-home/bin/cargo" "+1.69.0" "test" "--frozen", kill_on_drop: false }`
[INFO] [stdout] 0614896ada0e4913d01df3f5ad91f551d060f63d0f444878d48cdc24930e9015
[INFO] running `Command { std: "docker" "start" "-a" "0614896ada0e4913d01df3f5ad91f551d060f63d0f444878d48cdc24930e9015", kill_on_drop: false }`
[INFO] [stderr]     Finished test [unoptimized + debuginfo] target(s) in 0.01s
[INFO] [stderr]      Running unittests src/lib.rs (/opt/rustwide/target/debug/deps/fixed_macro_impl-78bcc3b996615ce8)
[INFO] [stdout] 
[INFO] [stdout] running 0 tests
[INFO] [stdout] 
[INFO] [stdout] test result: ok. 0 passed; 0 failed; 0 ignored; 0 measured; 0 filtered out; finished in 0.00s
[INFO] [stdout] 
[INFO] [stderr]    Doc-tests fixed-macro-impl
[INFO] [stdout] 
[INFO] [stdout] running 2 tests
[INFO] [stdout] test src/lib.rs - fixed (line 137) ... ignored
[INFO] [stdout] test src/lib.rs - fixed (line 149) ... FAILED
[INFO] [stdout] 
[INFO] [stdout] failures:
[INFO] [stdout] 
[INFO] [stdout] ---- src/lib.rs - fixed (line 149) stdout ----
[INFO] [stdout] error[E0432]: unresolved imports `fixed_macro`, `fixed::types::U8F8`
[INFO] [stdout]  --> src/lib.rs:150:5
[INFO] [stdout]   |
[INFO] [stdout] 3 | use fixed_macro::fixed;
[INFO] [stdout]   |     ^^^^^^^^^^^ use of undeclared crate or module `fixed_macro`
[INFO] [stdout] 4 | use fixed::types::U8F8;
[INFO] [stdout]   |     ^^^^^^^^^^^^^^^^^^
[INFO] [stdout] 
[INFO] [stdout] error: cannot determine resolution for the macro `fixed`
[INFO] [stdout]   --> src/lib.rs:158:10
[INFO] [stdout]    |
[INFO] [stdout] 11 | let x7 = fixed!(0.12e+01: U8F8);        // scientific notation is also supported
[INFO] [stdout]    |          ^^^^^
[INFO] [stdout]    |
[INFO] [stdout]    = note: import resolution is stuck, try simplifying macro imports
[INFO] [stdout] 
[INFO] [stdout] error: cannot determine resolution for the macro `fixed`
[INFO] [stdout]   --> src/lib.rs:157:10
[INFO] [stdout]    |
[INFO] [stdout] 10 | let x5 = fixed!(1_234.567_890: I32F32); // underscores are ignored, same as in rustc
[INFO] [stdout]    |          ^^^^^
[INFO] [stdout]    |
[INFO] [stdout]    = note: import resolution is stuck, try simplifying macro imports
[INFO] [stdout] 
[INFO] [stdout] error: cannot determine resolution for the macro `fixed`
[INFO] [stdout]  --> src/lib.rs:156:10
[INFO] [stdout]   |
[INFO] [stdout] 9 | let x4 = fixed!(0x7B: U8F8);            // and hex/oct/bin integers too
[INFO] [stdout]   |          ^^^^^
[INFO] [stdout]   |
[INFO] [stdout]   = note: import resolution is stuck, try simplifying macro imports
[INFO] [stdout] 
[INFO] [stdout] error: cannot determine resolution for the macro `fixed`
[INFO] [stdout]  --> src/lib.rs:155:10
[INFO] [stdout]   |
[INFO] [stdout] 8 | let x3 = fixed!(123: U8F8);             // decimal integers work as well
[INFO] [stdout]   |          ^^^^^
[INFO] [stdout]   |
[INFO] [stdout]   = note: import resolution is stuck, try simplifying macro imports
[INFO] [stdout] 
[INFO] [stdout] error: cannot determine resolution for the macro `fixed`
[INFO] [stdout]  --> src/lib.rs:154:18
[INFO] [stdout]   |
[INFO] [stdout] 7 | const X2: U8F8 = fixed!(1.2: U8F8);     // can be used to initialize const values
[INFO] [stdout]   |                  ^^^^^
[INFO] [stdout]   |
[INFO] [stdout]   = note: import resolution is stuck, try simplifying macro imports
[INFO] [stdout] 
[INFO] [stdout] error: cannot determine resolution for the macro `fixed`
[INFO] [stdout]  --> src/lib.rs:153:10
[INFO] [stdout]   |
[INFO] [stdout] 6 | let x1 = fixed!(-1.23: I32F32);         // float literal (note, the type is not in scope)
[INFO] [stdout]   |          ^^^^^
[INFO] [stdout]   |
[INFO] [stdout]   = note: import resolution is stuck, try simplifying macro imports
[INFO] [stdout] 
[INFO] [stdout] error[E0659]: `fixed` is ambiguous
[INFO] [stdout]  --> src/lib.rs:151:5
[INFO] [stdout]   |
[INFO] [stdout] 4 | use fixed::types::U8F8;
[INFO] [stdout]   |     ^^^^^ ambiguous name
[INFO] [stdout]   |
[INFO] [stdout]   = note: ambiguous because of multiple potential import sources
[INFO] [stdout]   = note: `fixed` could refer to a crate passed with `--extern`
[INFO] [stdout]   = help: use `::fixed` to refer to this crate unambiguously
[INFO] [stdout] note: `fixed` could also refer to the unresolved item imported here
[INFO] [stdout]  --> src/lib.rs:150:5
[INFO] [stdout]   |
[INFO] [stdout] 3 | use fixed_macro::fixed;
[INFO] [stdout]   |     ^^^^^^^^^^^^^^^^^^
[INFO] [stdout] 
[INFO] [stdout] error: aborting due to 8 previous errors
[INFO] [stdout] 
[INFO] [stdout] Some errors have detailed explanations: E0432, E0659.
[INFO] [stdout] For more information about an error, try `rustc --explain E0432`.
[INFO] [stdout] Couldn't compile the test.
[INFO] [stdout] 
[INFO] [stdout] failures:
[INFO] [stdout]     src/lib.rs - fixed (line 149)
[INFO] [stdout] 
[INFO] [stdout] test result: FAILED. 0 passed; 1 failed; 1 ignored; 0 measured; 0 filtered out; finished in 0.03s
[INFO] [stdout] 
[INFO] [stderr] error: doctest failed, to rerun pass `--doc`
[INFO] running `Command { std: "docker" "inspect" "0614896ada0e4913d01df3f5ad91f551d060f63d0f444878d48cdc24930e9015", kill_on_drop: false }`
[INFO] running `Command { std: "docker" "rm" "-f" "0614896ada0e4913d01df3f5ad91f551d060f63d0f444878d48cdc24930e9015", kill_on_drop: false }`
[INFO] [stdout] 0614896ada0e4913d01df3f5ad91f551d060f63d0f444878d48cdc24930e9015
