[INFO] fetching crate fixed-buffer 0.5.0...
[INFO] testing fixed-buffer-0.5.0 against 1.69.0 for beta-1.70-1
[INFO] extracting crate fixed-buffer 0.5.0 into /workspace/builds/worker-1-tc1/source
[INFO] validating manifest of crates.io crate fixed-buffer 0.5.0 on toolchain 1.69.0
[INFO] running `Command { std: CARGO_HOME="/workspace/cargo-home" RUSTUP_HOME="/workspace/rustup-home" "/workspace/cargo-home/bin/cargo" "+1.69.0" "metadata" "--manifest-path" "Cargo.toml" "--no-deps", kill_on_drop: false }`
[INFO] started tweaking crates.io crate fixed-buffer 0.5.0
[INFO] finished tweaking crates.io crate fixed-buffer 0.5.0
[INFO] tweaked toml for crates.io crate fixed-buffer 0.5.0 written to /workspace/builds/worker-1-tc1/source/Cargo.toml
[INFO] running `Command { std: CARGO_HOME="/workspace/cargo-home" RUSTUP_HOME="/workspace/rustup-home" __CARGO_TEST_CHANNEL_OVERRIDE_DO_NOT_USE_THIS="nightly" "/workspace/cargo-home/bin/cargo" "+1.69.0" "generate-lockfile" "--manifest-path" "Cargo.toml" "-Zno-index-update", kill_on_drop: false }`
[INFO] running `Command { std: CARGO_HOME="/workspace/cargo-home" RUSTUP_HOME="/workspace/rustup-home" "/workspace/cargo-home/bin/cargo" "+1.69.0" "fetch" "--manifest-path" "Cargo.toml", kill_on_drop: false }`
[INFO] [stderr]  Downloading crates ...
[INFO] [stderr]   Downloaded async-fs v1.6.0
[INFO] [stderr]   Downloaded safe-quote v1.0.15
[INFO] [stderr]   Downloaded safe-proc-macro2 v1.0.36
[INFO] [stderr]   Downloaded smol v1.3.0
[INFO] [stderr]   Downloaded safina-executor v0.3.3
[INFO] [stderr]   Downloaded read-write-ext v0.1.1
[INFO] [stderr]   Downloaded safina-sync v0.2.4
[INFO] [stderr]   Downloaded safina-threadpool v0.2.4
[INFO] [stderr]   Downloaded safina-timer v0.1.11
[INFO] [stderr]   Downloaded safina-async-test-core v0.1.4
[INFO] [stderr]   Downloaded safina-async-test v0.1.13
[INFO] running `Command { std: "docker" "create" "-v" "/var/lib/crater-agent-workspace/builds/worker-1-tc1/target:/opt/rustwide/target:rw,Z" "-v" "/var/lib/crater-agent-workspace/builds/worker-1-tc1/source:/opt/rustwide/workdir:ro,Z" "-v" "/var/lib/crater-agent-workspace/cargo-home:/opt/rustwide/cargo-home:ro,Z" "-v" "/var/lib/crater-agent-workspace/rustup-home:/opt/rustwide/rustup-home:ro,Z" "-e" "SOURCE_DIR=/opt/rustwide/workdir" "-e" "CARGO_TARGET_DIR=/opt/rustwide/target" "-e" "CARGO_HOME=/opt/rustwide/cargo-home" "-e" "RUSTUP_HOME=/opt/rustwide/rustup-home" "-w" "/opt/rustwide/workdir" "-m" "1610612736" "--user" "0:0" "--network" "none" "ghcr.io/rust-lang/crates-build-env/linux@sha256:5ff2268d62e97bff2cde7d5815dd6ed5b47097566f13b8d0ca110b04b60e07ed" "/opt/rustwide/cargo-home/bin/cargo" "+1.69.0" "metadata" "--no-deps" "--format-version=1", kill_on_drop: false }`
[INFO] [stdout] 5ad874363ef75e3038f85b1443a9a634967b77a03c9a122c0ccdf59297169883
[INFO] running `Command { std: "docker" "start" "-a" "5ad874363ef75e3038f85b1443a9a634967b77a03c9a122c0ccdf59297169883", kill_on_drop: false }`
[INFO] running `Command { std: "docker" "inspect" "5ad874363ef75e3038f85b1443a9a634967b77a03c9a122c0ccdf59297169883", kill_on_drop: false }`
[INFO] running `Command { std: "docker" "rm" "-f" "5ad874363ef75e3038f85b1443a9a634967b77a03c9a122c0ccdf59297169883", kill_on_drop: false }`
[INFO] [stdout] 5ad874363ef75e3038f85b1443a9a634967b77a03c9a122c0ccdf59297169883
[INFO] running `Command { std: "docker" "create" "-v" "/var/lib/crater-agent-workspace/builds/worker-1-tc1/target:/opt/rustwide/target:rw,Z" "-v" "/var/lib/crater-agent-workspace/builds/worker-1-tc1/source:/opt/rustwide/workdir:ro,Z" "-v" "/var/lib/crater-agent-workspace/cargo-home:/opt/rustwide/cargo-home:ro,Z" "-v" "/var/lib/crater-agent-workspace/rustup-home:/opt/rustwide/rustup-home:ro,Z" "-e" "SOURCE_DIR=/opt/rustwide/workdir" "-e" "CARGO_TARGET_DIR=/opt/rustwide/target" "-e" "CARGO_INCREMENTAL=0" "-e" "RUST_BACKTRACE=full" "-e" "RUSTFLAGS=--cap-lints=warn" "-e" "RUSTDOCFLAGS=--cap-lints=warn" "-e" "CARGO_HOME=/opt/rustwide/cargo-home" "-e" "RUSTUP_HOME=/opt/rustwide/rustup-home" "-w" "/opt/rustwide/workdir" "-m" "1610612736" "--user" "0:0" "--network" "none" "ghcr.io/rust-lang/crates-build-env/linux@sha256:5ff2268d62e97bff2cde7d5815dd6ed5b47097566f13b8d0ca110b04b60e07ed" "/opt/rustwide/cargo-home/bin/cargo" "+1.69.0" "build" "--frozen" "--message-format=json", kill_on_drop: false }`
[INFO] [stdout] 5edc4b794d474bccb28dd7a36bc5809649ee1041609caf49a2d7a3cc5cd40636
[INFO] running `Command { std: "docker" "start" "-a" "5edc4b794d474bccb28dd7a36bc5809649ee1041609caf49a2d7a3cc5cd40636", kill_on_drop: false }`
[INFO] [stderr]    Compiling fixed-buffer v0.5.0 (/opt/rustwide/workdir)
[INFO] [stderr]     Finished dev [unoptimized + debuginfo] target(s) in 0.22s
[INFO] running `Command { std: "docker" "inspect" "5edc4b794d474bccb28dd7a36bc5809649ee1041609caf49a2d7a3cc5cd40636", kill_on_drop: false }`
[INFO] running `Command { std: "docker" "rm" "-f" "5edc4b794d474bccb28dd7a36bc5809649ee1041609caf49a2d7a3cc5cd40636", kill_on_drop: false }`
[INFO] [stdout] 5edc4b794d474bccb28dd7a36bc5809649ee1041609caf49a2d7a3cc5cd40636
[INFO] running `Command { std: "docker" "create" "-v" "/var/lib/crater-agent-workspace/builds/worker-1-tc1/target:/opt/rustwide/target:rw,Z" "-v" "/var/lib/crater-agent-workspace/builds/worker-1-tc1/source:/opt/rustwide/workdir:ro,Z" "-v" "/var/lib/crater-agent-workspace/cargo-home:/opt/rustwide/cargo-home:ro,Z" "-v" "/var/lib/crater-agent-workspace/rustup-home:/opt/rustwide/rustup-home:ro,Z" "-e" "SOURCE_DIR=/opt/rustwide/workdir" "-e" "CARGO_TARGET_DIR=/opt/rustwide/target" "-e" "CARGO_INCREMENTAL=0" "-e" "RUST_BACKTRACE=full" "-e" "RUSTFLAGS=--cap-lints=warn" "-e" "RUSTDOCFLAGS=--cap-lints=warn" "-e" "CARGO_HOME=/opt/rustwide/cargo-home" "-e" "RUSTUP_HOME=/opt/rustwide/rustup-home" "-w" "/opt/rustwide/workdir" "-m" "1610612736" "--user" "0:0" "--network" "none" "ghcr.io/rust-lang/crates-build-env/linux@sha256:5ff2268d62e97bff2cde7d5815dd6ed5b47097566f13b8d0ca110b04b60e07ed" "/opt/rustwide/cargo-home/bin/cargo" "+1.69.0" "test" "--frozen" "--no-run" "--message-format=json", kill_on_drop: false }`
[INFO] [stdout] 87e19ea23bfd5d62008a9712a162c96d801e1dc428474c38b33da9e820bc5234
[INFO] running `Command { std: "docker" "start" "-a" "87e19ea23bfd5d62008a9712a162c96d801e1dc428474c38b33da9e820bc5234", kill_on_drop: false }`
[INFO] [stderr]     Blocking waiting for file lock on package cache
[INFO] [stderr]    Compiling syn v1.0.109
[INFO] [stderr]    Compiling crossbeam-utils v0.8.15
[INFO] [stderr]    Compiling log v0.4.17
[INFO] [stderr]    Compiling value-bag v1.0.0-alpha.9
[INFO] [stderr]    Compiling async-lock v2.7.0
[INFO] [stderr]    Compiling polling v2.8.0
[INFO] [stderr]    Compiling rustix v0.37.18
[INFO] [stderr]    Compiling async-io v1.13.0
[INFO] [stderr]    Compiling async-task v4.4.0
[INFO] [stderr]    Compiling io-lifetimes v1.0.10
[INFO] [stderr]    Compiling atomic-waker v1.1.1
[INFO] [stderr]    Compiling safe-proc-macro2 v1.0.36
[INFO] [stderr]    Compiling signal-hook v0.3.15
[INFO] [stderr]    Compiling async-process v1.7.0
[INFO] [stderr]    Compiling async-fs v1.6.0
[INFO] [stderr]    Compiling async-net v1.7.0
[INFO] [stderr]    Compiling build_const v0.2.2
[INFO] [stderr]    Compiling syn v2.0.15
[INFO] [stderr]    Compiling tokio v1.28.0
[INFO] [stderr]    Compiling safina-threadpool v0.2.4
[INFO] [stderr]    Compiling crc v1.8.1
[INFO] [stderr]    Compiling safina-sync v0.2.4
[INFO] [stderr]    Compiling safina-timer v0.1.11
[INFO] [stderr]    Compiling read-write-ext v0.1.1
[INFO] [stderr]    Compiling safina-executor v0.3.3
[INFO] [stderr]    Compiling concurrent-queue v2.2.0
[INFO] [stderr]    Compiling safe-quote v1.0.15
[INFO] [stderr]    Compiling async-channel v1.8.0
[INFO] [stderr]    Compiling async-executor v1.5.1
[INFO] [stderr]    Compiling safina-async-test-core v0.1.4
[INFO] [stderr]    Compiling safina-async-test v0.1.13
[INFO] [stderr]    Compiling tokio-macros v2.1.0
[INFO] [stderr]    Compiling ctor v0.1.26
[INFO] [stderr]    Compiling blocking v1.3.1
[INFO] [stderr]    Compiling kv-log-macro v1.0.7
[INFO] [stderr]    Compiling async-global-executor v2.3.1
[INFO] [stderr]    Compiling async-std v1.12.0
[INFO] [stderr]    Compiling smol v1.3.0
[INFO] [stderr]    Compiling fixed-buffer v0.5.0 (/opt/rustwide/workdir)
[INFO] [stdout] error[E0308]: mismatched types
[INFO] [stdout]    --> tests/server.rs:43:43
[INFO] [stdout]     |
[INFO] [stdout] 43  |     let mut payload = read_writer.take_rw(len);
[INFO] [stdout]     |                                   ------- ^^^ expected `u64`, found `usize`
[INFO] [stdout]     |                                   |
[INFO] [stdout]     |                                   arguments to this method are incorrect
[INFO] [stdout]     |
[INFO] [stdout] note: method defined here
[INFO] [stdout]    --> /opt/rustwide/cargo-home/registry/src/github.com-1ecc6299db9ec823/read-write-ext-0.1.1/src/lib.rs:145:8
[INFO] [stdout]     |
[INFO] [stdout] 145 |     fn take_rw(&mut self, len: u64) -> ReadWriteTake<&mut Self> {
[INFO] [stdout]     |        ^^^^^^^
[INFO] [stdout] help: you can convert a `usize` to a `u64` and panic if the converted value doesn't fit
[INFO] [stdout]     |
[INFO] [stdout] 43  |     let mut payload = read_writer.take_rw(len.try_into().unwrap());
[INFO] [stdout]     |                                              ++++++++++++++++++++
[INFO] [stdout] 
[INFO] [stdout] 
[INFO] [stdout] error: aborting due to previous error
[INFO] [stdout] 
[INFO] [stdout] 
[INFO] [stdout] For more information about this error, try `rustc --explain E0308`.
[INFO] [stdout] 
[INFO] [stderr] error: could not compile `fixed-buffer` due to 2 previous errors
[INFO] [stderr] warning: build failed, waiting for other jobs to finish...
[INFO] [stdout] error[E0599]: the method `read` exists for struct `FixedBuf<0>`, but its trait bounds were not satisfied
[INFO] [stdout]    --> tests/tokio.rs:6:40
[INFO] [stdout]     |
[INFO] [stdout] 6   |     assert_eq!(0, FixedBuf::from(*b"").read(&mut [b'x'; 0]).await.unwrap());
[INFO] [stdout]     |                                        ^^^^
[INFO] [stdout]     |
[INFO] [stdout]    ::: /opt/rustwide/workdir/src/lib.rs:298:1
[INFO] [stdout]     |
[INFO] [stdout] 298 | pub struct FixedBuf<const SIZE: usize> {
[INFO] [stdout]     | --------------------------------------
[INFO] [stdout]     | |
[INFO] [stdout]     | doesn't satisfy `FixedBuf<0>: AsyncReadExt`
[INFO] [stdout]     | doesn't satisfy `FixedBuf<0>: AsyncRead`
[INFO] [stdout]     |
[INFO] [stdout]     = note: the following trait bounds were not satisfied:
[INFO] [stdout]             `FixedBuf<0>: AsyncRead`
[INFO] [stdout]             which is required by `FixedBuf<0>: AsyncReadExt`
[INFO] [stdout]     = help: items from traits can only be used if the trait is in scope
[INFO] [stdout] help: the following trait is implemented but not in scope; perhaps add a `use` for it:
[INFO] [stdout]     |
[INFO] [stdout] 1   | use std::io::Read;
[INFO] [stdout]     |
[INFO] [stdout] 
[INFO] [stdout] 
[INFO] [stdout] error[E0599]: the method `read` exists for struct `FixedBuf<1>`, but its trait bounds were not satisfied
[INFO] [stdout]    --> tests/tokio.rs:9:27
[INFO] [stdout]     |
[INFO] [stdout] 9   |         assert_eq!(0, buf.read(&mut [b'x'; 0]).await.unwrap());
[INFO] [stdout]     |                           ^^^^
[INFO] [stdout]     |
[INFO] [stdout]    ::: /opt/rustwide/workdir/src/lib.rs:298:1
[INFO] [stdout]     |
[INFO] [stdout] 298 | pub struct FixedBuf<const SIZE: usize> {
[INFO] [stdout]     | --------------------------------------
[INFO] [stdout]     | |
[INFO] [stdout]     | doesn't satisfy `FixedBuf<1>: AsyncReadExt`
[INFO] [stdout]     | doesn't satisfy `FixedBuf<1>: AsyncRead`
[INFO] [stdout]     |
[INFO] [stdout]     = note: the following trait bounds were not satisfied:
[INFO] [stdout]             `FixedBuf<1>: AsyncRead`
[INFO] [stdout]             which is required by `FixedBuf<1>: AsyncReadExt`
[INFO] [stdout]     = help: items from traits can only be used if the trait is in scope
[INFO] [stdout] help: the following trait is implemented but not in scope; perhaps add a `use` for it:
[INFO] [stdout]     |
[INFO] [stdout] 1   | use std::io::Read;
[INFO] [stdout]     |
[INFO] [stdout] 
[INFO] [stdout] 
[INFO] [stdout] error[E0599]: the method `read` exists for struct `FixedBuf<0>`, but its trait bounds were not satisfied
[INFO] [stdout]    --> tests/tokio.rs:15:27
[INFO] [stdout]     |
[INFO] [stdout] 15  |         assert_eq!(0, buf.read(&mut data).await.unwrap());
[INFO] [stdout]     |                           ^^^^
[INFO] [stdout]     |
[INFO] [stdout]    ::: /opt/rustwide/workdir/src/lib.rs:298:1
[INFO] [stdout]     |
[INFO] [stdout] 298 | pub struct FixedBuf<const SIZE: usize> {
[INFO] [stdout]     | --------------------------------------
[INFO] [stdout]     | |
[INFO] [stdout]     | doesn't satisfy `FixedBuf<0>: AsyncReadExt`
[INFO] [stdout]     | doesn't satisfy `FixedBuf<0>: AsyncRead`
[INFO] [stdout]     |
[INFO] [stdout]     = note: the following trait bounds were not satisfied:
[INFO] [stdout]             `FixedBuf<0>: AsyncRead`
[INFO] [stdout]             which is required by `FixedBuf<0>: AsyncReadExt`
[INFO] [stdout]     = help: items from traits can only be used if the trait is in scope
[INFO] [stdout] help: the following trait is implemented but not in scope; perhaps add a `use` for it:
[INFO] [stdout]     |
[INFO] [stdout] 1   | use std::io::Read;
[INFO] [stdout]     |
[INFO] [stdout] 
[INFO] [stdout] 
[INFO] [stdout] error[E0599]: the method `read` exists for struct `FixedBuf<1>`, but its trait bounds were not satisfied
[INFO] [stdout]    --> tests/tokio.rs:22:27
[INFO] [stdout]     |
[INFO] [stdout] 22  |         assert_eq!(1, buf.read(&mut data).await.unwrap());
[INFO] [stdout]     |                           ^^^^
[INFO] [stdout]     |
[INFO] [stdout]    ::: /opt/rustwide/workdir/src/lib.rs:298:1
[INFO] [stdout]     |
[INFO] [stdout] 298 | pub struct FixedBuf<const SIZE: usize> {
[INFO] [stdout]     | --------------------------------------
[INFO] [stdout]     | |
[INFO] [stdout]     | doesn't satisfy `FixedBuf<1>: AsyncReadExt`
[INFO] [stdout]     | doesn't satisfy `FixedBuf<1>: AsyncRead`
[INFO] [stdout]     |
[INFO] [stdout]     = note: the following trait bounds were not satisfied:
[INFO] [stdout]             `FixedBuf<1>: AsyncRead`
[INFO] [stdout]             which is required by `FixedBuf<1>: AsyncReadExt`
[INFO] [stdout]     = help: items from traits can only be used if the trait is in scope
[INFO] [stdout] help: the following trait is implemented but not in scope; perhaps add a `use` for it:
[INFO] [stdout]     |
[INFO] [stdout] 1   | use std::io::Read;
[INFO] [stdout]     |
[INFO] [stdout] 
[INFO] [stdout] 
[INFO] [stdout] error[E0599]: the method `read` exists for struct `FixedBuf<2>`, but its trait bounds were not satisfied
[INFO] [stdout]    --> tests/tokio.rs:29:27
[INFO] [stdout]     |
[INFO] [stdout] 29  |         assert_eq!(1, buf.read(&mut data).await.unwrap());
[INFO] [stdout]     |                           ^^^^
[INFO] [stdout]     |
[INFO] [stdout]    ::: /opt/rustwide/workdir/src/lib.rs:298:1
[INFO] [stdout]     |
[INFO] [stdout] 298 | pub struct FixedBuf<const SIZE: usize> {
[INFO] [stdout]     | --------------------------------------
[INFO] [stdout]     | |
[INFO] [stdout]     | doesn't satisfy `FixedBuf<2>: AsyncReadExt`
[INFO] [stdout]     | doesn't satisfy `FixedBuf<2>: AsyncRead`
[INFO] [stdout]     |
[INFO] [stdout]     = note: the following trait bounds were not satisfied:
[INFO] [stdout]             `FixedBuf<2>: AsyncRead`
[INFO] [stdout]             which is required by `FixedBuf<2>: AsyncReadExt`
[INFO] [stdout]     = help: items from traits can only be used if the trait is in scope
[INFO] [stdout] help: the following trait is implemented but not in scope; perhaps add a `use` for it:
[INFO] [stdout]     |
[INFO] [stdout] 1   | use std::io::Read;
[INFO] [stdout]     |
[INFO] [stdout] 
[INFO] [stdout] 
[INFO] [stdout] error[E0599]: the method `read` exists for struct `FixedBuf<1>`, but its trait bounds were not satisfied
[INFO] [stdout]    --> tests/tokio.rs:36:27
[INFO] [stdout]     |
[INFO] [stdout] 36  |         assert_eq!(1, buf.read(&mut data).await.unwrap());
[INFO] [stdout]     |                           ^^^^
[INFO] [stdout]     |
[INFO] [stdout]    ::: /opt/rustwide/workdir/src/lib.rs:298:1
[INFO] [stdout]     |
[INFO] [stdout] 298 | pub struct FixedBuf<const SIZE: usize> {
[INFO] [stdout]     | --------------------------------------
[INFO] [stdout]     | |
[INFO] [stdout]     | doesn't satisfy `FixedBuf<1>: AsyncReadExt`
[INFO] [stdout]     | doesn't satisfy `FixedBuf<1>: AsyncRead`
[INFO] [stdout]     |
[INFO] [stdout]     = note: the following trait bounds were not satisfied:
[INFO] [stdout]             `FixedBuf<1>: AsyncRead`
[INFO] [stdout]             which is required by `FixedBuf<1>: AsyncReadExt`
[INFO] [stdout]     = help: items from traits can only be used if the trait is in scope
[INFO] [stdout] help: the following trait is implemented but not in scope; perhaps add a `use` for it:
[INFO] [stdout]     |
[INFO] [stdout] 1   | use std::io::Read;
[INFO] [stdout]     |
[INFO] [stdout] 
[INFO] [stdout] 
[INFO] [stdout] error[E0599]: the method `read` exists for struct `FixedBuf<2>`, but its trait bounds were not satisfied
[INFO] [stdout]    --> tests/tokio.rs:43:27
[INFO] [stdout]     |
[INFO] [stdout] 43  |         assert_eq!(2, buf.read(&mut data).await.unwrap());
[INFO] [stdout]     |                           ^^^^
[INFO] [stdout]     |
[INFO] [stdout]    ::: /opt/rustwide/workdir/src/lib.rs:298:1
[INFO] [stdout]     |
[INFO] [stdout] 298 | pub struct FixedBuf<const SIZE: usize> {
[INFO] [stdout]     | --------------------------------------
[INFO] [stdout]     | |
[INFO] [stdout]     | doesn't satisfy `FixedBuf<2>: AsyncReadExt`
[INFO] [stdout]     | doesn't satisfy `FixedBuf<2>: AsyncRead`
[INFO] [stdout]     |
[INFO] [stdout]     = note: the following trait bounds were not satisfied:
[INFO] [stdout]             `FixedBuf<2>: AsyncRead`
[INFO] [stdout]             which is required by `FixedBuf<2>: AsyncReadExt`
[INFO] [stdout]     = help: items from traits can only be used if the trait is in scope
[INFO] [stdout] help: the following trait is implemented but not in scope; perhaps add a `use` for it:
[INFO] [stdout]     |
[INFO] [stdout] 1   | use std::io::Read;
[INFO] [stdout]     |
[INFO] [stdout] 
[INFO] [stdout] 
[INFO] [stdout] error[E0599]: the method `read` exists for struct `FixedBuf<0>`, but its trait bounds were not satisfied
[INFO] [stdout]    --> tests/futures_io.rs:7:40
[INFO] [stdout]     |
[INFO] [stdout] 7   |     assert_eq!(0, FixedBuf::from(*b"").read(&mut [b'x'; 0]).await.unwrap());
[INFO] [stdout]     |                                        ^^^^
[INFO] [stdout]     |
[INFO] [stdout]    ::: /opt/rustwide/workdir/src/lib.rs:298:1
[INFO] [stdout]     |
[INFO] [stdout] 298 | pub struct FixedBuf<const SIZE: usize> {
[INFO] [stdout]     | --------------------------------------
[INFO] [stdout]     | |
[INFO] [stdout]     | doesn't satisfy `FixedBuf<0>: AsyncReadExt`
[INFO] [stdout]     | doesn't satisfy `FixedBuf<0>: AsyncRead`
[INFO] [stdout]     |
[INFO] [stdout]     = note: the following trait bounds were not satisfied:
[INFO] [stdout]             `FixedBuf<0>: AsyncRead`
[INFO] [stdout]             which is required by `FixedBuf<0>: AsyncReadExt`
[INFO] [stdout]     = help: items from traits can only be used if the trait is in scope
[INFO] [stdout] help: the following trait is implemented but not in scope; perhaps add a `use` for it:
[INFO] [stdout]     |
[INFO] [stdout] 1   | use std::io::Read;
[INFO] [stdout]     |
[INFO] [stdout] 
[INFO] [stdout] 
[INFO] [stdout] error[E0599]: the method `read` exists for struct `FixedBuf<3>`, but its trait bounds were not satisfied
[INFO] [stdout]    --> tests/tokio.rs:50:27
[INFO] [stdout]     |
[INFO] [stdout] 50  |         assert_eq!(2, buf.read(&mut data).await.unwrap());
[INFO] [stdout]     |                           ^^^^
[INFO] [stdout]     |
[INFO] [stdout]    ::: /opt/rustwide/workdir/src/lib.rs:298:1
[INFO] [stdout]     |
[INFO] [stdout] 298 | pub struct FixedBuf<const SIZE: usize> {
[INFO] [stdout]     | --------------------------------------
[INFO] [stdout]     | |
[INFO] [stdout]     | doesn't satisfy `FixedBuf<3>: AsyncReadExt`
[INFO] [stdout]     | doesn't satisfy `FixedBuf<3>: AsyncRead`
[INFO] [stdout]     |
[INFO] [stdout]     = note: the following trait bounds were not satisfied:
[INFO] [stdout]             `FixedBuf<3>: AsyncRead`
[INFO] [stdout]             which is required by `FixedBuf<3>: AsyncReadExt`
[INFO] [stdout]     = help: items from traits can only be used if the trait is in scope
[INFO] [stdout] help: the following trait is implemented but not in scope; perhaps add a `use` for it:
[INFO] [stdout]     |
[INFO] [stdout] 1   | use std::io::Read;
[INFO] [stdout]     |
[INFO] [stdout] 
[INFO] [stdout] 
[INFO] [stdout] error[E0599]: the method `read` exists for struct `FixedBuf<1>`, but its trait bounds were not satisfied
[INFO] [stdout]    --> tests/futures_io.rs:10:27
[INFO] [stdout]     |
[INFO] [stdout] 10  |         assert_eq!(0, buf.read(&mut [b'x'; 0]).await.unwrap());
[INFO] [stdout]     |                           ^^^^
[INFO] [stdout]     |
[INFO] [stdout]    ::: /opt/rustwide/workdir/src/lib.rs:298:1
[INFO] [stdout]     |
[INFO] [stdout] 298 | pub struct FixedBuf<const SIZE: usize> {
[INFO] [stdout]     | --------------------------------------
[INFO] [stdout]     | |
[INFO] [stdout]     | doesn't satisfy `FixedBuf<1>: AsyncReadExt`
[INFO] [stdout]     | doesn't satisfy `FixedBuf<1>: AsyncRead`
[INFO] [stdout]     |
[INFO] [stdout]     = note: the following trait bounds were not satisfied:
[INFO] [stdout]             `FixedBuf<1>: AsyncRead`
[INFO] [stdout]             which is required by `FixedBuf<1>: AsyncReadExt`
[INFO] [stdout]     = help: items from traits can only be used if the trait is in scope
[INFO] [stdout] help: the following trait is implemented but not in scope; perhaps add a `use` for it:
[INFO] [stdout]     |
[INFO] [stdout] 1   | use std::io::Read;
[INFO] [stdout]     |
[INFO] [stdout] 
[INFO] [stdout] 
[INFO] [stdout] error[E0599]: the method `read` exists for struct `FixedBuf<0>`, but its trait bounds were not satisfied
[INFO] [stdout]    --> tests/smol.rs:7:40
[INFO] [stdout]     |
[INFO] [stdout] 7   |     assert_eq!(0, FixedBuf::from(*b"").read(&mut [b'x'; 0]).await.unwrap());
[INFO] [stdout]     |                                        ^^^^
[INFO] [stdout]     |
[INFO] [stdout]    ::: /opt/rustwide/workdir/src/lib.rs:298:1
[INFO] [stdout]     |
[INFO] [stdout] 298 | pub struct FixedBuf<const SIZE: usize> {
[INFO] [stdout]     | --------------------------------------
[INFO] [stdout]     | |
[INFO] [stdout]     | doesn't satisfy `FixedBuf<0>: AsyncReadExt`
[INFO] [stdout]     | doesn't satisfy `FixedBuf<0>: AsyncRead`
[INFO] [stdout]     |
[INFO] [stdout]     = note: the following trait bounds were not satisfied:
[INFO] [stdout]             `FixedBuf<0>: AsyncRead`
[INFO] [stdout]             which is required by `FixedBuf<0>: AsyncReadExt`
[INFO] [stdout]     = help: items from traits can only be used if the trait is in scope
[INFO] [stdout] help: the following trait is implemented but not in scope; perhaps add a `use` for it:
[INFO] [stdout]     |
[INFO] [stdout] 1   | use std::io::Read;
[INFO] [stdout]     |
[INFO] [stdout] 
[INFO] [stdout] 
[INFO] [stdout] error[E0599]: the method `read` exists for struct `FixedBuf<0>`, but its trait bounds were not satisfied
[INFO] [stdout]    --> tests/futures_io.rs:16:27
[INFO] [stdout]     |
[INFO] [stdout] 16  |         assert_eq!(0, buf.read(&mut data).await.unwrap());
[INFO] [stdout]     |                           ^^^^
[INFO] [stdout]     |
[INFO] [stdout]    ::: /opt/rustwide/workdir/src/lib.rs:298:1
[INFO] [stdout]     |
[INFO] [stdout] 298 | pub struct FixedBuf<const SIZE: usize> {
[INFO] [stdout]     | --------------------------------------
[INFO] [stdout]     | |
[INFO] [stdout]     | doesn't satisfy `FixedBuf<0>: AsyncReadExt`
[INFO] [stdout]     | doesn't satisfy `FixedBuf<0>: AsyncRead`
[INFO] [stdout]     |
[INFO] [stdout]     = note: the following trait bounds were not satisfied:
[INFO] [stdout]             `FixedBuf<0>: AsyncRead`
[INFO] [stdout]             which is required by `FixedBuf<0>: AsyncReadExt`
[INFO] [stdout]     = help: items from traits can only be used if the trait is in scope
[INFO] [stdout] help: the following trait is implemented but not in scope; perhaps add a `use` for it:
[INFO] [stdout]     |
[INFO] [stdout] 1   | use std::io::Read;
[INFO] [stdout]     |
[INFO] [stdout] 
[INFO] [stdout] 
[INFO] [stdout] error[E0599]: the method `read` exists for struct `FixedBuf<1>`, but its trait bounds were not satisfied
[INFO] [stdout]    --> tests/futures_io.rs:23:27
[INFO] [stdout]     |
[INFO] [stdout] 23  |         assert_eq!(1, buf.read(&mut data).await.unwrap());
[INFO] [stdout]     |                           ^^^^
[INFO] [stdout]     |
[INFO] [stdout]    ::: /opt/rustwide/workdir/src/lib.rs:298:1
[INFO] [stdout]     |
[INFO] [stdout] 298 | pub struct FixedBuf<const SIZE: usize> {
[INFO] [stdout]     | --------------------------------------
[INFO] [stdout]     | |
[INFO] [stdout]     | doesn't satisfy `FixedBuf<1>: AsyncReadExt`
[INFO] [stdout]     | doesn't satisfy `FixedBuf<1>: AsyncRead`
[INFO] [stdout]     |
[INFO] [stdout]     = note: the following trait bounds were not satisfied:
[INFO] [stdout]             `FixedBuf<1>: AsyncRead`
[INFO] [stdout]             which is required by `FixedBuf<1>: AsyncReadExt`
[INFO] [stdout]     = help: items from traits can only be used if the trait is in scope
[INFO] [stdout] help: the following trait is implemented but not in scope; perhaps add a `use` for it:
[INFO] [stdout]     |
[INFO] [stdout] 1   | use std::io::Read;
[INFO] [stdout]     |
[INFO] [stdout] 
[INFO] [stdout] 
[INFO] [stdout] error[E0599]: the method `read` exists for struct `FixedBuf<0>`, but its trait bounds were not satisfied
[INFO] [stdout]    --> tests/async_std.rs:7:40
[INFO] [stdout]     |
[INFO] [stdout] 7   |     assert_eq!(0, FixedBuf::from(*b"").read(&mut [b'x'; 0]).await.unwrap());
[INFO] [stdout]     |                                        ^^^^
[INFO] [stdout]     |
[INFO] [stdout]    ::: /opt/rustwide/workdir/src/lib.rs:298:1
[INFO] [stdout]     |
[INFO] [stdout] 298 | pub struct FixedBuf<const SIZE: usize> {
[INFO] [stdout]     | --------------------------------------
[INFO] [stdout]     | |
[INFO] [stdout]     | doesn't satisfy `FixedBuf<0>: ReadExt`
[INFO] [stdout]     | doesn't satisfy `FixedBuf<0>: async_std::io::Read`
[INFO] [stdout]     |
[INFO] [stdout]     = note: the following trait bounds were not satisfied:
[INFO] [stdout]             `FixedBuf<0>: async_std::io::Read`
[INFO] [stdout]             which is required by `FixedBuf<0>: ReadExt`
[INFO] [stdout]     = help: items from traits can only be used if the trait is in scope
[INFO] [stdout] help: the following trait is implemented but not in scope; perhaps add a `use` for it:
[INFO] [stdout]     |
[INFO] [stdout] 1   | use std::io::Read;
[INFO] [stdout]     |
[INFO] [stdout] 
[INFO] [stdout] 
[INFO] [stdout] error[E0599]: the method `read` exists for struct `FixedBuf<2>`, but its trait bounds were not satisfied
[INFO] [stdout]    --> tests/futures_io.rs:30:27
[INFO] [stdout]     |
[INFO] [stdout] 30  |         assert_eq!(1, buf.read(&mut data).await.unwrap());
[INFO] [stdout]     |                           ^^^^
[INFO] [stdout]     |
[INFO] [stdout]    ::: /opt/rustwide/workdir/src/lib.rs:298:1
[INFO] [stdout]     |
[INFO] [stdout] 298 | pub struct FixedBuf<const SIZE: usize> {
[INFO] [stdout]     | --------------------------------------
[INFO] [stdout]     | |
[INFO] [stdout]     | doesn't satisfy `FixedBuf<2>: AsyncReadExt`
[INFO] [stdout]     | doesn't satisfy `FixedBuf<2>: AsyncRead`
[INFO] [stdout]     |
[INFO] [stdout]     = note: the following trait bounds were not satisfied:
[INFO] [stdout]             `FixedBuf<2>: AsyncRead`
[INFO] [stdout]             which is required by `FixedBuf<2>: AsyncReadExt`
[INFO] [stdout]     = help: items from traits can only be used if the trait is in scope
[INFO] [stdout] help: the following trait is implemented but not in scope; perhaps add a `use` for it:
[INFO] [stdout]     |
[INFO] [stdout] 1   | use std::io::Read;
[INFO] [stdout]     |
[INFO] [stdout] 
[INFO] [stdout] 
[INFO] [stdout] error[E0599]: the method `read` exists for struct `FixedBuf<1>`, but its trait bounds were not satisfied
[INFO] [stdout]    --> tests/futures_io.rs:37:27
[INFO] [stdout]     |
[INFO] [stdout] 37  |         assert_eq!(1, buf.read(&mut data).await.unwrap());
[INFO] [stdout]     |                           ^^^^
[INFO] [stdout]     |
[INFO] [stdout]    ::: /opt/rustwide/workdir/src/lib.rs:298:1
[INFO] [stdout]     |
[INFO] [stdout] 298 | pub struct FixedBuf<const SIZE: usize> {
[INFO] [stdout]     | --------------------------------------
[INFO] [stdout]     | |
[INFO] [stdout]     | doesn't satisfy `FixedBuf<1>: AsyncReadExt`
[INFO] [stdout]     | doesn't satisfy `FixedBuf<1>: AsyncRead`
[INFO] [stdout]     |
[INFO] [stdout]     = note: the following trait bounds were not satisfied:
[INFO] [stdout]             `FixedBuf<1>: AsyncRead`
[INFO] [stdout]             which is required by `FixedBuf<1>: AsyncReadExt`
[INFO] [stdout]     = help: items from traits can only be used if the trait is in scope
[INFO] [stdout] help: the following trait is implemented but not in scope; perhaps add a `use` for it:
[INFO] [stdout]     |
[INFO] [stdout] 1   | use std::io::Read;
[INFO] [stdout]     |
[INFO] [stdout] 
[INFO] [stdout] 
[INFO] [stdout] error[E0599]: the method `read` exists for struct `FixedBuf<2>`, but its trait bounds were not satisfied
[INFO] [stdout]    --> tests/futures_io.rs:44:27
[INFO] [stdout]     |
[INFO] [stdout] 44  |         assert_eq!(2, buf.read(&mut data).await.unwrap());
[INFO] [stdout]     |                           ^^^^
[INFO] [stdout]     |
[INFO] [stdout]    ::: /opt/rustwide/workdir/src/lib.rs:298:1
[INFO] [stdout]     |
[INFO] [stdout] 298 | pub struct FixedBuf<const SIZE: usize> {
[INFO] [stdout]     | --------------------------------------
[INFO] [stdout]     | |
[INFO] [stdout]     | doesn't satisfy `FixedBuf<2>: AsyncReadExt`
[INFO] [stdout]     | doesn't satisfy `FixedBuf<2>: AsyncRead`
[INFO] [stdout]     |
[INFO] [stdout]     = note: the following trait bounds were not satisfied:
[INFO] [stdout]             `FixedBuf<2>: AsyncRead`
[INFO] [stdout]             which is required by `FixedBuf<2>: AsyncReadExt`
[INFO] [stdout]     = help: items from traits can only be used if the trait is in scope
[INFO] [stdout] help: the following trait is implemented but not in scope; perhaps add a `use` for it:
[INFO] [stdout]     |
[INFO] [stdout] 1   | use std::io::Read;
[INFO] [stdout]     |
[INFO] [stdout] 
[INFO] [stdout] 
[INFO] [stdout] error[E0599]: the method `read` exists for struct `FixedBuf<1>`, but its trait bounds were not satisfied
[INFO] [stdout]    --> tests/smol.rs:10:27
[INFO] [stdout]     |
[INFO] [stdout] 10  |         assert_eq!(0, buf.read(&mut [b'x'; 0]).await.unwrap());
[INFO] [stdout]     |                           ^^^^
[INFO] [stdout]     |
[INFO] [stdout]    ::: /opt/rustwide/workdir/src/lib.rs:298:1
[INFO] [stdout]     |
[INFO] [stdout] 298 | pub struct FixedBuf<const SIZE: usize> {
[INFO] [stdout]     | --------------------------------------
[INFO] [stdout]     | |
[INFO] [stdout]     | doesn't satisfy `FixedBuf<1>: AsyncReadExt`
[INFO] [stdout]     | doesn't satisfy `FixedBuf<1>: AsyncRead`
[INFO] [stdout]     |
[INFO] [stdout]     = note: the following trait bounds were not satisfied:
[INFO] [stdout]             `FixedBuf<1>: AsyncRead`
[INFO] [stdout]             which is required by `FixedBuf<1>: AsyncReadExt`
[INFO] [stdout]     = help: items from traits can only be used if the trait is in scope
[INFO] [stdout] help: the following trait is implemented but not in scope; perhaps add a `use` for it:
[INFO] [stdout]     |
[INFO] [stdout] 1   | use std::io::Read;
[INFO] [stdout]     |
[INFO] [stdout] 
[INFO] [stdout] 
[INFO] [stdout] error[E0599]: the method `read` exists for struct `FixedBuf<1>`, but its trait bounds were not satisfied
[INFO] [stdout]    --> tests/async_std.rs:10:27
[INFO] [stdout]     |
[INFO] [stdout] 10  |         assert_eq!(0, buf.read(&mut [b'x'; 0]).await.unwrap());
[INFO] [stdout]     |                           ^^^^
[INFO] [stdout]     |
[INFO] [stdout]    ::: /opt/rustwide/workdir/src/lib.rs:298:1
[INFO] [stdout]     |
[INFO] [stdout] 298 | pub struct FixedBuf<const SIZE: usize> {
[INFO] [stdout]     | --------------------------------------
[INFO] [stdout]     | |
[INFO] [stdout]     | doesn't satisfy `FixedBuf<1>: ReadExt`
[INFO] [stdout]     | doesn't satisfy `FixedBuf<1>: async_std::io::Read`
[INFO] [stdout]     |
[INFO] [stdout]     = note: the following trait bounds were not satisfied:
[INFO] [stdout]             `FixedBuf<1>: async_std::io::Read`
[INFO] [stdout]             which is required by `FixedBuf<1>: ReadExt`
[INFO] [stdout]     = help: items from traits can only be used if the trait is in scope
[INFO] [stdout] help: the following trait is implemented but not in scope; perhaps add a `use` for it:
[INFO] [stdout]     |
[INFO] [stdout] 1   | use std::io::Read;
[INFO] [stdout]     |
[INFO] [stdout] 
[INFO] [stdout] 
[INFO] [stdout] error[E0599]: the method `write` exists for struct `FixedBuf<3>`, but its trait bounds were not satisfied
[INFO] [stdout]    --> tests/tokio.rs:59:23
[INFO] [stdout]     |
[INFO] [stdout] 59  |     assert_eq!(2, buf.write(b"ab").await.unwrap());
[INFO] [stdout]     |                       ^^^^^
[INFO] [stdout]     |
[INFO] [stdout]    ::: /opt/rustwide/workdir/src/lib.rs:298:1
[INFO] [stdout]     |
[INFO] [stdout] 298 | pub struct FixedBuf<const SIZE: usize> {
[INFO] [stdout]     | --------------------------------------
[INFO] [stdout]     | |
[INFO] [stdout]     | doesn't satisfy `FixedBuf<3>: AsyncWriteExt`
[INFO] [stdout]     | doesn't satisfy `FixedBuf<3>: AsyncWrite`
[INFO] [stdout]     |
[INFO] [stdout]     = note: the following trait bounds were not satisfied:
[INFO] [stdout]             `FixedBuf<3>: AsyncWrite`
[INFO] [stdout]             which is required by `FixedBuf<3>: AsyncWriteExt`
[INFO] [stdout]     = help: items from traits can only be used if the trait is in scope
[INFO] [stdout] help: the following trait is implemented but not in scope; perhaps add a `use` for it:
[INFO] [stdout]     |
[INFO] [stdout] 1   | use std::io::Write;
[INFO] [stdout]     |
[INFO] [stdout] 
[INFO] [stdout] 
[INFO] [stdout] error[E0599]: the method `read` exists for struct `FixedBuf<3>`, but its trait bounds were not satisfied
[INFO] [stdout]    --> tests/futures_io.rs:51:27
[INFO] [stdout]     |
[INFO] [stdout] 51  |         assert_eq!(2, buf.read(&mut data).await.unwrap());
[INFO] [stdout]     |                           ^^^^
[INFO] [stdout]     |
[INFO] [stdout]    ::: /opt/rustwide/workdir/src/lib.rs:298:1
[INFO] [stdout]     |
[INFO] [stdout] 298 | pub struct FixedBuf<const SIZE: usize> {
[INFO] [stdout]     | --------------------------------------
[INFO] [stdout]     | |
[INFO] [stdout]     | doesn't satisfy `FixedBuf<3>: AsyncReadExt`
[INFO] [stdout]     | doesn't satisfy `FixedBuf<3>: AsyncRead`
[INFO] [stdout]     |
[INFO] [stdout]     = note: the following trait bounds were not satisfied:
[INFO] [stdout]             `FixedBuf<3>: AsyncRead`
[INFO] [stdout]             which is required by `FixedBuf<3>: AsyncReadExt`
[INFO] [stdout]     = help: items from traits can only be used if the trait is in scope
[INFO] [stdout] help: the following trait is implemented but not in scope; perhaps add a `use` for it:
[INFO] [stdout]     |
[INFO] [stdout] 1   | use std::io::Read;
[INFO] [stdout]     |
[INFO] [stdout] 
[INFO] [stdout] 
[INFO] [stdout] error[E0599]: the method `write` exists for struct `FixedBuf<3>`, but its trait bounds were not satisfied
[INFO] [stdout]    --> tests/tokio.rs:60:23
[INFO] [stdout]     |
[INFO] [stdout] 60  |     assert_eq!(1, buf.write(b"cd").await.unwrap()); // Fills buffer, "d" not written.
[INFO] [stdout]     |                       ^^^^^
[INFO] [stdout]     |
[INFO] [stdout]    ::: /opt/rustwide/workdir/src/lib.rs:298:1
[INFO] [stdout]     |
[INFO] [stdout] 298 | pub struct FixedBuf<const SIZE: usize> {
[INFO] [stdout]     | --------------------------------------
[INFO] [stdout]     | |
[INFO] [stdout]     | doesn't satisfy `FixedBuf<3>: AsyncWriteExt`
[INFO] [stdout]     | doesn't satisfy `FixedBuf<3>: AsyncWrite`
[INFO] [stdout]     |
[INFO] [stdout]     = note: the following trait bounds were not satisfied:
[INFO] [stdout]             `FixedBuf<3>: AsyncWrite`
[INFO] [stdout]             which is required by `FixedBuf<3>: AsyncWriteExt`
[INFO] [stdout]     = help: items from traits can only be used if the trait is in scope
[INFO] [stdout] help: the following trait is implemented but not in scope; perhaps add a `use` for it:
[INFO] [stdout]     |
[INFO] [stdout] 1   | use std::io::Write;
[INFO] [stdout]     |
[INFO] [stdout] 
[INFO] [stdout] 
[INFO] [stdout] error[E0599]: the method `write` exists for struct `FixedBuf<3>`, but its trait bounds were not satisfied
[INFO] [stdout]    --> tests/tokio.rs:62:9
[INFO] [stdout]     |
[INFO] [stdout] 62  |     buf.write(b"d").await.unwrap_err(); // Error, buffer is full.
[INFO] [stdout]     |         ^^^^^
[INFO] [stdout]     |
[INFO] [stdout]    ::: /opt/rustwide/workdir/src/lib.rs:298:1
[INFO] [stdout]     |
[INFO] [stdout] 298 | pub struct FixedBuf<const SIZE: usize> {
[INFO] [stdout]     | --------------------------------------
[INFO] [stdout]     | |
[INFO] [stdout]     | doesn't satisfy `FixedBuf<3>: AsyncWriteExt`
[INFO] [stdout]     | doesn't satisfy `FixedBuf<3>: AsyncWrite`
[INFO] [stdout]     |
[INFO] [stdout]     = note: the following trait bounds were not satisfied:
[INFO] [stdout]             `FixedBuf<3>: AsyncWrite`
[INFO] [stdout]             which is required by `FixedBuf<3>: AsyncWriteExt`
[INFO] [stdout]     = help: items from traits can only be used if the trait is in scope
[INFO] [stdout] help: the following trait is implemented but not in scope; perhaps add a `use` for it:
[INFO] [stdout]     |
[INFO] [stdout] 1   | use std::io::Write;
[INFO] [stdout]     |
[INFO] [stdout] 
[INFO] [stdout] 
[INFO] [stdout] warning: unused import: `AsyncReadExt`
[INFO] [stdout]  --> tests/tokio.rs:2:17
[INFO] [stdout]   |
[INFO] [stdout] 2 | use tokio::io::{AsyncReadExt, AsyncWriteExt};
[INFO] [stdout]   |                 ^^^^^^^^^^^^
[INFO] [stdout]   |
[INFO] [stdout]   = note: `#[warn(unused_imports)]` on by default
[INFO] [stdout] 
[INFO] [stdout] 
[INFO] [stdout] warning: unused import: `AsyncWriteExt`
[INFO] [stdout]  --> tests/tokio.rs:2:31
[INFO] [stdout]   |
[INFO] [stdout] 2 | use tokio::io::{AsyncReadExt, AsyncWriteExt};
[INFO] [stdout]   |                               ^^^^^^^^^^^^^
[INFO] [stdout] 
[INFO] [stdout] 
[INFO] [stdout] error[E0599]: the method `read` exists for struct `FixedBuf<0>`, but its trait bounds were not satisfied
[INFO] [stdout]    --> tests/smol.rs:16:27
[INFO] [stdout]     |
[INFO] [stdout] 16  |         assert_eq!(0, buf.read(&mut data).await.unwrap());
[INFO] [stdout]     |                           ^^^^
[INFO] [stdout]     |
[INFO] [stdout]    ::: /opt/rustwide/workdir/src/lib.rs:298:1
[INFO] [stdout]     |
[INFO] [stdout] 298 | pub struct FixedBuf<const SIZE: usize> {
[INFO] [stdout]     | --------------------------------------
[INFO] [stdout]     | |
[INFO] [stdout]     | doesn't satisfy `FixedBuf<0>: AsyncReadExt`
[INFO] [stdout]     | doesn't satisfy `FixedBuf<0>: AsyncRead`
[INFO] [stdout]     |
[INFO] [stdout]     = note: the following trait bounds were not satisfied:
[INFO] [stdout]             `FixedBuf<0>: AsyncRead`
[INFO] [stdout]             which is required by `FixedBuf<0>: AsyncReadExt`
[INFO] [stdout]     = help: items from traits can only be used if the trait is in scope
[INFO] [stdout] help: the following trait is implemented but not in scope; perhaps add a `use` for it:
[INFO] [stdout]     |
[INFO] [stdout] 1   | use std::io::Read;
[INFO] [stdout]     |
[INFO] [stdout] 
[INFO] [stdout] 
[INFO] [stdout] error: aborting due to 11 previous errors; 2 warnings emitted
[INFO] [stdout] 
[INFO] [stdout] 
[INFO] [stdout] For more information about this error, try `rustc --explain E0599`.
[INFO] [stdout] 
[INFO] [stdout] error[E0599]: the method `read` exists for struct `FixedBuf<0>`, but its trait bounds were not satisfied
[INFO] [stdout]    --> tests/async_std.rs:16:27
[INFO] [stdout]     |
[INFO] [stdout] 16  |         assert_eq!(0, buf.read(&mut data).await.unwrap());
[INFO] [stdout]     |                           ^^^^
[INFO] [stdout]     |
[INFO] [stdout]    ::: /opt/rustwide/workdir/src/lib.rs:298:1
[INFO] [stdout]     |
[INFO] [stdout] 298 | pub struct FixedBuf<const SIZE: usize> {
[INFO] [stdout]     | --------------------------------------
[INFO] [stdout]     | |
[INFO] [stdout]     | doesn't satisfy `FixedBuf<0>: ReadExt`
[INFO] [stdout]     | doesn't satisfy `FixedBuf<0>: async_std::io::Read`
[INFO] [stdout]     |
[INFO] [stdout]     = note: the following trait bounds were not satisfied:
[INFO] [stdout]             `FixedBuf<0>: async_std::io::Read`
[INFO] [stdout]             which is required by `FixedBuf<0>: ReadExt`
[INFO] [stdout]     = help: items from traits can only be used if the trait is in scope
[INFO] [stdout] help: the following trait is implemented but not in scope; perhaps add a `use` for it:
[INFO] [stdout]     |
[INFO] [stdout] 1   | use std::io::Read;
[INFO] [stdout]     |
[INFO] [stdout] 
[INFO] [stdout] 
[INFO] [stderr] error: could not compile `fixed-buffer` due to 12 previous errors; 2 warnings emitted
[INFO] [stdout] error[E0599]: the method `read` exists for struct `FixedBuf<1>`, but its trait bounds were not satisfied
[INFO] [stdout]    --> tests/async_std.rs:23:27
[INFO] [stdout]     |
[INFO] [stdout] 23  |         assert_eq!(1, buf.read(&mut data).await.unwrap());
[INFO] [stdout]     |                           ^^^^
[INFO] [stdout]     |
[INFO] [stdout]    ::: /opt/rustwide/workdir/src/lib.rs:298:1
[INFO] [stdout]     |
[INFO] [stdout] 298 | pub struct FixedBuf<const SIZE: usize> {
[INFO] [stdout]     | --------------------------------------
[INFO] [stdout]     | |
[INFO] [stdout]     | doesn't satisfy `FixedBuf<1>: ReadExt`
[INFO] [stdout]     | doesn't satisfy `FixedBuf<1>: async_std::io::Read`
[INFO] [stdout]     |
[INFO] [stdout]     = note: the following trait bounds were not satisfied:
[INFO] [stdout]             `FixedBuf<1>: async_std::io::Read`
[INFO] [stdout]             which is required by `FixedBuf<1>: ReadExt`
[INFO] [stdout]     = help: items from traits can only be used if the trait is in scope
[INFO] [stdout] help: the following trait is implemented but not in scope; perhaps add a `use` for it:
[INFO] [stdout]     |
[INFO] [stdout] 1   | use std::io::Read;
[INFO] [stdout]     |
[INFO] [stdout] 
[INFO] [stdout] 
[INFO] [stdout] error[E0599]: the method `write` exists for struct `FixedBuf<3>`, but its trait bounds were not satisfied
[INFO] [stdout]    --> tests/futures_io.rs:60:23
[INFO] [stdout]     |
[INFO] [stdout] 60  |     assert_eq!(2, buf.write(b"ab").await.unwrap());
[INFO] [stdout]     |                       ^^^^^
[INFO] [stdout]     |
[INFO] [stdout]    ::: /opt/rustwide/workdir/src/lib.rs:298:1
[INFO] [stdout]     |
[INFO] [stdout] 298 | pub struct FixedBuf<const SIZE: usize> {
[INFO] [stdout]     | --------------------------------------
[INFO] [stdout]     | |
[INFO] [stdout]     | doesn't satisfy `FixedBuf<3>: AsyncWriteExt`
[INFO] [stdout]     | doesn't satisfy `FixedBuf<3>: AsyncWrite`
[INFO] [stdout]     |
[INFO] [stdout]     = note: the following trait bounds were not satisfied:
[INFO] [stdout]             `FixedBuf<3>: AsyncWrite`
[INFO] [stdout]             which is required by `FixedBuf<3>: AsyncWriteExt`
[INFO] [stdout]     = help: items from traits can only be used if the trait is in scope
[INFO] [stdout] help: the following trait is implemented but not in scope; perhaps add a `use` for it:
[INFO] [stdout]     |
[INFO] [stdout] 1   | use std::io::Write;
[INFO] [stdout]     |
[INFO] [stdout] 
[INFO] [stdout] 
[INFO] [stdout] error[E0599]: the method `read` exists for struct `FixedBuf<1>`, but its trait bounds were not satisfied
[INFO] [stdout]    --> tests/smol.rs:23:27
[INFO] [stdout]     |
[INFO] [stdout] 23  |         assert_eq!(1, buf.read(&mut data).await.unwrap());
[INFO] [stdout]     |                           ^^^^
[INFO] [stdout]     |
[INFO] [stdout]    ::: /opt/rustwide/workdir/src/lib.rs:298:1
[INFO] [stdout]     |
[INFO] [stdout] 298 | pub struct FixedBuf<const SIZE: usize> {
[INFO] [stdout]     | --------------------------------------
[INFO] [stdout]     | |
[INFO] [stdout]     | doesn't satisfy `FixedBuf<1>: AsyncReadExt`
[INFO] [stdout]     | doesn't satisfy `FixedBuf<1>: AsyncRead`
[INFO] [stdout]     |
[INFO] [stdout]     = note: the following trait bounds were not satisfied:
[INFO] [stdout]             `FixedBuf<1>: AsyncRead`
[INFO] [stdout]             which is required by `FixedBuf<1>: AsyncReadExt`
[INFO] [stdout]     = help: items from traits can only be used if the trait is in scope
[INFO] [stdout] help: the following trait is implemented but not in scope; perhaps add a `use` for it:
[INFO] [stdout]     |
[INFO] [stdout] 1   | use std::io::Read;
[INFO] [stdout]     |
[INFO] [stdout] 
[INFO] [stdout] 
[INFO] [stdout] error[E0599]: the method `write` exists for struct `FixedBuf<3>`, but its trait bounds were not satisfied
[INFO] [stdout]    --> tests/futures_io.rs:61:23
[INFO] [stdout]     |
[INFO] [stdout] 61  |     assert_eq!(1, buf.write(b"cd").await.unwrap()); // Fills buffer, "d" not written.
[INFO] [stdout]     |                       ^^^^^
[INFO] [stdout]     |
[INFO] [stdout]    ::: /opt/rustwide/workdir/src/lib.rs:298:1
[INFO] [stdout]     |
[INFO] [stdout] 298 | pub struct FixedBuf<const SIZE: usize> {
[INFO] [stdout]     | --------------------------------------
[INFO] [stdout]     | |
[INFO] [stdout]     | doesn't satisfy `FixedBuf<3>: AsyncWriteExt`
[INFO] [stdout]     | doesn't satisfy `FixedBuf<3>: AsyncWrite`
[INFO] [stdout]     |
[INFO] [stdout]     = note: the following trait bounds were not satisfied:
[INFO] [stdout]             `FixedBuf<3>: AsyncWrite`
[INFO] [stdout]             which is required by `FixedBuf<3>: AsyncWriteExt`
[INFO] [stdout]     = help: items from traits can only be used if the trait is in scope
[INFO] [stdout] help: the following trait is implemented but not in scope; perhaps add a `use` for it:
[INFO] [stdout]     |
[INFO] [stdout] 1   | use std::io::Write;
[INFO] [stdout]     |
[INFO] [stdout] 
[INFO] [stdout] 
[INFO] [stdout] error[E0599]: the method `write` exists for struct `FixedBuf<3>`, but its trait bounds were not satisfied
[INFO] [stdout]    --> tests/futures_io.rs:63:9
[INFO] [stdout]     |
[INFO] [stdout] 63  |     buf.write(b"d").await.unwrap_err(); // Error, buffer is full.
[INFO] [stdout]     |         ^^^^^
[INFO] [stdout]     |
[INFO] [stdout]    ::: /opt/rustwide/workdir/src/lib.rs:298:1
[INFO] [stdout]     |
[INFO] [stdout] 298 | pub struct FixedBuf<const SIZE: usize> {
[INFO] [stdout]     | --------------------------------------
[INFO] [stdout]     | |
[INFO] [stdout]     | doesn't satisfy `FixedBuf<3>: AsyncWriteExt`
[INFO] [stdout]     | doesn't satisfy `FixedBuf<3>: AsyncWrite`
[INFO] [stdout]     |
[INFO] [stdout]     = note: the following trait bounds were not satisfied:
[INFO] [stdout]             `FixedBuf<3>: AsyncWrite`
[INFO] [stdout]             which is required by `FixedBuf<3>: AsyncWriteExt`
[INFO] [stdout]     = help: items from traits can only be used if the trait is in scope
[INFO] [stdout] help: the following trait is implemented but not in scope; perhaps add a `use` for it:
[INFO] [stdout]     |
[INFO] [stdout] 1   | use std::io::Write;
[INFO] [stdout]     |
[INFO] [stdout] 
[INFO] [stdout] 
[INFO] [stdout] error[E0599]: the method `read` exists for struct `FixedBuf<2>`, but its trait bounds were not satisfied
[INFO] [stdout]    --> tests/async_std.rs:30:27
[INFO] [stdout]     |
[INFO] [stdout] 30  |         assert_eq!(1, buf.read(&mut data).await.unwrap());
[INFO] [stdout]     |                           ^^^^
[INFO] [stdout]     |
[INFO] [stdout]    ::: /opt/rustwide/workdir/src/lib.rs:298:1
[INFO] [stdout]     |
[INFO] [stdout] 298 | pub struct FixedBuf<const SIZE: usize> {
[INFO] [stdout]     | --------------------------------------
[INFO] [stdout]     | |
[INFO] [stdout]     | doesn't satisfy `FixedBuf<2>: ReadExt`
[INFO] [stdout]     | doesn't satisfy `FixedBuf<2>: async_std::io::Read`
[INFO] [stdout]     |
[INFO] [stdout]     = note: the following trait bounds were not satisfied:
[INFO] [stdout]             `FixedBuf<2>: async_std::io::Read`
[INFO] [stdout]             which is required by `FixedBuf<2>: ReadExt`
[INFO] [stdout]     = help: items from traits can only be used if the trait is in scope
[INFO] [stdout] help: the following trait is implemented but not in scope; perhaps add a `use` for it:
[INFO] [stdout]     |
[INFO] [stdout] 1   | use std::io::Read;
[INFO] [stdout]     |
[INFO] [stdout] 
[INFO] [stdout] 
[INFO] [stdout] warning: unused import: `AsyncReadExt`
[INFO] [stdout]  --> tests/futures_io.rs:2:20
[INFO] [stdout]   |
[INFO] [stdout] 2 | use futures_lite::{AsyncReadExt, AsyncWriteExt};
[INFO] [stdout]   |                    ^^^^^^^^^^^^
[INFO] [stdout]   |
[INFO] [stdout]   = note: `#[warn(unused_imports)]` on by default
[INFO] [stdout] 
[INFO] [stdout] 
[INFO] [stdout] warning: unused import: `AsyncWriteExt`
[INFO] [stdout]  --> tests/futures_io.rs:2:34
[INFO] [stdout]   |
[INFO] [stdout] 2 | use futures_lite::{AsyncReadExt, AsyncWriteExt};
[INFO] [stdout]   |                                  ^^^^^^^^^^^^^
[INFO] [stdout] 
[INFO] [stdout] 
[INFO] [stdout] error[E0599]: the method `read` exists for struct `FixedBuf<1>`, but its trait bounds were not satisfied
[INFO] [stdout]    --> tests/async_std.rs:37:27
[INFO] [stdout]     |
[INFO] [stdout] 37  |         assert_eq!(1, buf.read(&mut data).await.unwrap());
[INFO] [stdout]     |                           ^^^^
[INFO] [stdout]     |
[INFO] [stdout]    ::: /opt/rustwide/workdir/src/lib.rs:298:1
[INFO] [stdout]     |
[INFO] [stdout] 298 | pub struct FixedBuf<const SIZE: usize> {
[INFO] [stdout]     | --------------------------------------
[INFO] [stdout]     | |
[INFO] [stdout]     | doesn't satisfy `FixedBuf<1>: ReadExt`
[INFO] [stdout]     | doesn't satisfy `FixedBuf<1>: async_std::io::Read`
[INFO] [stdout]     |
[INFO] [stdout]     = note: the following trait bounds were not satisfied:
[INFO] [stdout]             `FixedBuf<1>: async_std::io::Read`
[INFO] [stdout]             which is required by `FixedBuf<1>: ReadExt`
[INFO] [stdout]     = help: items from traits can only be used if the trait is in scope
[INFO] [stdout] help: the following trait is implemented but not in scope; perhaps add a `use` for it:
[INFO] [stdout]     |
[INFO] [stdout] 1   | use std::io::Read;
[INFO] [stdout]     |
[INFO] [stdout] 
[INFO] [stdout] 
[INFO] [stdout] error: aborting due to 11 previous errors; 2 warnings emitted
[INFO] [stdout] 
[INFO] [stdout] 
[INFO] [stdout] For more information about this error, try `rustc --explain E0599`.
[INFO] [stdout] 
[INFO] [stdout] error[E0599]: the method `read` exists for struct `FixedBuf<2>`, but its trait bounds were not satisfied
[INFO] [stdout]    --> tests/smol.rs:30:27
[INFO] [stdout]     |
[INFO] [stdout] 30  |         assert_eq!(1, buf.read(&mut data).await.unwrap());
[INFO] [stdout]     |                           ^^^^
[INFO] [stdout]     |
[INFO] [stdout]    ::: /opt/rustwide/workdir/src/lib.rs:298:1
[INFO] [stdout]     |
[INFO] [stdout] 298 | pub struct FixedBuf<const SIZE: usize> {
[INFO] [stdout]     | --------------------------------------
[INFO] [stdout]     | |
[INFO] [stdout]     | doesn't satisfy `FixedBuf<2>: AsyncReadExt`
[INFO] [stdout]     | doesn't satisfy `FixedBuf<2>: AsyncRead`
[INFO] [stdout]     |
[INFO] [stdout]     = note: the following trait bounds were not satisfied:
[INFO] [stdout]             `FixedBuf<2>: AsyncRead`
[INFO] [stdout]             which is required by `FixedBuf<2>: AsyncReadExt`
[INFO] [stdout]     = help: items from traits can only be used if the trait is in scope
[INFO] [stdout] help: the following trait is implemented but not in scope; perhaps add a `use` for it:
[INFO] [stdout]     |
[INFO] [stdout] 1   | use std::io::Read;
[INFO] [stdout]     |
[INFO] [stdout] 
[INFO] [stdout] 
[INFO] [stdout] error[E0599]: the method `read` exists for struct `FixedBuf<2>`, but its trait bounds were not satisfied
[INFO] [stdout]    --> tests/async_std.rs:44:27
[INFO] [stdout]     |
[INFO] [stdout] 44  |         assert_eq!(2, buf.read(&mut data).await.unwrap());
[INFO] [stdout]     |                           ^^^^
[INFO] [stdout]     |
[INFO] [stdout]    ::: /opt/rustwide/workdir/src/lib.rs:298:1
[INFO] [stdout]     |
[INFO] [stdout] 298 | pub struct FixedBuf<const SIZE: usize> {
[INFO] [stdout]     | --------------------------------------
[INFO] [stdout]     | |
[INFO] [stdout]     | doesn't satisfy `FixedBuf<2>: ReadExt`
[INFO] [stdout]     | doesn't satisfy `FixedBuf<2>: async_std::io::Read`
[INFO] [stdout]     |
[INFO] [stdout]     = note: the following trait bounds were not satisfied:
[INFO] [stdout]             `FixedBuf<2>: async_std::io::Read`
[INFO] [stdout]             which is required by `FixedBuf<2>: ReadExt`
[INFO] [stdout]     = help: items from traits can only be used if the trait is in scope
[INFO] [stdout] help: the following trait is implemented but not in scope; perhaps add a `use` for it:
[INFO] [stdout]     |
[INFO] [stdout] 1   | use std::io::Read;
[INFO] [stdout]     |
[INFO] [stdout] 
[INFO] [stdout] 
[INFO] [stdout] error[E0599]: the method `read` exists for struct `FixedBuf<1>`, but its trait bounds were not satisfied
[INFO] [stdout]    --> tests/smol.rs:37:27
[INFO] [stdout]     |
[INFO] [stdout] 37  |         assert_eq!(1, buf.read(&mut data).await.unwrap());
[INFO] [stdout]     |                           ^^^^
[INFO] [stdout]     |
[INFO] [stdout]    ::: /opt/rustwide/workdir/src/lib.rs:298:1
[INFO] [stdout]     |
[INFO] [stdout] 298 | pub struct FixedBuf<const SIZE: usize> {
[INFO] [stdout]     | --------------------------------------
[INFO] [stdout]     | |
[INFO] [stdout]     | doesn't satisfy `FixedBuf<1>: AsyncReadExt`
[INFO] [stdout]     | doesn't satisfy `FixedBuf<1>: AsyncRead`
[INFO] [stdout]     |
[INFO] [stdout]     = note: the following trait bounds were not satisfied:
[INFO] [stdout]             `FixedBuf<1>: AsyncRead`
[INFO] [stdout]             which is required by `FixedBuf<1>: AsyncReadExt`
[INFO] [stdout]     = help: items from traits can only be used if the trait is in scope
[INFO] [stdout] help: the following trait is implemented but not in scope; perhaps add a `use` for it:
[INFO] [stdout]     |
[INFO] [stdout] 1   | use std::io::Read;
[INFO] [stdout]     |
[INFO] [stdout] 
[INFO] [stdout] 
[INFO] [stdout] error[E0599]: the method `read` exists for struct `FixedBuf<3>`, but its trait bounds were not satisfied
[INFO] [stdout]    --> tests/async_std.rs:51:27
[INFO] [stdout]     |
[INFO] [stdout] 51  |         assert_eq!(2, buf.read(&mut data).await.unwrap());
[INFO] [stdout]     |                           ^^^^
[INFO] [stdout]     |
[INFO] [stdout]    ::: /opt/rustwide/workdir/src/lib.rs:298:1
[INFO] [stdout]     |
[INFO] [stdout] 298 | pub struct FixedBuf<const SIZE: usize> {
[INFO] [stdout]     | --------------------------------------
[INFO] [stdout]     | |
[INFO] [stdout]     | doesn't satisfy `FixedBuf<3>: ReadExt`
[INFO] [stdout]     | doesn't satisfy `FixedBuf<3>: async_std::io::Read`
[INFO] [stdout]     |
[INFO] [stdout]     = note: the following trait bounds were not satisfied:
[INFO] [stdout]             `FixedBuf<3>: async_std::io::Read`
[INFO] [stdout]             which is required by `FixedBuf<3>: ReadExt`
[INFO] [stdout]     = help: items from traits can only be used if the trait is in scope
[INFO] [stdout] help: the following trait is implemented but not in scope; perhaps add a `use` for it:
[INFO] [stdout]     |
[INFO] [stdout] 1   | use std::io::Read;
[INFO] [stdout]     |
[INFO] [stdout] 
[INFO] [stdout] 
[INFO] [stderr] error: could not compile `fixed-buffer` due to 12 previous errors; 2 warnings emitted
[INFO] [stdout] error[E0599]: the method `read` exists for struct `FixedBuf<2>`, but its trait bounds were not satisfied
[INFO] [stdout]    --> tests/smol.rs:44:27
[INFO] [stdout]     |
[INFO] [stdout] 44  |         assert_eq!(2, buf.read(&mut data).await.unwrap());
[INFO] [stdout]     |                           ^^^^
[INFO] [stdout]     |
[INFO] [stdout]    ::: /opt/rustwide/workdir/src/lib.rs:298:1
[INFO] [stdout]     |
[INFO] [stdout] 298 | pub struct FixedBuf<const SIZE: usize> {
[INFO] [stdout]     | --------------------------------------
[INFO] [stdout]     | |
[INFO] [stdout]     | doesn't satisfy `FixedBuf<2>: AsyncReadExt`
[INFO] [stdout]     | doesn't satisfy `FixedBuf<2>: AsyncRead`
[INFO] [stdout]     |
[INFO] [stdout]     = note: the following trait bounds were not satisfied:
[INFO] [stdout]             `FixedBuf<2>: AsyncRead`
[INFO] [stdout]             which is required by `FixedBuf<2>: AsyncReadExt`
[INFO] [stdout]     = help: items from traits can only be used if the trait is in scope
[INFO] [stdout] help: the following trait is implemented but not in scope; perhaps add a `use` for it:
[INFO] [stdout]     |
[INFO] [stdout] 1   | use std::io::Read;
[INFO] [stdout]     |
[INFO] [stdout] 
[INFO] [stdout] 
[INFO] [stdout] error[E0599]: the method `read` exists for struct `FixedBuf<3>`, but its trait bounds were not satisfied
[INFO] [stdout]    --> tests/smol.rs:51:27
[INFO] [stdout]     |
[INFO] [stdout] 51  |         assert_eq!(2, buf.read(&mut data).await.unwrap());
[INFO] [stdout]     |                           ^^^^
[INFO] [stdout]     |
[INFO] [stdout]    ::: /opt/rustwide/workdir/src/lib.rs:298:1
[INFO] [stdout]     |
[INFO] [stdout] 298 | pub struct FixedBuf<const SIZE: usize> {
[INFO] [stdout]     | --------------------------------------
[INFO] [stdout]     | |
[INFO] [stdout]     | doesn't satisfy `FixedBuf<3>: AsyncReadExt`
[INFO] [stdout]     | doesn't satisfy `FixedBuf<3>: AsyncRead`
[INFO] [stdout]     |
[INFO] [stdout]     = note: the following trait bounds were not satisfied:
[INFO] [stdout]             `FixedBuf<3>: AsyncRead`
[INFO] [stdout]             which is required by `FixedBuf<3>: AsyncReadExt`
[INFO] [stdout]     = help: items from traits can only be used if the trait is in scope
[INFO] [stdout] help: the following trait is implemented but not in scope; perhaps add a `use` for it:
[INFO] [stdout]     |
[INFO] [stdout] 1   | use std::io::Read;
[INFO] [stdout]     |
[INFO] [stdout] 
[INFO] [stdout] 
[INFO] [stdout] error[E0599]: the method `write` exists for struct `FixedBuf<3>`, but its trait bounds were not satisfied
[INFO] [stdout]    --> tests/async_std.rs:60:23
[INFO] [stdout]     |
[INFO] [stdout] 60  |     assert_eq!(2, buf.write(b"ab").await.unwrap());
[INFO] [stdout]     |                       ^^^^^
[INFO] [stdout]     |
[INFO] [stdout]    ::: /opt/rustwide/workdir/src/lib.rs:298:1
[INFO] [stdout]     |
[INFO] [stdout] 298 | pub struct FixedBuf<const SIZE: usize> {
[INFO] [stdout]     | --------------------------------------
[INFO] [stdout]     | |
[INFO] [stdout]     | doesn't satisfy `FixedBuf<3>: WriteExt`
[INFO] [stdout]     | doesn't satisfy `FixedBuf<3>: async_std::io::Write`
[INFO] [stdout]     |
[INFO] [stdout]     = note: the following trait bounds were not satisfied:
[INFO] [stdout]             `FixedBuf<3>: async_std::io::Write`
[INFO] [stdout]             which is required by `FixedBuf<3>: WriteExt`
[INFO] [stdout]     = help: items from traits can only be used if the trait is in scope
[INFO] [stdout] help: the following trait is implemented but not in scope; perhaps add a `use` for it:
[INFO] [stdout]     |
[INFO] [stdout] 1   | use std::io::Write;
[INFO] [stdout]     |
[INFO] [stdout] 
[INFO] [stdout] 
[INFO] [stdout] error[E0599]: the method `write` exists for struct `FixedBuf<3>`, but its trait bounds were not satisfied
[INFO] [stdout]    --> tests/async_std.rs:61:23
[INFO] [stdout]     |
[INFO] [stdout] 61  |     assert_eq!(1, buf.write(b"cd").await.unwrap()); // Fills buffer, "d" not written.
[INFO] [stdout]     |                       ^^^^^
[INFO] [stdout]     |
[INFO] [stdout]    ::: /opt/rustwide/workdir/src/lib.rs:298:1
[INFO] [stdout]     |
[INFO] [stdout] 298 | pub struct FixedBuf<const SIZE: usize> {
[INFO] [stdout]     | --------------------------------------
[INFO] [stdout]     | |
[INFO] [stdout]     | doesn't satisfy `FixedBuf<3>: WriteExt`
[INFO] [stdout]     | doesn't satisfy `FixedBuf<3>: async_std::io::Write`
[INFO] [stdout]     |
[INFO] [stdout]     = note: the following trait bounds were not satisfied:
[INFO] [stdout]             `FixedBuf<3>: async_std::io::Write`
[INFO] [stdout]             which is required by `FixedBuf<3>: WriteExt`
[INFO] [stdout]     = help: items from traits can only be used if the trait is in scope
[INFO] [stdout] help: the following trait is implemented but not in scope; perhaps add a `use` for it:
[INFO] [stdout]     |
[INFO] [stdout] 1   | use std::io::Write;
[INFO] [stdout]     |
[INFO] [stdout] 
[INFO] [stdout] 
[INFO] [stdout] error[E0599]: the method `write` exists for struct `FixedBuf<3>`, but its trait bounds were not satisfied
[INFO] [stdout]    --> tests/async_std.rs:63:9
[INFO] [stdout]     |
[INFO] [stdout] 63  |     buf.write(b"d").await.unwrap_err(); // Error, buffer is full.
[INFO] [stdout]     |         ^^^^^
[INFO] [stdout]     |
[INFO] [stdout]    ::: /opt/rustwide/workdir/src/lib.rs:298:1
[INFO] [stdout]     |
[INFO] [stdout] 298 | pub struct FixedBuf<const SIZE: usize> {
[INFO] [stdout]     | --------------------------------------
[INFO] [stdout]     | |
[INFO] [stdout]     | doesn't satisfy `FixedBuf<3>: WriteExt`
[INFO] [stdout]     | doesn't satisfy `FixedBuf<3>: async_std::io::Write`
[INFO] [stdout]     |
[INFO] [stdout]     = note: the following trait bounds were not satisfied:
[INFO] [stdout]             `FixedBuf<3>: async_std::io::Write`
[INFO] [stdout]             which is required by `FixedBuf<3>: WriteExt`
[INFO] [stdout]     = help: items from traits can only be used if the trait is in scope
[INFO] [stdout] help: the following trait is implemented but not in scope; perhaps add a `use` for it:
[INFO] [stdout]     |
[INFO] [stdout] 1   | use std::io::Write;
[INFO] [stdout]     |
[INFO] [stdout] 
[INFO] [stdout] 
[INFO] [stdout] error[E0599]: the method `write` exists for struct `FixedBuf<3>`, but its trait bounds were not satisfied
[INFO] [stdout]    --> tests/smol.rs:60:23
[INFO] [stdout]     |
[INFO] [stdout] 60  |     assert_eq!(2, buf.write(b"ab").await.unwrap());
[INFO] [stdout]     |                       ^^^^^
[INFO] [stdout]     |
[INFO] [stdout]    ::: /opt/rustwide/workdir/src/lib.rs:298:1
[INFO] [stdout]     |
[INFO] [stdout] 298 | pub struct FixedBuf<const SIZE: usize> {
[INFO] [stdout]     | --------------------------------------
[INFO] [stdout]     | |
[INFO] [stdout]     | doesn't satisfy `FixedBuf<3>: AsyncWriteExt`
[INFO] [stdout]     | doesn't satisfy `FixedBuf<3>: AsyncWrite`
[INFO] [stdout]     |
[INFO] [stdout]     = note: the following trait bounds were not satisfied:
[INFO] [stdout]             `FixedBuf<3>: AsyncWrite`
[INFO] [stdout]             which is required by `FixedBuf<3>: AsyncWriteExt`
[INFO] [stdout]     = help: items from traits can only be used if the trait is in scope
[INFO] [stdout] help: the following trait is implemented but not in scope; perhaps add a `use` for it:
[INFO] [stdout]     |
[INFO] [stdout] 1   | use std::io::Write;
[INFO] [stdout]     |
[INFO] [stdout] 
[INFO] [stdout] 
[INFO] [stdout] error[E0599]: the method `write` exists for struct `FixedBuf<3>`, but its trait bounds were not satisfied
[INFO] [stdout]    --> tests/smol.rs:61:23
[INFO] [stdout]     |
[INFO] [stdout] 61  |     assert_eq!(1, buf.write(b"cd").await.unwrap()); // Fills buffer, "d" not written.
[INFO] [stdout]     |                       ^^^^^
[INFO] [stdout]     |
[INFO] [stdout]    ::: /opt/rustwide/workdir/src/lib.rs:298:1
[INFO] [stdout]     |
[INFO] [stdout] 298 | pub struct FixedBuf<const SIZE: usize> {
[INFO] [stdout]     | --------------------------------------
[INFO] [stdout]     | |
[INFO] [stdout]     | doesn't satisfy `FixedBuf<3>: AsyncWriteExt`
[INFO] [stdout]     | doesn't satisfy `FixedBuf<3>: AsyncWrite`
[INFO] [stdout]     |
[INFO] [stdout]     = note: the following trait bounds were not satisfied:
[INFO] [stdout]             `FixedBuf<3>: AsyncWrite`
[INFO] [stdout]             which is required by `FixedBuf<3>: AsyncWriteExt`
[INFO] [stdout]     = help: items from traits can only be used if the trait is in scope
[INFO] [stdout] help: the following trait is implemented but not in scope; perhaps add a `use` for it:
[INFO] [stdout]     |
[INFO] [stdout] 1   | use std::io::Write;
[INFO] [stdout]     |
[INFO] [stdout] 
[INFO] [stdout] 
[INFO] [stdout] warning: unused import: `ReadExt`
[INFO] [stdout]  --> tests/async_std.rs:1:21
[INFO] [stdout]   |
[INFO] [stdout] 1 | use async_std::io::{ReadExt, WriteExt};
[INFO] [stdout]   |                     ^^^^^^^
[INFO] [stdout]   |
[INFO] [stdout]   = note: `#[warn(unused_imports)]` on by default
[INFO] [stdout] 
[INFO] [stdout] 
[INFO] [stdout] warning: unused import: `WriteExt`
[INFO] [stdout]  --> tests/async_std.rs:1:30
[INFO] [stdout]   |
[INFO] [stdout] 1 | use async_std::io::{ReadExt, WriteExt};
[INFO] [stdout]   |                              ^^^^^^^^
[INFO] [stdout] 
[INFO] [stdout] 
[INFO] [stdout] error[E0599]: the method `write` exists for struct `FixedBuf<3>`, but its trait bounds were not satisfied
[INFO] [stdout]    --> tests/smol.rs:63:9
[INFO] [stdout]     |
[INFO] [stdout] 63  |     buf.write(b"d").await.unwrap_err(); // Error, buffer is full.
[INFO] [stdout]     |         ^^^^^
[INFO] [stdout]     |
[INFO] [stdout]    ::: /opt/rustwide/workdir/src/lib.rs:298:1
[INFO] [stdout]     |
[INFO] [stdout] 298 | pub struct FixedBuf<const SIZE: usize> {
[INFO] [stdout]     | --------------------------------------
[INFO] [stdout]     | |
[INFO] [stdout]     | doesn't satisfy `FixedBuf<3>: AsyncWriteExt`
[INFO] [stdout]     | doesn't satisfy `FixedBuf<3>: AsyncWrite`
[INFO] [stdout]     |
[INFO] [stdout]     = note: the following trait bounds were not satisfied:
[INFO] [stdout]             `FixedBuf<3>: AsyncWrite`
[INFO] [stdout]             which is required by `FixedBuf<3>: AsyncWriteExt`
[INFO] [stdout]     = help: items from traits can only be used if the trait is in scope
[INFO] [stdout] help: the following trait is implemented but not in scope; perhaps add a `use` for it:
[INFO] [stdout]     |
[INFO] [stdout] 1   | use std::io::Write;
[INFO] [stdout]     |
[INFO] [stdout] 
[INFO] [stdout] 
[INFO] [stdout] error: aborting due to 11 previous errors; 2 warnings emitted
[INFO] [stdout] 
[INFO] [stdout] 
[INFO] [stdout] For more information about this error, try `rustc --explain E0599`.
[INFO] [stdout] 
[INFO] [stdout] warning: unused import: `AsyncReadExt`
[INFO] [stdout]  --> tests/smol.rs:3:16
[INFO] [stdout]   |
[INFO] [stdout] 3 | use smol::io::{AsyncReadExt, AsyncWriteExt};
[INFO] [stdout]   |                ^^^^^^^^^^^^
[INFO] [stdout]   |
[INFO] [stdout]   = note: `#[warn(unused_imports)]` on by default
[INFO] [stdout] 
[INFO] [stdout] 
[INFO] [stdout] warning: unused import: `AsyncWriteExt`
[INFO] [stdout]  --> tests/smol.rs:3:30
[INFO] [stdout]   |
[INFO] [stdout] 3 | use smol::io::{AsyncReadExt, AsyncWriteExt};
[INFO] [stdout]   |                              ^^^^^^^^^^^^^
[INFO] [stdout] 
[INFO] [stdout] 
[INFO] [stderr] error: could not compile `fixed-buffer` due to 12 previous errors; 2 warnings emitted
[INFO] [stdout] error: aborting due to 11 previous errors; 2 warnings emitted
[INFO] [stdout] 
[INFO] [stdout] 
[INFO] [stdout] For more information about this error, try `rustc --explain E0599`.
[INFO] [stdout] 
[INFO] [stderr] error: could not compile `fixed-buffer` due to 12 previous errors; 2 warnings emitted
[INFO] running `Command { std: "docker" "inspect" "87e19ea23bfd5d62008a9712a162c96d801e1dc428474c38b33da9e820bc5234", kill_on_drop: false }`
[INFO] running `Command { std: "docker" "rm" "-f" "87e19ea23bfd5d62008a9712a162c96d801e1dc428474c38b33da9e820bc5234", kill_on_drop: false }`
[INFO] [stdout] 87e19ea23bfd5d62008a9712a162c96d801e1dc428474c38b33da9e820bc5234
