[INFO] fetching crate firebirust 0.4.2...
[INFO] testing firebirust-0.4.2 against 1.69.0 for beta-1.70-1
[INFO] extracting crate firebirust 0.4.2 into /workspace/builds/worker-6-tc1/source
[INFO] validating manifest of crates.io crate firebirust 0.4.2 on toolchain 1.69.0
[INFO] running `Command { std: CARGO_HOME="/workspace/cargo-home" RUSTUP_HOME="/workspace/rustup-home" "/workspace/cargo-home/bin/cargo" "+1.69.0" "metadata" "--manifest-path" "Cargo.toml" "--no-deps", kill_on_drop: false }`
[INFO] started tweaking crates.io crate firebirust 0.4.2
[INFO] finished tweaking crates.io crate firebirust 0.4.2
[INFO] tweaked toml for crates.io crate firebirust 0.4.2 written to /workspace/builds/worker-6-tc1/source/Cargo.toml
[INFO] running `Command { std: CARGO_HOME="/workspace/cargo-home" RUSTUP_HOME="/workspace/rustup-home" __CARGO_TEST_CHANNEL_OVERRIDE_DO_NOT_USE_THIS="nightly" "/workspace/cargo-home/bin/cargo" "+1.69.0" "generate-lockfile" "--manifest-path" "Cargo.toml" "-Zno-index-update", kill_on_drop: false }`
[INFO] running `Command { std: CARGO_HOME="/workspace/cargo-home" RUSTUP_HOME="/workspace/rustup-home" "/workspace/cargo-home/bin/cargo" "+1.69.0" "fetch" "--manifest-path" "Cargo.toml", kill_on_drop: false }`
[INFO] [stderr]  Downloading crates ...
[INFO] [stderr]   Downloaded rust_decimal_macros v1.29.1
[INFO] [stderr]   Downloaded chacha20 v0.8.2
[INFO] running `Command { std: "docker" "create" "-v" "/var/lib/crater-agent-workspace/builds/worker-6-tc1/target:/opt/rustwide/target:rw,Z" "-v" "/var/lib/crater-agent-workspace/builds/worker-6-tc1/source:/opt/rustwide/workdir:ro,Z" "-v" "/var/lib/crater-agent-workspace/cargo-home:/opt/rustwide/cargo-home:ro,Z" "-v" "/var/lib/crater-agent-workspace/rustup-home:/opt/rustwide/rustup-home:ro,Z" "-e" "SOURCE_DIR=/opt/rustwide/workdir" "-e" "CARGO_TARGET_DIR=/opt/rustwide/target" "-e" "CARGO_HOME=/opt/rustwide/cargo-home" "-e" "RUSTUP_HOME=/opt/rustwide/rustup-home" "-w" "/opt/rustwide/workdir" "-m" "1610612736" "--user" "0:0" "--network" "none" "ghcr.io/rust-lang/crates-build-env/linux@sha256:5ff2268d62e97bff2cde7d5815dd6ed5b47097566f13b8d0ca110b04b60e07ed" "/opt/rustwide/cargo-home/bin/cargo" "+1.69.0" "metadata" "--no-deps" "--format-version=1", kill_on_drop: false }`
[INFO] [stdout] e38c057ae28d6a5ea0881603a92db07f7fb97bce34879fbeea8bd63ff8e5bea9
[INFO] running `Command { std: "docker" "start" "-a" "e38c057ae28d6a5ea0881603a92db07f7fb97bce34879fbeea8bd63ff8e5bea9", kill_on_drop: false }`
[INFO] running `Command { std: "docker" "inspect" "e38c057ae28d6a5ea0881603a92db07f7fb97bce34879fbeea8bd63ff8e5bea9", kill_on_drop: false }`
[INFO] running `Command { std: "docker" "rm" "-f" "e38c057ae28d6a5ea0881603a92db07f7fb97bce34879fbeea8bd63ff8e5bea9", kill_on_drop: false }`
[INFO] [stdout] e38c057ae28d6a5ea0881603a92db07f7fb97bce34879fbeea8bd63ff8e5bea9
[INFO] running `Command { std: "docker" "create" "-v" "/var/lib/crater-agent-workspace/builds/worker-6-tc1/target:/opt/rustwide/target:rw,Z" "-v" "/var/lib/crater-agent-workspace/builds/worker-6-tc1/source:/opt/rustwide/workdir:ro,Z" "-v" "/var/lib/crater-agent-workspace/cargo-home:/opt/rustwide/cargo-home:ro,Z" "-v" "/var/lib/crater-agent-workspace/rustup-home:/opt/rustwide/rustup-home:ro,Z" "-e" "SOURCE_DIR=/opt/rustwide/workdir" "-e" "CARGO_TARGET_DIR=/opt/rustwide/target" "-e" "CARGO_INCREMENTAL=0" "-e" "RUST_BACKTRACE=full" "-e" "RUSTFLAGS=--cap-lints=warn" "-e" "RUSTDOCFLAGS=--cap-lints=warn" "-e" "CARGO_HOME=/opt/rustwide/cargo-home" "-e" "RUSTUP_HOME=/opt/rustwide/rustup-home" "-w" "/opt/rustwide/workdir" "-m" "1610612736" "--user" "0:0" "--network" "none" "ghcr.io/rust-lang/crates-build-env/linux@sha256:5ff2268d62e97bff2cde7d5815dd6ed5b47097566f13b8d0ca110b04b60e07ed" "/opt/rustwide/cargo-home/bin/cargo" "+1.69.0" "build" "--frozen" "--message-format=json", kill_on_drop: false }`
[INFO] [stdout] d0624a0e8fc86b40000e4a9afc0c46059a0371eeee5184c32f54c03d22ae235a
[INFO] running `Command { std: "docker" "start" "-a" "d0624a0e8fc86b40000e4a9afc0c46059a0371eeee5184c32f54c03d22ae235a", kill_on_drop: false }`
[INFO] [stderr]    Compiling uncased v0.9.7
[INFO] [stderr]    Compiling siphasher v0.3.10
[INFO] [stderr]    Compiling rand_core v0.6.4
[INFO] [stderr]    Compiling regex-syntax v0.7.1
[INFO] [stderr]    Compiling getrandom v0.1.16
[INFO] [stderr]    Compiling typenum v1.16.0
[INFO] [stderr]    Compiling generic-array v0.14.7
[INFO] [stderr]    Compiling tinyvec_macros v0.1.1
[INFO] [stderr]    Compiling proc-macro2 v1.0.56
[INFO] [stderr]    Compiling rust_decimal v1.29.1
[INFO] [stderr]    Compiling quote v1.0.26
[INFO] [stderr]    Compiling unicode-ident v1.0.8
[INFO] [stderr]    Compiling gcc v0.3.55
[INFO] [stderr]    Compiling num-traits v0.2.15
[INFO] [stderr]    Compiling num-integer v0.1.45
[INFO] [stderr]    Compiling tinyvec v1.6.0
[INFO] [stderr]    Compiling rand v0.8.5
[INFO] [stderr]    Compiling time v0.1.45
[INFO] [stderr]    Compiling serde v1.0.160
[INFO] [stderr]    Compiling rand v0.4.6
[INFO] [stderr]    Compiling num-bigint v0.2.6
[INFO] [stderr]    Compiling rand_core v0.5.1
[INFO] [stderr]    Compiling phf_shared v0.11.1
[INFO] [stderr]    Compiling ppv-lite86 v0.2.17
[INFO] [stderr]    Compiling unicode-bidi v0.3.13
[INFO] [stderr]    Compiling phf_generator v0.11.1
[INFO] [stderr]    Compiling phf v0.11.1
[INFO] [stderr]    Compiling percent-encoding v2.2.0
[INFO] [stderr]    Compiling rust-crypto v0.2.36
[INFO] [stderr]    Compiling iana-time-zone v0.1.56
[INFO] [stderr]    Compiling arrayvec v0.7.2
[INFO] [stderr]    Compiling phf_codegen v0.11.1
[INFO] [stderr]    Compiling unicode-normalization v0.1.22
[INFO] [stderr]    Compiling rand v0.3.23
[INFO] [stderr]    Compiling form_urlencoded v1.1.0
[INFO] [stderr]    Compiling regex v1.8.1
[INFO] [stderr]    Compiling rand_chacha v0.2.2
[INFO] [stderr]    Compiling rustc-serialize v0.3.24
[INFO] [stderr]    Compiling cpufeatures v0.2.7
[INFO] [stderr]    Compiling urlencoding v2.1.2
[INFO] [stderr]    Compiling hex v0.3.2
[INFO] [stderr]    Compiling maplit v1.0.2
[INFO] [stderr]    Compiling idna v0.3.0
[INFO] [stderr]    Compiling rand v0.7.3
[INFO] [stderr]    Compiling chrono v0.4.24
[INFO] [stderr]    Compiling cipher v0.3.0
[INFO] [stderr]    Compiling parse-zoneinfo v0.3.0
[INFO] [stderr]    Compiling url v2.3.1
[INFO] [stderr]    Compiling rust_decimal_macros v1.29.1
[INFO] [stderr]    Compiling chacha20 v0.8.2
[INFO] [stderr]    Compiling chrono-tz-build v0.0.3
[INFO] [stderr]    Compiling chrono-tz v0.6.3
[INFO] [stderr]    Compiling firebirust v0.4.2 (/opt/rustwide/workdir)
[INFO] [stdout] warning: use of deprecated associated function `chrono::NaiveDate::from_ymd`: use `from_ymd_opt()` instead
[INFO] [stdout]    --> src/utils.rs:226:24
[INFO] [stdout]     |
[INFO] [stdout] 226 |     chrono::NaiveDate::from_ymd(year, month, day)
[INFO] [stdout]     |                        ^^^^^^^^
[INFO] [stdout]     |
[INFO] [stdout]     = note: `#[warn(deprecated)]` on by default
[INFO] [stdout] 
[INFO] [stdout] 
[INFO] [stdout] warning: use of deprecated associated function `chrono::NaiveTime::from_hms_micro`: use `from_hms_micro_opt()` instead
[INFO] [stdout]    --> src/utils.rs:236:24
[INFO] [stdout]     |
[INFO] [stdout] 236 |     chrono::NaiveTime::from_hms_micro(h, m, s, (n % 10000) * 100000)
[INFO] [stdout]     |                        ^^^^^^^^^^^^^^
[INFO] [stdout] 
[INFO] [stdout] 
[INFO] [stdout] warning: use of deprecated associated function `chrono::Utc::today`: use `Utc::now()` instead, potentially with `.date_naive()`
[INFO] [stdout]    --> src/utils.rs:249:29
[INFO] [stdout]     |
[INFO] [stdout] 249 |     let date = chrono::Utc::today().naive_local();
[INFO] [stdout]     |                             ^^^^^
[INFO] [stdout] 
[INFO] [stdout] 
[INFO] [stdout] warning: 3 warnings emitted
[INFO] [stdout] 
[INFO] [stdout] 
[INFO] [stderr]     Finished dev [unoptimized + debuginfo] target(s) in 12.02s
[INFO] [stderr] warning: the following packages contain code that will be rejected by a future version of Rust: rustc-serialize v0.3.24
[INFO] [stderr]     Blocking waiting for file lock on package cache
[INFO] [stderr] note: to see what the problems were, use the option `--future-incompat-report`, or run `cargo report future-incompatibilities --id 1`
[INFO] running `Command { std: "docker" "inspect" "d0624a0e8fc86b40000e4a9afc0c46059a0371eeee5184c32f54c03d22ae235a", kill_on_drop: false }`
[INFO] running `Command { std: "docker" "rm" "-f" "d0624a0e8fc86b40000e4a9afc0c46059a0371eeee5184c32f54c03d22ae235a", kill_on_drop: false }`
[INFO] [stdout] d0624a0e8fc86b40000e4a9afc0c46059a0371eeee5184c32f54c03d22ae235a
[INFO] running `Command { std: "docker" "create" "-v" "/var/lib/crater-agent-workspace/builds/worker-6-tc1/target:/opt/rustwide/target:rw,Z" "-v" "/var/lib/crater-agent-workspace/builds/worker-6-tc1/source:/opt/rustwide/workdir:ro,Z" "-v" "/var/lib/crater-agent-workspace/cargo-home:/opt/rustwide/cargo-home:ro,Z" "-v" "/var/lib/crater-agent-workspace/rustup-home:/opt/rustwide/rustup-home:ro,Z" "-e" "SOURCE_DIR=/opt/rustwide/workdir" "-e" "CARGO_TARGET_DIR=/opt/rustwide/target" "-e" "CARGO_INCREMENTAL=0" "-e" "RUST_BACKTRACE=full" "-e" "RUSTFLAGS=--cap-lints=warn" "-e" "RUSTDOCFLAGS=--cap-lints=warn" "-e" "CARGO_HOME=/opt/rustwide/cargo-home" "-e" "RUSTUP_HOME=/opt/rustwide/rustup-home" "-w" "/opt/rustwide/workdir" "-m" "1610612736" "--user" "0:0" "--network" "none" "ghcr.io/rust-lang/crates-build-env/linux@sha256:5ff2268d62e97bff2cde7d5815dd6ed5b47097566f13b8d0ca110b04b60e07ed" "/opt/rustwide/cargo-home/bin/cargo" "+1.69.0" "test" "--frozen" "--no-run" "--message-format=json", kill_on_drop: false }`
[INFO] [stdout] 76400cae8089a3200d2a798dd8ac36eb493673a7dcc0522c43a845ae57edc21b
[INFO] running `Command { std: "docker" "start" "-a" "76400cae8089a3200d2a798dd8ac36eb493673a7dcc0522c43a845ae57edc21b", kill_on_drop: false }`
[INFO] [stderr]     Blocking waiting for file lock on package cache
[INFO] [stdout] warning: use of deprecated associated function `chrono::NaiveDate::from_ymd`: use `from_ymd_opt()` instead
[INFO] [stdout]    --> src/utils.rs:226:24
[INFO] [stdout]     |
[INFO] [stdout] 226 |     chrono::NaiveDate::from_ymd(year, month, day)
[INFO] [stdout]     |                        ^^^^^^^^
[INFO] [stdout]     |
[INFO] [stdout]     = note: `#[warn(deprecated)]` on by default
[INFO] [stdout] 
[INFO] [stdout] 
[INFO] [stderr]    Compiling firebirust v0.4.2 (/opt/rustwide/workdir)
[INFO] [stdout] warning: use of deprecated associated function `chrono::NaiveTime::from_hms_micro`: use `from_hms_micro_opt()` instead
[INFO] [stdout]    --> src/utils.rs:236:24
[INFO] [stdout]     |
[INFO] [stdout] 236 |     chrono::NaiveTime::from_hms_micro(h, m, s, (n % 10000) * 100000)
[INFO] [stdout]     |                        ^^^^^^^^^^^^^^
[INFO] [stdout] 
[INFO] [stdout] 
[INFO] [stdout] warning: use of deprecated associated function `chrono::Utc::today`: use `Utc::now()` instead, potentially with `.date_naive()`
[INFO] [stdout]    --> src/utils.rs:249:29
[INFO] [stdout]     |
[INFO] [stdout] 249 |     let date = chrono::Utc::today().naive_local();
[INFO] [stdout]     |                             ^^^^^
[INFO] [stdout] 
[INFO] [stdout] 
[INFO] [stdout] warning: 3 warnings emitted
[INFO] [stdout] 
[INFO] [stdout] 
[INFO] [stdout] warning: use of deprecated associated function `chrono::NaiveDate::from_ymd`: use `from_ymd_opt()` instead
[INFO] [stdout]    --> src/utils.rs:226:24
[INFO] [stdout]     |
[INFO] [stdout] 226 |     chrono::NaiveDate::from_ymd(year, month, day)
[INFO] [stdout]     |                        ^^^^^^^^
[INFO] [stdout]     |
[INFO] [stdout]     = note: `#[warn(deprecated)]` on by default
[INFO] [stdout] 
[INFO] [stdout] 
[INFO] [stdout] warning: use of deprecated associated function `chrono::NaiveTime::from_hms_micro`: use `from_hms_micro_opt()` instead
[INFO] [stdout]    --> src/utils.rs:236:24
[INFO] [stdout]     |
[INFO] [stdout] 236 |     chrono::NaiveTime::from_hms_micro(h, m, s, (n % 10000) * 100000)
[INFO] [stdout]     |                        ^^^^^^^^^^^^^^
[INFO] [stdout] 
[INFO] [stdout] 
[INFO] [stdout] warning: use of deprecated associated function `chrono::Utc::today`: use `Utc::now()` instead, potentially with `.date_naive()`
[INFO] [stdout]    --> src/utils.rs:249:29
[INFO] [stdout]     |
[INFO] [stdout] 249 |     let date = chrono::Utc::today().naive_local();
[INFO] [stdout]     |                             ^^^^^
[INFO] [stdout] 
[INFO] [stdout] 
[INFO] [stdout] warning: use of deprecated associated function `chrono::NaiveDate::from_ymd`: use `from_ymd_opt()` instead
[INFO] [stdout]    --> src/tests.rs:111:31
[INFO] [stdout]     |
[INFO] [stdout] 111 |                 e: NaiveDate::from_ymd(1967, 8, 11),
[INFO] [stdout]     |                               ^^^^^^^^
[INFO] [stdout] 
[INFO] [stdout] 
[INFO] [stdout] warning: use of deprecated associated function `chrono::NaiveDate::from_ymd`: use `from_ymd_opt()` instead
[INFO] [stdout]    --> src/tests.rs:112:31
[INFO] [stdout]     |
[INFO] [stdout] 112 |                 f: NaiveDate::from_ymd(1967, 8, 11).and_hms(23, 45, 1),
[INFO] [stdout]     |                               ^^^^^^^^
[INFO] [stdout] 
[INFO] [stdout] 
[INFO] [stdout] warning: use of deprecated method `chrono::NaiveDate::and_hms`: use `and_hms_opt()` instead
[INFO] [stdout]    --> src/tests.rs:112:53
[INFO] [stdout]     |
[INFO] [stdout] 112 |                 f: NaiveDate::from_ymd(1967, 8, 11).and_hms(23, 45, 1),
[INFO] [stdout]     |                                                     ^^^^^^^
[INFO] [stdout] 
[INFO] [stdout] 
[INFO] [stdout] warning: use of deprecated associated function `chrono::NaiveTime::from_hms`: use `from_hms_opt()` instead
[INFO] [stdout]    --> src/tests.rs:113:31
[INFO] [stdout]     |
[INFO] [stdout] 113 |                 g: NaiveTime::from_hms(23, 45, 1),
[INFO] [stdout]     |                               ^^^^^^^^
[INFO] [stdout] 
[INFO] [stdout] 
[INFO] [stdout] warning: use of deprecated associated function `chrono::NaiveDate::from_ymd`: use `from_ymd_opt()` instead
[INFO] [stdout]    --> src/tests.rs:123:31
[INFO] [stdout]     |
[INFO] [stdout] 123 |                 e: NaiveDate::from_ymd(1999, 1, 25),
[INFO] [stdout]     |                               ^^^^^^^^
[INFO] [stdout] 
[INFO] [stdout] 
[INFO] [stdout] warning: use of deprecated associated function `chrono::NaiveDate::from_ymd`: use `from_ymd_opt()` instead
[INFO] [stdout]    --> src/tests.rs:124:31
[INFO] [stdout]     |
[INFO] [stdout] 124 |                 f: NaiveDate::from_ymd(1967, 8, 11).and_hms(23, 45, 1),
[INFO] [stdout]     |                               ^^^^^^^^
[INFO] [stdout] 
[INFO] [stdout] 
[INFO] [stdout] warning: use of deprecated method `chrono::NaiveDate::and_hms`: use `and_hms_opt()` instead
[INFO] [stdout]    --> src/tests.rs:124:53
[INFO] [stdout]     |
[INFO] [stdout] 124 |                 f: NaiveDate::from_ymd(1967, 8, 11).and_hms(23, 45, 1),
[INFO] [stdout]     |                                                     ^^^^^^^
[INFO] [stdout] 
[INFO] [stdout] 
[INFO] [stdout] warning: use of deprecated associated function `chrono::NaiveTime::from_hms`: use `from_hms_opt()` instead
[INFO] [stdout]    --> src/tests.rs:125:31
[INFO] [stdout]     |
[INFO] [stdout] 125 |                 g: NaiveTime::from_hms(0, 0, 1),
[INFO] [stdout]     |                               ^^^^^^^^
[INFO] [stdout] 
[INFO] [stdout] 
[INFO] [stdout] warning: use of deprecated associated function `chrono::NaiveDate::from_ymd`: use `from_ymd_opt()` instead
[INFO] [stdout]    --> src/tests.rs:135:31
[INFO] [stdout]     |
[INFO] [stdout] 135 |                 e: NaiveDate::from_ymd(2001, 7, 5),
[INFO] [stdout]     |                               ^^^^^^^^
[INFO] [stdout] 
[INFO] [stdout] 
[INFO] [stdout] warning: use of deprecated associated function `chrono::NaiveDate::from_ymd`: use `from_ymd_opt()` instead
[INFO] [stdout]    --> src/tests.rs:136:31
[INFO] [stdout]     |
[INFO] [stdout] 136 |                 f: NaiveDate::from_ymd(1967, 8, 11).and_hms(23, 45, 1),
[INFO] [stdout]     |                               ^^^^^^^^
[INFO] [stdout] 
[INFO] [stdout] 
[INFO] [stdout] warning: use of deprecated method `chrono::NaiveDate::and_hms`: use `and_hms_opt()` instead
[INFO] [stdout]    --> src/tests.rs:136:53
[INFO] [stdout]     |
[INFO] [stdout] 136 |                 f: NaiveDate::from_ymd(1967, 8, 11).and_hms(23, 45, 1),
[INFO] [stdout]     |                                                     ^^^^^^^
[INFO] [stdout] 
[INFO] [stdout] 
[INFO] [stdout] warning: use of deprecated associated function `chrono::NaiveTime::from_hms`: use `from_hms_opt()` instead
[INFO] [stdout]    --> src/tests.rs:137:31
[INFO] [stdout]     |
[INFO] [stdout] 137 |                 g: NaiveTime::from_hms(0, 1, 2),
[INFO] [stdout]     |                               ^^^^^^^^
[INFO] [stdout] 
[INFO] [stdout] 
[INFO] [stdout] warning: use of deprecated associated function `chrono::NaiveDate::from_ymd`: use `from_ymd_opt()` instead
[INFO] [stdout]    --> src/tests.rs:188:27
[INFO] [stdout]     |
[INFO] [stdout] 188 |             e: NaiveDate::from_ymd(1999, 1, 25),
[INFO] [stdout]     |                           ^^^^^^^^
[INFO] [stdout] 
[INFO] [stdout] 
[INFO] [stdout] warning: use of deprecated associated function `chrono::NaiveDate::from_ymd`: use `from_ymd_opt()` instead
[INFO] [stdout]    --> src/tests.rs:189:27
[INFO] [stdout]     |
[INFO] [stdout] 189 |             f: NaiveDate::from_ymd(1967, 8, 11).and_hms(23, 45, 1),
[INFO] [stdout]     |                           ^^^^^^^^
[INFO] [stdout] 
[INFO] [stdout] 
[INFO] [stdout] warning: use of deprecated method `chrono::NaiveDate::and_hms`: use `and_hms_opt()` instead
[INFO] [stdout]    --> src/tests.rs:189:49
[INFO] [stdout]     |
[INFO] [stdout] 189 |             f: NaiveDate::from_ymd(1967, 8, 11).and_hms(23, 45, 1),
[INFO] [stdout]     |                                                 ^^^^^^^
[INFO] [stdout] 
[INFO] [stdout] 
[INFO] [stdout] warning: use of deprecated associated function `chrono::NaiveTime::from_hms`: use `from_hms_opt()` instead
[INFO] [stdout]    --> src/tests.rs:190:27
[INFO] [stdout]     |
[INFO] [stdout] 190 |             g: NaiveTime::from_hms(0, 0, 1),
[INFO] [stdout]     |                           ^^^^^^^^
[INFO] [stdout] 
[INFO] [stdout] 
[INFO] [stdout] warning: use of deprecated associated function `chrono::NaiveDate::from_ymd`: use `from_ymd_opt()` instead
[INFO] [stdout]    --> src/tests.rs:241:23
[INFO] [stdout]     |
[INFO] [stdout] 241 |         e: NaiveDate::from_ymd(1999, 1, 25),
[INFO] [stdout]     |                       ^^^^^^^^
[INFO] [stdout] 
[INFO] [stdout] 
[INFO] [stdout] warning: use of deprecated associated function `chrono::NaiveDate::from_ymd`: use `from_ymd_opt()` instead
[INFO] [stdout]    --> src/tests.rs:242:23
[INFO] [stdout]     |
[INFO] [stdout] 242 |         f: NaiveDate::from_ymd(1967, 8, 11).and_hms(23, 45, 1),
[INFO] [stdout]     |                       ^^^^^^^^
[INFO] [stdout] 
[INFO] [stdout] 
[INFO] [stdout] warning: use of deprecated method `chrono::NaiveDate::and_hms`: use `and_hms_opt()` instead
[INFO] [stdout]    --> src/tests.rs:242:45
[INFO] [stdout]     |
[INFO] [stdout] 242 |         f: NaiveDate::from_ymd(1967, 8, 11).and_hms(23, 45, 1),
[INFO] [stdout]     |                                             ^^^^^^^
[INFO] [stdout] 
[INFO] [stdout] 
[INFO] [stdout] warning: use of deprecated associated function `chrono::NaiveTime::from_hms`: use `from_hms_opt()` instead
[INFO] [stdout]    --> src/tests.rs:243:23
[INFO] [stdout]     |
[INFO] [stdout] 243 |         g: NaiveTime::from_hms(0, 0, 1),
[INFO] [stdout]     |                       ^^^^^^^^
[INFO] [stdout] 
[INFO] [stdout] 
[INFO] [stdout] warning: use of deprecated associated function `chrono::NaiveTime::from_hms`: use `from_hms_opt()` instead
[INFO] [stdout]   --> src/tests_timezone.rs:95:28
[INFO] [stdout]    |
[INFO] [stdout] 95 |                 NaiveTime::from_hms(12, 34, 56),
[INFO] [stdout]    |                            ^^^^^^^^
[INFO] [stdout] 
[INFO] [stdout] 
[INFO] [stdout] warning: use of deprecated associated function `chrono::NaiveDate::from_ymd`: use `from_ymd_opt()` instead
[INFO] [stdout]    --> src/tests_timezone.rs:100:50
[INFO] [stdout]     |
[INFO] [stdout] 100 |                 .from_local_datetime(&NaiveDate::from_ymd(1967, 8, 11).and_hms(23, 45, 1))
[INFO] [stdout]     |                                                  ^^^^^^^^
[INFO] [stdout] 
[INFO] [stdout] 
[INFO] [stdout] warning: use of deprecated method `chrono::NaiveDate::and_hms`: use `and_hms_opt()` instead
[INFO] [stdout]    --> src/tests_timezone.rs:100:72
[INFO] [stdout]     |
[INFO] [stdout] 100 |                 .from_local_datetime(&NaiveDate::from_ymd(1967, 8, 11).and_hms(23, 45, 1))
[INFO] [stdout]     |                                                                        ^^^^^^^
[INFO] [stdout] 
[INFO] [stdout] 
[INFO] [stdout] warning: use of deprecated associated function `chrono::NaiveTime::from_hms`: use `from_hms_opt()` instead
[INFO] [stdout]    --> src/tests_timezone.rs:106:28
[INFO] [stdout]     |
[INFO] [stdout] 106 |                 NaiveTime::from_hms(12, 34, 56),
[INFO] [stdout]     |                            ^^^^^^^^
[INFO] [stdout] 
[INFO] [stdout] 
[INFO] [stdout] warning: use of deprecated associated function `chrono::NaiveDate::from_ymd`: use `from_ymd_opt()` instead
[INFO] [stdout]    --> src/tests_timezone.rs:111:50
[INFO] [stdout]     |
[INFO] [stdout] 111 |                 .from_local_datetime(&NaiveDate::from_ymd(1967, 8, 11).and_hms(23, 45, 1))
[INFO] [stdout]     |                                                  ^^^^^^^^
[INFO] [stdout] 
[INFO] [stdout] 
[INFO] [stdout] warning: use of deprecated method `chrono::NaiveDate::and_hms`: use `and_hms_opt()` instead
[INFO] [stdout]    --> src/tests_timezone.rs:111:72
[INFO] [stdout]     |
[INFO] [stdout] 111 |                 .from_local_datetime(&NaiveDate::from_ymd(1967, 8, 11).and_hms(23, 45, 1))
[INFO] [stdout]     |                                                                        ^^^^^^^
[INFO] [stdout] 
[INFO] [stdout] 
[INFO] [stdout] warning: use of deprecated associated function `chrono::NaiveTime::from_hms`: use `from_hms_opt()` instead
[INFO] [stdout]    --> src/tests_timezone.rs:117:28
[INFO] [stdout]     |
[INFO] [stdout] 117 |                 NaiveTime::from_hms(3, 34, 56),
[INFO] [stdout]     |                            ^^^^^^^^
[INFO] [stdout] 
[INFO] [stdout] 
[INFO] [stdout] warning: use of deprecated associated function `chrono::NaiveDate::from_ymd`: use `from_ymd_opt()` instead
[INFO] [stdout]    --> src/tests_timezone.rs:122:50
[INFO] [stdout]     |
[INFO] [stdout] 122 |                 .from_local_datetime(&NaiveDate::from_ymd(1967, 8, 11).and_hms(14, 45, 1))
[INFO] [stdout]     |                                                  ^^^^^^^^
[INFO] [stdout] 
[INFO] [stdout] 
[INFO] [stdout] warning: use of deprecated method `chrono::NaiveDate::and_hms`: use `and_hms_opt()` instead
[INFO] [stdout]    --> src/tests_timezone.rs:122:72
[INFO] [stdout]     |
[INFO] [stdout] 122 |                 .from_local_datetime(&NaiveDate::from_ymd(1967, 8, 11).and_hms(14, 45, 1))
[INFO] [stdout]     |                                                                        ^^^^^^^
[INFO] [stdout] 
[INFO] [stdout] 
[INFO] [stdout] warning: 32 warnings emitted
[INFO] [stdout] 
[INFO] [stdout] 
[INFO] [stderr]     Finished test [unoptimized + debuginfo] target(s) in 3.38s
[INFO] [stderr] warning: the following packages contain code that will be rejected by a future version of Rust: rustc-serialize v0.3.24
[INFO] [stderr] note: to see what the problems were, use the option `--future-incompat-report`, or run `cargo report future-incompatibilities --id 1`
[INFO] running `Command { std: "docker" "inspect" "76400cae8089a3200d2a798dd8ac36eb493673a7dcc0522c43a845ae57edc21b", kill_on_drop: false }`
[INFO] running `Command { std: "docker" "rm" "-f" "76400cae8089a3200d2a798dd8ac36eb493673a7dcc0522c43a845ae57edc21b", kill_on_drop: false }`
[INFO] [stdout] 76400cae8089a3200d2a798dd8ac36eb493673a7dcc0522c43a845ae57edc21b
[INFO] running `Command { std: "docker" "create" "-v" "/var/lib/crater-agent-workspace/builds/worker-6-tc1/target:/opt/rustwide/target:rw,Z" "-v" "/var/lib/crater-agent-workspace/builds/worker-6-tc1/source:/opt/rustwide/workdir:ro,Z" "-v" "/var/lib/crater-agent-workspace/cargo-home:/opt/rustwide/cargo-home:ro,Z" "-v" "/var/lib/crater-agent-workspace/rustup-home:/opt/rustwide/rustup-home:ro,Z" "-e" "SOURCE_DIR=/opt/rustwide/workdir" "-e" "CARGO_TARGET_DIR=/opt/rustwide/target" "-e" "CARGO_INCREMENTAL=0" "-e" "RUST_BACKTRACE=full" "-e" "RUSTFLAGS=--cap-lints=warn" "-e" "RUSTDOCFLAGS=--cap-lints=warn" "-e" "CARGO_HOME=/opt/rustwide/cargo-home" "-e" "RUSTUP_HOME=/opt/rustwide/rustup-home" "-w" "/opt/rustwide/workdir" "-m" "1610612736" "--user" "0:0" "--network" "none" "ghcr.io/rust-lang/crates-build-env/linux@sha256:5ff2268d62e97bff2cde7d5815dd6ed5b47097566f13b8d0ca110b04b60e07ed" "/opt/rustwide/cargo-home/bin/cargo" "+1.69.0" "test" "--frozen", kill_on_drop: false }`
[INFO] [stdout] de9b8f18c2d3a602d475869d626ed0797d50054320383238120f8761603e99f3
[INFO] running `Command { std: "docker" "start" "-a" "de9b8f18c2d3a602d475869d626ed0797d50054320383238120f8761603e99f3", kill_on_drop: false }`
[INFO] [stderr] warning: use of deprecated associated function `chrono::NaiveDate::from_ymd`: use `from_ymd_opt()` instead
[INFO] [stderr]    --> src/utils.rs:226:24
[INFO] [stderr]     |
[INFO] [stderr] 226 |     chrono::NaiveDate::from_ymd(year, month, day)
[INFO] [stderr]     |                        ^^^^^^^^
[INFO] [stderr]     |
[INFO] [stderr]     = note: `#[warn(deprecated)]` on by default
[INFO] [stderr] 
[INFO] [stderr] warning: use of deprecated associated function `chrono::NaiveTime::from_hms_micro`: use `from_hms_micro_opt()` instead
[INFO] [stderr]    --> src/utils.rs:236:24
[INFO] [stderr]     |
[INFO] [stderr] 236 |     chrono::NaiveTime::from_hms_micro(h, m, s, (n % 10000) * 100000)
[INFO] [stderr]     |                        ^^^^^^^^^^^^^^
[INFO] [stderr] 
[INFO] [stderr] warning: use of deprecated associated function `chrono::Utc::today`: use `Utc::now()` instead, potentially with `.date_naive()`
[INFO] [stderr]    --> src/utils.rs:249:29
[INFO] [stderr]     |
[INFO] [stderr] 249 |     let date = chrono::Utc::today().naive_local();
[INFO] [stderr]     |                             ^^^^^
[INFO] [stderr] 
[INFO] [stderr] warning: use of deprecated associated function `chrono::NaiveDate::from_ymd`: use `from_ymd_opt()` instead
[INFO] [stderr]    --> src/tests.rs:111:31
[INFO] [stderr]     |
[INFO] [stderr] 111 |                 e: NaiveDate::from_ymd(1967, 8, 11),
[INFO] [stderr]     |                               ^^^^^^^^
[INFO] [stderr] 
[INFO] [stderr] warning: use of deprecated associated function `chrono::NaiveDate::from_ymd`: use `from_ymd_opt()` instead
[INFO] [stderr]    --> src/tests.rs:112:31
[INFO] [stderr]     |
[INFO] [stderr] 112 |                 f: NaiveDate::from_ymd(1967, 8, 11).and_hms(23, 45, 1),
[INFO] [stderr]     |                               ^^^^^^^^
[INFO] [stderr] 
[INFO] [stderr] warning: use of deprecated method `chrono::NaiveDate::and_hms`: use `and_hms_opt()` instead
[INFO] [stderr]    --> src/tests.rs:112:53
[INFO] [stderr]     |
[INFO] [stderr] 112 |                 f: NaiveDate::from_ymd(1967, 8, 11).and_hms(23, 45, 1),
[INFO] [stderr]     |                                                     ^^^^^^^
[INFO] [stderr] 
[INFO] [stderr] warning: use of deprecated associated function `chrono::NaiveTime::from_hms`: use `from_hms_opt()` instead
[INFO] [stderr]    --> src/tests.rs:113:31
[INFO] [stderr]     |
[INFO] [stderr] 113 |                 g: NaiveTime::from_hms(23, 45, 1),
[INFO] [stderr]     |                               ^^^^^^^^
[INFO] [stderr] 
[INFO] [stderr] warning: use of deprecated associated function `chrono::NaiveDate::from_ymd`: use `from_ymd_opt()` instead
[INFO] [stderr]    --> src/tests.rs:123:31
[INFO] [stderr]     |
[INFO] [stderr] 123 |                 e: NaiveDate::from_ymd(1999, 1, 25),
[INFO] [stderr]     |                               ^^^^^^^^
[INFO] [stderr] 
[INFO] [stderr] warning: use of deprecated associated function `chrono::NaiveDate::from_ymd`: use `from_ymd_opt()` instead
[INFO] [stderr]    --> src/tests.rs:124:31
[INFO] [stderr]     |
[INFO] [stderr] 124 |                 f: NaiveDate::from_ymd(1967, 8, 11).and_hms(23, 45, 1),
[INFO] [stderr]     |                               ^^^^^^^^
[INFO] [stderr] 
[INFO] [stderr] warning: use of deprecated method `chrono::NaiveDate::and_hms`: use `and_hms_opt()` instead
[INFO] [stderr]    --> src/tests.rs:124:53
[INFO] [stderr]     |
[INFO] [stderr] 124 |                 f: NaiveDate::from_ymd(1967, 8, 11).and_hms(23, 45, 1),
[INFO] [stderr]     |                                                     ^^^^^^^
[INFO] [stderr] 
[INFO] [stderr] warning: use of deprecated associated function `chrono::NaiveTime::from_hms`: use `from_hms_opt()` instead
[INFO] [stderr]    --> src/tests.rs:125:31
[INFO] [stderr]     |
[INFO] [stderr] 125 |                 g: NaiveTime::from_hms(0, 0, 1),
[INFO] [stderr]     |                               ^^^^^^^^
[INFO] [stderr] 
[INFO] [stderr] warning: use of deprecated associated function `chrono::NaiveDate::from_ymd`: use `from_ymd_opt()` instead
[INFO] [stderr]    --> src/tests.rs:135:31
[INFO] [stderr]     |
[INFO] [stderr] 135 |                 e: NaiveDate::from_ymd(2001, 7, 5),
[INFO] [stderr]     |                               ^^^^^^^^
[INFO] [stderr] 
[INFO] [stderr] warning: use of deprecated associated function `chrono::NaiveDate::from_ymd`: use `from_ymd_opt()` instead
[INFO] [stderr]    --> src/tests.rs:136:31
[INFO] [stderr]     |
[INFO] [stderr] 136 |                 f: NaiveDate::from_ymd(1967, 8, 11).and_hms(23, 45, 1),
[INFO] [stderr]     |                               ^^^^^^^^
[INFO] [stderr] 
[INFO] [stderr] warning: use of deprecated method `chrono::NaiveDate::and_hms`: use `and_hms_opt()` instead
[INFO] [stderr]    --> src/tests.rs:136:53
[INFO] [stderr]     |
[INFO] [stderr] 136 |                 f: NaiveDate::from_ymd(1967, 8, 11).and_hms(23, 45, 1),
[INFO] [stderr]     |                                                     ^^^^^^^
[INFO] [stderr] 
[INFO] [stderr] warning: use of deprecated associated function `chrono::NaiveTime::from_hms`: use `from_hms_opt()` instead
[INFO] [stderr]    --> src/tests.rs:137:31
[INFO] [stderr]     |
[INFO] [stderr] 137 |                 g: NaiveTime::from_hms(0, 1, 2),
[INFO] [stderr]     |                               ^^^^^^^^
[INFO] [stderr] 
[INFO] [stderr] warning: use of deprecated associated function `chrono::NaiveDate::from_ymd`: use `from_ymd_opt()` instead
[INFO] [stderr]    --> src/tests.rs:188:27
[INFO] [stderr]     |
[INFO] [stderr] 188 |             e: NaiveDate::from_ymd(1999, 1, 25),
[INFO] [stderr]     |                           ^^^^^^^^
[INFO] [stderr] 
[INFO] [stderr] warning: use of deprecated associated function `chrono::NaiveDate::from_ymd`: use `from_ymd_opt()` instead
[INFO] [stderr]    --> src/tests.rs:189:27
[INFO] [stderr]     |
[INFO] [stderr] 189 |             f: NaiveDate::from_ymd(1967, 8, 11).and_hms(23, 45, 1),
[INFO] [stderr]     |                           ^^^^^^^^
[INFO] [stderr] 
[INFO] [stderr] warning: use of deprecated method `chrono::NaiveDate::and_hms`: use `and_hms_opt()` instead
[INFO] [stderr]    --> src/tests.rs:189:49
[INFO] [stderr]     |
[INFO] [stderr] 189 |             f: NaiveDate::from_ymd(1967, 8, 11).and_hms(23, 45, 1),
[INFO] [stderr]     |                                                 ^^^^^^^
[INFO] [stderr] 
[INFO] [stderr] warning: use of deprecated associated function `chrono::NaiveTime::from_hms`: use `from_hms_opt()` instead
[INFO] [stderr]    --> src/tests.rs:190:27
[INFO] [stderr]     |
[INFO] [stderr] 190 |             g: NaiveTime::from_hms(0, 0, 1),
[INFO] [stderr]     |                           ^^^^^^^^
[INFO] [stderr] 
[INFO] [stderr] warning: use of deprecated associated function `chrono::NaiveDate::from_ymd`: use `from_ymd_opt()` instead
[INFO] [stderr]    --> src/tests.rs:241:23
[INFO] [stderr]     |
[INFO] [stderr] 241 |         e: NaiveDate::from_ymd(1999, 1, 25),
[INFO] [stderr]     |                       ^^^^^^^^
[INFO] [stderr] 
[INFO] [stderr] warning: use of deprecated associated function `chrono::NaiveDate::from_ymd`: use `from_ymd_opt()` instead
[INFO] [stderr]    --> src/tests.rs:242:23
[INFO] [stderr]     |
[INFO] [stderr] 242 |         f: NaiveDate::from_ymd(1967, 8, 11).and_hms(23, 45, 1),
[INFO] [stderr]     |                       ^^^^^^^^
[INFO] [stderr] 
[INFO] [stderr] warning: use of deprecated method `chrono::NaiveDate::and_hms`: use `and_hms_opt()` instead
[INFO] [stderr]    --> src/tests.rs:242:45
[INFO] [stderr]     |
[INFO] [stderr] 242 |         f: NaiveDate::from_ymd(1967, 8, 11).and_hms(23, 45, 1),
[INFO] [stderr]     |                                             ^^^^^^^
[INFO] [stderr] 
[INFO] [stderr] warning: use of deprecated associated function `chrono::NaiveTime::from_hms`: use `from_hms_opt()` instead
[INFO] [stderr]    --> src/tests.rs:243:23
[INFO] [stderr]     |
[INFO] [stderr] 243 |         g: NaiveTime::from_hms(0, 0, 1),
[INFO] [stderr]     |                       ^^^^^^^^
[INFO] [stderr] 
[INFO] [stderr] warning: use of deprecated associated function `chrono::NaiveTime::from_hms`: use `from_hms_opt()` instead
[INFO] [stderr]   --> src/tests_timezone.rs:95:28
[INFO] [stderr]    |
[INFO] [stderr] 95 |                 NaiveTime::from_hms(12, 34, 56),
[INFO] [stderr]    |                            ^^^^^^^^
[INFO] [stderr] 
[INFO] [stderr] warning: use of deprecated associated function `chrono::NaiveDate::from_ymd`: use `from_ymd_opt()` instead
[INFO] [stderr]    --> src/tests_timezone.rs:100:50
[INFO] [stderr]     |
[INFO] [stderr] 100 |                 .from_local_datetime(&NaiveDate::from_ymd(1967, 8, 11).and_hms(23, 45, 1))
[INFO] [stderr]     |                                                  ^^^^^^^^
[INFO] [stderr] 
[INFO] [stderr] warning: use of deprecated method `chrono::NaiveDate::and_hms`: use `and_hms_opt()` instead
[INFO] [stderr]    --> src/tests_timezone.rs:100:72
[INFO] [stderr]     |
[INFO] [stderr] 100 |                 .from_local_datetime(&NaiveDate::from_ymd(1967, 8, 11).and_hms(23, 45, 1))
[INFO] [stderr]     |                                                                        ^^^^^^^
[INFO] [stderr] 
[INFO] [stderr] warning: use of deprecated associated function `chrono::NaiveTime::from_hms`: use `from_hms_opt()` instead
[INFO] [stderr]    --> src/tests_timezone.rs:106:28
[INFO] [stderr]     |
[INFO] [stderr] 106 |                 NaiveTime::from_hms(12, 34, 56),
[INFO] [stderr]     |                            ^^^^^^^^
[INFO] [stderr] 
[INFO] [stderr] warning: use of deprecated associated function `chrono::NaiveDate::from_ymd`: use `from_ymd_opt()` instead
[INFO] [stderr]    --> src/tests_timezone.rs:111:50
[INFO] [stderr]     |
[INFO] [stderr] 111 |                 .from_local_datetime(&NaiveDate::from_ymd(1967, 8, 11).and_hms(23, 45, 1))
[INFO] [stderr]     |                                                  ^^^^^^^^
[INFO] [stderr] 
[INFO] [stderr] warning: use of deprecated method `chrono::NaiveDate::and_hms`: use `and_hms_opt()` instead
[INFO] [stderr]    --> src/tests_timezone.rs:111:72
[INFO] [stderr]     |
[INFO] [stderr] 111 |                 .from_local_datetime(&NaiveDate::from_ymd(1967, 8, 11).and_hms(23, 45, 1))
[INFO] [stderr]     |                                                                        ^^^^^^^
[INFO] [stderr] 
[INFO] [stderr] warning: use of deprecated associated function `chrono::NaiveTime::from_hms`: use `from_hms_opt()` instead
[INFO] [stderr]    --> src/tests_timezone.rs:117:28
[INFO] [stderr]     |
[INFO] [stderr] 117 |                 NaiveTime::from_hms(3, 34, 56),
[INFO] [stderr]     |                            ^^^^^^^^
[INFO] [stderr] 
[INFO] [stderr] warning: use of deprecated associated function `chrono::NaiveDate::from_ymd`: use `from_ymd_opt()` instead
[INFO] [stderr]    --> src/tests_timezone.rs:122:50
[INFO] [stderr]     |
[INFO] [stderr] 122 |                 .from_local_datetime(&NaiveDate::from_ymd(1967, 8, 11).and_hms(14, 45, 1))
[INFO] [stderr]     |                                                  ^^^^^^^^
[INFO] [stderr] 
[INFO] [stderr] warning: use of deprecated method `chrono::NaiveDate::and_hms`: use `and_hms_opt()` instead
[INFO] [stderr]    --> src/tests_timezone.rs:122:72
[INFO] [stderr]     |
[INFO] [stderr] 122 |                 .from_local_datetime(&NaiveDate::from_ymd(1967, 8, 11).and_hms(14, 45, 1))
[INFO] [stderr]     |                                                                        ^^^^^^^
[INFO] [stderr] 
[INFO] [stderr] warning: `firebirust` (lib) generated 3 warnings
[INFO] [stderr] warning: `firebirust` (lib test) generated 32 warnings (3 duplicates)
[INFO] [stderr]     Finished test [unoptimized + debuginfo] target(s) in 0.10s
[INFO] [stderr] warning: the following packages contain code that will be rejected by a future version of Rust: rustc-serialize v0.3.24
[INFO] [stderr] note: to see what the problems were, use the option `--future-incompat-report`, or run `cargo report future-incompatibilities --id 1`
[INFO] [stderr]      Running unittests src/lib.rs (/opt/rustwide/target/debug/deps/firebirust-5b00316bbfb7b9c9)
[INFO] [stdout] 
[INFO] [stdout] running 5 tests
[INFO] [stdout] test tests_timezone::test_timezone ... ignored
[INFO] [stdout] test conn_params::test_conn_params ... ok
[INFO] [stdout] test wirechannel::test_arc4 ... ok
[INFO] [stdout] test tests::test_connnect ... FAILED
[INFO] [stdout] test srp::test_srp ... ok
[INFO] [stdout] 
[INFO] [stdout] failures:
[INFO] [stdout] 
[INFO] [stdout] ---- tests::test_connnect stdout ----
[INFO] [stdout] IoError(
[INFO] [stdout]     Os {
[INFO] [stdout]         code: 99,
[INFO] [stdout]         kind: AddrNotAvailable,
[INFO] [stdout]         message: "Cannot assign requested address",
[INFO] [stdout]     },
[INFO] [stdout] )
[INFO] [stdout] thread 'tests::test_connnect' panicked at 'Can't connect', src/tests.rs:67:13
[INFO] [stdout] stack backtrace:
[INFO] [stdout]    0:     0x55d30c58a54a - std::backtrace_rs::backtrace::libunwind::trace::ha9053a9a07ca49cb
[INFO] [stdout]                                at /rustc/84c898d65adf2f39a5a98507f1fe0ce10a2b8dbc/library/std/src/../../backtrace/src/backtrace/libunwind.rs:93:5
[INFO] [stdout]    1:     0x55d30c58a54a - std::backtrace_rs::backtrace::trace_unsynchronized::h9c2852a457ad564e
[INFO] [stdout]                                at /rustc/84c898d65adf2f39a5a98507f1fe0ce10a2b8dbc/library/std/src/../../backtrace/src/backtrace/mod.rs:66:5
[INFO] [stdout]    2:     0x55d30c58a54a - std::sys_common::backtrace::_print_fmt::h457936fbfaa0070f
[INFO] [stdout]                                at /rustc/84c898d65adf2f39a5a98507f1fe0ce10a2b8dbc/library/std/src/sys_common/backtrace.rs:65:5
[INFO] [stdout]    3:     0x55d30c58a54a - <std::sys_common::backtrace::_print::DisplayBacktrace as core::fmt::Display>::fmt::h5779d7bf7f70cb0c
[INFO] [stdout]                                at /rustc/84c898d65adf2f39a5a98507f1fe0ce10a2b8dbc/library/std/src/sys_common/backtrace.rs:44:22
[INFO] [stdout]    4:     0x55d30c5b0a1e - core::fmt::write::h5a4baaff1bcd3eb5
[INFO] [stdout]                                at /rustc/84c898d65adf2f39a5a98507f1fe0ce10a2b8dbc/library/core/src/fmt/mod.rs:1232:17
[INFO] [stdout]    5:     0x55d30c587595 - std::io::Write::write_fmt::h478f79c628ef31d1
[INFO] [stdout]                                at /rustc/84c898d65adf2f39a5a98507f1fe0ce10a2b8dbc/library/std/src/io/mod.rs:1684:15
[INFO] [stdout]    6:     0x55d30c58a315 - std::sys_common::backtrace::_print::h5fcdc36060f177e8
[INFO] [stdout]                                at /rustc/84c898d65adf2f39a5a98507f1fe0ce10a2b8dbc/library/std/src/sys_common/backtrace.rs:47:5
[INFO] [stdout]    7:     0x55d30c58a315 - std::sys_common::backtrace::print::h54ca9458b876c8bf
[INFO] [stdout]                                at /rustc/84c898d65adf2f39a5a98507f1fe0ce10a2b8dbc/library/std/src/sys_common/backtrace.rs:34:9
[INFO] [stdout]    8:     0x55d30c58c0df - std::panicking::default_hook::{{closure}}::hbe471161c7664ed6
[INFO] [stdout]                                at /rustc/84c898d65adf2f39a5a98507f1fe0ce10a2b8dbc/library/std/src/panicking.rs:271:22
[INFO] [stdout]    9:     0x55d30c58bd9f - std::panicking::default_hook::ha3500da57aa4ac4f
[INFO] [stdout]                                at /rustc/84c898d65adf2f39a5a98507f1fe0ce10a2b8dbc/library/std/src/panicking.rs:287:9
[INFO] [stdout]   10:     0x55d30c4b3de7 - <alloc::boxed::Box<F,A> as core::ops::function::Fn<Args>>::call::hdf1b89dd137ece34
[INFO] [stdout]                                at /rustc/84c898d65adf2f39a5a98507f1fe0ce10a2b8dbc/library/alloc/src/boxed.rs:2001:9
[INFO] [stdout]   11:     0x55d30c4b3de7 - test::test_main::{{closure}}::h9081a79f20e75698
[INFO] [stdout]                                at /rustc/84c898d65adf2f39a5a98507f1fe0ce10a2b8dbc/library/test/src/lib.rs:135:21
[INFO] [stdout]   12:     0x55d30c58c80d - <alloc::boxed::Box<F,A> as core::ops::function::Fn<Args>>::call::h6507bddc3eebb4a5
[INFO] [stdout]                                at /rustc/84c898d65adf2f39a5a98507f1fe0ce10a2b8dbc/library/alloc/src/boxed.rs:2001:9
[INFO] [stdout]   13:     0x55d30c58c80d - std::panicking::rust_panic_with_hook::h50c09d000dc561d2
[INFO] [stdout]                                at /rustc/84c898d65adf2f39a5a98507f1fe0ce10a2b8dbc/library/std/src/panicking.rs:696:13
[INFO] [stdout]   14:     0x55d30c58c542 - std::panicking::begin_panic_handler::{{closure}}::h9e2b2176e00e0d9c
[INFO] [stdout]                                at /rustc/84c898d65adf2f39a5a98507f1fe0ce10a2b8dbc/library/std/src/panicking.rs:581:13
[INFO] [stdout]   15:     0x55d30c58a9b6 - std::sys_common::backtrace::__rust_end_short_backtrace::h5739b8e512c09d02
[INFO] [stdout]                                at /rustc/84c898d65adf2f39a5a98507f1fe0ce10a2b8dbc/library/std/src/sys_common/backtrace.rs:150:18
[INFO] [stdout]   16:     0x55d30c58c292 - rust_begin_unwind
[INFO] [stdout]                                at /rustc/84c898d65adf2f39a5a98507f1fe0ce10a2b8dbc/library/std/src/panicking.rs:579:5
[INFO] [stdout]   17:     0x55d30c408d93 - core::panicking::panic_fmt::hf33a1475b4dc5c3e
[INFO] [stdout]                                at /rustc/84c898d65adf2f39a5a98507f1fe0ce10a2b8dbc/library/core/src/panicking.rs:64:14
[INFO] [stdout]   18:     0x55d30c4784c0 - firebirust::tests::test_connnect::h3f1cde6a55619b27
[INFO] [stdout]                                at /opt/rustwide/workdir/src/tests.rs:67:13
[INFO] [stdout]   19:     0x55d30c477ca7 - firebirust::tests::test_connnect::{{closure}}::h0cb15c749e18ce94
[INFO] [stdout]                                at /opt/rustwide/workdir/src/tests.rs:44:20
[INFO] [stdout]   20:     0x55d30c472de5 - core::ops::function::FnOnce::call_once::h41d23f2d4f4fcaad
[INFO] [stdout]                                at /rustc/84c898d65adf2f39a5a98507f1fe0ce10a2b8dbc/library/core/src/ops/function.rs:250:5
[INFO] [stdout]   21:     0x55d30c4b91cf - core::ops::function::FnOnce::call_once::h7d969581be7d0075
[INFO] [stdout]                                at /rustc/84c898d65adf2f39a5a98507f1fe0ce10a2b8dbc/library/core/src/ops/function.rs:250:5
[INFO] [stdout]   22:     0x55d30c4b91cf - test::__rust_begin_short_backtrace::hca25a52684e56655
[INFO] [stdout]                                at /rustc/84c898d65adf2f39a5a98507f1fe0ce10a2b8dbc/library/test/src/lib.rs:656:18
[INFO] [stdout]   23:     0x55d30c48a7ec - test::run_test::{{closure}}::ha8ac744c4af1a4bb
[INFO] [stdout]                                at /rustc/84c898d65adf2f39a5a98507f1fe0ce10a2b8dbc/library/test/src/lib.rs:647:30
[INFO] [stdout]   24:     0x55d30c48a7ec - core::ops::function::FnOnce::call_once{{vtable.shim}}::h7b411a9ed45bdecf
[INFO] [stdout]                                at /rustc/84c898d65adf2f39a5a98507f1fe0ce10a2b8dbc/library/core/src/ops/function.rs:250:5
[INFO] [stdout]   25:     0x55d30c4b8196 - <alloc::boxed::Box<F,A> as core::ops::function::FnOnce<Args>>::call_once::hd05328869a8ed200
[INFO] [stdout]                                at /rustc/84c898d65adf2f39a5a98507f1fe0ce10a2b8dbc/library/alloc/src/boxed.rs:1987:9
[INFO] [stdout]   26:     0x55d30c4b8196 - <core::panic::unwind_safe::AssertUnwindSafe<F> as core::ops::function::FnOnce<()>>::call_once::h0c601ce20bd5b2be
[INFO] [stdout]                                at /rustc/84c898d65adf2f39a5a98507f1fe0ce10a2b8dbc/library/core/src/panic/unwind_safe.rs:271:9
[INFO] [stdout]   27:     0x55d30c4b8196 - std::panicking::try::do_call::ha4be5c164fe30854
[INFO] [stdout]                                at /rustc/84c898d65adf2f39a5a98507f1fe0ce10a2b8dbc/library/std/src/panicking.rs:487:40
[INFO] [stdout]   28:     0x55d30c4b8196 - std::panicking::try::h604546f3609af05f
[INFO] [stdout]                                at /rustc/84c898d65adf2f39a5a98507f1fe0ce10a2b8dbc/library/std/src/panicking.rs:451:19
[INFO] [stdout]   29:     0x55d30c4b8196 - std::panic::catch_unwind::h5bfa8afe44c9c2f9
[INFO] [stdout]                                at /rustc/84c898d65adf2f39a5a98507f1fe0ce10a2b8dbc/library/std/src/panic.rs:140:14
[INFO] [stdout]   30:     0x55d30c4b8196 - test::run_test_in_process::hd50dee55dd63e6aa
[INFO] [stdout]                                at /rustc/84c898d65adf2f39a5a98507f1fe0ce10a2b8dbc/library/test/src/lib.rs:679:27
[INFO] [stdout]   31:     0x55d30c4b8196 - test::run_test::run_test_inner::{{closure}}::h4aa0f433aa85cea8
[INFO] [stdout]                                at /rustc/84c898d65adf2f39a5a98507f1fe0ce10a2b8dbc/library/test/src/lib.rs:573:39
[INFO] [stdout]   32:     0x55d30c484e61 - test::run_test::run_test_inner::{{closure}}::had56431adf24b4d6
[INFO] [stdout]                                at /rustc/84c898d65adf2f39a5a98507f1fe0ce10a2b8dbc/library/test/src/lib.rs:600:37
[INFO] [stdout]   33:     0x55d30c484e61 - std::sys_common::backtrace::__rust_begin_short_backtrace::ha8d9890e0c73bf13
[INFO] [stdout]                                at /rustc/84c898d65adf2f39a5a98507f1fe0ce10a2b8dbc/library/std/src/sys_common/backtrace.rs:134:18
[INFO] [stdout]   34:     0x55d30c48a87b - std::thread::Builder::spawn_unchecked_::{{closure}}::{{closure}}::h251832bcb4a95327
[INFO] [stdout]                                at /rustc/84c898d65adf2f39a5a98507f1fe0ce10a2b8dbc/library/std/src/thread/mod.rs:560:17
[INFO] [stdout]   35:     0x55d30c48a87b - <core::panic::unwind_safe::AssertUnwindSafe<F> as core::ops::function::FnOnce<()>>::call_once::h8fdff598fa414831
[INFO] [stdout]                                at /rustc/84c898d65adf2f39a5a98507f1fe0ce10a2b8dbc/library/core/src/panic/unwind_safe.rs:271:9
[INFO] [stdout]   36:     0x55d30c48a87b - std::panicking::try::do_call::h455dd2f7764a950f
[INFO] [stdout]                                at /rustc/84c898d65adf2f39a5a98507f1fe0ce10a2b8dbc/library/std/src/panicking.rs:487:40
[INFO] [stdout]   37:     0x55d30c48a87b - std::panicking::try::had6f23b7b73ae72a
[INFO] [stdout]                                at /rustc/84c898d65adf2f39a5a98507f1fe0ce10a2b8dbc/library/std/src/panicking.rs:451:19
[INFO] [stdout]   38:     0x55d30c48a87b - std::panic::catch_unwind::ha6a5ca3915b4dad0
[INFO] [stdout]                                at /rustc/84c898d65adf2f39a5a98507f1fe0ce10a2b8dbc/library/std/src/panic.rs:140:14
[INFO] [stdout]   39:     0x55d30c48a87b - std::thread::Builder::spawn_unchecked_::{{closure}}::h883b72ef75da6231
[INFO] [stdout]                                at /rustc/84c898d65adf2f39a5a98507f1fe0ce10a2b8dbc/library/std/src/thread/mod.rs:559:30
[INFO] [stdout]   40:     0x55d30c48a87b - core::ops::function::FnOnce::call_once{{vtable.shim}}::hb7dff73dc8bd2ccb
[INFO] [stdout]                                at /rustc/84c898d65adf2f39a5a98507f1fe0ce10a2b8dbc/library/core/src/ops/function.rs:250:5
[INFO] [stdout]   41:     0x55d30c590b73 - <alloc::boxed::Box<F,A> as core::ops::function::FnOnce<Args>>::call_once::h39990b24eedef2ab
[INFO] [stdout]                                at /rustc/84c898d65adf2f39a5a98507f1fe0ce10a2b8dbc/library/alloc/src/boxed.rs:1987:9
[INFO] [stdout]   42:     0x55d30c590b73 - <alloc::boxed::Box<F,A> as core::ops::function::FnOnce<Args>>::call_once::h01a027258444143b
[INFO] [stdout]                                at /rustc/84c898d65adf2f39a5a98507f1fe0ce10a2b8dbc/library/alloc/src/boxed.rs:1987:9
[INFO] [stdout]   43:     0x55d30c590b73 - std::sys::unix::thread::Thread::new::thread_start::ha4f1cdd9c25884ba
[INFO] [stdout]                                at /rustc/84c898d65adf2f39a5a98507f1fe0ce10a2b8dbc/library/std/src/sys/unix/thread.rs:108:17
[INFO] [stdout]   44:     0x7fb03f30bb43 - <unknown>
[INFO] [stdout]   45:     0x7fb03f39cbb4 - __clone
[INFO] [stdout]   46:                0x0 - <unknown>
[INFO] [stdout] 
[INFO] [stdout] 
[INFO] [stdout] failures:
[INFO] [stdout]     tests::test_connnect
[INFO] [stdout] 
[INFO] [stdout] test result: FAILED. 3 passed; 1 failed; 1 ignored; 0 measured; 0 filtered out; finished in 0.34s
[INFO] [stdout] 
[INFO] [stderr] error: test failed, to rerun pass `--lib`
[INFO] running `Command { std: "docker" "inspect" "de9b8f18c2d3a602d475869d626ed0797d50054320383238120f8761603e99f3", kill_on_drop: false }`
[INFO] running `Command { std: "docker" "rm" "-f" "de9b8f18c2d3a602d475869d626ed0797d50054320383238120f8761603e99f3", kill_on_drop: false }`
[INFO] [stdout] de9b8f18c2d3a602d475869d626ed0797d50054320383238120f8761603e99f3
