[INFO] fetching crate firebae-cm 0.4.2...
[INFO] testing firebae-cm-0.4.2 against 1.69.0 for beta-1.70-1
[INFO] extracting crate firebae-cm 0.4.2 into /workspace/builds/worker-5-tc1/source
[INFO] validating manifest of crates.io crate firebae-cm 0.4.2 on toolchain 1.69.0
[INFO] running `Command { std: CARGO_HOME="/workspace/cargo-home" RUSTUP_HOME="/workspace/rustup-home" "/workspace/cargo-home/bin/cargo" "+1.69.0" "metadata" "--manifest-path" "Cargo.toml" "--no-deps", kill_on_drop: false }`
[INFO] started tweaking crates.io crate firebae-cm 0.4.2
[INFO] finished tweaking crates.io crate firebae-cm 0.4.2
[INFO] tweaked toml for crates.io crate firebae-cm 0.4.2 written to /workspace/builds/worker-5-tc1/source/Cargo.toml
[INFO] running `Command { std: CARGO_HOME="/workspace/cargo-home" RUSTUP_HOME="/workspace/rustup-home" __CARGO_TEST_CHANNEL_OVERRIDE_DO_NOT_USE_THIS="nightly" "/workspace/cargo-home/bin/cargo" "+1.69.0" "generate-lockfile" "--manifest-path" "Cargo.toml" "-Zno-index-update", kill_on_drop: false }`
[INFO] running `Command { std: CARGO_HOME="/workspace/cargo-home" RUSTUP_HOME="/workspace/rustup-home" "/workspace/cargo-home/bin/cargo" "+1.69.0" "fetch" "--manifest-path" "Cargo.toml", kill_on_drop: false }`
[INFO] [stderr]  Downloading crates ...
[INFO] [stderr]   Downloaded gcp_auth v0.7.6
[INFO] [stderr]   Downloaded firebae-derive v0.1.0
[INFO] running `Command { std: "docker" "create" "-v" "/var/lib/crater-agent-workspace/builds/worker-5-tc1/target:/opt/rustwide/target:rw,Z" "-v" "/var/lib/crater-agent-workspace/builds/worker-5-tc1/source:/opt/rustwide/workdir:ro,Z" "-v" "/var/lib/crater-agent-workspace/cargo-home:/opt/rustwide/cargo-home:ro,Z" "-v" "/var/lib/crater-agent-workspace/rustup-home:/opt/rustwide/rustup-home:ro,Z" "-e" "SOURCE_DIR=/opt/rustwide/workdir" "-e" "CARGO_TARGET_DIR=/opt/rustwide/target" "-e" "CARGO_HOME=/opt/rustwide/cargo-home" "-e" "RUSTUP_HOME=/opt/rustwide/rustup-home" "-w" "/opt/rustwide/workdir" "-m" "1610612736" "--user" "0:0" "--network" "none" "ghcr.io/rust-lang/crates-build-env/linux@sha256:5ff2268d62e97bff2cde7d5815dd6ed5b47097566f13b8d0ca110b04b60e07ed" "/opt/rustwide/cargo-home/bin/cargo" "+1.69.0" "metadata" "--no-deps" "--format-version=1", kill_on_drop: false }`
[INFO] [stdout] b6e53e6fb4068d37f334e0bfa4cc20f5000d47f5cf9d672faaf5a123f35d75bb
[INFO] running `Command { std: "docker" "start" "-a" "b6e53e6fb4068d37f334e0bfa4cc20f5000d47f5cf9d672faaf5a123f35d75bb", kill_on_drop: false }`
[INFO] running `Command { std: "docker" "inspect" "b6e53e6fb4068d37f334e0bfa4cc20f5000d47f5cf9d672faaf5a123f35d75bb", kill_on_drop: false }`
[INFO] running `Command { std: "docker" "rm" "-f" "b6e53e6fb4068d37f334e0bfa4cc20f5000d47f5cf9d672faaf5a123f35d75bb", kill_on_drop: false }`
[INFO] [stdout] b6e53e6fb4068d37f334e0bfa4cc20f5000d47f5cf9d672faaf5a123f35d75bb
[INFO] running `Command { std: "docker" "create" "-v" "/var/lib/crater-agent-workspace/builds/worker-5-tc1/target:/opt/rustwide/target:rw,Z" "-v" "/var/lib/crater-agent-workspace/builds/worker-5-tc1/source:/opt/rustwide/workdir:ro,Z" "-v" "/var/lib/crater-agent-workspace/cargo-home:/opt/rustwide/cargo-home:ro,Z" "-v" "/var/lib/crater-agent-workspace/rustup-home:/opt/rustwide/rustup-home:ro,Z" "-e" "SOURCE_DIR=/opt/rustwide/workdir" "-e" "CARGO_TARGET_DIR=/opt/rustwide/target" "-e" "CARGO_INCREMENTAL=0" "-e" "RUST_BACKTRACE=full" "-e" "RUSTFLAGS=--cap-lints=warn" "-e" "RUSTDOCFLAGS=--cap-lints=warn" "-e" "CARGO_HOME=/opt/rustwide/cargo-home" "-e" "RUSTUP_HOME=/opt/rustwide/rustup-home" "-w" "/opt/rustwide/workdir" "-m" "1610612736" "--user" "0:0" "--network" "none" "ghcr.io/rust-lang/crates-build-env/linux@sha256:5ff2268d62e97bff2cde7d5815dd6ed5b47097566f13b8d0ca110b04b60e07ed" "/opt/rustwide/cargo-home/bin/cargo" "+1.69.0" "build" "--frozen" "--message-format=json", kill_on_drop: false }`
[INFO] [stdout] f5e98e5538ebb461d62e33b362b6da245b4d0d890eac8f4c6be0250226284f0e
[INFO] running `Command { std: "docker" "start" "-a" "f5e98e5538ebb461d62e33b362b6da245b4d0d890eac8f4c6be0250226284f0e", kill_on_drop: false }`
[INFO] [stderr]     Blocking waiting for file lock on package cache
[INFO] [stderr]    Compiling ring v0.16.20
[INFO] [stderr]    Compiling pin-project-lite v0.2.9
[INFO] [stderr]    Compiling bytes v1.4.0
[INFO] [stderr]    Compiling futures-core v0.3.28
[INFO] [stderr]    Compiling tokio v1.28.0
[INFO] [stderr]    Compiling untrusted v0.7.1
[INFO] [stderr]    Compiling spin v0.5.2
[INFO] [stderr]    Compiling mio v0.8.6
[INFO] [stderr]    Compiling socket2 v0.4.9
[INFO] [stderr]    Compiling futures-task v0.3.28
[INFO] [stderr]    Compiling tracing-core v0.1.30
[INFO] [stderr]    Compiling indexmap v1.9.3
[INFO] [stderr]    Compiling futures-util v0.3.28
[INFO] [stderr]    Compiling hashbrown v0.12.3
[INFO] [stderr]    Compiling http v0.2.9
[INFO] [stderr]    Compiling tracing v0.1.37
[INFO] [stderr]    Compiling rustls v0.20.8
[INFO] [stderr]    Compiling futures-sink v0.3.28
[INFO] [stderr]    Compiling futures-channel v0.3.28
[INFO] [stderr]    Compiling percent-encoding v2.2.0
[INFO] [stderr]    Compiling try-lock v0.2.4
[INFO] [stderr]    Compiling want v0.3.0
[INFO] [stderr]    Compiling http-body v0.4.5
[INFO] [stderr]    Compiling form_urlencoded v1.1.0
[INFO] [stderr]    Compiling httpdate v1.0.2
[INFO] [stderr]    Compiling tower-service v0.3.2
[INFO] [stderr]    Compiling idna v0.3.0
[INFO] [stderr]    Compiling base64 v0.21.0
[INFO] [stderr]    Compiling serde_urlencoded v0.7.1
[INFO] [stderr]    Compiling encoding_rs v0.8.32
[INFO] [stderr]    Compiling rustls-pemfile v1.0.2
[INFO] [stderr]    Compiling mime v0.3.17
[INFO] [stderr]    Compiling url v2.3.1
[INFO] [stderr]    Compiling ipnet v2.7.2
[INFO] [stderr]    Compiling time-core v0.1.0
[INFO] [stderr]    Compiling time v0.3.20
[INFO] [stderr]    Compiling firebae-derive v0.1.0
[INFO] [stderr]    Compiling webpki v0.22.0
[INFO] [stderr]    Compiling sct v0.7.0
[INFO] [stderr]    Compiling webpki-roots v0.22.6
[INFO] [stderr]    Compiling tokio-util v0.7.8
[INFO] [stderr]    Compiling h2 v0.3.18
[INFO] [stderr]    Compiling tokio-rustls v0.23.4
[INFO] [stderr]    Compiling hyper v0.14.26
[INFO] [stderr]    Compiling hyper-rustls v0.23.2
[INFO] [stderr]    Compiling reqwest v0.11.17
[INFO] [stderr]    Compiling firebae-cm v0.4.2 (/opt/rustwide/workdir)
[INFO] [stderr]     Finished dev [unoptimized + debuginfo] target(s) in 39.53s
[INFO] running `Command { std: "docker" "inspect" "f5e98e5538ebb461d62e33b362b6da245b4d0d890eac8f4c6be0250226284f0e", kill_on_drop: false }`
[INFO] running `Command { std: "docker" "rm" "-f" "f5e98e5538ebb461d62e33b362b6da245b4d0d890eac8f4c6be0250226284f0e", kill_on_drop: false }`
[INFO] [stdout] f5e98e5538ebb461d62e33b362b6da245b4d0d890eac8f4c6be0250226284f0e
[INFO] running `Command { std: "docker" "create" "-v" "/var/lib/crater-agent-workspace/builds/worker-5-tc1/target:/opt/rustwide/target:rw,Z" "-v" "/var/lib/crater-agent-workspace/builds/worker-5-tc1/source:/opt/rustwide/workdir:ro,Z" "-v" "/var/lib/crater-agent-workspace/cargo-home:/opt/rustwide/cargo-home:ro,Z" "-v" "/var/lib/crater-agent-workspace/rustup-home:/opt/rustwide/rustup-home:ro,Z" "-e" "SOURCE_DIR=/opt/rustwide/workdir" "-e" "CARGO_TARGET_DIR=/opt/rustwide/target" "-e" "CARGO_INCREMENTAL=0" "-e" "RUST_BACKTRACE=full" "-e" "RUSTFLAGS=--cap-lints=warn" "-e" "RUSTDOCFLAGS=--cap-lints=warn" "-e" "CARGO_HOME=/opt/rustwide/cargo-home" "-e" "RUSTUP_HOME=/opt/rustwide/rustup-home" "-w" "/opt/rustwide/workdir" "-m" "1610612736" "--user" "0:0" "--network" "none" "ghcr.io/rust-lang/crates-build-env/linux@sha256:5ff2268d62e97bff2cde7d5815dd6ed5b47097566f13b8d0ca110b04b60e07ed" "/opt/rustwide/cargo-home/bin/cargo" "+1.69.0" "test" "--frozen" "--no-run" "--message-format=json", kill_on_drop: false }`
[INFO] [stdout] 25740a6ae5a9f0c9a42e9a190d4e508b7b0fd8aadde73c82dbe4378f2aff063c
[INFO] running `Command { std: "docker" "start" "-a" "25740a6ae5a9f0c9a42e9a190d4e508b7b0fd8aadde73c82dbe4378f2aff063c", kill_on_drop: false }`
[INFO] [stderr]    Compiling firebae-cm v0.4.2 (/opt/rustwide/workdir)
[INFO] [stderr]     Finished test [unoptimized + debuginfo] target(s) in 0.92s
[INFO] running `Command { std: "docker" "inspect" "25740a6ae5a9f0c9a42e9a190d4e508b7b0fd8aadde73c82dbe4378f2aff063c", kill_on_drop: false }`
[INFO] running `Command { std: "docker" "rm" "-f" "25740a6ae5a9f0c9a42e9a190d4e508b7b0fd8aadde73c82dbe4378f2aff063c", kill_on_drop: false }`
[INFO] [stdout] 25740a6ae5a9f0c9a42e9a190d4e508b7b0fd8aadde73c82dbe4378f2aff063c
[INFO] running `Command { std: "docker" "create" "-v" "/var/lib/crater-agent-workspace/builds/worker-5-tc1/target:/opt/rustwide/target:rw,Z" "-v" "/var/lib/crater-agent-workspace/builds/worker-5-tc1/source:/opt/rustwide/workdir:ro,Z" "-v" "/var/lib/crater-agent-workspace/cargo-home:/opt/rustwide/cargo-home:ro,Z" "-v" "/var/lib/crater-agent-workspace/rustup-home:/opt/rustwide/rustup-home:ro,Z" "-e" "SOURCE_DIR=/opt/rustwide/workdir" "-e" "CARGO_TARGET_DIR=/opt/rustwide/target" "-e" "CARGO_INCREMENTAL=0" "-e" "RUST_BACKTRACE=full" "-e" "RUSTFLAGS=--cap-lints=warn" "-e" "RUSTDOCFLAGS=--cap-lints=warn" "-e" "CARGO_HOME=/opt/rustwide/cargo-home" "-e" "RUSTUP_HOME=/opt/rustwide/rustup-home" "-w" "/opt/rustwide/workdir" "-m" "1610612736" "--user" "0:0" "--network" "none" "ghcr.io/rust-lang/crates-build-env/linux@sha256:5ff2268d62e97bff2cde7d5815dd6ed5b47097566f13b8d0ca110b04b60e07ed" "/opt/rustwide/cargo-home/bin/cargo" "+1.69.0" "test" "--frozen", kill_on_drop: false }`
[INFO] [stdout] fb02030254bbf981d5d1a18faaab25fc8bda36cb1f20c012aa078be96bccf096
[INFO] running `Command { std: "docker" "start" "-a" "fb02030254bbf981d5d1a18faaab25fc8bda36cb1f20c012aa078be96bccf096", kill_on_drop: false }`
[INFO] [stderr]     Finished test [unoptimized + debuginfo] target(s) in 0.10s
[INFO] [stderr]      Running unittests src/lib.rs (/opt/rustwide/target/debug/deps/firebae_cm-fe3be629cb625f24)
[INFO] [stdout] 
[INFO] [stdout] running 0 tests
[INFO] [stdout] 
[INFO] [stdout] test result: ok. 0 passed; 0 failed; 0 ignored; 0 measured; 0 filtered out; finished in 0.00s
[INFO] [stdout] 
[INFO] [stderr]    Doc-tests firebae-cm
[INFO] [stdout] 
[INFO] [stdout] running 19 tests
[INFO] [stdout] test src/message/receiver.rs - message::receiver::Receiver::condition (line 32) ... FAILED
[INFO] [stdout] test src/client/response.rs - client::response::FcmError (line 2) ... FAILED
[INFO] [stdout] test src/lib.rs - (line 12) ... FAILED
[INFO] [stdout] test src/message/receiver.rs - message::receiver::Receiver::token (line 16) ... FAILED
[INFO] [stdout] test src/message/receiver.rs - message::receiver::Receiver::topic (line 24) ... FAILED
[INFO] [stdout] test src/message/body.rs - message::body::MessageBody (line 14) ... FAILED
[INFO] [stdout] test src/notification/notification.rs - notification::notification::Notification::with_image (line 106) ... FAILED
[INFO] [stdout] test src/notification/notification.rs - notification::notification::Notification::with_body (line 97) ... FAILED
[INFO] [stdout] test src/notification/notification.rs - notification::notification::Notification (line 64) ... FAILED
[INFO] [stdout] test src/notification/notification.rs - notification::notification::Notification::with_title (line 88) ... FAILED
[INFO] [stdout] test src/utils/map.rs - utils::map::FirebaseMap (line 5) ... FAILED
[INFO] [stdout] test src/utils/map.rs - utils::map::FirebaseMap::insert (line 25) ... FAILED
[INFO] [stdout] test src/client/client.rs - client::client::Client::send (line 29) ... ok
[INFO] [stdout] test src/settings/android.rs - settings::android::AndroidConfig::data (line 66) ... ok
[INFO] [stdout] test src/settings/webpush.rs - settings::webpush::WebpushConfig::headers (line 27) ... ok
[INFO] [stdout] test src/settings/apns.rs - settings::apns::ApnsConfig::headers (line 25) ... ok
[INFO] [stdout] test src/settings/apns.rs - settings::apns::ApnsConfig::payload (line 52) ... ok
[INFO] [stdout] test src/settings/webpush.rs - settings::webpush::WebpushConfig::data (line 54) ... ok
[INFO] [stdout] test src/message/body.rs - message::body::MessageBody::data (line 71) ... ok
[INFO] [stdout] 
[INFO] [stdout] failures:
[INFO] [stdout] 
[INFO] [stdout] ---- src/message/receiver.rs - message::receiver::Receiver::condition (line 32) stdout ----
[INFO] [stdout] error[E0433]: failed to resolve: use of undeclared type `Receiver`
[INFO] [stdout]  --> src/message/receiver.rs:33:17
[INFO] [stdout]   |
[INFO] [stdout] 3 | let condition = Receiver::condition("abcd");
[INFO] [stdout]   |                 ^^^^^^^^ use of undeclared type `Receiver`
[INFO] [stdout]   |
[INFO] [stdout] help: consider importing one of these items
[INFO] [stdout]   |
[INFO] [stdout] 2 | use core::ops::Receiver;
[INFO] [stdout]   |
[INFO] [stdout] 2 | use firebae_cm::Receiver;
[INFO] [stdout]   |
[INFO] [stdout] 2 | use std::ops::Receiver;
[INFO] [stdout]   |
[INFO] [stdout] 2 | use std::sync::mpsc::Receiver;
[INFO] [stdout]   |
[INFO] [stdout] 
[INFO] [stdout] error: aborting due to previous error
[INFO] [stdout] 
[INFO] [stdout] For more information about this error, try `rustc --explain E0433`.
[INFO] [stdout] Couldn't compile the test.
[INFO] [stdout] ---- src/client/response.rs - client::response::FcmError (line 2) stdout ----
[INFO] [stdout] error[E0422]: cannot find struct, variant or union type `FcmError` in this scope
[INFO] [stdout]  --> src/client/response.rs:3:1
[INFO] [stdout]   |
[INFO] [stdout] 3 | FcmError {
[INFO] [stdout]   | ^^^^^^^^ not found in this scope
[INFO] [stdout]   |
[INFO] [stdout] help: consider importing one of these items
[INFO] [stdout]   |
[INFO] [stdout] 2 | use firebae_cm::Error::FcmError;
[INFO] [stdout]   |
[INFO] [stdout] 2 | use firebae_cm::FcmError;
[INFO] [stdout]   |
[INFO] [stdout] 
[INFO] [stdout] error: aborting due to previous error
[INFO] [stdout] 
[INFO] [stdout] For more information about this error, try `rustc --explain E0422`.
[INFO] [stdout] Couldn't compile the test.
[INFO] [stdout] ---- src/lib.rs - (line 12) stdout ----
[INFO] [stdout] error[E0433]: failed to resolve: use of undeclared crate or module `tokio`
[INFO] [stdout]   --> src/lib.rs:21:3
[INFO] [stdout]    |
[INFO] [stdout] 11 | #[tokio::main]
[INFO] [stdout]    |   ^^^^^ use of undeclared crate or module `tokio`
[INFO] [stdout] 
[INFO] [stdout] error[E0752]: `main` function is not allowed to be `async`
[INFO] [stdout]   --> src/lib.rs:22:1
[INFO] [stdout]    |
[INFO] [stdout] 12 | async fn main() {
[INFO] [stdout]    | ^^^^^^^^^^^^^^^ `main` function is not allowed to be `async`
[INFO] [stdout] 
[INFO] [stdout] error: aborting due to 2 previous errors
[INFO] [stdout] 
[INFO] [stdout] Some errors have detailed explanations: E0433, E0752.
[INFO] [stdout] For more information about an error, try `rustc --explain E0433`.
[INFO] [stdout] Couldn't compile the test.
[INFO] [stdout] ---- src/message/receiver.rs - message::receiver::Receiver::token (line 16) stdout ----
[INFO] [stdout] error[E0433]: failed to resolve: use of undeclared type `Receiver`
[INFO] [stdout]  --> src/message/receiver.rs:17:13
[INFO] [stdout]   |
[INFO] [stdout] 3 | let token = Receiver::token("abcd");
[INFO] [stdout]   |             ^^^^^^^^ use of undeclared type `Receiver`
[INFO] [stdout]   |
[INFO] [stdout] help: consider importing one of these items
[INFO] [stdout]   |
[INFO] [stdout] 2 | use core::ops::Receiver;
[INFO] [stdout]   |
[INFO] [stdout] 2 | use firebae_cm::Receiver;
[INFO] [stdout]   |
[INFO] [stdout] 2 | use std::ops::Receiver;
[INFO] [stdout]   |
[INFO] [stdout] 2 | use std::sync::mpsc::Receiver;
[INFO] [stdout]   |
[INFO] [stdout] 
[INFO] [stdout] error: aborting due to previous error
[INFO] [stdout] 
[INFO] [stdout] For more information about this error, try `rustc --explain E0433`.
[INFO] [stdout] Couldn't compile the test.
[INFO] [stdout] ---- src/message/receiver.rs - message::receiver::Receiver::topic (line 24) stdout ----
[INFO] [stdout] error[E0433]: failed to resolve: use of undeclared type `Receiver`
[INFO] [stdout]  --> src/message/receiver.rs:25:13
[INFO] [stdout]   |
[INFO] [stdout] 3 | let topic = Receiver::topic("abcd");
[INFO] [stdout]   |             ^^^^^^^^ use of undeclared type `Receiver`
[INFO] [stdout]   |
[INFO] [stdout] help: consider importing one of these items
[INFO] [stdout]   |
[INFO] [stdout] 2 | use core::ops::Receiver;
[INFO] [stdout]   |
[INFO] [stdout] 2 | use firebae_cm::Receiver;
[INFO] [stdout]   |
[INFO] [stdout] 2 | use std::ops::Receiver;
[INFO] [stdout]   |
[INFO] [stdout] 2 | use std::sync::mpsc::Receiver;
[INFO] [stdout]   |
[INFO] [stdout] 
[INFO] [stdout] error: aborting due to previous error
[INFO] [stdout] 
[INFO] [stdout] For more information about this error, try `rustc --explain E0433`.
[INFO] [stdout] Couldn't compile the test.
[INFO] [stdout] ---- src/message/body.rs - message::body::MessageBody (line 14) stdout ----
[INFO] [stdout] error[E0433]: failed to resolve: use of undeclared type `MesageBody`
[INFO] [stdout]   --> src/message/body.rs:22:16
[INFO] [stdout]    |
[INFO] [stdout] 11 | let mut body = MesageBody::new(receiver);
[INFO] [stdout]    |                ^^^^^^^^^^
[INFO] [stdout]    |                |
[INFO] [stdout]    |                use of undeclared type `MesageBody`
[INFO] [stdout]    |                help: a struct with a similar name exists: `MessageBody`
[INFO] [stdout] 
[INFO] [stdout] error: aborting due to previous error
[INFO] [stdout] 
[INFO] [stdout] For more information about this error, try `rustc --explain E0433`.
[INFO] [stdout] Couldn't compile the test.
[INFO] [stdout] ---- src/notification/notification.rs - notification::notification::Notification::with_image (line 106) stdout ----
[INFO] [stdout] error[E0433]: failed to resolve: use of undeclared type `Notification`
[INFO] [stdout]  --> src/notification/notification.rs:107:20
[INFO] [stdout]   |
[INFO] [stdout] 3 | let notification = Notification::new().with_image("/static/img.png");
[INFO] [stdout]   |                    ^^^^^^^^^^^^ use of undeclared type `Notification`
[INFO] [stdout]   |
[INFO] [stdout] help: consider importing this struct
[INFO] [stdout]   |
[INFO] [stdout] 2 | use firebae_cm::Notification;
[INFO] [stdout]   |
[INFO] [stdout] 
[INFO] [stdout] error: aborting due to previous error
[INFO] [stdout] 
[INFO] [stdout] For more information about this error, try `rustc --explain E0433`.
[INFO] [stdout] Couldn't compile the test.
[INFO] [stdout] ---- src/notification/notification.rs - notification::notification::Notification::with_body (line 97) stdout ----
[INFO] [stdout] error[E0433]: failed to resolve: use of undeclared type `Notification`
[INFO] [stdout]  --> src/notification/notification.rs:98:20
[INFO] [stdout]   |
[INFO] [stdout] 3 | let notification = Notification::new().with_title("Hello, ").with_body("world!");
[INFO] [stdout]   |                    ^^^^^^^^^^^^ use of undeclared type `Notification`
[INFO] [stdout]   |
[INFO] [stdout] help: consider importing this struct
[INFO] [stdout]   |
[INFO] [stdout] 2 | use firebae_cm::Notification;
[INFO] [stdout]   |
[INFO] [stdout] 
[INFO] [stdout] error: aborting due to previous error
[INFO] [stdout] 
[INFO] [stdout] For more information about this error, try `rustc --explain E0433`.
[INFO] [stdout] Couldn't compile the test.
[INFO] [stdout] ---- src/notification/notification.rs - notification::notification::Notification (line 64) stdout ----
[INFO] [stdout] error[E0422]: cannot find struct, variant or union type `Notification` in this scope
[INFO] [stdout]  --> src/notification/notification.rs:65:20
[INFO] [stdout]   |
[INFO] [stdout] 3 | let notification = Notification {
[INFO] [stdout]   |                    ^^^^^^^^^^^^ not found in this scope
[INFO] [stdout]   |
[INFO] [stdout] help: consider importing this struct
[INFO] [stdout]   |
[INFO] [stdout] 2 | use firebae_cm::Notification;
[INFO] [stdout]   |
[INFO] [stdout] 
[INFO] [stdout] error[E0599]: the method `to_string` exists for enum `Option<&str>`, but its trait bounds were not satisfied
[INFO] [stdout]  --> src/notification/notification.rs:66:28
[INFO] [stdout]   |
[INFO] [stdout] 4 |     title: Some("Hello, ").to_string(),
[INFO] [stdout]   |                            ^^^^^^^^^ method cannot be called on `Option<&str>` due to unsatisfied trait bounds
[INFO] [stdout]  --> /rustc/84c898d65adf2f39a5a98507f1fe0ce10a2b8dbc/library/core/src/option.rs:563:1
[INFO] [stdout]   |
[INFO] [stdout]   = note: doesn't satisfy `Option<&str>: ToString`
[INFO] [stdout]   |
[INFO] [stdout]   = note: doesn't satisfy `Option<&str>: std::fmt::Display`
[INFO] [stdout]   |
[INFO] [stdout]   = note: the following trait bounds were not satisfied:
[INFO] [stdout]           `Option<&str>: std::fmt::Display`
[INFO] [stdout]           which is required by `Option<&str>: ToString`
[INFO] [stdout] note: the method `to_string` exists on the type `&str`
[INFO] [stdout]  --> /rustc/84c898d65adf2f39a5a98507f1fe0ce10a2b8dbc/library/alloc/src/string.rs:2511:5
[INFO] [stdout] help: consider using `Option::expect` to unwrap the `&str` value, panicking if the value is an `Option::None`
[INFO] [stdout]   |
[INFO] [stdout] 4 |     title: Some("Hello, ").expect("REASON").to_string(),
[INFO] [stdout]   |                           +++++++++++++++++
[INFO] [stdout] 
[INFO] [stdout] error[E0599]: the method `to_string` exists for enum `Option<&str>`, but its trait bounds were not satisfied
[INFO] [stdout]  --> src/notification/notification.rs:67:26
[INFO] [stdout]   |
[INFO] [stdout] 5 |     body: Some("world!").to_string(),
[INFO] [stdout]   |                          ^^^^^^^^^ method cannot be called on `Option<&str>` due to unsatisfied trait bounds
[INFO] [stdout]  --> /rustc/84c898d65adf2f39a5a98507f1fe0ce10a2b8dbc/library/core/src/option.rs:563:1
[INFO] [stdout]   |
[INFO] [stdout]   = note: doesn't satisfy `Option<&str>: ToString`
[INFO] [stdout]   |
[INFO] [stdout]   = note: doesn't satisfy `Option<&str>: std::fmt::Display`
[INFO] [stdout]   |
[INFO] [stdout]   = note: the following trait bounds were not satisfied:
[INFO] [stdout]           `Option<&str>: std::fmt::Display`
[INFO] [stdout]           which is required by `Option<&str>: ToString`
[INFO] [stdout] note: the method `to_string` exists on the type `&str`
[INFO] [stdout]  --> /rustc/84c898d65adf2f39a5a98507f1fe0ce10a2b8dbc/library/alloc/src/string.rs:2511:5
[INFO] [stdout] help: consider using `Option::expect` to unwrap the `&str` value, panicking if the value is an `Option::None`
[INFO] [stdout]   |
[INFO] [stdout] 5 |     body: Some("world!").expect("REASON").to_string(),
[INFO] [stdout]   |                         +++++++++++++++++
[INFO] [stdout] 
[INFO] [stdout] error: aborting due to 3 previous errors
[INFO] [stdout] 
[INFO] [stdout] Some errors have detailed explanations: E0422, E0599.
[INFO] [stdout] For more information about an error, try `rustc --explain E0422`.
[INFO] [stdout] Couldn't compile the test.
[INFO] [stdout] ---- src/notification/notification.rs - notification::notification::Notification::with_title (line 88) stdout ----
[INFO] [stdout] error[E0433]: failed to resolve: use of undeclared type `Notification`
[INFO] [stdout]  --> src/notification/notification.rs:89:20
[INFO] [stdout]   |
[INFO] [stdout] 3 | let notification = Notification::new().with_title("Hello!");
[INFO] [stdout]   |                    ^^^^^^^^^^^^ use of undeclared type `Notification`
[INFO] [stdout]   |
[INFO] [stdout] help: consider importing this struct
[INFO] [stdout]   |
[INFO] [stdout] 2 | use firebae_cm::Notification;
[INFO] [stdout]   |
[INFO] [stdout] 
[INFO] [stdout] error: aborting due to previous error
[INFO] [stdout] 
[INFO] [stdout] For more information about this error, try `rustc --explain E0433`.
[INFO] [stdout] Couldn't compile the test.
[INFO] [stdout] ---- src/utils/map.rs - utils::map::FirebaseMap (line 5) stdout ----
[INFO] [stdout] error[E0432]: unresolved import `super::Data`
[INFO] [stdout]  --> src/utils/map.rs:9:8
[INFO] [stdout]   |
[INFO] [stdout] 7 | struct Data {
[INFO] [stdout]   |        ^^^^ no `Data` in the root
[INFO] [stdout]   |
[INFO] [stdout]   = help: consider importing this variant instead:
[INFO] [stdout]           serde_json::error::Category::Data
[INFO] [stdout] 
[INFO] [stdout] error: aborting due to previous error
[INFO] [stdout] 
[INFO] [stdout] For more information about this error, try `rustc --explain E0432`.
[INFO] [stdout] Couldn't compile the test.
[INFO] [stdout] ---- src/utils/map.rs - utils::map::FirebaseMap::insert (line 25) stdout ----
[INFO] [stdout] error[E0053]: method `as_map` has an incompatible type for trait
[INFO] [stdout]   --> src/utils/map.rs:33:15
[INFO] [stdout]    |
[INFO] [stdout] 11 |     fn as_map(self) -> FirebaseMap {
[INFO] [stdout]    |               ^^^^
[INFO] [stdout]    |               |
[INFO] [stdout]    |               expected `&Data`, found `Data`
[INFO] [stdout]    |               help: change the self-receiver type to match the trait: `self: &Data`
[INFO] [stdout]    |
[INFO] [stdout]    = note: expected signature `fn(&Data) -> FirebaseMap`
[INFO] [stdout]               found signature `fn(Data) -> FirebaseMap`
[INFO] [stdout] 
[INFO] [stdout] error[E0308]: mismatched types
[INFO] [stdout]   --> src/utils/map.rs:35:23
[INFO] [stdout]    |
[INFO] [stdout] 13 |         m.insert("a", self.a);
[INFO] [stdout]    |           ------      ^^^^^^
[INFO] [stdout]    |           |           |
[INFO] [stdout]    |           |           expected `&_`, found `String`
[INFO] [stdout]    |           |           help: consider borrowing here: `&self.a`
[INFO] [stdout]    |           arguments to this method are incorrect
[INFO] [stdout]    |
[INFO] [stdout]    = note: expected reference `&_`
[INFO] [stdout]                  found struct `String`
[INFO] [stdout] note: method defined here
[INFO] [stdout]   --> /opt/rustwide/workdir/src/utils/map.rs:41:12
[INFO] [stdout]    |
[INFO] [stdout] 41 |     pub fn insert(&mut self, key: impl Into<String>, value: &impl FirebaseMapValue) {
[INFO] [stdout]    |            ^^^^^^
[INFO] [stdout] 
[INFO] [stdout] error[E0308]: mismatched types
[INFO] [stdout]   --> src/utils/map.rs:36:23
[INFO] [stdout]    |
[INFO] [stdout] 14 |         m.insert("b", self.b);
[INFO] [stdout]    |           ------      ^^^^^^
[INFO] [stdout]    |           |           |
[INFO] [stdout]    |           |           expected `&_`, found `i32`
[INFO] [stdout]    |           |           help: consider borrowing here: `&self.b`
[INFO] [stdout]    |           arguments to this method are incorrect
[INFO] [stdout]    |
[INFO] [stdout]    = note: expected reference `&_`
[INFO] [stdout]                    found type `i32`
[INFO] [stdout] note: method defined here
[INFO] [stdout]   --> /opt/rustwide/workdir/src/utils/map.rs:41:12
[INFO] [stdout]    |
[INFO] [stdout] 41 |     pub fn insert(&mut self, key: impl Into<String>, value: &impl FirebaseMapValue) {
[INFO] [stdout]    |            ^^^^^^
[INFO] [stdout] 
[INFO] [stdout] error: aborting due to 3 previous errors
[INFO] [stdout] 
[INFO] [stdout] Some errors have detailed explanations: E0053, E0308.
[INFO] [stdout] For more information about an error, try `rustc --explain E0053`.
[INFO] [stdout] Couldn't compile the test.
[INFO] [stdout] 
[INFO] [stdout] failures:
[INFO] [stdout]     src/client/response.rs - client::response::FcmError (line 2)
[INFO] [stdout]     src/lib.rs - (line 12)
[INFO] [stdout]     src/message/body.rs - message::body::MessageBody (line 14)
[INFO] [stdout]     src/message/receiver.rs - message::receiver::Receiver::condition (line 32)
[INFO] [stdout]     src/message/receiver.rs - message::receiver::Receiver::token (line 16)
[INFO] [stdout]     src/message/receiver.rs - message::receiver::Receiver::topic (line 24)
[INFO] [stdout]     src/notification/notification.rs - notification::notification::Notification (line 64)
[INFO] [stdout]     src/notification/notification.rs - notification::notification::Notification::with_body (line 97)
[INFO] [stdout]     src/notification/notification.rs - notification::notification::Notification::with_image (line 106)
[INFO] [stdout]     src/notification/notification.rs - notification::notification::Notification::with_title (line 88)
[INFO] [stdout]     src/utils/map.rs - utils::map::FirebaseMap (line 5)
[INFO] [stdout]     src/utils/map.rs - utils::map::FirebaseMap::insert (line 25)
[INFO] [stdout] 
[INFO] [stdout] test result: FAILED. 7 passed; 12 failed; 0 ignored; 0 measured; 0 filtered out; finished in 8.42s
[INFO] [stdout] 
[INFO] [stderr] error: doctest failed, to rerun pass `--doc`
[INFO] running `Command { std: "docker" "inspect" "fb02030254bbf981d5d1a18faaab25fc8bda36cb1f20c012aa078be96bccf096", kill_on_drop: false }`
[INFO] running `Command { std: "docker" "rm" "-f" "fb02030254bbf981d5d1a18faaab25fc8bda36cb1f20c012aa078be96bccf096", kill_on_drop: false }`
[INFO] [stdout] fb02030254bbf981d5d1a18faaab25fc8bda36cb1f20c012aa078be96bccf096
