[INFO] fetching crate fil_actor_miner 9.0.1...
[INFO] testing fil_actor_miner-9.0.1 against 1.69.0 for beta-1.70-1
[INFO] extracting crate fil_actor_miner 9.0.1 into /workspace/builds/worker-5-tc1/source
[INFO] validating manifest of crates.io crate fil_actor_miner 9.0.1 on toolchain 1.69.0
[INFO] running `Command { std: CARGO_HOME="/workspace/cargo-home" RUSTUP_HOME="/workspace/rustup-home" "/workspace/cargo-home/bin/cargo" "+1.69.0" "metadata" "--manifest-path" "Cargo.toml" "--no-deps", kill_on_drop: false }`
[INFO] started tweaking crates.io crate fil_actor_miner 9.0.1
[INFO] finished tweaking crates.io crate fil_actor_miner 9.0.1
[INFO] tweaked toml for crates.io crate fil_actor_miner 9.0.1 written to /workspace/builds/worker-5-tc1/source/Cargo.toml
[INFO] running `Command { std: CARGO_HOME="/workspace/cargo-home" RUSTUP_HOME="/workspace/rustup-home" __CARGO_TEST_CHANNEL_OVERRIDE_DO_NOT_USE_THIS="nightly" "/workspace/cargo-home/bin/cargo" "+1.69.0" "generate-lockfile" "--manifest-path" "Cargo.toml" "-Zno-index-update", kill_on_drop: false }`
[INFO] running `Command { std: CARGO_HOME="/workspace/cargo-home" RUSTUP_HOME="/workspace/rustup-home" "/workspace/cargo-home/bin/cargo" "+1.69.0" "fetch" "--manifest-path" "Cargo.toml", kill_on_drop: false }`
[INFO] running `Command { std: "docker" "create" "-v" "/var/lib/crater-agent-workspace/builds/worker-5-tc1/target:/opt/rustwide/target:rw,Z" "-v" "/var/lib/crater-agent-workspace/builds/worker-5-tc1/source:/opt/rustwide/workdir:ro,Z" "-v" "/var/lib/crater-agent-workspace/cargo-home:/opt/rustwide/cargo-home:ro,Z" "-v" "/var/lib/crater-agent-workspace/rustup-home:/opt/rustwide/rustup-home:ro,Z" "-e" "SOURCE_DIR=/opt/rustwide/workdir" "-e" "CARGO_TARGET_DIR=/opt/rustwide/target" "-e" "CARGO_HOME=/opt/rustwide/cargo-home" "-e" "RUSTUP_HOME=/opt/rustwide/rustup-home" "-w" "/opt/rustwide/workdir" "-m" "1610612736" "--user" "0:0" "--network" "none" "ghcr.io/rust-lang/crates-build-env/linux@sha256:5ff2268d62e97bff2cde7d5815dd6ed5b47097566f13b8d0ca110b04b60e07ed" "/opt/rustwide/cargo-home/bin/cargo" "+1.69.0" "metadata" "--no-deps" "--format-version=1", kill_on_drop: false }`
[INFO] [stdout] b1d9a6068f06bfeb112261018d26c0daa06a1d4a6b2ee59ed5edc9095ba7521f
[INFO] running `Command { std: "docker" "start" "-a" "b1d9a6068f06bfeb112261018d26c0daa06a1d4a6b2ee59ed5edc9095ba7521f", kill_on_drop: false }`
[INFO] running `Command { std: "docker" "inspect" "b1d9a6068f06bfeb112261018d26c0daa06a1d4a6b2ee59ed5edc9095ba7521f", kill_on_drop: false }`
[INFO] running `Command { std: "docker" "rm" "-f" "b1d9a6068f06bfeb112261018d26c0daa06a1d4a6b2ee59ed5edc9095ba7521f", kill_on_drop: false }`
[INFO] [stdout] b1d9a6068f06bfeb112261018d26c0daa06a1d4a6b2ee59ed5edc9095ba7521f
[INFO] running `Command { std: "docker" "create" "-v" "/var/lib/crater-agent-workspace/builds/worker-5-tc1/target:/opt/rustwide/target:rw,Z" "-v" "/var/lib/crater-agent-workspace/builds/worker-5-tc1/source:/opt/rustwide/workdir:ro,Z" "-v" "/var/lib/crater-agent-workspace/cargo-home:/opt/rustwide/cargo-home:ro,Z" "-v" "/var/lib/crater-agent-workspace/rustup-home:/opt/rustwide/rustup-home:ro,Z" "-e" "SOURCE_DIR=/opt/rustwide/workdir" "-e" "CARGO_TARGET_DIR=/opt/rustwide/target" "-e" "CARGO_INCREMENTAL=0" "-e" "RUST_BACKTRACE=full" "-e" "RUSTFLAGS=--cap-lints=warn" "-e" "RUSTDOCFLAGS=--cap-lints=warn" "-e" "CARGO_HOME=/opt/rustwide/cargo-home" "-e" "RUSTUP_HOME=/opt/rustwide/rustup-home" "-w" "/opt/rustwide/workdir" "-m" "1610612736" "--user" "0:0" "--network" "none" "ghcr.io/rust-lang/crates-build-env/linux@sha256:5ff2268d62e97bff2cde7d5815dd6ed5b47097566f13b8d0ca110b04b60e07ed" "/opt/rustwide/cargo-home/bin/cargo" "+1.69.0" "build" "--frozen" "--message-format=json", kill_on_drop: false }`
[INFO] [stdout] 0f2e44f96d8a2f6a94e651053bf92620586ace71a526bae4d9a2598660bdc9e6
[INFO] running `Command { std: "docker" "start" "-a" "0f2e44f96d8a2f6a94e651053bf92620586ace71a526bae4d9a2598660bdc9e6", kill_on_drop: false }`
[INFO] [stderr]    Compiling proc-macro2 v1.0.56
[INFO] [stderr]    Compiling syn v1.0.109
[INFO] [stderr]    Compiling serde v1.0.160
[INFO] [stderr]    Compiling typenum v1.16.0
[INFO] [stderr]    Compiling generic-array v0.14.7
[INFO] [stderr]    Compiling data-encoding v2.3.3
[INFO] [stderr]    Compiling arrayref v0.3.7
[INFO] [stderr]    Compiling constant_time_eq v0.2.5
[INFO] [stderr]    Compiling keccak v0.1.3
[INFO] [stderr]    Compiling cpufeatures v0.2.7
[INFO] [stderr]    Compiling blake2b_simd v1.0.1
[INFO] [stderr]    Compiling base-x v0.2.11
[INFO] [stderr]    Compiling anyhow v1.0.71
[INFO] [stderr]    Compiling libc v0.2.142
[INFO] [stderr]    Compiling quote v1.0.26
[INFO] [stderr]    Compiling syn v2.0.15
[INFO] [stderr]    Compiling proc-macro-error-attr v1.0.4
[INFO] [stderr]    Compiling scopeguard v1.1.0
[INFO] [stderr]    Compiling num-traits v0.2.15
[INFO] [stderr]    Compiling crypto-common v0.1.6
[INFO] [stderr]    Compiling block-buffer v0.10.4
[INFO] [stderr]    Compiling num-integer v0.1.45
[INFO] [stderr]    Compiling num-bigint v0.4.3
[INFO] [stderr]    Compiling ahash v0.7.6
[INFO] [stderr]    Compiling digest v0.10.6
[INFO] [stderr]    Compiling indexmap v1.9.3
[INFO] [stderr]    Compiling ripemd v0.1.3
[INFO] [stderr]    Compiling sha3 v0.10.7
[INFO] [stderr]    Compiling sha2 v0.10.6
[INFO] [stderr]    Compiling getrandom v0.2.9
[INFO] [stderr]    Compiling rand_core v0.6.4
[INFO] [stderr]    Compiling ppv-lite86 v0.2.17
[INFO] [stderr]    Compiling either v1.8.1
[INFO] [stderr]    Compiling paste v1.0.12
[INFO] [stderr]    Compiling itertools v0.10.5
[INFO] [stderr]    Compiling rand_chacha v0.3.1
[INFO] [stderr]    Compiling toml v0.5.11
[INFO] [stderr]    Compiling aho-corasick v1.0.1
[INFO] [stderr]    Compiling fil_actors_runtime v9.0.1
[INFO] [stderr]    Compiling regex-syntax v0.7.1
[INFO] [stderr]    Compiling serde_derive v1.0.160
[INFO] [stderr]    Compiling thiserror-impl v1.0.40
[INFO] [stderr]    Compiling proc-macro-error v1.0.4
[INFO] [stderr]    Compiling synstructure v0.12.6
[INFO] [stderr]    Compiling serde_repr v0.1.12
[INFO] [stderr]    Compiling hashbrown v0.12.3
[INFO] [stderr]    Compiling thiserror v1.0.40
[INFO] [stderr]    Compiling rand v0.8.5
[INFO] [stderr]    Compiling proc-macro-crate v1.1.3
[INFO] [stderr]    Compiling integer-encoding v3.0.4
[INFO] [stderr]    Compiling regex v1.8.1
[INFO] [stderr]    Compiling data-encoding-macro-internal v0.1.10
[INFO] [stderr]    Compiling multihash-derive v0.8.1
[INFO] [stderr]    Compiling serde_tuple_macros v0.5.0
[INFO] [stderr]    Compiling num-derive v0.3.3
[INFO] [stderr]    Compiling data-encoding-macro v0.1.12
[INFO] [stderr]    Compiling multibase v0.9.1
[INFO] [stderr]    Compiling serde-big-array v0.3.3
[INFO] [stderr]    Compiling serde_bytes v0.11.9
[INFO] [stderr]    Compiling cbor4ii v0.2.14
[INFO] [stderr]    Compiling serde_tuple v0.5.0
[INFO] [stderr]    Compiling cs_serde_bytes v0.12.2
[INFO] [stderr]    Compiling multihash v0.16.3
[INFO] [stderr]    Compiling forest_hash_utils v0.1.0
[INFO] [stderr]    Compiling cid v0.8.6
[INFO] [stderr]    Compiling fvm_ipld_blockstore v0.1.1
[INFO] [stderr]    Compiling serde_ipld_dagcbor v0.2.2
[INFO] [stderr]    Compiling libipld-core v0.13.1
[INFO] [stderr]    Compiling fvm_ipld_encoding v0.2.3
[INFO] [stderr]    Compiling fvm_ipld_encoding v0.3.3
[INFO] [stderr]    Compiling fvm_ipld_bitfield v0.5.4
[INFO] [stderr]    Compiling fvm_ipld_hamt v0.5.1
[INFO] [stderr]    Compiling fvm_shared v2.3.0
[INFO] [stderr]    Compiling fvm_ipld_amt v0.4.2
[INFO] [stderr]    Compiling fil_actor_miner v9.0.1 (/opt/rustwide/workdir)
[INFO] [stderr]     Finished dev [unoptimized + debuginfo] target(s) in 56.10s
[INFO] running `Command { std: "docker" "inspect" "0f2e44f96d8a2f6a94e651053bf92620586ace71a526bae4d9a2598660bdc9e6", kill_on_drop: false }`
[INFO] running `Command { std: "docker" "rm" "-f" "0f2e44f96d8a2f6a94e651053bf92620586ace71a526bae4d9a2598660bdc9e6", kill_on_drop: false }`
[INFO] [stdout] 0f2e44f96d8a2f6a94e651053bf92620586ace71a526bae4d9a2598660bdc9e6
[INFO] running `Command { std: "docker" "create" "-v" "/var/lib/crater-agent-workspace/builds/worker-5-tc1/target:/opt/rustwide/target:rw,Z" "-v" "/var/lib/crater-agent-workspace/builds/worker-5-tc1/source:/opt/rustwide/workdir:ro,Z" "-v" "/var/lib/crater-agent-workspace/cargo-home:/opt/rustwide/cargo-home:ro,Z" "-v" "/var/lib/crater-agent-workspace/rustup-home:/opt/rustwide/rustup-home:ro,Z" "-e" "SOURCE_DIR=/opt/rustwide/workdir" "-e" "CARGO_TARGET_DIR=/opt/rustwide/target" "-e" "CARGO_INCREMENTAL=0" "-e" "RUST_BACKTRACE=full" "-e" "RUSTFLAGS=--cap-lints=warn" "-e" "RUSTDOCFLAGS=--cap-lints=warn" "-e" "CARGO_HOME=/opt/rustwide/cargo-home" "-e" "RUSTUP_HOME=/opt/rustwide/rustup-home" "-w" "/opt/rustwide/workdir" "-m" "1610612736" "--user" "0:0" "--network" "none" "ghcr.io/rust-lang/crates-build-env/linux@sha256:5ff2268d62e97bff2cde7d5815dd6ed5b47097566f13b8d0ca110b04b60e07ed" "/opt/rustwide/cargo-home/bin/cargo" "+1.69.0" "test" "--frozen" "--no-run" "--message-format=json", kill_on_drop: false }`
[INFO] [stdout] 365a88afbea10c825eea0adb39f7e78d7c6d04c91265bd837f22cb9677fbbae0
[INFO] running `Command { std: "docker" "start" "-a" "365a88afbea10c825eea0adb39f7e78d7c6d04c91265bd837f22cb9677fbbae0", kill_on_drop: false }`
[INFO] [stderr]     Blocking waiting for file lock on package cache
[INFO] [stderr]    Compiling fil_actors_runtime v9.0.1
[INFO] [stderr]    Compiling test-case-macros v2.2.2
[INFO] [stderr]    Compiling test-case v2.2.2
[INFO] [stderr]    Compiling fil_actor_miner v9.0.1 (/opt/rustwide/workdir)
[INFO] [stdout] error[E0432]: unresolved import `fil_actor_account`
[INFO] [stdout]  --> tests/util.rs:3:5
[INFO] [stdout]   |
[INFO] [stdout] 3 | use fil_actor_account::Method as AccountMethod;
[INFO] [stdout]   |     ^^^^^^^^^^^^^^^^^ use of undeclared crate or module `fil_actor_account`
[INFO] [stdout] 
[INFO] [stdout] 
[INFO] [stdout] error[E0432]: unresolved import `fil_actor_market`
[INFO] [stdout]  --> tests/util.rs:4:5
[INFO] [stdout]   |
[INFO] [stdout] 4 | use fil_actor_market::{
[INFO] [stdout]   |     ^^^^^^^^^^^^^^^^ use of undeclared crate or module `fil_actor_market`
[INFO] [stdout]   |
[INFO] [stdout] help: there is a crate or module with a similar name
[INFO] [stdout]   |
[INFO] [stdout] 4 | use fil_actor_miner::{
[INFO] [stdout]   |     ~~~~~~~~~~~~~~~
[INFO] [stdout] 
[INFO] [stdout] 
[INFO] [stdout] error[E0432]: unresolved import `fil_actor_power`
[INFO] [stdout]   --> tests/util.rs:35:5
[INFO] [stdout]    |
[INFO] [stdout] 35 | use fil_actor_power::{
[INFO] [stdout]    |     ^^^^^^^^^^^^^^^ use of undeclared crate or module `fil_actor_power`
[INFO] [stdout]    |
[INFO] [stdout] help: there is a crate or module with a similar name
[INFO] [stdout]    |
[INFO] [stdout] 35 | use fil_actor_miner::{
[INFO] [stdout]    |     ~~~~~~~~~~~~~~~
[INFO] [stdout] 
[INFO] [stdout] 
[INFO] [stdout] error[E0432]: unresolved import `fil_actor_reward`
[INFO] [stdout]   --> tests/util.rs:38:5
[INFO] [stdout]    |
[INFO] [stdout] 38 | use fil_actor_reward::{Method as RewardMethod, ThisEpochRewardReturn};
[INFO] [stdout]    |     ^^^^^^^^^^^^^^^^ use of undeclared crate or module `fil_actor_reward`
[INFO] [stdout]    |
[INFO] [stdout] help: there is a crate or module with a similar name
[INFO] [stdout]    |
[INFO] [stdout] 38 | use fil_actor_miner::{Method as RewardMethod, ThisEpochRewardReturn};
[INFO] [stdout]    |     ~~~~~~~~~~~~~~~
[INFO] [stdout] 
[INFO] [stdout] 
[INFO] [stdout] error[E0432]: unresolved import `fil_actor_account`
[INFO] [stdout]  --> tests/miner_actor_test_construction.rs:4:5
[INFO] [stdout]   |
[INFO] [stdout] 4 | use fil_actor_account::Method as AccountMethod;
[INFO] [stdout]   |     ^^^^^^^^^^^^^^^^^ use of undeclared crate or module `fil_actor_account`
[INFO] [stdout] 
[INFO] [stdout] 
[INFO] [stdout] error[E0432]: unresolved import `fil_actor_account`
[INFO] [stdout]  --> tests/util.rs:3:5
[INFO] [stdout]   |
[INFO] [stdout] 3 | use fil_actor_account::Method as AccountMethod;
[INFO] [stdout]   |     ^^^^^^^^^^^^^^^^^ use of undeclared crate or module `fil_actor_account`
[INFO] [stdout] 
[INFO] [stdout] 
[INFO] [stdout] error[E0432]: unresolved import `fil_actor_market`
[INFO] [stdout]  --> tests/util.rs:4:5
[INFO] [stdout]   |
[INFO] [stdout] 4 | use fil_actor_market::{
[INFO] [stdout]   |     ^^^^^^^^^^^^^^^^ use of undeclared crate or module `fil_actor_market`
[INFO] [stdout]   |
[INFO] [stdout] help: there is a crate or module with a similar name
[INFO] [stdout]   |
[INFO] [stdout] 4 | use fil_actor_miner::{
[INFO] [stdout]   |     ~~~~~~~~~~~~~~~
[INFO] [stdout] 
[INFO] [stdout] 
[INFO] [stdout] error[E0432]: unresolved import `fil_actor_power`
[INFO] [stdout]   --> tests/util.rs:35:5
[INFO] [stdout]    |
[INFO] [stdout] 35 | use fil_actor_power::{
[INFO] [stdout]    |     ^^^^^^^^^^^^^^^ use of undeclared crate or module `fil_actor_power`
[INFO] [stdout]    |
[INFO] [stdout] help: there is a crate or module with a similar name
[INFO] [stdout]    |
[INFO] [stdout] 35 | use fil_actor_miner::{
[INFO] [stdout]    |     ~~~~~~~~~~~~~~~
[INFO] [stdout] 
[INFO] [stdout] 
[INFO] [stdout] error[E0432]: unresolved import `fil_actor_reward`
[INFO] [stdout]   --> tests/util.rs:38:5
[INFO] [stdout]    |
[INFO] [stdout] 38 | use fil_actor_reward::{Method as RewardMethod, ThisEpochRewardReturn};
[INFO] [stdout]    |     ^^^^^^^^^^^^^^^^ use of undeclared crate or module `fil_actor_reward`
[INFO] [stdout]    |
[INFO] [stdout] help: there is a crate or module with a similar name
[INFO] [stdout]    |
[INFO] [stdout] 38 | use fil_actor_miner::{Method as RewardMethod, ThisEpochRewardReturn};
[INFO] [stdout]    |     ~~~~~~~~~~~~~~~
[INFO] [stdout] 
[INFO] [stdout] 
[INFO] [stdout] error[E0432]: unresolved import `fil_actor_market`
[INFO] [stdout]  --> tests/prove_commit.rs:1:5
[INFO] [stdout]   |
[INFO] [stdout] 1 | use fil_actor_market::{DealSpaces, SectorDealData};
[INFO] [stdout]   |     ^^^^^^^^^^^^^^^^ use of undeclared crate or module `fil_actor_market`
[INFO] [stdout]   |
[INFO] [stdout] help: there is a crate or module with a similar name
[INFO] [stdout]   |
[INFO] [stdout] 1 | use fil_actor_miner::{DealSpaces, SectorDealData};
[INFO] [stdout]   |     ~~~~~~~~~~~~~~~
[INFO] [stdout] 
[INFO] [stdout] 
[INFO] [stdout] error[E0432]: unresolved import `fil_actor_account`
[INFO] [stdout]  --> tests/util.rs:3:5
[INFO] [stdout]   |
[INFO] [stdout] 3 | use fil_actor_account::Method as AccountMethod;
[INFO] [stdout]   |     ^^^^^^^^^^^^^^^^^ use of undeclared crate or module `fil_actor_account`
[INFO] [stdout] 
[INFO] [stdout] 
[INFO] [stdout] error[E0432]: unresolved import `fil_actor_market`
[INFO] [stdout]  --> tests/util.rs:4:5
[INFO] [stdout]   |
[INFO] [stdout] 4 | use fil_actor_market::{
[INFO] [stdout]   |     ^^^^^^^^^^^^^^^^ use of undeclared crate or module `fil_actor_market`
[INFO] [stdout]   |
[INFO] [stdout] help: there is a crate or module with a similar name
[INFO] [stdout]   |
[INFO] [stdout] 4 | use fil_actor_miner::{
[INFO] [stdout]   |     ~~~~~~~~~~~~~~~
[INFO] [stdout] 
[INFO] [stdout] 
[INFO] [stdout] error[E0432]: unresolved import `fil_actor_account`
[INFO] [stdout]  --> tests/util.rs:3:5
[INFO] [stdout]   |
[INFO] [stdout] 3 | use fil_actor_account::Method as AccountMethod;
[INFO] [stdout]   |     ^^^^^^^^^^^^^^^^^ use of undeclared crate or module `fil_actor_account`
[INFO] [stdout] 
[INFO] [stdout] 
[INFO] [stdout] error[E0432]: unresolved import `fil_actor_power`
[INFO] [stdout]   --> tests/util.rs:35:5
[INFO] [stdout]    |
[INFO] [stdout] 35 | use fil_actor_power::{
[INFO] [stdout]    |     ^^^^^^^^^^^^^^^ use of undeclared crate or module `fil_actor_power`
[INFO] [stdout]    |
[INFO] [stdout] help: there is a crate or module with a similar name
[INFO] [stdout]    |
[INFO] [stdout] 35 | use fil_actor_miner::{
[INFO] [stdout]    |     ~~~~~~~~~~~~~~~
[INFO] [stdout] 
[INFO] [stdout] 
[INFO] [stdout] error[E0432]: unresolved import `fil_actor_market`
[INFO] [stdout]  --> tests/util.rs:4:5
[INFO] [stdout]   |
[INFO] [stdout] 4 | use fil_actor_market::{
[INFO] [stdout]   |     ^^^^^^^^^^^^^^^^ use of undeclared crate or module `fil_actor_market`
[INFO] [stdout]   |
[INFO] [stdout] help: there is a crate or module with a similar name
[INFO] [stdout]   |
[INFO] [stdout] 4 | use fil_actor_miner::{
[INFO] [stdout]   |     ~~~~~~~~~~~~~~~
[INFO] [stdout] 
[INFO] [stdout] 
[INFO] [stdout] error[E0432]: unresolved import `fil_actor_reward`
[INFO] [stdout]   --> tests/util.rs:38:5
[INFO] [stdout]    |
[INFO] [stdout] 38 | use fil_actor_reward::{Method as RewardMethod, ThisEpochRewardReturn};
[INFO] [stdout]    |     ^^^^^^^^^^^^^^^^ use of undeclared crate or module `fil_actor_reward`
[INFO] [stdout]    |
[INFO] [stdout] help: there is a crate or module with a similar name
[INFO] [stdout]    |
[INFO] [stdout] 38 | use fil_actor_miner::{Method as RewardMethod, ThisEpochRewardReturn};
[INFO] [stdout]    |     ~~~~~~~~~~~~~~~
[INFO] [stdout] 
[INFO] [stdout] 
[INFO] [stdout] error[E0432]: unresolved import `fil_actor_power`
[INFO] [stdout]   --> tests/util.rs:35:5
[INFO] [stdout]    |
[INFO] [stdout] 35 | use fil_actor_power::{
[INFO] [stdout]    |     ^^^^^^^^^^^^^^^ use of undeclared crate or module `fil_actor_power`
[INFO] [stdout]    |
[INFO] [stdout] help: there is a crate or module with a similar name
[INFO] [stdout]    |
[INFO] [stdout] 35 | use fil_actor_miner::{
[INFO] [stdout]    |     ~~~~~~~~~~~~~~~
[INFO] [stdout] 
[INFO] [stdout] 
[INFO] [stdout] error[E0432]: unresolved import `fil_actor_reward`
[INFO] [stdout]   --> tests/util.rs:38:5
[INFO] [stdout]    |
[INFO] [stdout] 38 | use fil_actor_reward::{Method as RewardMethod, ThisEpochRewardReturn};
[INFO] [stdout]    |     ^^^^^^^^^^^^^^^^ use of undeclared crate or module `fil_actor_reward`
[INFO] [stdout]    |
[INFO] [stdout] help: there is a crate or module with a similar name
[INFO] [stdout]    |
[INFO] [stdout] 38 | use fil_actor_miner::{Method as RewardMethod, ThisEpochRewardReturn};
[INFO] [stdout]    |     ~~~~~~~~~~~~~~~
[INFO] [stdout] 
[INFO] [stdout] 
[INFO] [stdout] error[E0432]: unresolved import `fil_actor_account`
[INFO] [stdout]  --> tests/util.rs:3:5
[INFO] [stdout]   |
[INFO] [stdout] 3 | use fil_actor_account::Method as AccountMethod;
[INFO] [stdout]   |     ^^^^^^^^^^^^^^^^^ use of undeclared crate or module `fil_actor_account`
[INFO] [stdout] 
[INFO] [stdout] 
[INFO] [stdout] error[E0432]: unresolved import `fil_actor_market`
[INFO] [stdout]  --> tests/util.rs:4:5
[INFO] [stdout]   |
[INFO] [stdout] 4 | use fil_actor_market::{
[INFO] [stdout]   |     ^^^^^^^^^^^^^^^^ use of undeclared crate or module `fil_actor_market`
[INFO] [stdout]   |
[INFO] [stdout] help: there is a crate or module with a similar name
[INFO] [stdout]   |
[INFO] [stdout] 4 | use fil_actor_miner::{
[INFO] [stdout]   |     ~~~~~~~~~~~~~~~
[INFO] [stdout] 
[INFO] [stdout] 
[INFO] [stdout] error[E0432]: unresolved import `fil_actor_power`
[INFO] [stdout]   --> tests/util.rs:35:5
[INFO] [stdout]    |
[INFO] [stdout] 35 | use fil_actor_power::{
[INFO] [stdout]    |     ^^^^^^^^^^^^^^^ use of undeclared crate or module `fil_actor_power`
[INFO] [stdout]    |
[INFO] [stdout] help: there is a crate or module with a similar name
[INFO] [stdout]    |
[INFO] [stdout] 35 | use fil_actor_miner::{
[INFO] [stdout]    |     ~~~~~~~~~~~~~~~
[INFO] [stdout] 
[INFO] [stdout] 
[INFO] [stdout] error[E0432]: unresolved import `fil_actor_reward`
[INFO] [stdout]   --> tests/util.rs:38:5
[INFO] [stdout]    |
[INFO] [stdout] 38 | use fil_actor_reward::{Method as RewardMethod, ThisEpochRewardReturn};
[INFO] [stdout]    |     ^^^^^^^^^^^^^^^^ use of undeclared crate or module `fil_actor_reward`
[INFO] [stdout]    |
[INFO] [stdout] help: there is a crate or module with a similar name
[INFO] [stdout]    |
[INFO] [stdout] 38 | use fil_actor_miner::{Method as RewardMethod, ThisEpochRewardReturn};
[INFO] [stdout]    |     ~~~~~~~~~~~~~~~
[INFO] [stdout] 
[INFO] [stdout] 
[INFO] [stdout] error[E0432]: unresolved import `fil_actor_account`
[INFO] [stdout]  --> tests/util.rs:3:5
[INFO] [stdout]   |
[INFO] [stdout] 3 | use fil_actor_account::Method as AccountMethod;
[INFO] [stdout]   |     ^^^^^^^^^^^^^^^^^ use of undeclared crate or module `fil_actor_account`
[INFO] [stdout] 
[INFO] [stdout] 
[INFO] [stdout] error[E0432]: unresolved import `fil_actor_market`
[INFO] [stdout]  --> tests/util.rs:4:5
[INFO] [stdout]   |
[INFO] [stdout] 4 | use fil_actor_market::{
[INFO] [stdout]   |     ^^^^^^^^^^^^^^^^ use of undeclared crate or module `fil_actor_market`
[INFO] [stdout]   |
[INFO] [stdout] help: there is a crate or module with a similar name
[INFO] [stdout]   |
[INFO] [stdout] 4 | use fil_actor_miner::{
[INFO] [stdout]   |     ~~~~~~~~~~~~~~~
[INFO] [stdout] 
[INFO] [stdout] 
[INFO] [stdout] error[E0432]: unresolved import `fil_actor_power`
[INFO] [stdout]   --> tests/util.rs:35:5
[INFO] [stdout]    |
[INFO] [stdout] 35 | use fil_actor_power::{
[INFO] [stdout]    |     ^^^^^^^^^^^^^^^ use of undeclared crate or module `fil_actor_power`
[INFO] [stdout]    |
[INFO] [stdout] help: there is a crate or module with a similar name
[INFO] [stdout]    |
[INFO] [stdout] 35 | use fil_actor_miner::{
[INFO] [stdout]    |     ~~~~~~~~~~~~~~~
[INFO] [stdout] 
[INFO] [stdout] 
[INFO] [stdout] error[E0432]: unresolved import `fil_actor_reward`
[INFO] [stdout]   --> tests/util.rs:38:5
[INFO] [stdout]    |
[INFO] [stdout] 38 | use fil_actor_reward::{Method as RewardMethod, ThisEpochRewardReturn};
[INFO] [stdout]    |     ^^^^^^^^^^^^^^^^ use of undeclared crate or module `fil_actor_reward`
[INFO] [stdout]    |
[INFO] [stdout] help: there is a crate or module with a similar name
[INFO] [stdout]    |
[INFO] [stdout] 38 | use fil_actor_miner::{Method as RewardMethod, ThisEpochRewardReturn};
[INFO] [stdout]    |     ~~~~~~~~~~~~~~~
[INFO] [stdout] 
[INFO] [stdout] 
[INFO] [stdout] error: aborting due to 5 previous errors
[INFO] [stdout] 
[INFO] [stdout] 
[INFO] [stdout] For more information about this error, try `rustc --explain E0432`.
[INFO] [stdout] 
[INFO] [stderr] error: could not compile `fil_actor_miner` due to 6 previous errors
[INFO] [stderr] warning: build failed, waiting for other jobs to finish...
[INFO] [stdout] error: aborting due to 4 previous errors
[INFO] [stdout] 
[INFO] [stdout] 
[INFO] [stdout] For more information about this error, try `rustc --explain E0432`.
[INFO] [stdout] 
[INFO] [stderr] error: could not compile `fil_actor_miner` due to 5 previous errors
[INFO] [stdout] error: aborting due to 5 previous errors
[INFO] [stdout] 
[INFO] [stdout] 
[INFO] [stdout] For more information about this error, try `rustc --explain E0432`.
[INFO] [stdout] 
[INFO] [stderr] error: could not compile `fil_actor_miner` due to 6 previous errors
[INFO] [stdout] error: aborting due to 4 previous errors
[INFO] [stdout] 
[INFO] [stdout] 
[INFO] [stdout] For more information about this error, try `rustc --explain E0432`.
[INFO] [stdout] 
[INFO] [stderr] error: could not compile `fil_actor_miner` due to 5 previous errors
[INFO] [stdout] error: aborting due to 4 previous errors
[INFO] [stdout] 
[INFO] [stdout] 
[INFO] [stdout] For more information about this error, try `rustc --explain E0432`.
[INFO] [stdout] 
[INFO] [stderr] error: could not compile `fil_actor_miner` due to 5 previous errors
[INFO] [stdout] error: aborting due to 4 previous errors
[INFO] [stdout] 
[INFO] [stdout] 
[INFO] [stdout] For more information about this error, try `rustc --explain E0432`.
[INFO] [stdout] 
[INFO] [stderr] error: could not compile `fil_actor_miner` due to 5 previous errors
[INFO] running `Command { std: "docker" "inspect" "365a88afbea10c825eea0adb39f7e78d7c6d04c91265bd837f22cb9677fbbae0", kill_on_drop: false }`
[INFO] running `Command { std: "docker" "rm" "-f" "365a88afbea10c825eea0adb39f7e78d7c6d04c91265bd837f22cb9677fbbae0", kill_on_drop: false }`
[INFO] [stdout] 365a88afbea10c825eea0adb39f7e78d7c6d04c91265bd837f22cb9677fbbae0
