[INFO] fetching crate fil_actor_datacap 9.0.1...
[INFO] testing fil_actor_datacap-9.0.1 against 1.69.0 for beta-1.70-1
[INFO] extracting crate fil_actor_datacap 9.0.1 into /workspace/builds/worker-0-tc1/source
[INFO] validating manifest of crates.io crate fil_actor_datacap 9.0.1 on toolchain 1.69.0
[INFO] running `Command { std: CARGO_HOME="/workspace/cargo-home" RUSTUP_HOME="/workspace/rustup-home" "/workspace/cargo-home/bin/cargo" "+1.69.0" "metadata" "--manifest-path" "Cargo.toml" "--no-deps", kill_on_drop: false }`
[INFO] started tweaking crates.io crate fil_actor_datacap 9.0.1
[INFO] finished tweaking crates.io crate fil_actor_datacap 9.0.1
[INFO] tweaked toml for crates.io crate fil_actor_datacap 9.0.1 written to /workspace/builds/worker-0-tc1/source/Cargo.toml
[INFO] running `Command { std: CARGO_HOME="/workspace/cargo-home" RUSTUP_HOME="/workspace/rustup-home" __CARGO_TEST_CHANNEL_OVERRIDE_DO_NOT_USE_THIS="nightly" "/workspace/cargo-home/bin/cargo" "+1.69.0" "generate-lockfile" "--manifest-path" "Cargo.toml" "-Zno-index-update", kill_on_drop: false }`
[INFO] running `Command { std: CARGO_HOME="/workspace/cargo-home" RUSTUP_HOME="/workspace/rustup-home" "/workspace/cargo-home/bin/cargo" "+1.69.0" "fetch" "--manifest-path" "Cargo.toml", kill_on_drop: false }`
[INFO] [stderr]     Blocking waiting for file lock on package cache
[INFO] [stderr]  Downloading crates ...
[INFO] [stderr]   Downloaded fvm_ipld_blockstore v0.1.1
[INFO] [stderr]   Downloaded data-encoding-macro-internal v0.1.10
[INFO] [stderr]   Downloaded multihash v0.16.3
[INFO] [stderr]   Downloaded fvm_ipld_hamt v0.5.1
[INFO] [stderr]   Downloaded cs_serde_bytes v0.12.2
[INFO] [stderr]   Downloaded multibase v0.9.1
[INFO] [stderr]   Downloaded data-encoding-macro v0.1.12
[INFO] [stderr]   Downloaded cid v0.8.6
[INFO] [stderr]   Downloaded forest_hash_utils v0.1.0
[INFO] [stderr]   Downloaded fvm_ipld_encoding v0.3.3
[INFO] [stderr]   Downloaded frc42_macros v1.2.0
[INFO] [stderr]   Downloaded libipld-core v0.13.1
[INFO] [stderr]   Downloaded cbor4ii v0.2.14
[INFO] [stderr]   Downloaded frc42_hasher v1.5.0
[INFO] [stderr]   Downloaded fvm_ipld_bitfield v0.5.4
[INFO] [stderr]   Downloaded core2 v0.4.0
[INFO] [stderr]   Downloaded fvm_shared v2.3.0
[INFO] [stderr]   Downloaded fil_actors_runtime v9.0.1
[INFO] [stderr]   Downloaded frc42_dispatch v1.1.0
[INFO] [stderr]   Downloaded multihash-derive v0.8.1
[INFO] [stderr]   Downloaded fvm_ipld_amt v0.4.2
[INFO] [stderr]   Downloaded fvm_sdk v2.0.0
[INFO] [stderr]   Downloaded serde_ipld_dagcbor v0.2.2
[INFO] [stderr]   Downloaded serde_repr v0.1.12
[INFO] [stderr]   Downloaded fvm_sdk v3.2.0
[INFO] [stderr]   Downloaded fvm_shared v3.2.0
[INFO] [stderr]   Downloaded fvm_ipld_encoding v0.2.3
[INFO] [stderr]   Downloaded fvm_actor_utils v0.1.0
[INFO] [stderr]   Downloaded frc46_token v1.1.0
[INFO] running `Command { std: "docker" "create" "-v" "/var/lib/crater-agent-workspace/builds/worker-0-tc1/target:/opt/rustwide/target:rw,Z" "-v" "/var/lib/crater-agent-workspace/builds/worker-0-tc1/source:/opt/rustwide/workdir:ro,Z" "-v" "/var/lib/crater-agent-workspace/cargo-home:/opt/rustwide/cargo-home:ro,Z" "-v" "/var/lib/crater-agent-workspace/rustup-home:/opt/rustwide/rustup-home:ro,Z" "-e" "SOURCE_DIR=/opt/rustwide/workdir" "-e" "CARGO_TARGET_DIR=/opt/rustwide/target" "-e" "CARGO_HOME=/opt/rustwide/cargo-home" "-e" "RUSTUP_HOME=/opt/rustwide/rustup-home" "-w" "/opt/rustwide/workdir" "-m" "1610612736" "--user" "0:0" "--network" "none" "ghcr.io/rust-lang/crates-build-env/linux@sha256:5ff2268d62e97bff2cde7d5815dd6ed5b47097566f13b8d0ca110b04b60e07ed" "/opt/rustwide/cargo-home/bin/cargo" "+1.69.0" "metadata" "--no-deps" "--format-version=1", kill_on_drop: false }`
[INFO] [stdout] 82e82f54d4193cbb77dc2f48842bdc9e8fd74b3b1266d70f3fc305b9669909c0
[INFO] running `Command { std: "docker" "start" "-a" "82e82f54d4193cbb77dc2f48842bdc9e8fd74b3b1266d70f3fc305b9669909c0", kill_on_drop: false }`
[INFO] running `Command { std: "docker" "inspect" "82e82f54d4193cbb77dc2f48842bdc9e8fd74b3b1266d70f3fc305b9669909c0", kill_on_drop: false }`
[INFO] running `Command { std: "docker" "rm" "-f" "82e82f54d4193cbb77dc2f48842bdc9e8fd74b3b1266d70f3fc305b9669909c0", kill_on_drop: false }`
[INFO] [stdout] 82e82f54d4193cbb77dc2f48842bdc9e8fd74b3b1266d70f3fc305b9669909c0
[INFO] running `Command { std: "docker" "create" "-v" "/var/lib/crater-agent-workspace/builds/worker-0-tc1/target:/opt/rustwide/target:rw,Z" "-v" "/var/lib/crater-agent-workspace/builds/worker-0-tc1/source:/opt/rustwide/workdir:ro,Z" "-v" "/var/lib/crater-agent-workspace/cargo-home:/opt/rustwide/cargo-home:ro,Z" "-v" "/var/lib/crater-agent-workspace/rustup-home:/opt/rustwide/rustup-home:ro,Z" "-e" "SOURCE_DIR=/opt/rustwide/workdir" "-e" "CARGO_TARGET_DIR=/opt/rustwide/target" "-e" "CARGO_INCREMENTAL=0" "-e" "RUST_BACKTRACE=full" "-e" "RUSTFLAGS=--cap-lints=warn" "-e" "RUSTDOCFLAGS=--cap-lints=warn" "-e" "CARGO_HOME=/opt/rustwide/cargo-home" "-e" "RUSTUP_HOME=/opt/rustwide/rustup-home" "-w" "/opt/rustwide/workdir" "-m" "1610612736" "--user" "0:0" "--network" "none" "ghcr.io/rust-lang/crates-build-env/linux@sha256:5ff2268d62e97bff2cde7d5815dd6ed5b47097566f13b8d0ca110b04b60e07ed" "/opt/rustwide/cargo-home/bin/cargo" "+1.69.0" "build" "--frozen" "--message-format=json", kill_on_drop: false }`
[INFO] [stdout] b4be0aa052a623619c8fe11a12f6c088d7525997bc47ea633f20bec0c73852c3
[INFO] running `Command { std: "docker" "start" "-a" "b4be0aa052a623619c8fe11a12f6c088d7525997bc47ea633f20bec0c73852c3", kill_on_drop: false }`
[INFO] [stderr]    Compiling serde v1.0.160
[INFO] [stderr]    Compiling cpufeatures v0.2.7
[INFO] [stderr]    Compiling arrayref v0.3.7
[INFO] [stderr]    Compiling data-encoding v2.3.3
[INFO] [stderr]    Compiling arrayvec v0.7.2
[INFO] [stderr]    Compiling generic-array v0.14.7
[INFO] [stderr]    Compiling constant_time_eq v0.2.5
[INFO] [stderr]    Compiling unsigned-varint v0.7.1
[INFO] [stderr]    Compiling base-x v0.2.11
[INFO] [stderr]    Compiling anyhow v1.0.71
[INFO] [stderr]    Compiling syn v2.0.15
[INFO] [stderr]    Compiling proc-macro-error-attr v1.0.4
[INFO] [stderr]    Compiling synstructure v0.12.6
[INFO] [stderr]    Compiling serde_tuple_macros v0.5.0
[INFO] [stderr]    Compiling core2 v0.4.0
[INFO] [stderr]    Compiling num-integer v0.1.45
[INFO] [stderr]    Compiling num-bigint v0.4.3
[INFO] [stderr]    Compiling memchr v2.5.0
[INFO] [stderr]    Compiling num-derive v0.3.3
[INFO] [stderr]    Compiling getrandom v0.2.9
[INFO] [stderr]    Compiling either v1.8.1
[INFO] [stderr]    Compiling rand_core v0.6.4
[INFO] [stderr]    Compiling ahash v0.7.6
[INFO] [stderr]    Compiling blake2b_simd v1.0.1
[INFO] [stderr]    Compiling itertools v0.10.5
[INFO] [stderr]    Compiling indexmap v1.9.3
[INFO] [stderr]    Compiling proc-macro-error v1.0.4
[INFO] [stderr]    Compiling ppv-lite86 v0.2.17
[INFO] [stderr]    Compiling paste v1.0.12
[INFO] [stderr]    Compiling integer-encoding v3.0.4
[INFO] [stderr]    Compiling fil_actors_runtime v9.0.1
[INFO] [stderr]    Compiling rand_chacha v0.3.1
[INFO] [stderr]    Compiling crypto-common v0.1.6
[INFO] [stderr]    Compiling block-buffer v0.10.4
[INFO] [stderr]    Compiling rand v0.8.5
[INFO] [stderr]    Compiling digest v0.10.6
[INFO] [stderr]    Compiling sha3 v0.10.7
[INFO] [stderr]    Compiling ripemd v0.1.3
[INFO] [stderr]    Compiling sha2 v0.10.6
[INFO] [stderr]    Compiling data-encoding-macro-internal v0.1.10
[INFO] [stderr]    Compiling data-encoding-macro v0.1.12
[INFO] [stderr]    Compiling multibase v0.9.1
[INFO] [stderr]    Compiling serde_derive v1.0.160
[INFO] [stderr]    Compiling thiserror-impl v1.0.40
[INFO] [stderr]    Compiling serde_repr v0.1.12
[INFO] [stderr]    Compiling thiserror v1.0.40
[INFO] [stderr]    Compiling toml v0.5.11
[INFO] [stderr]    Compiling serde-big-array v0.3.3
[INFO] [stderr]    Compiling serde_bytes v0.11.9
[INFO] [stderr]    Compiling cbor4ii v0.2.14
[INFO] [stderr]    Compiling serde_tuple v0.5.0
[INFO] [stderr]    Compiling cs_serde_bytes v0.12.2
[INFO] [stderr]    Compiling forest_hash_utils v0.1.0
[INFO] [stderr]    Compiling proc-macro-crate v1.1.3
[INFO] [stderr]    Compiling multihash-derive v0.8.1
[INFO] [stderr]    Compiling multihash v0.16.3
[INFO] [stderr]    Compiling cid v0.8.6
[INFO] [stderr]    Compiling fvm_ipld_blockstore v0.1.1
[INFO] [stderr]    Compiling serde_ipld_dagcbor v0.2.2
[INFO] [stderr]    Compiling libipld-core v0.13.1
[INFO] [stderr]    Compiling fvm_ipld_encoding v0.2.3
[INFO] [stderr]    Compiling fvm_ipld_encoding v0.3.3
[INFO] [stderr]    Compiling fvm_shared v2.3.0
[INFO] [stderr]    Compiling fvm_ipld_amt v0.4.2
[INFO] [stderr]    Compiling fvm_ipld_hamt v0.5.1
[INFO] [stderr]    Compiling fvm_shared v3.2.0
[INFO] [stderr]    Compiling fvm_ipld_bitfield v0.5.4
[INFO] [stderr]    Compiling fvm_sdk v2.0.0
[INFO] [stderr]    Compiling fvm_sdk v3.2.0
[INFO] [stderr]    Compiling frc42_hasher v1.5.0
[INFO] [stderr]    Compiling frc42_macros v1.2.0
[INFO] [stderr]    Compiling frc42_dispatch v1.1.0
[INFO] [stderr]    Compiling fvm_actor_utils v0.1.0
[INFO] [stderr]    Compiling frc46_token v1.1.0
[INFO] [stderr]    Compiling fil_actor_datacap v9.0.1 (/opt/rustwide/workdir)
[INFO] [stderr]     Finished dev [unoptimized + debuginfo] target(s) in 20.13s
[INFO] running `Command { std: "docker" "inspect" "b4be0aa052a623619c8fe11a12f6c088d7525997bc47ea633f20bec0c73852c3", kill_on_drop: false }`
[INFO] running `Command { std: "docker" "rm" "-f" "b4be0aa052a623619c8fe11a12f6c088d7525997bc47ea633f20bec0c73852c3", kill_on_drop: false }`
[INFO] [stdout] b4be0aa052a623619c8fe11a12f6c088d7525997bc47ea633f20bec0c73852c3
[INFO] running `Command { std: "docker" "create" "-v" "/var/lib/crater-agent-workspace/builds/worker-0-tc1/target:/opt/rustwide/target:rw,Z" "-v" "/var/lib/crater-agent-workspace/builds/worker-0-tc1/source:/opt/rustwide/workdir:ro,Z" "-v" "/var/lib/crater-agent-workspace/cargo-home:/opt/rustwide/cargo-home:ro,Z" "-v" "/var/lib/crater-agent-workspace/rustup-home:/opt/rustwide/rustup-home:ro,Z" "-e" "SOURCE_DIR=/opt/rustwide/workdir" "-e" "CARGO_TARGET_DIR=/opt/rustwide/target" "-e" "CARGO_INCREMENTAL=0" "-e" "RUST_BACKTRACE=full" "-e" "RUSTFLAGS=--cap-lints=warn" "-e" "RUSTDOCFLAGS=--cap-lints=warn" "-e" "CARGO_HOME=/opt/rustwide/cargo-home" "-e" "RUSTUP_HOME=/opt/rustwide/rustup-home" "-w" "/opt/rustwide/workdir" "-m" "1610612736" "--user" "0:0" "--network" "none" "ghcr.io/rust-lang/crates-build-env/linux@sha256:5ff2268d62e97bff2cde7d5815dd6ed5b47097566f13b8d0ca110b04b60e07ed" "/opt/rustwide/cargo-home/bin/cargo" "+1.69.0" "test" "--frozen" "--no-run" "--message-format=json", kill_on_drop: false }`
[INFO] [stdout] 01c8d5d07f6a1ad1b880621cc09446c8dc9e649fd67be86da5e88686b594723d
[INFO] running `Command { std: "docker" "start" "-a" "01c8d5d07f6a1ad1b880621cc09446c8dc9e649fd67be86da5e88686b594723d", kill_on_drop: false }`
[INFO] [stderr]    Compiling fil_actor_datacap v9.0.1 (/opt/rustwide/workdir)
[INFO] [stdout] error[E0432]: unresolved import `fil_actors_runtime::test_utils`
[INFO] [stdout]  --> tests/datacap_actor_test.rs:4:25
[INFO] [stdout]   |
[INFO] [stdout] 4 | use fil_actors_runtime::test_utils::MockRuntime;
[INFO] [stdout]   |                         ^^^^^^^^^^ could not find `test_utils` in `fil_actors_runtime`
[INFO] [stdout] 
[INFO] [stdout] 
[INFO] [stdout] error[E0432]: unresolved import `fil_actors_runtime::test_utils`
[INFO] [stdout]   --> tests/harness/mod.rs:14:25
[INFO] [stdout]    |
[INFO] [stdout] 14 | use fil_actors_runtime::test_utils::*;
[INFO] [stdout]    |                         ^^^^^^^^^^ could not find `test_utils` in `fil_actors_runtime`
[INFO] [stdout] 
[INFO] [stdout] 
[INFO] [stdout] error[E0432]: unresolved import `fil_actors_runtime::test_utils`
[INFO] [stdout]   --> tests/datacap_actor_test.rs:37:29
[INFO] [stdout]    |
[INFO] [stdout] 37 |     use fil_actors_runtime::test_utils::{expect_abort_contains_message, MARKET_ACTOR_CODE_ID};
[INFO] [stdout]    |                             ^^^^^^^^^^ could not find `test_utils` in `fil_actors_runtime`
[INFO] [stdout] 
[INFO] [stdout] 
[INFO] [stdout] error[E0432]: unresolved import `fil_actors_runtime::test_utils`
[INFO] [stdout]   --> tests/datacap_actor_test.rs:96:29
[INFO] [stdout]    |
[INFO] [stdout] 96 |     use fil_actors_runtime::test_utils::expect_abort_contains_message;
[INFO] [stdout]    |                             ^^^^^^^^^^ could not find `test_utils` in `fil_actors_runtime`
[INFO] [stdout] 
[INFO] [stdout] 
[INFO] [stdout] error[E0412]: cannot find type `MockRuntime` in this scope
[INFO] [stdout]   --> tests/harness/mod.rs:19:25
[INFO] [stdout]    |
[INFO] [stdout] 19 | pub fn new_runtime() -> MockRuntime {
[INFO] [stdout]    |                         ^^^^^^^^^^^ not found in this scope
[INFO] [stdout] 
[INFO] [stdout] 
[INFO] [stdout] error[E0422]: cannot find struct, variant or union type `MockRuntime` in this scope
[INFO] [stdout]   --> tests/harness/mod.rs:20:5
[INFO] [stdout]    |
[INFO] [stdout] 20 |     MockRuntime {
[INFO] [stdout]    |     ^^^^^^^^^^^ not found in this scope
[INFO] [stdout] 
[INFO] [stdout] 
[INFO] [stdout] error[E0425]: cannot find value `SYSTEM_ACTOR_CODE_ID` in this scope
[INFO] [stdout]   --> tests/harness/mod.rs:23:23
[INFO] [stdout]    |
[INFO] [stdout] 23 |           caller_type: *SYSTEM_ACTOR_CODE_ID,
[INFO] [stdout]    |                         ^^^^^^^^^^^^^^^^^^^^ help: a constant with a similar name exists: `SYSTEM_ACTOR_ADDR`
[INFO] [stdout]    |
[INFO] [stdout]   ::: /opt/rustwide/cargo-home/registry/src/github.com-1ecc6299db9ec823/fil_actors_runtime-9.0.1/src/builtin/singletons.rs:19:1
[INFO] [stdout]    |
[INFO] [stdout] 19 | / define_singletons! {
[INFO] [stdout] 20 | |     SYSTEM_ACTOR = 0,
[INFO] [stdout] 21 | |     INIT_ACTOR = 1,
[INFO] [stdout] 22 | |     REWARD_ACTOR = 2,
[INFO] [stdout] ...  |
[INFO] [stdout] 29 | |     BURNT_FUNDS_ACTOR = 99,
[INFO] [stdout] 30 | | }
[INFO] [stdout]    | |_- similarly named constant `SYSTEM_ACTOR_ADDR` defined here
[INFO] [stdout] 
[INFO] [stdout] 
[INFO] [stdout] error[E0412]: cannot find type `MockRuntime` in this scope
[INFO] [stdout]   --> tests/harness/mod.rs:29:35
[INFO] [stdout]    |
[INFO] [stdout] 29 | pub fn new_harness() -> (Harness, MockRuntime) {
[INFO] [stdout]    |                                   ^^^^^^^^^^^ not found in this scope
[INFO] [stdout] 
[INFO] [stdout] 
[INFO] [stdout] error[E0412]: cannot find type `MockRuntime` in this scope
[INFO] [stdout]   --> tests/harness/mod.rs:41:49
[INFO] [stdout]    |
[INFO] [stdout] 41 |     pub fn construct_and_verify(&self, rt: &mut MockRuntime, registry: &Address) {
[INFO] [stdout]    |                                                 ^^^^^^^^^^^ not found in this scope
[INFO] [stdout] 
[INFO] [stdout] 
[INFO] [stdout] error[E0412]: cannot find type `MockRuntime` in this scope
[INFO] [stdout]   --> tests/harness/mod.rs:59:18
[INFO] [stdout]    |
[INFO] [stdout] 59 |         rt: &mut MockRuntime,
[INFO] [stdout]    |                  ^^^^^^^^^^^ not found in this scope
[INFO] [stdout] 
[INFO] [stdout] 
[INFO] [stdout] error[E0425]: cannot find value `VERIFREG_ACTOR_CODE_ID` in this scope
[INFO] [stdout]   --> tests/harness/mod.rs:92:24
[INFO] [stdout]    |
[INFO] [stdout] 92 |         rt.set_caller(*VERIFREG_ACTOR_CODE_ID, VERIFIED_REGISTRY_ACTOR_ADDR);
[INFO] [stdout]    |                        ^^^^^^^^^^^^^^^^^^^^^^ not found in this scope
[INFO] [stdout] 
[INFO] [stdout] 
[INFO] [stdout] error[E0412]: cannot find type `MockRuntime` in this scope
[INFO] [stdout]    --> tests/harness/mod.rs:102:18
[INFO] [stdout]     |
[INFO] [stdout] 102 |         rt: &mut MockRuntime,
[INFO] [stdout]     |                  ^^^^^^^^^^^ not found in this scope
[INFO] [stdout] 
[INFO] [stdout] 
[INFO] [stdout] error[E0425]: cannot find value `ACCOUNT_ACTOR_CODE_ID` in this scope
[INFO] [stdout]    --> tests/harness/mod.rs:109:24
[INFO] [stdout]     |
[INFO] [stdout] 109 |         rt.set_caller(*ACCOUNT_ACTOR_CODE_ID, *from);
[INFO] [stdout]     |                        ^^^^^^^^^^^^^^^^^^^^^ not found in this scope
[INFO] [stdout] 
[INFO] [stdout] 
[INFO] [stdout] error[E0412]: cannot find type `MockRuntime` in this scope
[INFO] [stdout]    --> tests/harness/mod.rs:145:35
[INFO] [stdout]     |
[INFO] [stdout] 145 |     pub fn get_supply(&self, rt: &MockRuntime) -> TokenAmount {
[INFO] [stdout]     |                                   ^^^^^^^^^^^ not found in this scope
[INFO] [stdout] 
[INFO] [stdout] 
[INFO] [stdout] error[E0412]: cannot find type `MockRuntime` in this scope
[INFO] [stdout]    --> tests/harness/mod.rs:150:36
[INFO] [stdout]     |
[INFO] [stdout] 150 |     pub fn get_balance(&self, rt: &MockRuntime, address: &Address) -> TokenAmount {
[INFO] [stdout]     |                                    ^^^^^^^^^^^ not found in this scope
[INFO] [stdout] 
[INFO] [stdout] 
[INFO] [stdout] error[E0412]: cannot find type `MockRuntime` in this scope
[INFO] [stdout]    --> tests/harness/mod.rs:154:36
[INFO] [stdout]     |
[INFO] [stdout] 154 |     pub fn check_state(&self, rt: &MockRuntime) {
[INFO] [stdout]     |                                    ^^^^^^^^^^^ not found in this scope
[INFO] [stdout] 
[INFO] [stdout] 
[INFO] [stdout] warning: unused import: `fil_actors_runtime::runtime::Runtime`
[INFO] [stdout]   --> tests/harness/mod.rs:13:5
[INFO] [stdout]    |
[INFO] [stdout] 13 | use fil_actors_runtime::runtime::Runtime;
[INFO] [stdout]    |     ^^^^^^^^^^^^^^^^^^^^^^^^^^^^^^^^^^^^
[INFO] [stdout]    |
[INFO] [stdout]    = note: `#[warn(unused_imports)]` on by default
[INFO] [stdout] 
[INFO] [stdout] 
[INFO] [stdout] error: aborting due to 16 previous errors; 1 warning emitted
[INFO] [stdout] 
[INFO] [stdout] 
[INFO] [stdout] Some errors have detailed explanations: E0412, E0422, E0425, E0432.
[INFO] [stdout] 
[INFO] [stdout] For more information about an error, try `rustc --explain E0412`.
[INFO] [stdout] 
[INFO] [stderr] error: could not compile `fil_actor_datacap` due to 17 previous errors; 1 warning emitted
[INFO] [stderr] warning: build failed, waiting for other jobs to finish...
[INFO] running `Command { std: "docker" "inspect" "01c8d5d07f6a1ad1b880621cc09446c8dc9e649fd67be86da5e88686b594723d", kill_on_drop: false }`
[INFO] running `Command { std: "docker" "rm" "-f" "01c8d5d07f6a1ad1b880621cc09446c8dc9e649fd67be86da5e88686b594723d", kill_on_drop: false }`
[INFO] [stdout] 01c8d5d07f6a1ad1b880621cc09446c8dc9e649fd67be86da5e88686b594723d
