[INFO] fetching crate fidget 0.1.4...
[INFO] testing fidget-0.1.4 against 1.69.0 for beta-1.70-1
[INFO] extracting crate fidget 0.1.4 into /workspace/builds/worker-7-tc1/source
[INFO] validating manifest of crates.io crate fidget 0.1.4 on toolchain 1.69.0
[INFO] running `Command { std: CARGO_HOME="/workspace/cargo-home" RUSTUP_HOME="/workspace/rustup-home" "/workspace/cargo-home/bin/cargo" "+1.69.0" "metadata" "--manifest-path" "Cargo.toml" "--no-deps", kill_on_drop: false }`
[INFO] started tweaking crates.io crate fidget 0.1.4
[INFO] finished tweaking crates.io crate fidget 0.1.4
[INFO] tweaked toml for crates.io crate fidget 0.1.4 written to /workspace/builds/worker-7-tc1/source/Cargo.toml
[INFO] running `Command { std: CARGO_HOME="/workspace/cargo-home" RUSTUP_HOME="/workspace/rustup-home" __CARGO_TEST_CHANNEL_OVERRIDE_DO_NOT_USE_THIS="nightly" "/workspace/cargo-home/bin/cargo" "+1.69.0" "generate-lockfile" "--manifest-path" "Cargo.toml" "-Zno-index-update", kill_on_drop: false }`
[INFO] running `Command { std: CARGO_HOME="/workspace/cargo-home" RUSTUP_HOME="/workspace/rustup-home" "/workspace/cargo-home/bin/cargo" "+1.69.0" "fetch" "--manifest-path" "Cargo.toml", kill_on_drop: false }`
[INFO] [stderr]  Downloading crates ...
[INFO] [stderr]   Downloaded ordered-float v3.7.0
[INFO] [stderr]   Downloaded litrs v0.2.3
[INFO] [stderr]   Downloaded document-features v0.2.7
[INFO] [stderr]   Downloaded dynasm v2.0.0
[INFO] [stderr]   Downloaded dynasmrt v2.0.0
[INFO] running `Command { std: "docker" "create" "-v" "/var/lib/crater-agent-workspace/builds/worker-7-tc1/target:/opt/rustwide/target:rw,Z" "-v" "/var/lib/crater-agent-workspace/builds/worker-7-tc1/source:/opt/rustwide/workdir:ro,Z" "-v" "/var/lib/crater-agent-workspace/cargo-home:/opt/rustwide/cargo-home:ro,Z" "-v" "/var/lib/crater-agent-workspace/rustup-home:/opt/rustwide/rustup-home:ro,Z" "-e" "SOURCE_DIR=/opt/rustwide/workdir" "-e" "CARGO_TARGET_DIR=/opt/rustwide/target" "-e" "CARGO_HOME=/opt/rustwide/cargo-home" "-e" "RUSTUP_HOME=/opt/rustwide/rustup-home" "-w" "/opt/rustwide/workdir" "-m" "1610612736" "--user" "0:0" "--network" "none" "ghcr.io/rust-lang/crates-build-env/linux@sha256:5ff2268d62e97bff2cde7d5815dd6ed5b47097566f13b8d0ca110b04b60e07ed" "/opt/rustwide/cargo-home/bin/cargo" "+1.69.0" "metadata" "--no-deps" "--format-version=1", kill_on_drop: false }`
[INFO] [stdout] 75bc9ad82ecbf48f6034c64e6fd9c3468e1a1f30c9a9fdb9dc80fcdcba62bcda
[INFO] running `Command { std: "docker" "start" "-a" "75bc9ad82ecbf48f6034c64e6fd9c3468e1a1f30c9a9fdb9dc80fcdcba62bcda", kill_on_drop: false }`
[INFO] running `Command { std: "docker" "inspect" "75bc9ad82ecbf48f6034c64e6fd9c3468e1a1f30c9a9fdb9dc80fcdcba62bcda", kill_on_drop: false }`
[INFO] running `Command { std: "docker" "rm" "-f" "75bc9ad82ecbf48f6034c64e6fd9c3468e1a1f30c9a9fdb9dc80fcdcba62bcda", kill_on_drop: false }`
[INFO] [stdout] 75bc9ad82ecbf48f6034c64e6fd9c3468e1a1f30c9a9fdb9dc80fcdcba62bcda
[INFO] running `Command { std: "docker" "create" "-v" "/var/lib/crater-agent-workspace/builds/worker-7-tc1/target:/opt/rustwide/target:rw,Z" "-v" "/var/lib/crater-agent-workspace/builds/worker-7-tc1/source:/opt/rustwide/workdir:ro,Z" "-v" "/var/lib/crater-agent-workspace/cargo-home:/opt/rustwide/cargo-home:ro,Z" "-v" "/var/lib/crater-agent-workspace/rustup-home:/opt/rustwide/rustup-home:ro,Z" "-e" "SOURCE_DIR=/opt/rustwide/workdir" "-e" "CARGO_TARGET_DIR=/opt/rustwide/target" "-e" "CARGO_INCREMENTAL=0" "-e" "RUST_BACKTRACE=full" "-e" "RUSTFLAGS=--cap-lints=warn" "-e" "RUSTDOCFLAGS=--cap-lints=warn" "-e" "CARGO_HOME=/opt/rustwide/cargo-home" "-e" "RUSTUP_HOME=/opt/rustwide/rustup-home" "-w" "/opt/rustwide/workdir" "-m" "1610612736" "--user" "0:0" "--network" "none" "ghcr.io/rust-lang/crates-build-env/linux@sha256:5ff2268d62e97bff2cde7d5815dd6ed5b47097566f13b8d0ca110b04b60e07ed" "/opt/rustwide/cargo-home/bin/cargo" "+1.69.0" "build" "--frozen" "--message-format=json", kill_on_drop: false }`
[INFO] [stdout] 8d1c72323c3d875a51a4535a9d46ebd70f3dc4cb215c667ee1a8617d319a85a7
[INFO] running `Command { std: "docker" "start" "-a" "8d1c72323c3d875a51a4535a9d46ebd70f3dc4cb215c667ee1a8617d319a85a7", kill_on_drop: false }`
[INFO] [stderr]    Compiling num-traits v0.2.15
[INFO] [stderr]    Compiling crunchy v0.2.2
[INFO] [stderr]    Compiling libc v0.2.142
[INFO] [stderr]    Compiling tiny-keccak v2.0.2
[INFO] [stderr]    Compiling num-integer v0.1.45
[INFO] [stderr]    Compiling once_cell v1.17.1
[INFO] [stderr]    Compiling bytemuck v1.13.1
[INFO] [stderr]    Compiling paste v1.0.12
[INFO] [stderr]    Compiling ahash v0.8.3
[INFO] [stderr]    Compiling smartstring v1.0.1
[INFO] [stderr]    Compiling num-rational v0.4.1
[INFO] [stderr]    Compiling matrixmultiply v0.3.4
[INFO] [stderr]    Compiling getrandom v0.2.9
[INFO] [stderr]    Compiling proc-macro-error v1.0.4
[INFO] [stderr]    Compiling bitflags v1.3.2
[INFO] [stderr]    Compiling lazy_static v1.4.0
[INFO] [stderr]    Compiling rawpointer v0.2.1
[INFO] [stderr]    Compiling thiserror-impl v1.0.40
[INFO] [stderr]    Compiling nalgebra-macros v0.1.0
[INFO] [stderr]    Compiling safe_arch v0.6.0
[INFO] [stderr]    Compiling rhai_codegen v1.5.0
[INFO] [stderr]    Compiling memmap2 v0.5.10
[INFO] [stderr]    Compiling smallvec v1.10.0
[INFO] [stderr]    Compiling fidget v0.1.4 (/opt/rustwide/workdir)
[INFO] [stderr]    Compiling litrs v0.2.3
[INFO] [stderr]    Compiling num-derive v0.3.3
[INFO] [stderr]    Compiling dynasm v2.0.0
[INFO] [stderr]    Compiling arrayvec v0.7.2
[INFO] [stderr]    Compiling wide v0.7.8
[INFO] [stderr]    Compiling document-features v0.2.7
[INFO] [stderr]    Compiling const-random-macro v0.1.15
[INFO] [stderr]    Compiling thiserror v1.0.40
[INFO] [stderr]    Compiling num-complex v0.4.3
[INFO] [stderr]    Compiling approx v0.5.1
[INFO] [stderr]    Compiling ordered-float v3.7.0
[INFO] [stderr]    Compiling const-random v0.1.15
[INFO] [stderr]    Compiling rhai v1.13.0
[INFO] [stderr]    Compiling simba v0.7.3
[INFO] [stderr]    Compiling dynasmrt v2.0.0
[INFO] [stderr]    Compiling nalgebra v0.31.4
[INFO] [stderr]     Finished dev [unoptimized + debuginfo] target(s) in 18.18s
[INFO] running `Command { std: "docker" "inspect" "8d1c72323c3d875a51a4535a9d46ebd70f3dc4cb215c667ee1a8617d319a85a7", kill_on_drop: false }`
[INFO] running `Command { std: "docker" "rm" "-f" "8d1c72323c3d875a51a4535a9d46ebd70f3dc4cb215c667ee1a8617d319a85a7", kill_on_drop: false }`
[INFO] [stdout] 8d1c72323c3d875a51a4535a9d46ebd70f3dc4cb215c667ee1a8617d319a85a7
[INFO] running `Command { std: "docker" "create" "-v" "/var/lib/crater-agent-workspace/builds/worker-7-tc1/target:/opt/rustwide/target:rw,Z" "-v" "/var/lib/crater-agent-workspace/builds/worker-7-tc1/source:/opt/rustwide/workdir:ro,Z" "-v" "/var/lib/crater-agent-workspace/cargo-home:/opt/rustwide/cargo-home:ro,Z" "-v" "/var/lib/crater-agent-workspace/rustup-home:/opt/rustwide/rustup-home:ro,Z" "-e" "SOURCE_DIR=/opt/rustwide/workdir" "-e" "CARGO_TARGET_DIR=/opt/rustwide/target" "-e" "CARGO_INCREMENTAL=0" "-e" "RUST_BACKTRACE=full" "-e" "RUSTFLAGS=--cap-lints=warn" "-e" "RUSTDOCFLAGS=--cap-lints=warn" "-e" "CARGO_HOME=/opt/rustwide/cargo-home" "-e" "RUSTUP_HOME=/opt/rustwide/rustup-home" "-w" "/opt/rustwide/workdir" "-m" "1610612736" "--user" "0:0" "--network" "none" "ghcr.io/rust-lang/crates-build-env/linux@sha256:5ff2268d62e97bff2cde7d5815dd6ed5b47097566f13b8d0ca110b04b60e07ed" "/opt/rustwide/cargo-home/bin/cargo" "+1.69.0" "test" "--frozen" "--no-run" "--message-format=json", kill_on_drop: false }`
[INFO] [stdout] db4e1d048db030425409a2051a4fcff2063af933ce09025b05e696ba7bc05663
[INFO] running `Command { std: "docker" "start" "-a" "db4e1d048db030425409a2051a4fcff2063af933ce09025b05e696ba7bc05663", kill_on_drop: false }`
[INFO] [stderr]    Compiling fidget v0.1.4 (/opt/rustwide/workdir)
[INFO] [stderr]     Finished test [unoptimized + debuginfo] target(s) in 6.18s
[INFO] running `Command { std: "docker" "inspect" "db4e1d048db030425409a2051a4fcff2063af933ce09025b05e696ba7bc05663", kill_on_drop: false }`
[INFO] running `Command { std: "docker" "rm" "-f" "db4e1d048db030425409a2051a4fcff2063af933ce09025b05e696ba7bc05663", kill_on_drop: false }`
[INFO] [stdout] db4e1d048db030425409a2051a4fcff2063af933ce09025b05e696ba7bc05663
[INFO] running `Command { std: "docker" "create" "-v" "/var/lib/crater-agent-workspace/builds/worker-7-tc1/target:/opt/rustwide/target:rw,Z" "-v" "/var/lib/crater-agent-workspace/builds/worker-7-tc1/source:/opt/rustwide/workdir:ro,Z" "-v" "/var/lib/crater-agent-workspace/cargo-home:/opt/rustwide/cargo-home:ro,Z" "-v" "/var/lib/crater-agent-workspace/rustup-home:/opt/rustwide/rustup-home:ro,Z" "-e" "SOURCE_DIR=/opt/rustwide/workdir" "-e" "CARGO_TARGET_DIR=/opt/rustwide/target" "-e" "CARGO_INCREMENTAL=0" "-e" "RUST_BACKTRACE=full" "-e" "RUSTFLAGS=--cap-lints=warn" "-e" "RUSTDOCFLAGS=--cap-lints=warn" "-e" "CARGO_HOME=/opt/rustwide/cargo-home" "-e" "RUSTUP_HOME=/opt/rustwide/rustup-home" "-w" "/opt/rustwide/workdir" "-m" "1610612736" "--user" "0:0" "--network" "none" "ghcr.io/rust-lang/crates-build-env/linux@sha256:5ff2268d62e97bff2cde7d5815dd6ed5b47097566f13b8d0ca110b04b60e07ed" "/opt/rustwide/cargo-home/bin/cargo" "+1.69.0" "test" "--frozen", kill_on_drop: false }`
[INFO] [stdout] f39865bc8523664266e62c236af254ce0f9b12234601e5a750616aaf0a6fe322
[INFO] running `Command { std: "docker" "start" "-a" "f39865bc8523664266e62c236af254ce0f9b12234601e5a750616aaf0a6fe322", kill_on_drop: false }`
[INFO] [stderr]     Finished test [unoptimized + debuginfo] target(s) in 0.05s
[INFO] [stderr]      Running unittests src/lib.rs (/opt/rustwide/target/debug/deps/fidget-95237ec106c0ac07)
[INFO] [stdout] 
[INFO] [stdout] running 112 tests
[INFO] [stdout] test core::context::test::test_get_op ... ok
[INFO] [stdout] test core::context::bound::test::test_bound_node ... ok
[INFO] [stdout] test core::context::test::test_dupe ... ok
[INFO] [stdout] test core::context::test::test_remap_xyz ... ok
[INFO] [stdout] test core::context::test::test_var_errors ... ok
[INFO] [stdout] test core::eval::interval::test::test_interval ... ok
[INFO] [stdout] test core::context::test::test_ring ... ok
[INFO] [stdout] test core::ssa::op::test::test_op_size ... ok
[INFO] [stdout] test core::test::it_works ... ok
[INFO] [stdout] test core::test::test_constant_folding ... ok
[INFO] [stdout] test core::test::test_eval ... ok
[INFO] [stdout] test core::vm::eval::test::basic_interpreter ... ok
[INFO] [stdout] test core::vm::eval::test::test_basic ... ok
[INFO] [stdout] test core::vm::eval::test::test_circle ... ok
[INFO] [stdout] test core::vm::eval::test::test_constant_push ... ok
[INFO] [stdout] test core::vm::eval::test::test_constant ... ok
[INFO] [stdout] test core::vm::eval::test::test_f_var ... ok
[INFO] [stdout] test core::vm::eval::test::test_g_abs ... ok
[INFO] [stdout] test core::vm::eval::test::test_g_circle ... ok
[INFO] [stdout] test core::vm::eval::test::test_g_min_max ... ok
[INFO] [stdout] test core::vm::eval::test::test_g_min ... ok
[INFO] [stdout] test core::vm::eval::test::test_g_div ... ok
[INFO] [stdout] test core::vm::eval::test::test_g_sqrt ... ok
[INFO] [stdout] test core::vm::eval::test::test_g_z ... ok
[INFO] [stdout] test core::vm::eval::test::test_g_recip ... ok
[INFO] [stdout] test core::vm::eval::test::test_g_y ... ok
[INFO] [stdout] test core::vm::eval::test::test_g_mul ... ok
[INFO] [stdout] test core::vm::eval::test::test_g_var ... ok
[INFO] [stdout] test core::vm::eval::test::test_g_max ... ok
[INFO] [stdout] test core::vm::eval::test::test_g_square ... ok
[INFO] [stdout] test core::vm::eval::test::test_g_x ... ok
[INFO] [stdout] test core::vm::eval::test::test_i_div ... ok
[INFO] [stdout] test core::vm::eval::test::test_i_max_imm ... ok
[INFO] [stdout] test core::vm::eval::test::test_i_min ... ok
[INFO] [stdout] test core::vm::eval::test::test_i_abs ... ok
[INFO] [stdout] test core::vm::eval::test::test_i_max ... ok
[INFO] [stdout] test core::vm::eval::test::test_i_min_imm ... ok
[INFO] [stdout] test core::vm::eval::test::test_i_mul ... ok
[INFO] [stdout] test core::vm::eval::test::test_i_mul_imm ... ok
[INFO] [stdout] test core::vm::eval::test::test_i_neg ... ok
[INFO] [stdout] test core::vm::eval::test::test_i_recip ... ok
[INFO] [stdout] test core::vm::eval::test::test_i_simplify ... ok
[INFO] [stdout] test core::vm::eval::test::test_i_square ... ok
[INFO] [stdout] test core::vm::eval::test::test_i_sub_imm ... ok
[INFO] [stdout] test core::vm::eval::test::test_i_var ... ok
[INFO] [stdout] test core::vm::eval::test::test_i_sqrt ... ok
[INFO] [stdout] test core::vm::eval::test::test_i_sub ... ok
[INFO] [stdout] test core::vm::eval::test::test_p_max ... ok
[INFO] [stdout] test core::vm::lru::test::test_medium_lru ... ok
[INFO] [stdout] test core::vm::lru::test::test_tiny_lru ... ok
[INFO] [stdout] test core::vm::eval::test::test_push ... ok
[INFO] [stdout] test core::vm::op::test::test_vm_op_size ... ok
[INFO] [stdout] test jit::test::basic_interpreter ... ok
[INFO] [stdout] test jit::test::test_basic ... ok
[INFO] [stdout] test jit::test::test_constant ... ok
[INFO] [stdout] test jit::test::test_f_var ... ok
[INFO] [stdout] test jit::test::test_circle ... ok
[INFO] [stdout] test jit::test::test_constant_push ... ok
[INFO] [stdout] test core::vm::eval::test::test_vectorized ... ok
[INFO] [stdout] test jit::test::test_g_max ... ok
[INFO] [stdout] test jit::test::test_g_circle ... ok
[INFO] [stdout] test jit::test::test_g_square ... ok
[INFO] [stdout] test jit::test::test_g_x ... ok
[INFO] [stdout] test jit::test::test_g_div ... ok
[INFO] [stdout] test jit::test::test_g_sqrt ... ok
[INFO] [stdout] test core::vm::eval::test::test_var ... ok
[INFO] [stdout] test jit::test::test_g_y ... ok
[INFO] [stdout] test jit::test::test_g_mul ... ok
[INFO] [stdout] test core::vm::eval::test::test_p_min ... ok
[INFO] [stdout] test jit::test::test_g_z ... ok
[INFO] [stdout] test jit::test::test_g_min ... ok
[INFO] [stdout] test core::vm::eval::test::test_interval ... ok
[INFO] [stdout] test jit::test::test_i_abs ... ok
[INFO] [stdout] test jit::test::test_i_div ... ok
[INFO] [stdout] test jit::test::test_i_max ... ok
[INFO] [stdout] test jit::test::test_g_recip ... ok
[INFO] [stdout] test jit::test::test_g_abs ... ok
[INFO] [stdout] test jit::test::test_i_min ... ok
[INFO] [stdout] test jit::test::test_i_mul ... ok
[INFO] [stdout] test jit::test::test_i_min_imm ... ok
[INFO] [stdout] test jit::test::test_i_neg ... ok
[INFO] [stdout] test jit::test::test_i_square ... ok
[INFO] [stdout] test jit::test::test_i_mul_imm ... ok
[INFO] [stdout] test jit::test::test_i_sqrt ... ok
[INFO] [stdout] test jit::test::test_i_recip ... ok
[INFO] [stdout] test jit::test::test_p_max ... ok
[INFO] [stdout] test jit::test::test_i_sub ... ok
[INFO] [stdout] test jit::test::test_i_var ... ok
[INFO] [stdout] test jit::test::test_i_simplify ... ok
[INFO] [stdout] test jit::test::test_g_min_max ... ok
[INFO] [stdout] test jit::test::test_interval ... ok
[INFO] [stdout] test mesh::test::test_cell_encode_decode ... ok
[INFO] [stdout] test jit::test::test_g_var ... ok
[INFO] [stdout] test jit::test::test_p_min ... ok
[INFO] [stdout] test jit::test::test_i_sub_imm ... ok
[INFO] [stdout] test mesh::test::test_cone_vert ... ok
[INFO] [stdout] test jit::test::test_push ... ok
[INFO] [stdout] test jit::test::test_var ... ok
[INFO] [stdout] test render::config::test::test_aligned_config ... ok
[INFO] [stdout] test mesh::test::test_mesh_basic ... ok
[INFO] [stdout] test rhai::test::test_bind ... ok
[INFO] [stdout] test jit::test::test_vectorized ... ok
[INFO] [stdout] test jit::test::test_i_max_imm ... ok
[INFO] [stdout] test core::vm::eval::test::test_give_take ... ok
[INFO] [stdout] test mesh::test::test_cube_edge ... ok
[INFO] [stdout] test mesh::test::test_sphere_verts ... ok
[INFO] [stdout] test mesh::test::test_cube_verts ... ok
[INFO] [stdout] test rhai::test::test_eval ... ok
[INFO] [stdout] test mesh::test::test_plane_center ... ok
[INFO] [stdout] test jit::test::test_give_take ... ok
[INFO] [stdout] test mesh::test::test_sphere_manifold ... ok
[INFO] [stdout] test mesh::test::test_mesh_manifold ... ok
[INFO] [stdout] 
[INFO] [stdout] test result: ok. 112 passed; 0 failed; 0 ignored; 0 measured; 0 filtered out; finished in 6.25s
[INFO] [stdout] 
[INFO] [stderr]    Doc-tests fidget
[INFO] [stdout] 
[INFO] [stdout] running 39 tests
[INFO] [stdout] test src/core/context/mod.rs - core::context::Context::min (line 304) ... FAILED
[INFO] [stdout] test src/core/context/mod.rs - core::context::Context::sqrt (line 388) ... FAILED
[INFO] [stdout] test src/core/context/mod.rs - core::context::Context::abs (line 373) ... FAILED
[INFO] [stdout] test src/core/context/mod.rs - core::context::Context::neg (line 347) ... FAILED
[INFO] [stdout] test src/core/context/mod.rs - core::context::Context::mul (line 276) ... FAILED
[INFO] [stdout] test src/core/context/mod.rs - core::context::IntoNode (line 786) ... FAILED
[INFO] [stdout] test src/core/context/mod.rs - core::context::Context::div (line 441) ... FAILED
[INFO] [stdout] test src/core/context/mod.rs - core::context::Context::recip (line 360) ... FAILED
[INFO] [stdout] test src/core/eval/types.rs - core::eval::types::Interval::split (line 312) ... FAILED
[INFO] [stdout] test src/core/eval/mod.rs - core::eval (line 6) ... FAILED
[INFO] [stdout] test src/core/context/mod.rs - core::context::Context::from_text (line 661) ... FAILED
[INFO] [stdout] test src/core/mod.rs - core (line 3) ... FAILED
[INFO] [stdout] test src/jit/mod.rs - jit (line 6) ... FAILED
[INFO] [stdout] test src/core/context/mod.rs - core::context::Context::clear (line 48) ... FAILED
[INFO] [stdout] test src/core/context/mod.rs - core::context::Context::max (line 325) ... FAILED
[INFO] [stdout] test src/lib.rs - (line 112) ... FAILED
[INFO] [stdout] test src/core/context/mod.rs - core::context::Context::add (line 249) ... FAILED
[INFO] [stdout] test src/core/eval/tracing.rs - core::eval::tracing::Choice (line 24) ... ok
[INFO] [stdout] test src/lib.rs - (line 190) ... FAILED
[INFO] [stdout] test src/lib.rs - (line 161) ... FAILED
[INFO] [stdout] test src/core/context/mod.rs - core::context::Context::square (line 403) ... FAILED
[INFO] [stdout] test src/lib.rs - (line 59) ... FAILED
[INFO] [stdout] test src/mesh/types.rs - mesh::types::Axis::new (line 32) - compile fail ... ok
[INFO] [stdout] test src/mesh/types.rs - mesh::types::Axis::new (line 26) - compile fail ... ok
[INFO] [stdout] test src/core/context/mod.rs - core::context::Context::constant (line 178) ... FAILED
[INFO] [stdout] test src/mesh/types.rs - mesh::types::DirectedEdge::new (line 155) - compile fail ... ok
[INFO] [stdout] test src/core/context/mod.rs - core::context::Context::len (line 62) ... FAILED
[INFO] [stdout] test src/mesh/types.rs - mesh::types::Axis::new (line 16) ... ok
[INFO] [stdout] test src/core/context/mod.rs - core::context::Context::eval_xyz (line 572) ... FAILED
[INFO] [stdout] test src/core/context/mod.rs - core::context::Context::x (line 137) ... FAILED
[INFO] [stdout] test src/core/context/mod.rs - core::context::IntoNode (line 792) ... FAILED
[INFO] [stdout] test src/core/context/mod.rs - core::context::Context::sub (line 416) ... ok
[INFO] [stdout] test src/core/eval/types.rs - core::eval::types::Interval::lerp (line 329) ... ok
[INFO] [stdout] test src/core/eval/types.rs - core::eval::types::Interval::width (line 342) ... ok
[INFO] [stdout] test src/lib.rs - (line 30) ... ok
[INFO] [stdout] test src/lib.rs - (line 45) ... ok
[INFO] [stdout] test src/lib.rs - (line 136) ... ok
[INFO] [stdout] test src/rhai/mod.rs - rhai (line 8) ... ok
[INFO] [stdout] test src/rhai/mod.rs - rhai (line 21) ... ok
[INFO] [stdout] 
[INFO] [stdout] failures:
[INFO] [stdout] 
[INFO] [stdout] ---- src/core/context/mod.rs - core::context::Context::min (line 304) stdout ----
[INFO] [stdout] error: linking with `cc` failed: exit status: 1
[INFO] [stdout]   |
[INFO] [stdout]   = note: LC_ALL="C" PATH="/opt/rustwide/rustup-home/toolchains/1.69.0-x86_64-unknown-linux-gnu/lib/rustlib/x86_64-unknown-linux-gnu/bin:/opt/rustwide/cargo-home/bin:/usr/local/sbin:/usr/local/bin:/usr/sbin:/usr/bin:/sbin:/bin" VSLANG="1033" "cc" "-m64" "/tmp/rustcSnmyJ3/symbols.o" "/tmp/rustdoctestAwremv/rust_out.rust_out.5bfee551-cgu.0.rcgu.o" "/tmp/rustdoctestAwremv/rust_out.j00p4ncf7xg64kg.rcgu.o" "-Wl,--as-needed" "-L" "/opt/rustwide/target/debug/deps" "-L" "/opt/rustwide/target/debug/deps" "-L" "/opt/rustwide/rustup-home/toolchains/1.69.0-x86_64-unknown-linux-gnu/lib/rustlib/x86_64-unknown-linux-gnu/lib" "-Wl,-Bstatic" "/opt/rustwide/target/debug/deps/libfidget-691e1376a32fbf16.rlib" "/opt/rustwide/target/debug/deps/librhai-49e488bde9cea034.rlib" "/opt/rustwide/target/debug/deps/libsmartstring-0ac14eaba0d24051.rlib" "/opt/rustwide/target/debug/deps/libahash-44410f5ccccf7dd1.rlib" "/opt/rustwide/target/debug/deps/libgetrandom-1817661d17362ac5.rlib" "/opt/rustwide/target/debug/deps/libonce_cell-48e4d437e5697f8e.rlib" "/opt/rustwide/target/debug/deps/libcfg_if-e5e118dd7d121aaa.rlib" "/opt/rustwide/target/debug/deps/libsmallvec-d6cfd602ad9ba054.rlib" "/opt/rustwide/target/debug/deps/libbitflags-53e975ac3e8b1391.rlib" "/opt/rustwide/target/debug/deps/libstatic_assertions-9a9c2cb46fa7a0a6.rlib" "/opt/rustwide/target/debug/deps/libdynasmrt-505b0ebdc89cce53.rlib" "/opt/rustwide/target/debug/deps/libbyteorder-50c19e9bd62c942c.rlib" "/opt/rustwide/target/debug/deps/libfnv-41a559218f992797.rlib" "/opt/rustwide/target/debug/deps/libmemmap2-4c30e8b95f9e4ed8.rlib" "/opt/rustwide/target/debug/deps/liblibc-b7b14a0fe316ec96.rlib" "/opt/rustwide/target/debug/deps/libnalgebra-06a6c073dae2152e.rlib" "/opt/rustwide/target/debug/deps/libmatrixmultiply-3c85895b085a9122.rlib" "/opt/rustwide/target/debug/deps/librawpointer-93a89706954c673d.rlib" "/opt/rustwide/target/debug/deps/libnum_rational-43cf7dc1504f1785.rlib" "/opt/rustwide/target/debug/deps/libnum_integer-8c06f5afb834bef5.rlib" "/opt/rustwide/target/debug/deps/libtypenum-d40a559dcc4c7492.rlib" "/opt/rustwide/target/debug/deps/libsimba-2f0d2580f4a03283.rlib" "/opt/rustwide/target/debug/deps/libwide-cac253937a5441c6.rlib" "/opt/rustwide/target/debug/deps/libsafe_arch-e66f63f842b98e0d.rlib" "/opt/rustwide/target/debug/deps/libbytemuck-86ddde4110e746a7.rlib" "/opt/rustwide/target/debug/deps/libnum_complex-def77baed9714d98.rlib" "/opt/rustwide/target/debug/deps/libapprox-e1d533227fce3050.rlib" "/opt/rustwide/target/debug/deps/libthiserror-e4ca7c641acd4c0d.rlib" "/opt/rustwide/target/debug/deps/libarrayvec-bde221c23a3ba069.rlib" "/opt/rustwide/target/debug/deps/libordered_float-10f35938608ba038.rlib" "/opt/rustwide/target/debug/deps/libnum_traits-b237925f6bfbb7f7.rlib" "/opt/rustwide/rustup-home/toolchains/1.69.0-x86_64-unknown-linux-gnu/lib/rustlib/x86_64-unknown-linux-gnu/lib/libstd-89bc084783fdc439.rlib" "/opt/rustwide/rustup-home/toolchains/1.69.0-x86_64-unknown-linux-gnu/lib/rustlib/x86_64-unknown-linux-gnu/lib/libpanic_unwind-8bee4b287d4367c1.rlib" "/opt/rustwide/rustup-home/toolchains/1.69.0-x86_64-unknown-linux-gnu/lib/rustlib/x86_64-unknown-linux-gnu/lib/libobject-d61707aed80694c0.rlib" "/opt/rustwide/rustup-home/toolchains/1.69.0-x86_64-unknown-linux-gnu/lib/rustlib/x86_64-unknown-linux-gnu/lib/libmemchr-d85366256f22345b.rlib" "/opt/rustwide/rustup-home/toolchains/1.69.0-x86_64-unknown-linux-gnu/lib/rustlib/x86_64-unknown-linux-gnu/lib/libaddr2line-96069b86b8a8cae9.rlib" "/opt/rustwide/rustup-home/toolchains/1.69.0-x86_64-unknown-linux-gnu/lib/rustlib/x86_64-unknown-linux-gnu/lib/libgimli-d19d53abf68dfa6c.rlib" "/opt/rustwide/rustup-home/toolchains/1.69.0-x86_64-unknown-linux-gnu/lib/rustlib/x86_64-unknown-linux-gnu/lib/librustc_demangle-787cbccd19d64ac6.rlib" "/opt/rustwide/rustup-home/toolchains/1.69.0-x86_64-unknown-linux-gnu/lib/rustlib/x86_64-unknown-linux-gnu/lib/libstd_detect-b3837a36b830e0d0.rlib" "/opt/rustwide/rustup-home/toolchains/1.69.0-x86_64-unknown-linux-gnu/lib/rustlib/x86_64-unknown-linux-gnu/lib/libhashbrown-e3deb0e7e3f04966.rlib" "/opt/rustwide/rustup-home/toolchains/1.69.0-x86_64-unknown-linux-gnu/lib/rustlib/x86_64-unknown-linux-gnu/lib/libminiz_oxide-dabbb79c9815def4.rlib" "/opt/rustwide/rustup-home/toolchains/1.69.0-x86_64-unknown-linux-gnu/lib/rustlib/x86_64-unknown-linux-gnu/lib/libadler-305b01f34c9409f2.rlib" "/opt/rustwide/rustup-home/toolchains/1.69.0-x86_64-unknown-linux-gnu/lib/rustlib/x86_64-unknown-linux-gnu/lib/librustc_std_workspace_alloc-f833521df6074e73.rlib" "/opt/rustwide/rustup-home/toolchains/1.69.0-x86_64-unknown-linux-gnu/lib/rustlib/x86_64-unknown-linux-gnu/lib/libunwind-9ac333113350d171.rlib" "/opt/rustwide/rustup-home/toolchains/1.69.0-x86_64-unknown-linux-gnu/lib/rustlib/x86_64-unknown-linux-gnu/lib/libcfg_if-1c126114322d0eee.rlib" "/opt/rustwide/rustup-home/toolchains/1.69.0-x86_64-unknown-linux-gnu/lib/rustlib/x86_64-unknown-linux-gnu/lib/liblibc-bad9164fdeeecf92.rlib" "/opt/rustwide/rustup-home/toolchains/1.69.0-x86_64-unknown-linux-gnu/lib/rustlib/x86_64-unknown-linux-gnu/lib/liballoc-f9374b1e480fa681.rlib" "/opt/rustwide/rustup-home/toolchains/1.69.0-x86_64-unknown-linux-gnu/lib/rustlib/x86_64-unknown-linux-gnu/lib/librustc_std_workspace_core-207f06e41d9603af.rlib" "/opt/rustwide/rustup-home/toolchains/1.69.0-x86_64-unknown-linux-gnu/lib/rustlib/x86_64-unknown-linux-gnu/lib/libcore-7e2768e66e984e85.rlib" "/opt/rustwide/rustup-home/toolchains/1.69.0-x86_64-unknown-linux-gnu/lib/rustlib/x86_64-unknown-linux-gnu/lib/libcompiler_builtins-957b4aff41f8cd46.rlib" "-Wl,-Bdynamic" "-lgcc_s" "-lutil" "-lrt" "-lpthread" "-lm" "-ldl" "-lc" "-Wl,--eh-frame-hdr" "-Wl,-z,noexecstack" "-L" "/opt/rustwide/rustup-home/toolchains/1.69.0-x86_64-unknown-linux-gnu/lib/rustlib/x86_64-unknown-linux-gnu/lib" "-o" "/tmp/rustdoctestAwremv/rust_out" "-Wl,--gc-sections" "-pie" "-Wl,-z,relro,-z,now" "-nodefaultlibs"
[INFO] [stdout]   = note: collect2: fatal error: ld terminated with signal 9 [Killed]
[INFO] [stdout]           compilation terminated.
[INFO] [stdout]           
[INFO] [stdout] 
[INFO] [stdout] error: aborting due to previous error
[INFO] [stdout] 
[INFO] [stdout] Couldn't compile the test.
[INFO] [stdout] ---- src/core/context/mod.rs - core::context::Context::sqrt (line 388) stdout ----
[INFO] [stdout] error: linking with `cc` failed: exit status: 1
[INFO] [stdout]   |
[INFO] [stdout]   = note: LC_ALL="C" PATH="/opt/rustwide/rustup-home/toolchains/1.69.0-x86_64-unknown-linux-gnu/lib/rustlib/x86_64-unknown-linux-gnu/bin:/opt/rustwide/cargo-home/bin:/usr/local/sbin:/usr/local/bin:/usr/sbin:/usr/bin:/sbin:/bin" VSLANG="1033" "cc" "-m64" "/tmp/rustccXzEqV/symbols.o" "/tmp/rustdoctestGubhOK/rust_out.rust_out.5bfee551-cgu.0.rcgu.o" "/tmp/rustdoctestGubhOK/rust_out.j00p4ncf7xg64kg.rcgu.o" "-Wl,--as-needed" "-L" "/opt/rustwide/target/debug/deps" "-L" "/opt/rustwide/target/debug/deps" "-L" "/opt/rustwide/rustup-home/toolchains/1.69.0-x86_64-unknown-linux-gnu/lib/rustlib/x86_64-unknown-linux-gnu/lib" "-Wl,-Bstatic" "/opt/rustwide/target/debug/deps/libfidget-691e1376a32fbf16.rlib" "/opt/rustwide/target/debug/deps/librhai-49e488bde9cea034.rlib" "/opt/rustwide/target/debug/deps/libsmartstring-0ac14eaba0d24051.rlib" "/opt/rustwide/target/debug/deps/libahash-44410f5ccccf7dd1.rlib" "/opt/rustwide/target/debug/deps/libgetrandom-1817661d17362ac5.rlib" "/opt/rustwide/target/debug/deps/libonce_cell-48e4d437e5697f8e.rlib" "/opt/rustwide/target/debug/deps/libcfg_if-e5e118dd7d121aaa.rlib" "/opt/rustwide/target/debug/deps/libsmallvec-d6cfd602ad9ba054.rlib" "/opt/rustwide/target/debug/deps/libbitflags-53e975ac3e8b1391.rlib" "/opt/rustwide/target/debug/deps/libstatic_assertions-9a9c2cb46fa7a0a6.rlib" "/opt/rustwide/target/debug/deps/libdynasmrt-505b0ebdc89cce53.rlib" "/opt/rustwide/target/debug/deps/libbyteorder-50c19e9bd62c942c.rlib" "/opt/rustwide/target/debug/deps/libfnv-41a559218f992797.rlib" "/opt/rustwide/target/debug/deps/libmemmap2-4c30e8b95f9e4ed8.rlib" "/opt/rustwide/target/debug/deps/liblibc-b7b14a0fe316ec96.rlib" "/opt/rustwide/target/debug/deps/libnalgebra-06a6c073dae2152e.rlib" "/opt/rustwide/target/debug/deps/libmatrixmultiply-3c85895b085a9122.rlib" "/opt/rustwide/target/debug/deps/librawpointer-93a89706954c673d.rlib" "/opt/rustwide/target/debug/deps/libnum_rational-43cf7dc1504f1785.rlib" "/opt/rustwide/target/debug/deps/libnum_integer-8c06f5afb834bef5.rlib" "/opt/rustwide/target/debug/deps/libtypenum-d40a559dcc4c7492.rlib" "/opt/rustwide/target/debug/deps/libsimba-2f0d2580f4a03283.rlib" "/opt/rustwide/target/debug/deps/libwide-cac253937a5441c6.rlib" "/opt/rustwide/target/debug/deps/libsafe_arch-e66f63f842b98e0d.rlib" "/opt/rustwide/target/debug/deps/libbytemuck-86ddde4110e746a7.rlib" "/opt/rustwide/target/debug/deps/libnum_complex-def77baed9714d98.rlib" "/opt/rustwide/target/debug/deps/libapprox-e1d533227fce3050.rlib" "/opt/rustwide/target/debug/deps/libthiserror-e4ca7c641acd4c0d.rlib" "/opt/rustwide/target/debug/deps/libarrayvec-bde221c23a3ba069.rlib" "/opt/rustwide/target/debug/deps/libordered_float-10f35938608ba038.rlib" "/opt/rustwide/target/debug/deps/libnum_traits-b237925f6bfbb7f7.rlib" "/opt/rustwide/rustup-home/toolchains/1.69.0-x86_64-unknown-linux-gnu/lib/rustlib/x86_64-unknown-linux-gnu/lib/libstd-89bc084783fdc439.rlib" "/opt/rustwide/rustup-home/toolchains/1.69.0-x86_64-unknown-linux-gnu/lib/rustlib/x86_64-unknown-linux-gnu/lib/libpanic_unwind-8bee4b287d4367c1.rlib" "/opt/rustwide/rustup-home/toolchains/1.69.0-x86_64-unknown-linux-gnu/lib/rustlib/x86_64-unknown-linux-gnu/lib/libobject-d61707aed80694c0.rlib" "/opt/rustwide/rustup-home/toolchains/1.69.0-x86_64-unknown-linux-gnu/lib/rustlib/x86_64-unknown-linux-gnu/lib/libmemchr-d85366256f22345b.rlib" "/opt/rustwide/rustup-home/toolchains/1.69.0-x86_64-unknown-linux-gnu/lib/rustlib/x86_64-unknown-linux-gnu/lib/libaddr2line-96069b86b8a8cae9.rlib" "/opt/rustwide/rustup-home/toolchains/1.69.0-x86_64-unknown-linux-gnu/lib/rustlib/x86_64-unknown-linux-gnu/lib/libgimli-d19d53abf68dfa6c.rlib" "/opt/rustwide/rustup-home/toolchains/1.69.0-x86_64-unknown-linux-gnu/lib/rustlib/x86_64-unknown-linux-gnu/lib/librustc_demangle-787cbccd19d64ac6.rlib" "/opt/rustwide/rustup-home/toolchains/1.69.0-x86_64-unknown-linux-gnu/lib/rustlib/x86_64-unknown-linux-gnu/lib/libstd_detect-b3837a36b830e0d0.rlib" "/opt/rustwide/rustup-home/toolchains/1.69.0-x86_64-unknown-linux-gnu/lib/rustlib/x86_64-unknown-linux-gnu/lib/libhashbrown-e3deb0e7e3f04966.rlib" "/opt/rustwide/rustup-home/toolchains/1.69.0-x86_64-unknown-linux-gnu/lib/rustlib/x86_64-unknown-linux-gnu/lib/libminiz_oxide-dabbb79c9815def4.rlib" "/opt/rustwide/rustup-home/toolchains/1.69.0-x86_64-unknown-linux-gnu/lib/rustlib/x86_64-unknown-linux-gnu/lib/libadler-305b01f34c9409f2.rlib" "/opt/rustwide/rustup-home/toolchains/1.69.0-x86_64-unknown-linux-gnu/lib/rustlib/x86_64-unknown-linux-gnu/lib/librustc_std_workspace_alloc-f833521df6074e73.rlib" "/opt/rustwide/rustup-home/toolchains/1.69.0-x86_64-unknown-linux-gnu/lib/rustlib/x86_64-unknown-linux-gnu/lib/libunwind-9ac333113350d171.rlib" "/opt/rustwide/rustup-home/toolchains/1.69.0-x86_64-unknown-linux-gnu/lib/rustlib/x86_64-unknown-linux-gnu/lib/libcfg_if-1c126114322d0eee.rlib" "/opt/rustwide/rustup-home/toolchains/1.69.0-x86_64-unknown-linux-gnu/lib/rustlib/x86_64-unknown-linux-gnu/lib/liblibc-bad9164fdeeecf92.rlib" "/opt/rustwide/rustup-home/toolchains/1.69.0-x86_64-unknown-linux-gnu/lib/rustlib/x86_64-unknown-linux-gnu/lib/liballoc-f9374b1e480fa681.rlib" "/opt/rustwide/rustup-home/toolchains/1.69.0-x86_64-unknown-linux-gnu/lib/rustlib/x86_64-unknown-linux-gnu/lib/librustc_std_workspace_core-207f06e41d9603af.rlib" "/opt/rustwide/rustup-home/toolchains/1.69.0-x86_64-unknown-linux-gnu/lib/rustlib/x86_64-unknown-linux-gnu/lib/libcore-7e2768e66e984e85.rlib" "/opt/rustwide/rustup-home/toolchains/1.69.0-x86_64-unknown-linux-gnu/lib/rustlib/x86_64-unknown-linux-gnu/lib/libcompiler_builtins-957b4aff41f8cd46.rlib" "-Wl,-Bdynamic" "-lgcc_s" "-lutil" "-lrt" "-lpthread" "-lm" "-ldl" "-lc" "-Wl,--eh-frame-hdr" "-Wl,-z,noexecstack" "-L" "/opt/rustwide/rustup-home/toolchains/1.69.0-x86_64-unknown-linux-gnu/lib/rustlib/x86_64-unknown-linux-gnu/lib" "-o" "/tmp/rustdoctestGubhOK/rust_out" "-Wl,--gc-sections" "-pie" "-Wl,-z,relro,-z,now" "-nodefaultlibs"
[INFO] [stdout]   = note: collect2: fatal error: ld terminated with signal 9 [Killed]
[INFO] [stdout]           compilation terminated.
[INFO] [stdout]           
[INFO] [stdout] 
[INFO] [stdout] error: aborting due to previous error
[INFO] [stdout] 
[INFO] [stdout] Couldn't compile the test.
[INFO] [stdout] ---- src/core/context/mod.rs - core::context::Context::abs (line 373) stdout ----
[INFO] [stdout] error: linking with `cc` failed: exit status: 1
[INFO] [stdout]   |
[INFO] [stdout]   = note: LC_ALL="C" PATH="/opt/rustwide/rustup-home/toolchains/1.69.0-x86_64-unknown-linux-gnu/lib/rustlib/x86_64-unknown-linux-gnu/bin:/opt/rustwide/cargo-home/bin:/usr/local/sbin:/usr/local/bin:/usr/sbin:/usr/bin:/sbin:/bin" VSLANG="1033" "cc" "-m64" "/tmp/rustcPQ3xei/symbols.o" "/tmp/rustdoctestou2DO0/rust_out.rust_out.5bfee551-cgu.0.rcgu.o" "/tmp/rustdoctestou2DO0/rust_out.j00p4ncf7xg64kg.rcgu.o" "-Wl,--as-needed" "-L" "/opt/rustwide/target/debug/deps" "-L" "/opt/rustwide/target/debug/deps" "-L" "/opt/rustwide/rustup-home/toolchains/1.69.0-x86_64-unknown-linux-gnu/lib/rustlib/x86_64-unknown-linux-gnu/lib" "-Wl,-Bstatic" "/opt/rustwide/target/debug/deps/libfidget-691e1376a32fbf16.rlib" "/opt/rustwide/target/debug/deps/librhai-49e488bde9cea034.rlib" "/opt/rustwide/target/debug/deps/libsmartstring-0ac14eaba0d24051.rlib" "/opt/rustwide/target/debug/deps/libahash-44410f5ccccf7dd1.rlib" "/opt/rustwide/target/debug/deps/libgetrandom-1817661d17362ac5.rlib" "/opt/rustwide/target/debug/deps/libonce_cell-48e4d437e5697f8e.rlib" "/opt/rustwide/target/debug/deps/libcfg_if-e5e118dd7d121aaa.rlib" "/opt/rustwide/target/debug/deps/libsmallvec-d6cfd602ad9ba054.rlib" "/opt/rustwide/target/debug/deps/libbitflags-53e975ac3e8b1391.rlib" "/opt/rustwide/target/debug/deps/libstatic_assertions-9a9c2cb46fa7a0a6.rlib" "/opt/rustwide/target/debug/deps/libdynasmrt-505b0ebdc89cce53.rlib" "/opt/rustwide/target/debug/deps/libbyteorder-50c19e9bd62c942c.rlib" "/opt/rustwide/target/debug/deps/libfnv-41a559218f992797.rlib" "/opt/rustwide/target/debug/deps/libmemmap2-4c30e8b95f9e4ed8.rlib" "/opt/rustwide/target/debug/deps/liblibc-b7b14a0fe316ec96.rlib" "/opt/rustwide/target/debug/deps/libnalgebra-06a6c073dae2152e.rlib" "/opt/rustwide/target/debug/deps/libmatrixmultiply-3c85895b085a9122.rlib" "/opt/rustwide/target/debug/deps/librawpointer-93a89706954c673d.rlib" "/opt/rustwide/target/debug/deps/libnum_rational-43cf7dc1504f1785.rlib" "/opt/rustwide/target/debug/deps/libnum_integer-8c06f5afb834bef5.rlib" "/opt/rustwide/target/debug/deps/libtypenum-d40a559dcc4c7492.rlib" "/opt/rustwide/target/debug/deps/libsimba-2f0d2580f4a03283.rlib" "/opt/rustwide/target/debug/deps/libwide-cac253937a5441c6.rlib" "/opt/rustwide/target/debug/deps/libsafe_arch-e66f63f842b98e0d.rlib" "/opt/rustwide/target/debug/deps/libbytemuck-86ddde4110e746a7.rlib" "/opt/rustwide/target/debug/deps/libnum_complex-def77baed9714d98.rlib" "/opt/rustwide/target/debug/deps/libapprox-e1d533227fce3050.rlib" "/opt/rustwide/target/debug/deps/libthiserror-e4ca7c641acd4c0d.rlib" "/opt/rustwide/target/debug/deps/libarrayvec-bde221c23a3ba069.rlib" "/opt/rustwide/target/debug/deps/libordered_float-10f35938608ba038.rlib" "/opt/rustwide/target/debug/deps/libnum_traits-b237925f6bfbb7f7.rlib" "/opt/rustwide/rustup-home/toolchains/1.69.0-x86_64-unknown-linux-gnu/lib/rustlib/x86_64-unknown-linux-gnu/lib/libstd-89bc084783fdc439.rlib" "/opt/rustwide/rustup-home/toolchains/1.69.0-x86_64-unknown-linux-gnu/lib/rustlib/x86_64-unknown-linux-gnu/lib/libpanic_unwind-8bee4b287d4367c1.rlib" "/opt/rustwide/rustup-home/toolchains/1.69.0-x86_64-unknown-linux-gnu/lib/rustlib/x86_64-unknown-linux-gnu/lib/libobject-d61707aed80694c0.rlib" "/opt/rustwide/rustup-home/toolchains/1.69.0-x86_64-unknown-linux-gnu/lib/rustlib/x86_64-unknown-linux-gnu/lib/libmemchr-d85366256f22345b.rlib" "/opt/rustwide/rustup-home/toolchains/1.69.0-x86_64-unknown-linux-gnu/lib/rustlib/x86_64-unknown-linux-gnu/lib/libaddr2line-96069b86b8a8cae9.rlib" "/opt/rustwide/rustup-home/toolchains/1.69.0-x86_64-unknown-linux-gnu/lib/rustlib/x86_64-unknown-linux-gnu/lib/libgimli-d19d53abf68dfa6c.rlib" "/opt/rustwide/rustup-home/toolchains/1.69.0-x86_64-unknown-linux-gnu/lib/rustlib/x86_64-unknown-linux-gnu/lib/librustc_demangle-787cbccd19d64ac6.rlib" "/opt/rustwide/rustup-home/toolchains/1.69.0-x86_64-unknown-linux-gnu/lib/rustlib/x86_64-unknown-linux-gnu/lib/libstd_detect-b3837a36b830e0d0.rlib" "/opt/rustwide/rustup-home/toolchains/1.69.0-x86_64-unknown-linux-gnu/lib/rustlib/x86_64-unknown-linux-gnu/lib/libhashbrown-e3deb0e7e3f04966.rlib" "/opt/rustwide/rustup-home/toolchains/1.69.0-x86_64-unknown-linux-gnu/lib/rustlib/x86_64-unknown-linux-gnu/lib/libminiz_oxide-dabbb79c9815def4.rlib" "/opt/rustwide/rustup-home/toolchains/1.69.0-x86_64-unknown-linux-gnu/lib/rustlib/x86_64-unknown-linux-gnu/lib/libadler-305b01f34c9409f2.rlib" "/opt/rustwide/rustup-home/toolchains/1.69.0-x86_64-unknown-linux-gnu/lib/rustlib/x86_64-unknown-linux-gnu/lib/librustc_std_workspace_alloc-f833521df6074e73.rlib" "/opt/rustwide/rustup-home/toolchains/1.69.0-x86_64-unknown-linux-gnu/lib/rustlib/x86_64-unknown-linux-gnu/lib/libunwind-9ac333113350d171.rlib" "/opt/rustwide/rustup-home/toolchains/1.69.0-x86_64-unknown-linux-gnu/lib/rustlib/x86_64-unknown-linux-gnu/lib/libcfg_if-1c126114322d0eee.rlib" "/opt/rustwide/rustup-home/toolchains/1.69.0-x86_64-unknown-linux-gnu/lib/rustlib/x86_64-unknown-linux-gnu/lib/liblibc-bad9164fdeeecf92.rlib" "/opt/rustwide/rustup-home/toolchains/1.69.0-x86_64-unknown-linux-gnu/lib/rustlib/x86_64-unknown-linux-gnu/lib/liballoc-f9374b1e480fa681.rlib" "/opt/rustwide/rustup-home/toolchains/1.69.0-x86_64-unknown-linux-gnu/lib/rustlib/x86_64-unknown-linux-gnu/lib/librustc_std_workspace_core-207f06e41d9603af.rlib" "/opt/rustwide/rustup-home/toolchains/1.69.0-x86_64-unknown-linux-gnu/lib/rustlib/x86_64-unknown-linux-gnu/lib/libcore-7e2768e66e984e85.rlib" "/opt/rustwide/rustup-home/toolchains/1.69.0-x86_64-unknown-linux-gnu/lib/rustlib/x86_64-unknown-linux-gnu/lib/libcompiler_builtins-957b4aff41f8cd46.rlib" "-Wl,-Bdynamic" "-lgcc_s" "-lutil" "-lrt" "-lpthread" "-lm" "-ldl" "-lc" "-Wl,--eh-frame-hdr" "-Wl,-z,noexecstack" "-L" "/opt/rustwide/rustup-home/toolchains/1.69.0-x86_64-unknown-linux-gnu/lib/rustlib/x86_64-unknown-linux-gnu/lib" "-o" "/tmp/rustdoctestou2DO0/rust_out" "-Wl,--gc-sections" "-pie" "-Wl,-z,relro,-z,now" "-nodefaultlibs"
[INFO] [stdout]   = note: collect2: fatal error: ld terminated with signal 9 [Killed]
[INFO] [stdout]           compilation terminated.
[INFO] [stdout]           
[INFO] [stdout] 
[INFO] [stdout] error: aborting due to previous error
[INFO] [stdout] 
[INFO] [stdout] Couldn't compile the test.
[INFO] [stdout] ---- src/core/context/mod.rs - core::context::Context::neg (line 347) stdout ----
[INFO] [stdout] error: linking with `cc` failed: exit status: 1
[INFO] [stdout]   |
[INFO] [stdout]   = note: LC_ALL="C" PATH="/opt/rustwide/rustup-home/toolchains/1.69.0-x86_64-unknown-linux-gnu/lib/rustlib/x86_64-unknown-linux-gnu/bin:/opt/rustwide/cargo-home/bin:/usr/local/sbin:/usr/local/bin:/usr/sbin:/usr/bin:/sbin:/bin" VSLANG="1033" "cc" "-m64" "/tmp/rustctWjRQh/symbols.o" "/tmp/rustdoctestBpQPK2/rust_out.rust_out.5bfee551-cgu.0.rcgu.o" "/tmp/rustdoctestBpQPK2/rust_out.j00p4ncf7xg64kg.rcgu.o" "-Wl,--as-needed" "-L" "/opt/rustwide/target/debug/deps" "-L" "/opt/rustwide/target/debug/deps" "-L" "/opt/rustwide/rustup-home/toolchains/1.69.0-x86_64-unknown-linux-gnu/lib/rustlib/x86_64-unknown-linux-gnu/lib" "-Wl,-Bstatic" "/opt/rustwide/target/debug/deps/libfidget-691e1376a32fbf16.rlib" "/opt/rustwide/target/debug/deps/librhai-49e488bde9cea034.rlib" "/opt/rustwide/target/debug/deps/libsmartstring-0ac14eaba0d24051.rlib" "/opt/rustwide/target/debug/deps/libahash-44410f5ccccf7dd1.rlib" "/opt/rustwide/target/debug/deps/libgetrandom-1817661d17362ac5.rlib" "/opt/rustwide/target/debug/deps/libonce_cell-48e4d437e5697f8e.rlib" "/opt/rustwide/target/debug/deps/libcfg_if-e5e118dd7d121aaa.rlib" "/opt/rustwide/target/debug/deps/libsmallvec-d6cfd602ad9ba054.rlib" "/opt/rustwide/target/debug/deps/libbitflags-53e975ac3e8b1391.rlib" "/opt/rustwide/target/debug/deps/libstatic_assertions-9a9c2cb46fa7a0a6.rlib" "/opt/rustwide/target/debug/deps/libdynasmrt-505b0ebdc89cce53.rlib" "/opt/rustwide/target/debug/deps/libbyteorder-50c19e9bd62c942c.rlib" "/opt/rustwide/target/debug/deps/libfnv-41a559218f992797.rlib" "/opt/rustwide/target/debug/deps/libmemmap2-4c30e8b95f9e4ed8.rlib" "/opt/rustwide/target/debug/deps/liblibc-b7b14a0fe316ec96.rlib" "/opt/rustwide/target/debug/deps/libnalgebra-06a6c073dae2152e.rlib" "/opt/rustwide/target/debug/deps/libmatrixmultiply-3c85895b085a9122.rlib" "/opt/rustwide/target/debug/deps/librawpointer-93a89706954c673d.rlib" "/opt/rustwide/target/debug/deps/libnum_rational-43cf7dc1504f1785.rlib" "/opt/rustwide/target/debug/deps/libnum_integer-8c06f5afb834bef5.rlib" "/opt/rustwide/target/debug/deps/libtypenum-d40a559dcc4c7492.rlib" "/opt/rustwide/target/debug/deps/libsimba-2f0d2580f4a03283.rlib" "/opt/rustwide/target/debug/deps/libwide-cac253937a5441c6.rlib" "/opt/rustwide/target/debug/deps/libsafe_arch-e66f63f842b98e0d.rlib" "/opt/rustwide/target/debug/deps/libbytemuck-86ddde4110e746a7.rlib" "/opt/rustwide/target/debug/deps/libnum_complex-def77baed9714d98.rlib" "/opt/rustwide/target/debug/deps/libapprox-e1d533227fce3050.rlib" "/opt/rustwide/target/debug/deps/libthiserror-e4ca7c641acd4c0d.rlib" "/opt/rustwide/target/debug/deps/libarrayvec-bde221c23a3ba069.rlib" "/opt/rustwide/target/debug/deps/libordered_float-10f35938608ba038.rlib" "/opt/rustwide/target/debug/deps/libnum_traits-b237925f6bfbb7f7.rlib" "/opt/rustwide/rustup-home/toolchains/1.69.0-x86_64-unknown-linux-gnu/lib/rustlib/x86_64-unknown-linux-gnu/lib/libstd-89bc084783fdc439.rlib" "/opt/rustwide/rustup-home/toolchains/1.69.0-x86_64-unknown-linux-gnu/lib/rustlib/x86_64-unknown-linux-gnu/lib/libpanic_unwind-8bee4b287d4367c1.rlib" "/opt/rustwide/rustup-home/toolchains/1.69.0-x86_64-unknown-linux-gnu/lib/rustlib/x86_64-unknown-linux-gnu/lib/libobject-d61707aed80694c0.rlib" "/opt/rustwide/rustup-home/toolchains/1.69.0-x86_64-unknown-linux-gnu/lib/rustlib/x86_64-unknown-linux-gnu/lib/libmemchr-d85366256f22345b.rlib" "/opt/rustwide/rustup-home/toolchains/1.69.0-x86_64-unknown-linux-gnu/lib/rustlib/x86_64-unknown-linux-gnu/lib/libaddr2line-96069b86b8a8cae9.rlib" "/opt/rustwide/rustup-home/toolchains/1.69.0-x86_64-unknown-linux-gnu/lib/rustlib/x86_64-unknown-linux-gnu/lib/libgimli-d19d53abf68dfa6c.rlib" "/opt/rustwide/rustup-home/toolchains/1.69.0-x86_64-unknown-linux-gnu/lib/rustlib/x86_64-unknown-linux-gnu/lib/librustc_demangle-787cbccd19d64ac6.rlib" "/opt/rustwide/rustup-home/toolchains/1.69.0-x86_64-unknown-linux-gnu/lib/rustlib/x86_64-unknown-linux-gnu/lib/libstd_detect-b3837a36b830e0d0.rlib" "/opt/rustwide/rustup-home/toolchains/1.69.0-x86_64-unknown-linux-gnu/lib/rustlib/x86_64-unknown-linux-gnu/lib/libhashbrown-e3deb0e7e3f04966.rlib" "/opt/rustwide/rustup-home/toolchains/1.69.0-x86_64-unknown-linux-gnu/lib/rustlib/x86_64-unknown-linux-gnu/lib/libminiz_oxide-dabbb79c9815def4.rlib" "/opt/rustwide/rustup-home/toolchains/1.69.0-x86_64-unknown-linux-gnu/lib/rustlib/x86_64-unknown-linux-gnu/lib/libadler-305b01f34c9409f2.rlib" "/opt/rustwide/rustup-home/toolchains/1.69.0-x86_64-unknown-linux-gnu/lib/rustlib/x86_64-unknown-linux-gnu/lib/librustc_std_workspace_alloc-f833521df6074e73.rlib" "/opt/rustwide/rustup-home/toolchains/1.69.0-x86_64-unknown-linux-gnu/lib/rustlib/x86_64-unknown-linux-gnu/lib/libunwind-9ac333113350d171.rlib" "/opt/rustwide/rustup-home/toolchains/1.69.0-x86_64-unknown-linux-gnu/lib/rustlib/x86_64-unknown-linux-gnu/lib/libcfg_if-1c126114322d0eee.rlib" "/opt/rustwide/rustup-home/toolchains/1.69.0-x86_64-unknown-linux-gnu/lib/rustlib/x86_64-unknown-linux-gnu/lib/liblibc-bad9164fdeeecf92.rlib" "/opt/rustwide/rustup-home/toolchains/1.69.0-x86_64-unknown-linux-gnu/lib/rustlib/x86_64-unknown-linux-gnu/lib/liballoc-f9374b1e480fa681.rlib" "/opt/rustwide/rustup-home/toolchains/1.69.0-x86_64-unknown-linux-gnu/lib/rustlib/x86_64-unknown-linux-gnu/lib/librustc_std_workspace_core-207f06e41d9603af.rlib" "/opt/rustwide/rustup-home/toolchains/1.69.0-x86_64-unknown-linux-gnu/lib/rustlib/x86_64-unknown-linux-gnu/lib/libcore-7e2768e66e984e85.rlib" "/opt/rustwide/rustup-home/toolchains/1.69.0-x86_64-unknown-linux-gnu/lib/rustlib/x86_64-unknown-linux-gnu/lib/libcompiler_builtins-957b4aff41f8cd46.rlib" "-Wl,-Bdynamic" "-lgcc_s" "-lutil" "-lrt" "-lpthread" "-lm" "-ldl" "-lc" "-Wl,--eh-frame-hdr" "-Wl,-z,noexecstack" "-L" "/opt/rustwide/rustup-home/toolchains/1.69.0-x86_64-unknown-linux-gnu/lib/rustlib/x86_64-unknown-linux-gnu/lib" "-o" "/tmp/rustdoctestBpQPK2/rust_out" "-Wl,--gc-sections" "-pie" "-Wl,-z,relro,-z,now" "-nodefaultlibs"
[INFO] [stdout]   = note: collect2: fatal error: ld terminated with signal 9 [Killed]
[INFO] [stdout]           compilation terminated.
[INFO] [stdout]           
[INFO] [stdout] 
[INFO] [stdout] error: aborting due to previous error
[INFO] [stdout] 
[INFO] [stdout] Couldn't compile the test.
[INFO] [stdout] ---- src/core/context/mod.rs - core::context::Context::mul (line 276) stdout ----
[INFO] [stdout] error: linking with `cc` failed: exit status: 1
[INFO] [stdout]   |
[INFO] [stdout]   = note: LC_ALL="C" PATH="/opt/rustwide/rustup-home/toolchains/1.69.0-x86_64-unknown-linux-gnu/lib/rustlib/x86_64-unknown-linux-gnu/bin:/opt/rustwide/cargo-home/bin:/usr/local/sbin:/usr/local/bin:/usr/sbin:/usr/bin:/sbin:/bin" VSLANG="1033" "cc" "-m64" "/tmp/rustc1SuMyb/symbols.o" "/tmp/rustdoctesttcS12U/rust_out.rust_out.5bfee551-cgu.0.rcgu.o" "/tmp/rustdoctesttcS12U/rust_out.j00p4ncf7xg64kg.rcgu.o" "-Wl,--as-needed" "-L" "/opt/rustwide/target/debug/deps" "-L" "/opt/rustwide/target/debug/deps" "-L" "/opt/rustwide/rustup-home/toolchains/1.69.0-x86_64-unknown-linux-gnu/lib/rustlib/x86_64-unknown-linux-gnu/lib" "-Wl,-Bstatic" "/opt/rustwide/target/debug/deps/libfidget-691e1376a32fbf16.rlib" "/opt/rustwide/target/debug/deps/librhai-49e488bde9cea034.rlib" "/opt/rustwide/target/debug/deps/libsmartstring-0ac14eaba0d24051.rlib" "/opt/rustwide/target/debug/deps/libahash-44410f5ccccf7dd1.rlib" "/opt/rustwide/target/debug/deps/libgetrandom-1817661d17362ac5.rlib" "/opt/rustwide/target/debug/deps/libonce_cell-48e4d437e5697f8e.rlib" "/opt/rustwide/target/debug/deps/libcfg_if-e5e118dd7d121aaa.rlib" "/opt/rustwide/target/debug/deps/libsmallvec-d6cfd602ad9ba054.rlib" "/opt/rustwide/target/debug/deps/libbitflags-53e975ac3e8b1391.rlib" "/opt/rustwide/target/debug/deps/libstatic_assertions-9a9c2cb46fa7a0a6.rlib" "/opt/rustwide/target/debug/deps/libdynasmrt-505b0ebdc89cce53.rlib" "/opt/rustwide/target/debug/deps/libbyteorder-50c19e9bd62c942c.rlib" "/opt/rustwide/target/debug/deps/libfnv-41a559218f992797.rlib" "/opt/rustwide/target/debug/deps/libmemmap2-4c30e8b95f9e4ed8.rlib" "/opt/rustwide/target/debug/deps/liblibc-b7b14a0fe316ec96.rlib" "/opt/rustwide/target/debug/deps/libnalgebra-06a6c073dae2152e.rlib" "/opt/rustwide/target/debug/deps/libmatrixmultiply-3c85895b085a9122.rlib" "/opt/rustwide/target/debug/deps/librawpointer-93a89706954c673d.rlib" "/opt/rustwide/target/debug/deps/libnum_rational-43cf7dc1504f1785.rlib" "/opt/rustwide/target/debug/deps/libnum_integer-8c06f5afb834bef5.rlib" "/opt/rustwide/target/debug/deps/libtypenum-d40a559dcc4c7492.rlib" "/opt/rustwide/target/debug/deps/libsimba-2f0d2580f4a03283.rlib" "/opt/rustwide/target/debug/deps/libwide-cac253937a5441c6.rlib" "/opt/rustwide/target/debug/deps/libsafe_arch-e66f63f842b98e0d.rlib" "/opt/rustwide/target/debug/deps/libbytemuck-86ddde4110e746a7.rlib" "/opt/rustwide/target/debug/deps/libnum_complex-def77baed9714d98.rlib" "/opt/rustwide/target/debug/deps/libapprox-e1d533227fce3050.rlib" "/opt/rustwide/target/debug/deps/libthiserror-e4ca7c641acd4c0d.rlib" "/opt/rustwide/target/debug/deps/libarrayvec-bde221c23a3ba069.rlib" "/opt/rustwide/target/debug/deps/libordered_float-10f35938608ba038.rlib" "/opt/rustwide/target/debug/deps/libnum_traits-b237925f6bfbb7f7.rlib" "/opt/rustwide/rustup-home/toolchains/1.69.0-x86_64-unknown-linux-gnu/lib/rustlib/x86_64-unknown-linux-gnu/lib/libstd-89bc084783fdc439.rlib" "/opt/rustwide/rustup-home/toolchains/1.69.0-x86_64-unknown-linux-gnu/lib/rustlib/x86_64-unknown-linux-gnu/lib/libpanic_unwind-8bee4b287d4367c1.rlib" "/opt/rustwide/rustup-home/toolchains/1.69.0-x86_64-unknown-linux-gnu/lib/rustlib/x86_64-unknown-linux-gnu/lib/libobject-d61707aed80694c0.rlib" "/opt/rustwide/rustup-home/toolchains/1.69.0-x86_64-unknown-linux-gnu/lib/rustlib/x86_64-unknown-linux-gnu/lib/libmemchr-d85366256f22345b.rlib" "/opt/rustwide/rustup-home/toolchains/1.69.0-x86_64-unknown-linux-gnu/lib/rustlib/x86_64-unknown-linux-gnu/lib/libaddr2line-96069b86b8a8cae9.rlib" "/opt/rustwide/rustup-home/toolchains/1.69.0-x86_64-unknown-linux-gnu/lib/rustlib/x86_64-unknown-linux-gnu/lib/libgimli-d19d53abf68dfa6c.rlib" "/opt/rustwide/rustup-home/toolchains/1.69.0-x86_64-unknown-linux-gnu/lib/rustlib/x86_64-unknown-linux-gnu/lib/librustc_demangle-787cbccd19d64ac6.rlib" "/opt/rustwide/rustup-home/toolchains/1.69.0-x86_64-unknown-linux-gnu/lib/rustlib/x86_64-unknown-linux-gnu/lib/libstd_detect-b3837a36b830e0d0.rlib" "/opt/rustwide/rustup-home/toolchains/1.69.0-x86_64-unknown-linux-gnu/lib/rustlib/x86_64-unknown-linux-gnu/lib/libhashbrown-e3deb0e7e3f04966.rlib" "/opt/rustwide/rustup-home/toolchains/1.69.0-x86_64-unknown-linux-gnu/lib/rustlib/x86_64-unknown-linux-gnu/lib/libminiz_oxide-dabbb79c9815def4.rlib" "/opt/rustwide/rustup-home/toolchains/1.69.0-x86_64-unknown-linux-gnu/lib/rustlib/x86_64-unknown-linux-gnu/lib/libadler-305b01f34c9409f2.rlib" "/opt/rustwide/rustup-home/toolchains/1.69.0-x86_64-unknown-linux-gnu/lib/rustlib/x86_64-unknown-linux-gnu/lib/librustc_std_workspace_alloc-f833521df6074e73.rlib" "/opt/rustwide/rustup-home/toolchains/1.69.0-x86_64-unknown-linux-gnu/lib/rustlib/x86_64-unknown-linux-gnu/lib/libunwind-9ac333113350d171.rlib" "/opt/rustwide/rustup-home/toolchains/1.69.0-x86_64-unknown-linux-gnu/lib/rustlib/x86_64-unknown-linux-gnu/lib/libcfg_if-1c126114322d0eee.rlib" "/opt/rustwide/rustup-home/toolchains/1.69.0-x86_64-unknown-linux-gnu/lib/rustlib/x86_64-unknown-linux-gnu/lib/liblibc-bad9164fdeeecf92.rlib" "/opt/rustwide/rustup-home/toolchains/1.69.0-x86_64-unknown-linux-gnu/lib/rustlib/x86_64-unknown-linux-gnu/lib/liballoc-f9374b1e480fa681.rlib" "/opt/rustwide/rustup-home/toolchains/1.69.0-x86_64-unknown-linux-gnu/lib/rustlib/x86_64-unknown-linux-gnu/lib/librustc_std_workspace_core-207f06e41d9603af.rlib" "/opt/rustwide/rustup-home/toolchains/1.69.0-x86_64-unknown-linux-gnu/lib/rustlib/x86_64-unknown-linux-gnu/lib/libcore-7e2768e66e984e85.rlib" "/opt/rustwide/rustup-home/toolchains/1.69.0-x86_64-unknown-linux-gnu/lib/rustlib/x86_64-unknown-linux-gnu/lib/libcompiler_builtins-957b4aff41f8cd46.rlib" "-Wl,-Bdynamic" "-lgcc_s" "-lutil" "-lrt" "-lpthread" "-lm" "-ldl" "-lc" "-Wl,--eh-frame-hdr" "-Wl,-z,noexecstack" "-L" "/opt/rustwide/rustup-home/toolchains/1.69.0-x86_64-unknown-linux-gnu/lib/rustlib/x86_64-unknown-linux-gnu/lib" "-o" "/tmp/rustdoctesttcS12U/rust_out" "-Wl,--gc-sections" "-pie" "-Wl,-z,relro,-z,now" "-nodefaultlibs"
[INFO] [stdout]   = note: collect2: fatal error: ld terminated with signal 9 [Killed]
[INFO] [stdout]           compilation terminated.
[INFO] [stdout]           
[INFO] [stdout] 
[INFO] [stdout] error: aborting due to previous error
[INFO] [stdout] 
[INFO] [stdout] Couldn't compile the test.
[INFO] [stdout] ---- src/core/context/mod.rs - core::context::IntoNode (line 786) stdout ----
[INFO] [stdout] Couldn't compile the test.
[INFO] [stdout] ---- src/core/context/mod.rs - core::context::Context::div (line 441) stdout ----
[INFO] [stdout] error: linking with `cc` failed: exit status: 1
[INFO] [stdout]   |
[INFO] [stdout]   = note: LC_ALL="C" PATH="/opt/rustwide/rustup-home/toolchains/1.69.0-x86_64-unknown-linux-gnu/lib/rustlib/x86_64-unknown-linux-gnu/bin:/opt/rustwide/cargo-home/bin:/usr/local/sbin:/usr/local/bin:/usr/sbin:/usr/bin:/sbin:/bin" VSLANG="1033" "cc" "-m64" "/tmp/rustck9d5Uq/symbols.o" "/tmp/rustdoctestSIGPN9/rust_out.rust_out.5bfee551-cgu.0.rcgu.o" "/tmp/rustdoctestSIGPN9/rust_out.j00p4ncf7xg64kg.rcgu.o" "-Wl,--as-needed" "-L" "/opt/rustwide/target/debug/deps" "-L" "/opt/rustwide/target/debug/deps" "-L" "/opt/rustwide/rustup-home/toolchains/1.69.0-x86_64-unknown-linux-gnu/lib/rustlib/x86_64-unknown-linux-gnu/lib" "-Wl,-Bstatic" "/opt/rustwide/target/debug/deps/libfidget-691e1376a32fbf16.rlib" "/opt/rustwide/target/debug/deps/librhai-49e488bde9cea034.rlib" "/opt/rustwide/target/debug/deps/libsmartstring-0ac14eaba0d24051.rlib" "/opt/rustwide/target/debug/deps/libahash-44410f5ccccf7dd1.rlib" "/opt/rustwide/target/debug/deps/libgetrandom-1817661d17362ac5.rlib" "/opt/rustwide/target/debug/deps/libonce_cell-48e4d437e5697f8e.rlib" "/opt/rustwide/target/debug/deps/libcfg_if-e5e118dd7d121aaa.rlib" "/opt/rustwide/target/debug/deps/libsmallvec-d6cfd602ad9ba054.rlib" "/opt/rustwide/target/debug/deps/libbitflags-53e975ac3e8b1391.rlib" "/opt/rustwide/target/debug/deps/libstatic_assertions-9a9c2cb46fa7a0a6.rlib" "/opt/rustwide/target/debug/deps/libdynasmrt-505b0ebdc89cce53.rlib" "/opt/rustwide/target/debug/deps/libbyteorder-50c19e9bd62c942c.rlib" "/opt/rustwide/target/debug/deps/libfnv-41a559218f992797.rlib" "/opt/rustwide/target/debug/deps/libmemmap2-4c30e8b95f9e4ed8.rlib" "/opt/rustwide/target/debug/deps/liblibc-b7b14a0fe316ec96.rlib" "/opt/rustwide/target/debug/deps/libnalgebra-06a6c073dae2152e.rlib" "/opt/rustwide/target/debug/deps/libmatrixmultiply-3c85895b085a9122.rlib" "/opt/rustwide/target/debug/deps/librawpointer-93a89706954c673d.rlib" "/opt/rustwide/target/debug/deps/libnum_rational-43cf7dc1504f1785.rlib" "/opt/rustwide/target/debug/deps/libnum_integer-8c06f5afb834bef5.rlib" "/opt/rustwide/target/debug/deps/libtypenum-d40a559dcc4c7492.rlib" "/opt/rustwide/target/debug/deps/libsimba-2f0d2580f4a03283.rlib" "/opt/rustwide/target/debug/deps/libwide-cac253937a5441c6.rlib" "/opt/rustwide/target/debug/deps/libsafe_arch-e66f63f842b98e0d.rlib" "/opt/rustwide/target/debug/deps/libbytemuck-86ddde4110e746a7.rlib" "/opt/rustwide/target/debug/deps/libnum_complex-def77baed9714d98.rlib" "/opt/rustwide/target/debug/deps/libapprox-e1d533227fce3050.rlib" "/opt/rustwide/target/debug/deps/libthiserror-e4ca7c641acd4c0d.rlib" "/opt/rustwide/target/debug/deps/libarrayvec-bde221c23a3ba069.rlib" "/opt/rustwide/target/debug/deps/libordered_float-10f35938608ba038.rlib" "/opt/rustwide/target/debug/deps/libnum_traits-b237925f6bfbb7f7.rlib" "/opt/rustwide/rustup-home/toolchains/1.69.0-x86_64-unknown-linux-gnu/lib/rustlib/x86_64-unknown-linux-gnu/lib/libstd-89bc084783fdc439.rlib" "/opt/rustwide/rustup-home/toolchains/1.69.0-x86_64-unknown-linux-gnu/lib/rustlib/x86_64-unknown-linux-gnu/lib/libpanic_unwind-8bee4b287d4367c1.rlib" "/opt/rustwide/rustup-home/toolchains/1.69.0-x86_64-unknown-linux-gnu/lib/rustlib/x86_64-unknown-linux-gnu/lib/libobject-d61707aed80694c0.rlib" "/opt/rustwide/rustup-home/toolchains/1.69.0-x86_64-unknown-linux-gnu/lib/rustlib/x86_64-unknown-linux-gnu/lib/libmemchr-d85366256f22345b.rlib" "/opt/rustwide/rustup-home/toolchains/1.69.0-x86_64-unknown-linux-gnu/lib/rustlib/x86_64-unknown-linux-gnu/lib/libaddr2line-96069b86b8a8cae9.rlib" "/opt/rustwide/rustup-home/toolchains/1.69.0-x86_64-unknown-linux-gnu/lib/rustlib/x86_64-unknown-linux-gnu/lib/libgimli-d19d53abf68dfa6c.rlib" "/opt/rustwide/rustup-home/toolchains/1.69.0-x86_64-unknown-linux-gnu/lib/rustlib/x86_64-unknown-linux-gnu/lib/librustc_demangle-787cbccd19d64ac6.rlib" "/opt/rustwide/rustup-home/toolchains/1.69.0-x86_64-unknown-linux-gnu/lib/rustlib/x86_64-unknown-linux-gnu/lib/libstd_detect-b3837a36b830e0d0.rlib" "/opt/rustwide/rustup-home/toolchains/1.69.0-x86_64-unknown-linux-gnu/lib/rustlib/x86_64-unknown-linux-gnu/lib/libhashbrown-e3deb0e7e3f04966.rlib" "/opt/rustwide/rustup-home/toolchains/1.69.0-x86_64-unknown-linux-gnu/lib/rustlib/x86_64-unknown-linux-gnu/lib/libminiz_oxide-dabbb79c9815def4.rlib" "/opt/rustwide/rustup-home/toolchains/1.69.0-x86_64-unknown-linux-gnu/lib/rustlib/x86_64-unknown-linux-gnu/lib/libadler-305b01f34c9409f2.rlib" "/opt/rustwide/rustup-home/toolchains/1.69.0-x86_64-unknown-linux-gnu/lib/rustlib/x86_64-unknown-linux-gnu/lib/librustc_std_workspace_alloc-f833521df6074e73.rlib" "/opt/rustwide/rustup-home/toolchains/1.69.0-x86_64-unknown-linux-gnu/lib/rustlib/x86_64-unknown-linux-gnu/lib/libunwind-9ac333113350d171.rlib" "/opt/rustwide/rustup-home/toolchains/1.69.0-x86_64-unknown-linux-gnu/lib/rustlib/x86_64-unknown-linux-gnu/lib/libcfg_if-1c126114322d0eee.rlib" "/opt/rustwide/rustup-home/toolchains/1.69.0-x86_64-unknown-linux-gnu/lib/rustlib/x86_64-unknown-linux-gnu/lib/liblibc-bad9164fdeeecf92.rlib" "/opt/rustwide/rustup-home/toolchains/1.69.0-x86_64-unknown-linux-gnu/lib/rustlib/x86_64-unknown-linux-gnu/lib/liballoc-f9374b1e480fa681.rlib" "/opt/rustwide/rustup-home/toolchains/1.69.0-x86_64-unknown-linux-gnu/lib/rustlib/x86_64-unknown-linux-gnu/lib/librustc_std_workspace_core-207f06e41d9603af.rlib" "/opt/rustwide/rustup-home/toolchains/1.69.0-x86_64-unknown-linux-gnu/lib/rustlib/x86_64-unknown-linux-gnu/lib/libcore-7e2768e66e984e85.rlib" "/opt/rustwide/rustup-home/toolchains/1.69.0-x86_64-unknown-linux-gnu/lib/rustlib/x86_64-unknown-linux-gnu/lib/libcompiler_builtins-957b4aff41f8cd46.rlib" "-Wl,-Bdynamic" "-lgcc_s" "-lutil" "-lrt" "-lpthread" "-lm" "-ldl" "-lc" "-Wl,--eh-frame-hdr" "-Wl,-z,noexecstack" "-L" "/opt/rustwide/rustup-home/toolchains/1.69.0-x86_64-unknown-linux-gnu/lib/rustlib/x86_64-unknown-linux-gnu/lib" "-o" "/tmp/rustdoctestSIGPN9/rust_out" "-Wl,--gc-sections" "-pie" "-Wl,-z,relro,-z,now" "-nodefaultlibs"
[INFO] [stdout]   = note: collect2: fatal error: ld terminated with signal 9 [Killed]
[INFO] [stdout]           compilation terminated.
[INFO] [stdout]           
[INFO] [stdout] 
[INFO] [stdout] error: aborting due to previous error
[INFO] [stdout] 
[INFO] [stdout] Couldn't compile the test.
[INFO] [stdout] ---- src/core/context/mod.rs - core::context::Context::recip (line 360) stdout ----
[INFO] [stdout] error: linking with `cc` failed: exit status: 1
[INFO] [stdout]   |
[INFO] [stdout]   = note: LC_ALL="C" PATH="/opt/rustwide/rustup-home/toolchains/1.69.0-x86_64-unknown-linux-gnu/lib/rustlib/x86_64-unknown-linux-gnu/bin:/opt/rustwide/cargo-home/bin:/usr/local/sbin:/usr/local/bin:/usr/sbin:/usr/bin:/sbin:/bin" VSLANG="1033" "cc" "-m64" "/tmp/rustc7RMp1E/symbols.o" "/tmp/rustdoctestVsjURe/rust_out.rust_out.5bfee551-cgu.0.rcgu.o" "/tmp/rustdoctestVsjURe/rust_out.j00p4ncf7xg64kg.rcgu.o" "-Wl,--as-needed" "-L" "/opt/rustwide/target/debug/deps" "-L" "/opt/rustwide/target/debug/deps" "-L" "/opt/rustwide/rustup-home/toolchains/1.69.0-x86_64-unknown-linux-gnu/lib/rustlib/x86_64-unknown-linux-gnu/lib" "-Wl,-Bstatic" "/opt/rustwide/target/debug/deps/libfidget-691e1376a32fbf16.rlib" "/opt/rustwide/target/debug/deps/librhai-49e488bde9cea034.rlib" "/opt/rustwide/target/debug/deps/libsmartstring-0ac14eaba0d24051.rlib" "/opt/rustwide/target/debug/deps/libahash-44410f5ccccf7dd1.rlib" "/opt/rustwide/target/debug/deps/libgetrandom-1817661d17362ac5.rlib" "/opt/rustwide/target/debug/deps/libonce_cell-48e4d437e5697f8e.rlib" "/opt/rustwide/target/debug/deps/libcfg_if-e5e118dd7d121aaa.rlib" "/opt/rustwide/target/debug/deps/libsmallvec-d6cfd602ad9ba054.rlib" "/opt/rustwide/target/debug/deps/libbitflags-53e975ac3e8b1391.rlib" "/opt/rustwide/target/debug/deps/libstatic_assertions-9a9c2cb46fa7a0a6.rlib" "/opt/rustwide/target/debug/deps/libdynasmrt-505b0ebdc89cce53.rlib" "/opt/rustwide/target/debug/deps/libbyteorder-50c19e9bd62c942c.rlib" "/opt/rustwide/target/debug/deps/libfnv-41a559218f992797.rlib" "/opt/rustwide/target/debug/deps/libmemmap2-4c30e8b95f9e4ed8.rlib" "/opt/rustwide/target/debug/deps/liblibc-b7b14a0fe316ec96.rlib" "/opt/rustwide/target/debug/deps/libnalgebra-06a6c073dae2152e.rlib" "/opt/rustwide/target/debug/deps/libmatrixmultiply-3c85895b085a9122.rlib" "/opt/rustwide/target/debug/deps/librawpointer-93a89706954c673d.rlib" "/opt/rustwide/target/debug/deps/libnum_rational-43cf7dc1504f1785.rlib" "/opt/rustwide/target/debug/deps/libnum_integer-8c06f5afb834bef5.rlib" "/opt/rustwide/target/debug/deps/libtypenum-d40a559dcc4c7492.rlib" "/opt/rustwide/target/debug/deps/libsimba-2f0d2580f4a03283.rlib" "/opt/rustwide/target/debug/deps/libwide-cac253937a5441c6.rlib" "/opt/rustwide/target/debug/deps/libsafe_arch-e66f63f842b98e0d.rlib" "/opt/rustwide/target/debug/deps/libbytemuck-86ddde4110e746a7.rlib" "/opt/rustwide/target/debug/deps/libnum_complex-def77baed9714d98.rlib" "/opt/rustwide/target/debug/deps/libapprox-e1d533227fce3050.rlib" "/opt/rustwide/target/debug/deps/libthiserror-e4ca7c641acd4c0d.rlib" "/opt/rustwide/target/debug/deps/libarrayvec-bde221c23a3ba069.rlib" "/opt/rustwide/target/debug/deps/libordered_float-10f35938608ba038.rlib" "/opt/rustwide/target/debug/deps/libnum_traits-b237925f6bfbb7f7.rlib" "/opt/rustwide/rustup-home/toolchains/1.69.0-x86_64-unknown-linux-gnu/lib/rustlib/x86_64-unknown-linux-gnu/lib/libstd-89bc084783fdc439.rlib" "/opt/rustwide/rustup-home/toolchains/1.69.0-x86_64-unknown-linux-gnu/lib/rustlib/x86_64-unknown-linux-gnu/lib/libpanic_unwind-8bee4b287d4367c1.rlib" "/opt/rustwide/rustup-home/toolchains/1.69.0-x86_64-unknown-linux-gnu/lib/rustlib/x86_64-unknown-linux-gnu/lib/libobject-d61707aed80694c0.rlib" "/opt/rustwide/rustup-home/toolchains/1.69.0-x86_64-unknown-linux-gnu/lib/rustlib/x86_64-unknown-linux-gnu/lib/libmemchr-d85366256f22345b.rlib" "/opt/rustwide/rustup-home/toolchains/1.69.0-x86_64-unknown-linux-gnu/lib/rustlib/x86_64-unknown-linux-gnu/lib/libaddr2line-96069b86b8a8cae9.rlib" "/opt/rustwide/rustup-home/toolchains/1.69.0-x86_64-unknown-linux-gnu/lib/rustlib/x86_64-unknown-linux-gnu/lib/libgimli-d19d53abf68dfa6c.rlib" "/opt/rustwide/rustup-home/toolchains/1.69.0-x86_64-unknown-linux-gnu/lib/rustlib/x86_64-unknown-linux-gnu/lib/librustc_demangle-787cbccd19d64ac6.rlib" "/opt/rustwide/rustup-home/toolchains/1.69.0-x86_64-unknown-linux-gnu/lib/rustlib/x86_64-unknown-linux-gnu/lib/libstd_detect-b3837a36b830e0d0.rlib" "/opt/rustwide/rustup-home/toolchains/1.69.0-x86_64-unknown-linux-gnu/lib/rustlib/x86_64-unknown-linux-gnu/lib/libhashbrown-e3deb0e7e3f04966.rlib" "/opt/rustwide/rustup-home/toolchains/1.69.0-x86_64-unknown-linux-gnu/lib/rustlib/x86_64-unknown-linux-gnu/lib/libminiz_oxide-dabbb79c9815def4.rlib" "/opt/rustwide/rustup-home/toolchains/1.69.0-x86_64-unknown-linux-gnu/lib/rustlib/x86_64-unknown-linux-gnu/lib/libadler-305b01f34c9409f2.rlib" "/opt/rustwide/rustup-home/toolchains/1.69.0-x86_64-unknown-linux-gnu/lib/rustlib/x86_64-unknown-linux-gnu/lib/librustc_std_workspace_alloc-f833521df6074e73.rlib" "/opt/rustwide/rustup-home/toolchains/1.69.0-x86_64-unknown-linux-gnu/lib/rustlib/x86_64-unknown-linux-gnu/lib/libunwind-9ac333113350d171.rlib" "/opt/rustwide/rustup-home/toolchains/1.69.0-x86_64-unknown-linux-gnu/lib/rustlib/x86_64-unknown-linux-gnu/lib/libcfg_if-1c126114322d0eee.rlib" "/opt/rustwide/rustup-home/toolchains/1.69.0-x86_64-unknown-linux-gnu/lib/rustlib/x86_64-unknown-linux-gnu/lib/liblibc-bad9164fdeeecf92.rlib" "/opt/rustwide/rustup-home/toolchains/1.69.0-x86_64-unknown-linux-gnu/lib/rustlib/x86_64-unknown-linux-gnu/lib/liballoc-f9374b1e480fa681.rlib" "/opt/rustwide/rustup-home/toolchains/1.69.0-x86_64-unknown-linux-gnu/lib/rustlib/x86_64-unknown-linux-gnu/lib/librustc_std_workspace_core-207f06e41d9603af.rlib" "/opt/rustwide/rustup-home/toolchains/1.69.0-x86_64-unknown-linux-gnu/lib/rustlib/x86_64-unknown-linux-gnu/lib/libcore-7e2768e66e984e85.rlib" "/opt/rustwide/rustup-home/toolchains/1.69.0-x86_64-unknown-linux-gnu/lib/rustlib/x86_64-unknown-linux-gnu/lib/libcompiler_builtins-957b4aff41f8cd46.rlib" "-Wl,-Bdynamic" "-lgcc_s" "-lutil" "-lrt" "-lpthread" "-lm" "-ldl" "-lc" "-Wl,--eh-frame-hdr" "-Wl,-z,noexecstack" "-L" "/opt/rustwide/rustup-home/toolchains/1.69.0-x86_64-unknown-linux-gnu/lib/rustlib/x86_64-unknown-linux-gnu/lib" "-o" "/tmp/rustdoctestVsjURe/rust_out" "-Wl,--gc-sections" "-pie" "-Wl,-z,relro,-z,now" "-nodefaultlibs"
[INFO] [stdout]   = note: collect2: fatal error: ld terminated with signal 9 [Killed]
[INFO] [stdout]           compilation terminated.
[INFO] [stdout]           
[INFO] [stdout] 
[INFO] [stdout] error: aborting due to previous error
[INFO] [stdout] 
[INFO] [stdout] Couldn't compile the test.
[INFO] [stdout] ---- src/core/eval/types.rs - core::eval::types::Interval::split (line 312) stdout ----
[INFO] [stdout] Couldn't compile the test.
[INFO] [stdout] ---- src/core/eval/mod.rs - core::eval (line 6) stdout ----
[INFO] [stdout] Couldn't compile the test.
[INFO] [stdout] ---- src/core/context/mod.rs - core::context::Context::from_text (line 661) stdout ----
[INFO] [stdout] error: linking with `cc` failed: exit status: 1
[INFO] [stdout]   |
[INFO] [stdout]   = note: LC_ALL="C" PATH="/opt/rustwide/rustup-home/toolchains/1.69.0-x86_64-unknown-linux-gnu/lib/rustlib/x86_64-unknown-linux-gnu/bin:/opt/rustwide/cargo-home/bin:/usr/local/sbin:/usr/local/bin:/usr/sbin:/usr/bin:/sbin:/bin" VSLANG="1033" "cc" "-m64" "/tmp/rustcIGTvV9/symbols.o" "/tmp/rustdoctestYh4FIb/rust_out.rust_out.5bfee551-cgu.0.rcgu.o" "/tmp/rustdoctestYh4FIb/rust_out.j00p4ncf7xg64kg.rcgu.o" "-Wl,--as-needed" "-L" "/opt/rustwide/target/debug/deps" "-L" "/opt/rustwide/target/debug/deps" "-L" "/opt/rustwide/rustup-home/toolchains/1.69.0-x86_64-unknown-linux-gnu/lib/rustlib/x86_64-unknown-linux-gnu/lib" "-Wl,-Bstatic" "/opt/rustwide/target/debug/deps/libfidget-691e1376a32fbf16.rlib" "/opt/rustwide/target/debug/deps/librhai-49e488bde9cea034.rlib" "/opt/rustwide/target/debug/deps/libsmartstring-0ac14eaba0d24051.rlib" "/opt/rustwide/target/debug/deps/libahash-44410f5ccccf7dd1.rlib" "/opt/rustwide/target/debug/deps/libgetrandom-1817661d17362ac5.rlib" "/opt/rustwide/target/debug/deps/libonce_cell-48e4d437e5697f8e.rlib" "/opt/rustwide/target/debug/deps/libcfg_if-e5e118dd7d121aaa.rlib" "/opt/rustwide/target/debug/deps/libsmallvec-d6cfd602ad9ba054.rlib" "/opt/rustwide/target/debug/deps/libbitflags-53e975ac3e8b1391.rlib" "/opt/rustwide/target/debug/deps/libstatic_assertions-9a9c2cb46fa7a0a6.rlib" "/opt/rustwide/target/debug/deps/libdynasmrt-505b0ebdc89cce53.rlib" "/opt/rustwide/target/debug/deps/libbyteorder-50c19e9bd62c942c.rlib" "/opt/rustwide/target/debug/deps/libfnv-41a559218f992797.rlib" "/opt/rustwide/target/debug/deps/libmemmap2-4c30e8b95f9e4ed8.rlib" "/opt/rustwide/target/debug/deps/liblibc-b7b14a0fe316ec96.rlib" "/opt/rustwide/target/debug/deps/libnalgebra-06a6c073dae2152e.rlib" "/opt/rustwide/target/debug/deps/libmatrixmultiply-3c85895b085a9122.rlib" "/opt/rustwide/target/debug/deps/librawpointer-93a89706954c673d.rlib" "/opt/rustwide/target/debug/deps/libnum_rational-43cf7dc1504f1785.rlib" "/opt/rustwide/target/debug/deps/libnum_integer-8c06f5afb834bef5.rlib" "/opt/rustwide/target/debug/deps/libtypenum-d40a559dcc4c7492.rlib" "/opt/rustwide/target/debug/deps/libsimba-2f0d2580f4a03283.rlib" "/opt/rustwide/target/debug/deps/libwide-cac253937a5441c6.rlib" "/opt/rustwide/target/debug/deps/libsafe_arch-e66f63f842b98e0d.rlib" "/opt/rustwide/target/debug/deps/libbytemuck-86ddde4110e746a7.rlib" "/opt/rustwide/target/debug/deps/libnum_complex-def77baed9714d98.rlib" "/opt/rustwide/target/debug/deps/libapprox-e1d533227fce3050.rlib" "/opt/rustwide/target/debug/deps/libthiserror-e4ca7c641acd4c0d.rlib" "/opt/rustwide/target/debug/deps/libarrayvec-bde221c23a3ba069.rlib" "/opt/rustwide/target/debug/deps/libordered_float-10f35938608ba038.rlib" "/opt/rustwide/target/debug/deps/libnum_traits-b237925f6bfbb7f7.rlib" "/opt/rustwide/rustup-home/toolchains/1.69.0-x86_64-unknown-linux-gnu/lib/rustlib/x86_64-unknown-linux-gnu/lib/libstd-89bc084783fdc439.rlib" "/opt/rustwide/rustup-home/toolchains/1.69.0-x86_64-unknown-linux-gnu/lib/rustlib/x86_64-unknown-linux-gnu/lib/libpanic_unwind-8bee4b287d4367c1.rlib" "/opt/rustwide/rustup-home/toolchains/1.69.0-x86_64-unknown-linux-gnu/lib/rustlib/x86_64-unknown-linux-gnu/lib/libobject-d61707aed80694c0.rlib" "/opt/rustwide/rustup-home/toolchains/1.69.0-x86_64-unknown-linux-gnu/lib/rustlib/x86_64-unknown-linux-gnu/lib/libmemchr-d85366256f22345b.rlib" "/opt/rustwide/rustup-home/toolchains/1.69.0-x86_64-unknown-linux-gnu/lib/rustlib/x86_64-unknown-linux-gnu/lib/libaddr2line-96069b86b8a8cae9.rlib" "/opt/rustwide/rustup-home/toolchains/1.69.0-x86_64-unknown-linux-gnu/lib/rustlib/x86_64-unknown-linux-gnu/lib/libgimli-d19d53abf68dfa6c.rlib" "/opt/rustwide/rustup-home/toolchains/1.69.0-x86_64-unknown-linux-gnu/lib/rustlib/x86_64-unknown-linux-gnu/lib/librustc_demangle-787cbccd19d64ac6.rlib" "/opt/rustwide/rustup-home/toolchains/1.69.0-x86_64-unknown-linux-gnu/lib/rustlib/x86_64-unknown-linux-gnu/lib/libstd_detect-b3837a36b830e0d0.rlib" "/opt/rustwide/rustup-home/toolchains/1.69.0-x86_64-unknown-linux-gnu/lib/rustlib/x86_64-unknown-linux-gnu/lib/libhashbrown-e3deb0e7e3f04966.rlib" "/opt/rustwide/rustup-home/toolchains/1.69.0-x86_64-unknown-linux-gnu/lib/rustlib/x86_64-unknown-linux-gnu/lib/libminiz_oxide-dabbb79c9815def4.rlib" "/opt/rustwide/rustup-home/toolchains/1.69.0-x86_64-unknown-linux-gnu/lib/rustlib/x86_64-unknown-linux-gnu/lib/libadler-305b01f34c9409f2.rlib" "/opt/rustwide/rustup-home/toolchains/1.69.0-x86_64-unknown-linux-gnu/lib/rustlib/x86_64-unknown-linux-gnu/lib/librustc_std_workspace_alloc-f833521df6074e73.rlib" "/opt/rustwide/rustup-home/toolchains/1.69.0-x86_64-unknown-linux-gnu/lib/rustlib/x86_64-unknown-linux-gnu/lib/libunwind-9ac333113350d171.rlib" "/opt/rustwide/rustup-home/toolchains/1.69.0-x86_64-unknown-linux-gnu/lib/rustlib/x86_64-unknown-linux-gnu/lib/libcfg_if-1c126114322d0eee.rlib" "/opt/rustwide/rustup-home/toolchains/1.69.0-x86_64-unknown-linux-gnu/lib/rustlib/x86_64-unknown-linux-gnu/lib/liblibc-bad9164fdeeecf92.rlib" "/opt/rustwide/rustup-home/toolchains/1.69.0-x86_64-unknown-linux-gnu/lib/rustlib/x86_64-unknown-linux-gnu/lib/liballoc-f9374b1e480fa681.rlib" "/opt/rustwide/rustup-home/toolchains/1.69.0-x86_64-unknown-linux-gnu/lib/rustlib/x86_64-unknown-linux-gnu/lib/librustc_std_workspace_core-207f06e41d9603af.rlib" "/opt/rustwide/rustup-home/toolchains/1.69.0-x86_64-unknown-linux-gnu/lib/rustlib/x86_64-unknown-linux-gnu/lib/libcore-7e2768e66e984e85.rlib" "/opt/rustwide/rustup-home/toolchains/1.69.0-x86_64-unknown-linux-gnu/lib/rustlib/x86_64-unknown-linux-gnu/lib/libcompiler_builtins-957b4aff41f8cd46.rlib" "-Wl,-Bdynamic" "-lgcc_s" "-lutil" "-lrt" "-lpthread" "-lm" "-ldl" "-lc" "-Wl,--eh-frame-hdr" "-Wl,-z,noexecstack" "-L" "/opt/rustwide/rustup-home/toolchains/1.69.0-x86_64-unknown-linux-gnu/lib/rustlib/x86_64-unknown-linux-gnu/lib" "-o" "/tmp/rustdoctestYh4FIb/rust_out" "-Wl,--gc-sections" "-pie" "-Wl,-z,relro,-z,now" "-nodefaultlibs"
[INFO] [stdout]   = note: collect2: fatal error: ld terminated with signal 9 [Killed]
[INFO] [stdout]           compilation terminated.
[INFO] [stdout]           
[INFO] [stdout] 
[INFO] [stdout] error: aborting due to previous error
[INFO] [stdout] 
[INFO] [stdout] Couldn't compile the test.
[INFO] [stdout] ---- src/core/mod.rs - core (line 3) stdout ----
[INFO] [stdout] Couldn't compile the test.
[INFO] [stdout] ---- src/jit/mod.rs - jit (line 6) stdout ----
[INFO] [stdout] Couldn't compile the test.
[INFO] [stdout] ---- src/core/context/mod.rs - core::context::Context::clear (line 48) stdout ----
[INFO] [stdout] error: linking with `cc` failed: exit status: 1
[INFO] [stdout]   |
[INFO] [stdout]   = note: LC_ALL="C" PATH="/opt/rustwide/rustup-home/toolchains/1.69.0-x86_64-unknown-linux-gnu/lib/rustlib/x86_64-unknown-linux-gnu/bin:/opt/rustwide/cargo-home/bin:/usr/local/sbin:/usr/local/bin:/usr/sbin:/usr/bin:/sbin:/bin" VSLANG="1033" "cc" "-m64" "/tmp/rustcvrICys/symbols.o" "/tmp/rustdoctestTdSTua/rust_out.rust_out.5bfee551-cgu.0.rcgu.o" "/tmp/rustdoctestTdSTua/rust_out.j00p4ncf7xg64kg.rcgu.o" "-Wl,--as-needed" "-L" "/opt/rustwide/target/debug/deps" "-L" "/opt/rustwide/target/debug/deps" "-L" "/opt/rustwide/rustup-home/toolchains/1.69.0-x86_64-unknown-linux-gnu/lib/rustlib/x86_64-unknown-linux-gnu/lib" "-Wl,-Bstatic" "/opt/rustwide/target/debug/deps/libfidget-691e1376a32fbf16.rlib" "/opt/rustwide/target/debug/deps/librhai-49e488bde9cea034.rlib" "/opt/rustwide/target/debug/deps/libsmartstring-0ac14eaba0d24051.rlib" "/opt/rustwide/target/debug/deps/libahash-44410f5ccccf7dd1.rlib" "/opt/rustwide/target/debug/deps/libgetrandom-1817661d17362ac5.rlib" "/opt/rustwide/target/debug/deps/libonce_cell-48e4d437e5697f8e.rlib" "/opt/rustwide/target/debug/deps/libcfg_if-e5e118dd7d121aaa.rlib" "/opt/rustwide/target/debug/deps/libsmallvec-d6cfd602ad9ba054.rlib" "/opt/rustwide/target/debug/deps/libbitflags-53e975ac3e8b1391.rlib" "/opt/rustwide/target/debug/deps/libstatic_assertions-9a9c2cb46fa7a0a6.rlib" "/opt/rustwide/target/debug/deps/libdynasmrt-505b0ebdc89cce53.rlib" "/opt/rustwide/target/debug/deps/libbyteorder-50c19e9bd62c942c.rlib" "/opt/rustwide/target/debug/deps/libfnv-41a559218f992797.rlib" "/opt/rustwide/target/debug/deps/libmemmap2-4c30e8b95f9e4ed8.rlib" "/opt/rustwide/target/debug/deps/liblibc-b7b14a0fe316ec96.rlib" "/opt/rustwide/target/debug/deps/libnalgebra-06a6c073dae2152e.rlib" "/opt/rustwide/target/debug/deps/libmatrixmultiply-3c85895b085a9122.rlib" "/opt/rustwide/target/debug/deps/librawpointer-93a89706954c673d.rlib" "/opt/rustwide/target/debug/deps/libnum_rational-43cf7dc1504f1785.rlib" "/opt/rustwide/target/debug/deps/libnum_integer-8c06f5afb834bef5.rlib" "/opt/rustwide/target/debug/deps/libtypenum-d40a559dcc4c7492.rlib" "/opt/rustwide/target/debug/deps/libsimba-2f0d2580f4a03283.rlib" "/opt/rustwide/target/debug/deps/libwide-cac253937a5441c6.rlib" "/opt/rustwide/target/debug/deps/libsafe_arch-e66f63f842b98e0d.rlib" "/opt/rustwide/target/debug/deps/libbytemuck-86ddde4110e746a7.rlib" "/opt/rustwide/target/debug/deps/libnum_complex-def77baed9714d98.rlib" "/opt/rustwide/target/debug/deps/libapprox-e1d533227fce3050.rlib" "/opt/rustwide/target/debug/deps/libthiserror-e4ca7c641acd4c0d.rlib" "/opt/rustwide/target/debug/deps/libarrayvec-bde221c23a3ba069.rlib" "/opt/rustwide/target/debug/deps/libordered_float-10f35938608ba038.rlib" "/opt/rustwide/target/debug/deps/libnum_traits-b237925f6bfbb7f7.rlib" "/opt/rustwide/rustup-home/toolchains/1.69.0-x86_64-unknown-linux-gnu/lib/rustlib/x86_64-unknown-linux-gnu/lib/libstd-89bc084783fdc439.rlib" "/opt/rustwide/rustup-home/toolchains/1.69.0-x86_64-unknown-linux-gnu/lib/rustlib/x86_64-unknown-linux-gnu/lib/libpanic_unwind-8bee4b287d4367c1.rlib" "/opt/rustwide/rustup-home/toolchains/1.69.0-x86_64-unknown-linux-gnu/lib/rustlib/x86_64-unknown-linux-gnu/lib/libobject-d61707aed80694c0.rlib" "/opt/rustwide/rustup-home/toolchains/1.69.0-x86_64-unknown-linux-gnu/lib/rustlib/x86_64-unknown-linux-gnu/lib/libmemchr-d85366256f22345b.rlib" "/opt/rustwide/rustup-home/toolchains/1.69.0-x86_64-unknown-linux-gnu/lib/rustlib/x86_64-unknown-linux-gnu/lib/libaddr2line-96069b86b8a8cae9.rlib" "/opt/rustwide/rustup-home/toolchains/1.69.0-x86_64-unknown-linux-gnu/lib/rustlib/x86_64-unknown-linux-gnu/lib/libgimli-d19d53abf68dfa6c.rlib" "/opt/rustwide/rustup-home/toolchains/1.69.0-x86_64-unknown-linux-gnu/lib/rustlib/x86_64-unknown-linux-gnu/lib/librustc_demangle-787cbccd19d64ac6.rlib" "/opt/rustwide/rustup-home/toolchains/1.69.0-x86_64-unknown-linux-gnu/lib/rustlib/x86_64-unknown-linux-gnu/lib/libstd_detect-b3837a36b830e0d0.rlib" "/opt/rustwide/rustup-home/toolchains/1.69.0-x86_64-unknown-linux-gnu/lib/rustlib/x86_64-unknown-linux-gnu/lib/libhashbrown-e3deb0e7e3f04966.rlib" "/opt/rustwide/rustup-home/toolchains/1.69.0-x86_64-unknown-linux-gnu/lib/rustlib/x86_64-unknown-linux-gnu/lib/libminiz_oxide-dabbb79c9815def4.rlib" "/opt/rustwide/rustup-home/toolchains/1.69.0-x86_64-unknown-linux-gnu/lib/rustlib/x86_64-unknown-linux-gnu/lib/libadler-305b01f34c9409f2.rlib" "/opt/rustwide/rustup-home/toolchains/1.69.0-x86_64-unknown-linux-gnu/lib/rustlib/x86_64-unknown-linux-gnu/lib/librustc_std_workspace_alloc-f833521df6074e73.rlib" "/opt/rustwide/rustup-home/toolchains/1.69.0-x86_64-unknown-linux-gnu/lib/rustlib/x86_64-unknown-linux-gnu/lib/libunwind-9ac333113350d171.rlib" "/opt/rustwide/rustup-home/toolchains/1.69.0-x86_64-unknown-linux-gnu/lib/rustlib/x86_64-unknown-linux-gnu/lib/libcfg_if-1c126114322d0eee.rlib" "/opt/rustwide/rustup-home/toolchains/1.69.0-x86_64-unknown-linux-gnu/lib/rustlib/x86_64-unknown-linux-gnu/lib/liblibc-bad9164fdeeecf92.rlib" "/opt/rustwide/rustup-home/toolchains/1.69.0-x86_64-unknown-linux-gnu/lib/rustlib/x86_64-unknown-linux-gnu/lib/liballoc-f9374b1e480fa681.rlib" "/opt/rustwide/rustup-home/toolchains/1.69.0-x86_64-unknown-linux-gnu/lib/rustlib/x86_64-unknown-linux-gnu/lib/librustc_std_workspace_core-207f06e41d9603af.rlib" "/opt/rustwide/rustup-home/toolchains/1.69.0-x86_64-unknown-linux-gnu/lib/rustlib/x86_64-unknown-linux-gnu/lib/libcore-7e2768e66e984e85.rlib" "/opt/rustwide/rustup-home/toolchains/1.69.0-x86_64-unknown-linux-gnu/lib/rustlib/x86_64-unknown-linux-gnu/lib/libcompiler_builtins-957b4aff41f8cd46.rlib" "-Wl,-Bdynamic" "-lgcc_s" "-lutil" "-lrt" "-lpthread" "-lm" "-ldl" "-lc" "-Wl,--eh-frame-hdr" "-Wl,-z,noexecstack" "-L" "/opt/rustwide/rustup-home/toolchains/1.69.0-x86_64-unknown-linux-gnu/lib/rustlib/x86_64-unknown-linux-gnu/lib" "-o" "/tmp/rustdoctestTdSTua/rust_out" "-Wl,--gc-sections" "-pie" "-Wl,-z,relro,-z,now" "-nodefaultlibs"
[INFO] [stdout]   = note: collect2: fatal error: ld terminated with signal 9 [Killed]
[INFO] [stdout]           compilation terminated.
[INFO] [stdout]           
[INFO] [stdout] 
[INFO] [stdout] error: aborting due to previous error
[INFO] [stdout] 
[INFO] [stdout] Couldn't compile the test.
[INFO] [stdout] ---- src/core/context/mod.rs - core::context::Context::max (line 325) stdout ----
[INFO] [stdout] error: linking with `cc` failed: exit status: 1
[INFO] [stdout]   |
[INFO] [stdout]   = note: LC_ALL="C" PATH="/opt/rustwide/rustup-home/toolchains/1.69.0-x86_64-unknown-linux-gnu/lib/rustlib/x86_64-unknown-linux-gnu/bin:/opt/rustwide/cargo-home/bin:/usr/local/sbin:/usr/local/bin:/usr/sbin:/usr/bin:/sbin:/bin" VSLANG="1033" "cc" "-m64" "/tmp/rustcBVA8Ck/symbols.o" "/tmp/rustdoctest4YmKIV/rust_out.rust_out.5bfee551-cgu.0.rcgu.o" "/tmp/rustdoctest4YmKIV/rust_out.j00p4ncf7xg64kg.rcgu.o" "-Wl,--as-needed" "-L" "/opt/rustwide/target/debug/deps" "-L" "/opt/rustwide/target/debug/deps" "-L" "/opt/rustwide/rustup-home/toolchains/1.69.0-x86_64-unknown-linux-gnu/lib/rustlib/x86_64-unknown-linux-gnu/lib" "-Wl,-Bstatic" "/opt/rustwide/target/debug/deps/libfidget-691e1376a32fbf16.rlib" "/opt/rustwide/target/debug/deps/librhai-49e488bde9cea034.rlib" "/opt/rustwide/target/debug/deps/libsmartstring-0ac14eaba0d24051.rlib" "/opt/rustwide/target/debug/deps/libahash-44410f5ccccf7dd1.rlib" "/opt/rustwide/target/debug/deps/libgetrandom-1817661d17362ac5.rlib" "/opt/rustwide/target/debug/deps/libonce_cell-48e4d437e5697f8e.rlib" "/opt/rustwide/target/debug/deps/libcfg_if-e5e118dd7d121aaa.rlib" "/opt/rustwide/target/debug/deps/libsmallvec-d6cfd602ad9ba054.rlib" "/opt/rustwide/target/debug/deps/libbitflags-53e975ac3e8b1391.rlib" "/opt/rustwide/target/debug/deps/libstatic_assertions-9a9c2cb46fa7a0a6.rlib" "/opt/rustwide/target/debug/deps/libdynasmrt-505b0ebdc89cce53.rlib" "/opt/rustwide/target/debug/deps/libbyteorder-50c19e9bd62c942c.rlib" "/opt/rustwide/target/debug/deps/libfnv-41a559218f992797.rlib" "/opt/rustwide/target/debug/deps/libmemmap2-4c30e8b95f9e4ed8.rlib" "/opt/rustwide/target/debug/deps/liblibc-b7b14a0fe316ec96.rlib" "/opt/rustwide/target/debug/deps/libnalgebra-06a6c073dae2152e.rlib" "/opt/rustwide/target/debug/deps/libmatrixmultiply-3c85895b085a9122.rlib" "/opt/rustwide/target/debug/deps/librawpointer-93a89706954c673d.rlib" "/opt/rustwide/target/debug/deps/libnum_rational-43cf7dc1504f1785.rlib" "/opt/rustwide/target/debug/deps/libnum_integer-8c06f5afb834bef5.rlib" "/opt/rustwide/target/debug/deps/libtypenum-d40a559dcc4c7492.rlib" "/opt/rustwide/target/debug/deps/libsimba-2f0d2580f4a03283.rlib" "/opt/rustwide/target/debug/deps/libwide-cac253937a5441c6.rlib" "/opt/rustwide/target/debug/deps/libsafe_arch-e66f63f842b98e0d.rlib" "/opt/rustwide/target/debug/deps/libbytemuck-86ddde4110e746a7.rlib" "/opt/rustwide/target/debug/deps/libnum_complex-def77baed9714d98.rlib" "/opt/rustwide/target/debug/deps/libapprox-e1d533227fce3050.rlib" "/opt/rustwide/target/debug/deps/libthiserror-e4ca7c641acd4c0d.rlib" "/opt/rustwide/target/debug/deps/libarrayvec-bde221c23a3ba069.rlib" "/opt/rustwide/target/debug/deps/libordered_float-10f35938608ba038.rlib" "/opt/rustwide/target/debug/deps/libnum_traits-b237925f6bfbb7f7.rlib" "/opt/rustwide/rustup-home/toolchains/1.69.0-x86_64-unknown-linux-gnu/lib/rustlib/x86_64-unknown-linux-gnu/lib/libstd-89bc084783fdc439.rlib" "/opt/rustwide/rustup-home/toolchains/1.69.0-x86_64-unknown-linux-gnu/lib/rustlib/x86_64-unknown-linux-gnu/lib/libpanic_unwind-8bee4b287d4367c1.rlib" "/opt/rustwide/rustup-home/toolchains/1.69.0-x86_64-unknown-linux-gnu/lib/rustlib/x86_64-unknown-linux-gnu/lib/libobject-d61707aed80694c0.rlib" "/opt/rustwide/rustup-home/toolchains/1.69.0-x86_64-unknown-linux-gnu/lib/rustlib/x86_64-unknown-linux-gnu/lib/libmemchr-d85366256f22345b.rlib" "/opt/rustwide/rustup-home/toolchains/1.69.0-x86_64-unknown-linux-gnu/lib/rustlib/x86_64-unknown-linux-gnu/lib/libaddr2line-96069b86b8a8cae9.rlib" "/opt/rustwide/rustup-home/toolchains/1.69.0-x86_64-unknown-linux-gnu/lib/rustlib/x86_64-unknown-linux-gnu/lib/libgimli-d19d53abf68dfa6c.rlib" "/opt/rustwide/rustup-home/toolchains/1.69.0-x86_64-unknown-linux-gnu/lib/rustlib/x86_64-unknown-linux-gnu/lib/librustc_demangle-787cbccd19d64ac6.rlib" "/opt/rustwide/rustup-home/toolchains/1.69.0-x86_64-unknown-linux-gnu/lib/rustlib/x86_64-unknown-linux-gnu/lib/libstd_detect-b3837a36b830e0d0.rlib" "/opt/rustwide/rustup-home/toolchains/1.69.0-x86_64-unknown-linux-gnu/lib/rustlib/x86_64-unknown-linux-gnu/lib/libhashbrown-e3deb0e7e3f04966.rlib" "/opt/rustwide/rustup-home/toolchains/1.69.0-x86_64-unknown-linux-gnu/lib/rustlib/x86_64-unknown-linux-gnu/lib/libminiz_oxide-dabbb79c9815def4.rlib" "/opt/rustwide/rustup-home/toolchains/1.69.0-x86_64-unknown-linux-gnu/lib/rustlib/x86_64-unknown-linux-gnu/lib/libadler-305b01f34c9409f2.rlib" "/opt/rustwide/rustup-home/toolchains/1.69.0-x86_64-unknown-linux-gnu/lib/rustlib/x86_64-unknown-linux-gnu/lib/librustc_std_workspace_alloc-f833521df6074e73.rlib" "/opt/rustwide/rustup-home/toolchains/1.69.0-x86_64-unknown-linux-gnu/lib/rustlib/x86_64-unknown-linux-gnu/lib/libunwind-9ac333113350d171.rlib" "/opt/rustwide/rustup-home/toolchains/1.69.0-x86_64-unknown-linux-gnu/lib/rustlib/x86_64-unknown-linux-gnu/lib/libcfg_if-1c126114322d0eee.rlib" "/opt/rustwide/rustup-home/toolchains/1.69.0-x86_64-unknown-linux-gnu/lib/rustlib/x86_64-unknown-linux-gnu/lib/liblibc-bad9164fdeeecf92.rlib" "/opt/rustwide/rustup-home/toolchains/1.69.0-x86_64-unknown-linux-gnu/lib/rustlib/x86_64-unknown-linux-gnu/lib/liballoc-f9374b1e480fa681.rlib" "/opt/rustwide/rustup-home/toolchains/1.69.0-x86_64-unknown-linux-gnu/lib/rustlib/x86_64-unknown-linux-gnu/lib/librustc_std_workspace_core-207f06e41d9603af.rlib" "/opt/rustwide/rustup-home/toolchains/1.69.0-x86_64-unknown-linux-gnu/lib/rustlib/x86_64-unknown-linux-gnu/lib/libcore-7e2768e66e984e85.rlib" "/opt/rustwide/rustup-home/toolchains/1.69.0-x86_64-unknown-linux-gnu/lib/rustlib/x86_64-unknown-linux-gnu/lib/libcompiler_builtins-957b4aff41f8cd46.rlib" "-Wl,-Bdynamic" "-lgcc_s" "-lutil" "-lrt" "-lpthread" "-lm" "-ldl" "-lc" "-Wl,--eh-frame-hdr" "-Wl,-z,noexecstack" "-L" "/opt/rustwide/rustup-home/toolchains/1.69.0-x86_64-unknown-linux-gnu/lib/rustlib/x86_64-unknown-linux-gnu/lib" "-o" "/tmp/rustdoctest4YmKIV/rust_out" "-Wl,--gc-sections" "-pie" "-Wl,-z,relro,-z,now" "-nodefaultlibs"
[INFO] [stdout]   = note: collect2: fatal error: ld terminated with signal 9 [Killed]
[INFO] [stdout]           compilation terminated.
[INFO] [stdout]           
[INFO] [stdout] 
[INFO] [stdout] error: aborting due to previous error
[INFO] [stdout] 
[INFO] [stdout] Couldn't compile the test.
[INFO] [stdout] ---- src/lib.rs - (line 112) stdout ----
[INFO] [stdout] Couldn't compile the test.
[INFO] [stdout] ---- src/core/context/mod.rs - core::context::Context::add (line 249) stdout ----
[INFO] [stdout] error: linking with `cc` failed: exit status: 1
[INFO] [stdout]   |
[INFO] [stdout]   = note: LC_ALL="C" PATH="/opt/rustwide/rustup-home/toolchains/1.69.0-x86_64-unknown-linux-gnu/lib/rustlib/x86_64-unknown-linux-gnu/bin:/opt/rustwide/cargo-home/bin:/usr/local/sbin:/usr/local/bin:/usr/sbin:/usr/bin:/sbin:/bin" VSLANG="1033" "cc" "-m64" "/tmp/rustcsNozUm/symbols.o" "/tmp/rustdoctest1jCOfP/rust_out.rust_out.5bfee551-cgu.0.rcgu.o" "/tmp/rustdoctest1jCOfP/rust_out.j00p4ncf7xg64kg.rcgu.o" "-Wl,--as-needed" "-L" "/opt/rustwide/target/debug/deps" "-L" "/opt/rustwide/target/debug/deps" "-L" "/opt/rustwide/rustup-home/toolchains/1.69.0-x86_64-unknown-linux-gnu/lib/rustlib/x86_64-unknown-linux-gnu/lib" "-Wl,-Bstatic" "/opt/rustwide/target/debug/deps/libfidget-691e1376a32fbf16.rlib" "/opt/rustwide/target/debug/deps/librhai-49e488bde9cea034.rlib" "/opt/rustwide/target/debug/deps/libsmartstring-0ac14eaba0d24051.rlib" "/opt/rustwide/target/debug/deps/libahash-44410f5ccccf7dd1.rlib" "/opt/rustwide/target/debug/deps/libgetrandom-1817661d17362ac5.rlib" "/opt/rustwide/target/debug/deps/libonce_cell-48e4d437e5697f8e.rlib" "/opt/rustwide/target/debug/deps/libcfg_if-e5e118dd7d121aaa.rlib" "/opt/rustwide/target/debug/deps/libsmallvec-d6cfd602ad9ba054.rlib" "/opt/rustwide/target/debug/deps/libbitflags-53e975ac3e8b1391.rlib" "/opt/rustwide/target/debug/deps/libstatic_assertions-9a9c2cb46fa7a0a6.rlib" "/opt/rustwide/target/debug/deps/libdynasmrt-505b0ebdc89cce53.rlib" "/opt/rustwide/target/debug/deps/libbyteorder-50c19e9bd62c942c.rlib" "/opt/rustwide/target/debug/deps/libfnv-41a559218f992797.rlib" "/opt/rustwide/target/debug/deps/libmemmap2-4c30e8b95f9e4ed8.rlib" "/opt/rustwide/target/debug/deps/liblibc-b7b14a0fe316ec96.rlib" "/opt/rustwide/target/debug/deps/libnalgebra-06a6c073dae2152e.rlib" "/opt/rustwide/target/debug/deps/libmatrixmultiply-3c85895b085a9122.rlib" "/opt/rustwide/target/debug/deps/librawpointer-93a89706954c673d.rlib" "/opt/rustwide/target/debug/deps/libnum_rational-43cf7dc1504f1785.rlib" "/opt/rustwide/target/debug/deps/libnum_integer-8c06f5afb834bef5.rlib" "/opt/rustwide/target/debug/deps/libtypenum-d40a559dcc4c7492.rlib" "/opt/rustwide/target/debug/deps/libsimba-2f0d2580f4a03283.rlib" "/opt/rustwide/target/debug/deps/libwide-cac253937a5441c6.rlib" "/opt/rustwide/target/debug/deps/libsafe_arch-e66f63f842b98e0d.rlib" "/opt/rustwide/target/debug/deps/libbytemuck-86ddde4110e746a7.rlib" "/opt/rustwide/target/debug/deps/libnum_complex-def77baed9714d98.rlib" "/opt/rustwide/target/debug/deps/libapprox-e1d533227fce3050.rlib" "/opt/rustwide/target/debug/deps/libthiserror-e4ca7c641acd4c0d.rlib" "/opt/rustwide/target/debug/deps/libarrayvec-bde221c23a3ba069.rlib" "/opt/rustwide/target/debug/deps/libordered_float-10f35938608ba038.rlib" "/opt/rustwide/target/debug/deps/libnum_traits-b237925f6bfbb7f7.rlib" "/opt/rustwide/rustup-home/toolchains/1.69.0-x86_64-unknown-linux-gnu/lib/rustlib/x86_64-unknown-linux-gnu/lib/libstd-89bc084783fdc439.rlib" "/opt/rustwide/rustup-home/toolchains/1.69.0-x86_64-unknown-linux-gnu/lib/rustlib/x86_64-unknown-linux-gnu/lib/libpanic_unwind-8bee4b287d4367c1.rlib" "/opt/rustwide/rustup-home/toolchains/1.69.0-x86_64-unknown-linux-gnu/lib/rustlib/x86_64-unknown-linux-gnu/lib/libobject-d61707aed80694c0.rlib" "/opt/rustwide/rustup-home/toolchains/1.69.0-x86_64-unknown-linux-gnu/lib/rustlib/x86_64-unknown-linux-gnu/lib/libmemchr-d85366256f22345b.rlib" "/opt/rustwide/rustup-home/toolchains/1.69.0-x86_64-unknown-linux-gnu/lib/rustlib/x86_64-unknown-linux-gnu/lib/libaddr2line-96069b86b8a8cae9.rlib" "/opt/rustwide/rustup-home/toolchains/1.69.0-x86_64-unknown-linux-gnu/lib/rustlib/x86_64-unknown-linux-gnu/lib/libgimli-d19d53abf68dfa6c.rlib" "/opt/rustwide/rustup-home/toolchains/1.69.0-x86_64-unknown-linux-gnu/lib/rustlib/x86_64-unknown-linux-gnu/lib/librustc_demangle-787cbccd19d64ac6.rlib" "/opt/rustwide/rustup-home/toolchains/1.69.0-x86_64-unknown-linux-gnu/lib/rustlib/x86_64-unknown-linux-gnu/lib/libstd_detect-b3837a36b830e0d0.rlib" "/opt/rustwide/rustup-home/toolchains/1.69.0-x86_64-unknown-linux-gnu/lib/rustlib/x86_64-unknown-linux-gnu/lib/libhashbrown-e3deb0e7e3f04966.rlib" "/opt/rustwide/rustup-home/toolchains/1.69.0-x86_64-unknown-linux-gnu/lib/rustlib/x86_64-unknown-linux-gnu/lib/libminiz_oxide-dabbb79c9815def4.rlib" "/opt/rustwide/rustup-home/toolchains/1.69.0-x86_64-unknown-linux-gnu/lib/rustlib/x86_64-unknown-linux-gnu/lib/libadler-305b01f34c9409f2.rlib" "/opt/rustwide/rustup-home/toolchains/1.69.0-x86_64-unknown-linux-gnu/lib/rustlib/x86_64-unknown-linux-gnu/lib/librustc_std_workspace_alloc-f833521df6074e73.rlib" "/opt/rustwide/rustup-home/toolchains/1.69.0-x86_64-unknown-linux-gnu/lib/rustlib/x86_64-unknown-linux-gnu/lib/libunwind-9ac333113350d171.rlib" "/opt/rustwide/rustup-home/toolchains/1.69.0-x86_64-unknown-linux-gnu/lib/rustlib/x86_64-unknown-linux-gnu/lib/libcfg_if-1c126114322d0eee.rlib" "/opt/rustwide/rustup-home/toolchains/1.69.0-x86_64-unknown-linux-gnu/lib/rustlib/x86_64-unknown-linux-gnu/lib/liblibc-bad9164fdeeecf92.rlib" "/opt/rustwide/rustup-home/toolchains/1.69.0-x86_64-unknown-linux-gnu/lib/rustlib/x86_64-unknown-linux-gnu/lib/liballoc-f9374b1e480fa681.rlib" "/opt/rustwide/rustup-home/toolchains/1.69.0-x86_64-unknown-linux-gnu/lib/rustlib/x86_64-unknown-linux-gnu/lib/librustc_std_workspace_core-207f06e41d9603af.rlib" "/opt/rustwide/rustup-home/toolchains/1.69.0-x86_64-unknown-linux-gnu/lib/rustlib/x86_64-unknown-linux-gnu/lib/libcore-7e2768e66e984e85.rlib" "/opt/rustwide/rustup-home/toolchains/1.69.0-x86_64-unknown-linux-gnu/lib/rustlib/x86_64-unknown-linux-gnu/lib/libcompiler_builtins-957b4aff41f8cd46.rlib" "-Wl,-Bdynamic" "-lgcc_s" "-lutil" "-lrt" "-lpthread" "-lm" "-ldl" "-lc" "-Wl,--eh-frame-hdr" "-Wl,-z,noexecstack" "-L" "/opt/rustwide/rustup-home/toolchains/1.69.0-x86_64-unknown-linux-gnu/lib/rustlib/x86_64-unknown-linux-gnu/lib" "-o" "/tmp/rustdoctest1jCOfP/rust_out" "-Wl,--gc-sections" "-pie" "-Wl,-z,relro,-z,now" "-nodefaultlibs"
[INFO] [stdout]   = note: collect2: fatal error: ld terminated with signal 9 [Killed]
[INFO] [stdout]           compilation terminated.
[INFO] [stdout]           
[INFO] [stdout] 
[INFO] [stdout] error: aborting due to previous error
[INFO] [stdout] 
[INFO] [stdout] Couldn't compile the test.
[INFO] [stdout] ---- src/lib.rs - (line 190) stdout ----
[INFO] [stdout] Couldn't compile the test.
[INFO] [stdout] ---- src/lib.rs - (line 161) stdout ----
[INFO] [stdout] Couldn't compile the test.
[INFO] [stdout] ---- src/core/context/mod.rs - core::context::Context::square (line 403) stdout ----
[INFO] [stdout] error: linking with `cc` failed: exit status: 1
[INFO] [stdout]   |
[INFO] [stdout]   = note: LC_ALL="C" PATH="/opt/rustwide/rustup-home/toolchains/1.69.0-x86_64-unknown-linux-gnu/lib/rustlib/x86_64-unknown-linux-gnu/bin:/opt/rustwide/cargo-home/bin:/usr/local/sbin:/usr/local/bin:/usr/sbin:/usr/bin:/sbin:/bin" VSLANG="1033" "cc" "-m64" "/tmp/rustcNfrbcd/symbols.o" "/tmp/rustdoctestVLLMPY/rust_out.rust_out.5bfee551-cgu.0.rcgu.o" "/tmp/rustdoctestVLLMPY/rust_out.j00p4ncf7xg64kg.rcgu.o" "-Wl,--as-needed" "-L" "/opt/rustwide/target/debug/deps" "-L" "/opt/rustwide/target/debug/deps" "-L" "/opt/rustwide/rustup-home/toolchains/1.69.0-x86_64-unknown-linux-gnu/lib/rustlib/x86_64-unknown-linux-gnu/lib" "-Wl,-Bstatic" "/opt/rustwide/target/debug/deps/libfidget-691e1376a32fbf16.rlib" "/opt/rustwide/target/debug/deps/librhai-49e488bde9cea034.rlib" "/opt/rustwide/target/debug/deps/libsmartstring-0ac14eaba0d24051.rlib" "/opt/rustwide/target/debug/deps/libahash-44410f5ccccf7dd1.rlib" "/opt/rustwide/target/debug/deps/libgetrandom-1817661d17362ac5.rlib" "/opt/rustwide/target/debug/deps/libonce_cell-48e4d437e5697f8e.rlib" "/opt/rustwide/target/debug/deps/libcfg_if-e5e118dd7d121aaa.rlib" "/opt/rustwide/target/debug/deps/libsmallvec-d6cfd602ad9ba054.rlib" "/opt/rustwide/target/debug/deps/libbitflags-53e975ac3e8b1391.rlib" "/opt/rustwide/target/debug/deps/libstatic_assertions-9a9c2cb46fa7a0a6.rlib" "/opt/rustwide/target/debug/deps/libdynasmrt-505b0ebdc89cce53.rlib" "/opt/rustwide/target/debug/deps/libbyteorder-50c19e9bd62c942c.rlib" "/opt/rustwide/target/debug/deps/libfnv-41a559218f992797.rlib" "/opt/rustwide/target/debug/deps/libmemmap2-4c30e8b95f9e4ed8.rlib" "/opt/rustwide/target/debug/deps/liblibc-b7b14a0fe316ec96.rlib" "/opt/rustwide/target/debug/deps/libnalgebra-06a6c073dae2152e.rlib" "/opt/rustwide/target/debug/deps/libmatrixmultiply-3c85895b085a9122.rlib" "/opt/rustwide/target/debug/deps/librawpointer-93a89706954c673d.rlib" "/opt/rustwide/target/debug/deps/libnum_rational-43cf7dc1504f1785.rlib" "/opt/rustwide/target/debug/deps/libnum_integer-8c06f5afb834bef5.rlib" "/opt/rustwide/target/debug/deps/libtypenum-d40a559dcc4c7492.rlib" "/opt/rustwide/target/debug/deps/libsimba-2f0d2580f4a03283.rlib" "/opt/rustwide/target/debug/deps/libwide-cac253937a5441c6.rlib" "/opt/rustwide/target/debug/deps/libsafe_arch-e66f63f842b98e0d.rlib" "/opt/rustwide/target/debug/deps/libbytemuck-86ddde4110e746a7.rlib" "/opt/rustwide/target/debug/deps/libnum_complex-def77baed9714d98.rlib" "/opt/rustwide/target/debug/deps/libapprox-e1d533227fce3050.rlib" "/opt/rustwide/target/debug/deps/libthiserror-e4ca7c641acd4c0d.rlib" "/opt/rustwide/target/debug/deps/libarrayvec-bde221c23a3ba069.rlib" "/opt/rustwide/target/debug/deps/libordered_float-10f35938608ba038.rlib" "/opt/rustwide/target/debug/deps/libnum_traits-b237925f6bfbb7f7.rlib" "/opt/rustwide/rustup-home/toolchains/1.69.0-x86_64-unknown-linux-gnu/lib/rustlib/x86_64-unknown-linux-gnu/lib/libstd-89bc084783fdc439.rlib" "/opt/rustwide/rustup-home/toolchains/1.69.0-x86_64-unknown-linux-gnu/lib/rustlib/x86_64-unknown-linux-gnu/lib/libpanic_unwind-8bee4b287d4367c1.rlib" "/opt/rustwide/rustup-home/toolchains/1.69.0-x86_64-unknown-linux-gnu/lib/rustlib/x86_64-unknown-linux-gnu/lib/libobject-d61707aed80694c0.rlib" "/opt/rustwide/rustup-home/toolchains/1.69.0-x86_64-unknown-linux-gnu/lib/rustlib/x86_64-unknown-linux-gnu/lib/libmemchr-d85366256f22345b.rlib" "/opt/rustwide/rustup-home/toolchains/1.69.0-x86_64-unknown-linux-gnu/lib/rustlib/x86_64-unknown-linux-gnu/lib/libaddr2line-96069b86b8a8cae9.rlib" "/opt/rustwide/rustup-home/toolchains/1.69.0-x86_64-unknown-linux-gnu/lib/rustlib/x86_64-unknown-linux-gnu/lib/libgimli-d19d53abf68dfa6c.rlib" "/opt/rustwide/rustup-home/toolchains/1.69.0-x86_64-unknown-linux-gnu/lib/rustlib/x86_64-unknown-linux-gnu/lib/librustc_demangle-787cbccd19d64ac6.rlib" "/opt/rustwide/rustup-home/toolchains/1.69.0-x86_64-unknown-linux-gnu/lib/rustlib/x86_64-unknown-linux-gnu/lib/libstd_detect-b3837a36b830e0d0.rlib" "/opt/rustwide/rustup-home/toolchains/1.69.0-x86_64-unknown-linux-gnu/lib/rustlib/x86_64-unknown-linux-gnu/lib/libhashbrown-e3deb0e7e3f04966.rlib" "/opt/rustwide/rustup-home/toolchains/1.69.0-x86_64-unknown-linux-gnu/lib/rustlib/x86_64-unknown-linux-gnu/lib/libminiz_oxide-dabbb79c9815def4.rlib" "/opt/rustwide/rustup-home/toolchains/1.69.0-x86_64-unknown-linux-gnu/lib/rustlib/x86_64-unknown-linux-gnu/lib/libadler-305b01f34c9409f2.rlib" "/opt/rustwide/rustup-home/toolchains/1.69.0-x86_64-unknown-linux-gnu/lib/rustlib/x86_64-unknown-linux-gnu/lib/librustc_std_workspace_alloc-f833521df6074e73.rlib" "/opt/rustwide/rustup-home/toolchains/1.69.0-x86_64-unknown-linux-gnu/lib/rustlib/x86_64-unknown-linux-gnu/lib/libunwind-9ac333113350d171.rlib" "/opt/rustwide/rustup-home/toolchains/1.69.0-x86_64-unknown-linux-gnu/lib/rustlib/x86_64-unknown-linux-gnu/lib/libcfg_if-1c126114322d0eee.rlib" "/opt/rustwide/rustup-home/toolchains/1.69.0-x86_64-unknown-linux-gnu/lib/rustlib/x86_64-unknown-linux-gnu/lib/liblibc-bad9164fdeeecf92.rlib" "/opt/rustwide/rustup-home/toolchains/1.69.0-x86_64-unknown-linux-gnu/lib/rustlib/x86_64-unknown-linux-gnu/lib/liballoc-f9374b1e480fa681.rlib" "/opt/rustwide/rustup-home/toolchains/1.69.0-x86_64-unknown-linux-gnu/lib/rustlib/x86_64-unknown-linux-gnu/lib/librustc_std_workspace_core-207f06e41d9603af.rlib" "/opt/rustwide/rustup-home/toolchains/1.69.0-x86_64-unknown-linux-gnu/lib/rustlib/x86_64-unknown-linux-gnu/lib/libcore-7e2768e66e984e85.rlib" "/opt/rustwide/rustup-home/toolchains/1.69.0-x86_64-unknown-linux-gnu/lib/rustlib/x86_64-unknown-linux-gnu/lib/libcompiler_builtins-957b4aff41f8cd46.rlib" "-Wl,-Bdynamic" "-lgcc_s" "-lutil" "-lrt" "-lpthread" "-lm" "-ldl" "-lc" "-Wl,--eh-frame-hdr" "-Wl,-z,noexecstack" "-L" "/opt/rustwide/rustup-home/toolchains/1.69.0-x86_64-unknown-linux-gnu/lib/rustlib/x86_64-unknown-linux-gnu/lib" "-o" "/tmp/rustdoctestVLLMPY/rust_out" "-Wl,--gc-sections" "-pie" "-Wl,-z,relro,-z,now" "-nodefaultlibs"
[INFO] [stdout]   = note: collect2: fatal error: ld terminated with signal 9 [Killed]
[INFO] [stdout]           compilation terminated.
[INFO] [stdout]           
[INFO] [stdout] 
[INFO] [stdout] error: aborting due to previous error
[INFO] [stdout] 
[INFO] [stdout] Couldn't compile the test.
[INFO] [stdout] ---- src/lib.rs - (line 59) stdout ----
[INFO] [stdout] Couldn't compile the test.
[INFO] [stdout] ---- src/core/context/mod.rs - core::context::Context::constant (line 178) stdout ----
[INFO] [stdout] error: linking with `cc` failed: exit status: 1
[INFO] [stdout]   |
[INFO] [stdout]   = note: LC_ALL="C" PATH="/opt/rustwide/rustup-home/toolchains/1.69.0-x86_64-unknown-linux-gnu/lib/rustlib/x86_64-unknown-linux-gnu/bin:/opt/rustwide/cargo-home/bin:/usr/local/sbin:/usr/local/bin:/usr/sbin:/usr/bin:/sbin:/bin" VSLANG="1033" "cc" "-m64" "/tmp/rustcYEk7oT/symbols.o" "/tmp/rustdoctestXPcGTV/rust_out.rust_out.5bfee551-cgu.0.rcgu.o" "/tmp/rustdoctestXPcGTV/rust_out.j00p4ncf7xg64kg.rcgu.o" "-Wl,--as-needed" "-L" "/opt/rustwide/target/debug/deps" "-L" "/opt/rustwide/target/debug/deps" "-L" "/opt/rustwide/rustup-home/toolchains/1.69.0-x86_64-unknown-linux-gnu/lib/rustlib/x86_64-unknown-linux-gnu/lib" "-Wl,-Bstatic" "/opt/rustwide/target/debug/deps/libfidget-691e1376a32fbf16.rlib" "/opt/rustwide/target/debug/deps/librhai-49e488bde9cea034.rlib" "/opt/rustwide/target/debug/deps/libsmartstring-0ac14eaba0d24051.rlib" "/opt/rustwide/target/debug/deps/libahash-44410f5ccccf7dd1.rlib" "/opt/rustwide/target/debug/deps/libgetrandom-1817661d17362ac5.rlib" "/opt/rustwide/target/debug/deps/libonce_cell-48e4d437e5697f8e.rlib" "/opt/rustwide/target/debug/deps/libcfg_if-e5e118dd7d121aaa.rlib" "/opt/rustwide/target/debug/deps/libsmallvec-d6cfd602ad9ba054.rlib" "/opt/rustwide/target/debug/deps/libbitflags-53e975ac3e8b1391.rlib" "/opt/rustwide/target/debug/deps/libstatic_assertions-9a9c2cb46fa7a0a6.rlib" "/opt/rustwide/target/debug/deps/libdynasmrt-505b0ebdc89cce53.rlib" "/opt/rustwide/target/debug/deps/libbyteorder-50c19e9bd62c942c.rlib" "/opt/rustwide/target/debug/deps/libfnv-41a559218f992797.rlib" "/opt/rustwide/target/debug/deps/libmemmap2-4c30e8b95f9e4ed8.rlib" "/opt/rustwide/target/debug/deps/liblibc-b7b14a0fe316ec96.rlib" "/opt/rustwide/target/debug/deps/libnalgebra-06a6c073dae2152e.rlib" "/opt/rustwide/target/debug/deps/libmatrixmultiply-3c85895b085a9122.rlib" "/opt/rustwide/target/debug/deps/librawpointer-93a89706954c673d.rlib" "/opt/rustwide/target/debug/deps/libnum_rational-43cf7dc1504f1785.rlib" "/opt/rustwide/target/debug/deps/libnum_integer-8c06f5afb834bef5.rlib" "/opt/rustwide/target/debug/deps/libtypenum-d40a559dcc4c7492.rlib" "/opt/rustwide/target/debug/deps/libsimba-2f0d2580f4a03283.rlib" "/opt/rustwide/target/debug/deps/libwide-cac253937a5441c6.rlib" "/opt/rustwide/target/debug/deps/libsafe_arch-e66f63f842b98e0d.rlib" "/opt/rustwide/target/debug/deps/libbytemuck-86ddde4110e746a7.rlib" "/opt/rustwide/target/debug/deps/libnum_complex-def77baed9714d98.rlib" "/opt/rustwide/target/debug/deps/libapprox-e1d533227fce3050.rlib" "/opt/rustwide/target/debug/deps/libthiserror-e4ca7c641acd4c0d.rlib" "/opt/rustwide/target/debug/deps/libarrayvec-bde221c23a3ba069.rlib" "/opt/rustwide/target/debug/deps/libordered_float-10f35938608ba038.rlib" "/opt/rustwide/target/debug/deps/libnum_traits-b237925f6bfbb7f7.rlib" "/opt/rustwide/rustup-home/toolchains/1.69.0-x86_64-unknown-linux-gnu/lib/rustlib/x86_64-unknown-linux-gnu/lib/libstd-89bc084783fdc439.rlib" "/opt/rustwide/rustup-home/toolchains/1.69.0-x86_64-unknown-linux-gnu/lib/rustlib/x86_64-unknown-linux-gnu/lib/libpanic_unwind-8bee4b287d4367c1.rlib" "/opt/rustwide/rustup-home/toolchains/1.69.0-x86_64-unknown-linux-gnu/lib/rustlib/x86_64-unknown-linux-gnu/lib/libobject-d61707aed80694c0.rlib" "/opt/rustwide/rustup-home/toolchains/1.69.0-x86_64-unknown-linux-gnu/lib/rustlib/x86_64-unknown-linux-gnu/lib/libmemchr-d85366256f22345b.rlib" "/opt/rustwide/rustup-home/toolchains/1.69.0-x86_64-unknown-linux-gnu/lib/rustlib/x86_64-unknown-linux-gnu/lib/libaddr2line-96069b86b8a8cae9.rlib" "/opt/rustwide/rustup-home/toolchains/1.69.0-x86_64-unknown-linux-gnu/lib/rustlib/x86_64-unknown-linux-gnu/lib/libgimli-d19d53abf68dfa6c.rlib" "/opt/rustwide/rustup-home/toolchains/1.69.0-x86_64-unknown-linux-gnu/lib/rustlib/x86_64-unknown-linux-gnu/lib/librustc_demangle-787cbccd19d64ac6.rlib" "/opt/rustwide/rustup-home/toolchains/1.69.0-x86_64-unknown-linux-gnu/lib/rustlib/x86_64-unknown-linux-gnu/lib/libstd_detect-b3837a36b830e0d0.rlib" "/opt/rustwide/rustup-home/toolchains/1.69.0-x86_64-unknown-linux-gnu/lib/rustlib/x86_64-unknown-linux-gnu/lib/libhashbrown-e3deb0e7e3f04966.rlib" "/opt/rustwide/rustup-home/toolchains/1.69.0-x86_64-unknown-linux-gnu/lib/rustlib/x86_64-unknown-linux-gnu/lib/libminiz_oxide-dabbb79c9815def4.rlib" "/opt/rustwide/rustup-home/toolchains/1.69.0-x86_64-unknown-linux-gnu/lib/rustlib/x86_64-unknown-linux-gnu/lib/libadler-305b01f34c9409f2.rlib" "/opt/rustwide/rustup-home/toolchains/1.69.0-x86_64-unknown-linux-gnu/lib/rustlib/x86_64-unknown-linux-gnu/lib/librustc_std_workspace_alloc-f833521df6074e73.rlib" "/opt/rustwide/rustup-home/toolchains/1.69.0-x86_64-unknown-linux-gnu/lib/rustlib/x86_64-unknown-linux-gnu/lib/libunwind-9ac333113350d171.rlib" "/opt/rustwide/rustup-home/toolchains/1.69.0-x86_64-unknown-linux-gnu/lib/rustlib/x86_64-unknown-linux-gnu/lib/libcfg_if-1c126114322d0eee.rlib" "/opt/rustwide/rustup-home/toolchains/1.69.0-x86_64-unknown-linux-gnu/lib/rustlib/x86_64-unknown-linux-gnu/lib/liblibc-bad9164fdeeecf92.rlib" "/opt/rustwide/rustup-home/toolchains/1.69.0-x86_64-unknown-linux-gnu/lib/rustlib/x86_64-unknown-linux-gnu/lib/liballoc-f9374b1e480fa681.rlib" "/opt/rustwide/rustup-home/toolchains/1.69.0-x86_64-unknown-linux-gnu/lib/rustlib/x86_64-unknown-linux-gnu/lib/librustc_std_workspace_core-207f06e41d9603af.rlib" "/opt/rustwide/rustup-home/toolchains/1.69.0-x86_64-unknown-linux-gnu/lib/rustlib/x86_64-unknown-linux-gnu/lib/libcore-7e2768e66e984e85.rlib" "/opt/rustwide/rustup-home/toolchains/1.69.0-x86_64-unknown-linux-gnu/lib/rustlib/x86_64-unknown-linux-gnu/lib/libcompiler_builtins-957b4aff41f8cd46.rlib" "-Wl,-Bdynamic" "-lgcc_s" "-lutil" "-lrt" "-lpthread" "-lm" "-ldl" "-lc" "-Wl,--eh-frame-hdr" "-Wl,-z,noexecstack" "-L" "/opt/rustwide/rustup-home/toolchains/1.69.0-x86_64-unknown-linux-gnu/lib/rustlib/x86_64-unknown-linux-gnu/lib" "-o" "/tmp/rustdoctestXPcGTV/rust_out" "-Wl,--gc-sections" "-pie" "-Wl,-z,relro,-z,now" "-nodefaultlibs"
[INFO] [stdout]   = note: collect2: fatal error: ld terminated with signal 9 [Killed]
[INFO] [stdout]           compilation terminated.
[INFO] [stdout]           
[INFO] [stdout] 
[INFO] [stdout] error: aborting due to previous error
[INFO] [stdout] 
[INFO] [stdout] Couldn't compile the test.
[INFO] [stdout] ---- src/core/context/mod.rs - core::context::Context::len (line 62) stdout ----
[INFO] [stdout] error: linking with `cc` failed: exit status: 1
[INFO] [stdout]   |
[INFO] [stdout]   = note: LC_ALL="C" PATH="/opt/rustwide/rustup-home/toolchains/1.69.0-x86_64-unknown-linux-gnu/lib/rustlib/x86_64-unknown-linux-gnu/bin:/opt/rustwide/cargo-home/bin:/usr/local/sbin:/usr/local/bin:/usr/sbin:/usr/bin:/sbin:/bin" VSLANG="1033" "cc" "-m64" "/tmp/rustcrTSTlZ/symbols.o" "/tmp/rustdoctestIdQ471/rust_out.rust_out.5bfee551-cgu.0.rcgu.o" "/tmp/rustdoctestIdQ471/rust_out.j00p4ncf7xg64kg.rcgu.o" "-Wl,--as-needed" "-L" "/opt/rustwide/target/debug/deps" "-L" "/opt/rustwide/target/debug/deps" "-L" "/opt/rustwide/rustup-home/toolchains/1.69.0-x86_64-unknown-linux-gnu/lib/rustlib/x86_64-unknown-linux-gnu/lib" "-Wl,-Bstatic" "/opt/rustwide/target/debug/deps/libfidget-691e1376a32fbf16.rlib" "/opt/rustwide/target/debug/deps/librhai-49e488bde9cea034.rlib" "/opt/rustwide/target/debug/deps/libsmartstring-0ac14eaba0d24051.rlib" "/opt/rustwide/target/debug/deps/libahash-44410f5ccccf7dd1.rlib" "/opt/rustwide/target/debug/deps/libgetrandom-1817661d17362ac5.rlib" "/opt/rustwide/target/debug/deps/libonce_cell-48e4d437e5697f8e.rlib" "/opt/rustwide/target/debug/deps/libcfg_if-e5e118dd7d121aaa.rlib" "/opt/rustwide/target/debug/deps/libsmallvec-d6cfd602ad9ba054.rlib" "/opt/rustwide/target/debug/deps/libbitflags-53e975ac3e8b1391.rlib" "/opt/rustwide/target/debug/deps/libstatic_assertions-9a9c2cb46fa7a0a6.rlib" "/opt/rustwide/target/debug/deps/libdynasmrt-505b0ebdc89cce53.rlib" "/opt/rustwide/target/debug/deps/libbyteorder-50c19e9bd62c942c.rlib" "/opt/rustwide/target/debug/deps/libfnv-41a559218f992797.rlib" "/opt/rustwide/target/debug/deps/libmemmap2-4c30e8b95f9e4ed8.rlib" "/opt/rustwide/target/debug/deps/liblibc-b7b14a0fe316ec96.rlib" "/opt/rustwide/target/debug/deps/libnalgebra-06a6c073dae2152e.rlib" "/opt/rustwide/target/debug/deps/libmatrixmultiply-3c85895b085a9122.rlib" "/opt/rustwide/target/debug/deps/librawpointer-93a89706954c673d.rlib" "/opt/rustwide/target/debug/deps/libnum_rational-43cf7dc1504f1785.rlib" "/opt/rustwide/target/debug/deps/libnum_integer-8c06f5afb834bef5.rlib" "/opt/rustwide/target/debug/deps/libtypenum-d40a559dcc4c7492.rlib" "/opt/rustwide/target/debug/deps/libsimba-2f0d2580f4a03283.rlib" "/opt/rustwide/target/debug/deps/libwide-cac253937a5441c6.rlib" "/opt/rustwide/target/debug/deps/libsafe_arch-e66f63f842b98e0d.rlib" "/opt/rustwide/target/debug/deps/libbytemuck-86ddde4110e746a7.rlib" "/opt/rustwide/target/debug/deps/libnum_complex-def77baed9714d98.rlib" "/opt/rustwide/target/debug/deps/libapprox-e1d533227fce3050.rlib" "/opt/rustwide/target/debug/deps/libthiserror-e4ca7c641acd4c0d.rlib" "/opt/rustwide/target/debug/deps/libarrayvec-bde221c23a3ba069.rlib" "/opt/rustwide/target/debug/deps/libordered_float-10f35938608ba038.rlib" "/opt/rustwide/target/debug/deps/libnum_traits-b237925f6bfbb7f7.rlib" "/opt/rustwide/rustup-home/toolchains/1.69.0-x86_64-unknown-linux-gnu/lib/rustlib/x86_64-unknown-linux-gnu/lib/libstd-89bc084783fdc439.rlib" "/opt/rustwide/rustup-home/toolchains/1.69.0-x86_64-unknown-linux-gnu/lib/rustlib/x86_64-unknown-linux-gnu/lib/libpanic_unwind-8bee4b287d4367c1.rlib" "/opt/rustwide/rustup-home/toolchains/1.69.0-x86_64-unknown-linux-gnu/lib/rustlib/x86_64-unknown-linux-gnu/lib/libobject-d61707aed80694c0.rlib" "/opt/rustwide/rustup-home/toolchains/1.69.0-x86_64-unknown-linux-gnu/lib/rustlib/x86_64-unknown-linux-gnu/lib/libmemchr-d85366256f22345b.rlib" "/opt/rustwide/rustup-home/toolchains/1.69.0-x86_64-unknown-linux-gnu/lib/rustlib/x86_64-unknown-linux-gnu/lib/libaddr2line-96069b86b8a8cae9.rlib" "/opt/rustwide/rustup-home/toolchains/1.69.0-x86_64-unknown-linux-gnu/lib/rustlib/x86_64-unknown-linux-gnu/lib/libgimli-d19d53abf68dfa6c.rlib" "/opt/rustwide/rustup-home/toolchains/1.69.0-x86_64-unknown-linux-gnu/lib/rustlib/x86_64-unknown-linux-gnu/lib/librustc_demangle-787cbccd19d64ac6.rlib" "/opt/rustwide/rustup-home/toolchains/1.69.0-x86_64-unknown-linux-gnu/lib/rustlib/x86_64-unknown-linux-gnu/lib/libstd_detect-b3837a36b830e0d0.rlib" "/opt/rustwide/rustup-home/toolchains/1.69.0-x86_64-unknown-linux-gnu/lib/rustlib/x86_64-unknown-linux-gnu/lib/libhashbrown-e3deb0e7e3f04966.rlib" "/opt/rustwide/rustup-home/toolchains/1.69.0-x86_64-unknown-linux-gnu/lib/rustlib/x86_64-unknown-linux-gnu/lib/libminiz_oxide-dabbb79c9815def4.rlib" "/opt/rustwide/rustup-home/toolchains/1.69.0-x86_64-unknown-linux-gnu/lib/rustlib/x86_64-unknown-linux-gnu/lib/libadler-305b01f34c9409f2.rlib" "/opt/rustwide/rustup-home/toolchains/1.69.0-x86_64-unknown-linux-gnu/lib/rustlib/x86_64-unknown-linux-gnu/lib/librustc_std_workspace_alloc-f833521df6074e73.rlib" "/opt/rustwide/rustup-home/toolchains/1.69.0-x86_64-unknown-linux-gnu/lib/rustlib/x86_64-unknown-linux-gnu/lib/libunwind-9ac333113350d171.rlib" "/opt/rustwide/rustup-home/toolchains/1.69.0-x86_64-unknown-linux-gnu/lib/rustlib/x86_64-unknown-linux-gnu/lib/libcfg_if-1c126114322d0eee.rlib" "/opt/rustwide/rustup-home/toolchains/1.69.0-x86_64-unknown-linux-gnu/lib/rustlib/x86_64-unknown-linux-gnu/lib/liblibc-bad9164fdeeecf92.rlib" "/opt/rustwide/rustup-home/toolchains/1.69.0-x86_64-unknown-linux-gnu/lib/rustlib/x86_64-unknown-linux-gnu/lib/liballoc-f9374b1e480fa681.rlib" "/opt/rustwide/rustup-home/toolchains/1.69.0-x86_64-unknown-linux-gnu/lib/rustlib/x86_64-unknown-linux-gnu/lib/librustc_std_workspace_core-207f06e41d9603af.rlib" "/opt/rustwide/rustup-home/toolchains/1.69.0-x86_64-unknown-linux-gnu/lib/rustlib/x86_64-unknown-linux-gnu/lib/libcore-7e2768e66e984e85.rlib" "/opt/rustwide/rustup-home/toolchains/1.69.0-x86_64-unknown-linux-gnu/lib/rustlib/x86_64-unknown-linux-gnu/lib/libcompiler_builtins-957b4aff41f8cd46.rlib" "-Wl,-Bdynamic" "-lgcc_s" "-lutil" "-lrt" "-lpthread" "-lm" "-ldl" "-lc" "-Wl,--eh-frame-hdr" "-Wl,-z,noexecstack" "-L" "/opt/rustwide/rustup-home/toolchains/1.69.0-x86_64-unknown-linux-gnu/lib/rustlib/x86_64-unknown-linux-gnu/lib" "-o" "/tmp/rustdoctestIdQ471/rust_out" "-Wl,--gc-sections" "-pie" "-Wl,-z,relro,-z,now" "-nodefaultlibs"
[INFO] [stdout]   = note: collect2: fatal error: ld terminated with signal 9 [Killed]
[INFO] [stdout]           compilation terminated.
[INFO] [stdout]           
[INFO] [stdout] 
[INFO] [stdout] error: aborting due to previous error
[INFO] [stdout] 
[INFO] [stdout] Couldn't compile the test.
[INFO] [stdout] ---- src/core/context/mod.rs - core::context::Context::eval_xyz (line 572) stdout ----
[INFO] [stdout] error: linking with `cc` failed: exit status: 1
[INFO] [stdout]   |
[INFO] [stdout]   = note: LC_ALL="C" PATH="/opt/rustwide/rustup-home/toolchains/1.69.0-x86_64-unknown-linux-gnu/lib/rustlib/x86_64-unknown-linux-gnu/bin:/opt/rustwide/cargo-home/bin:/usr/local/sbin:/usr/local/bin:/usr/sbin:/usr/bin:/sbin:/bin" VSLANG="1033" "cc" "-m64" "/tmp/rustcTVCCgz/symbols.o" "/tmp/rustdoctestmQJWaA/rust_out.rust_out.5bfee551-cgu.0.rcgu.o" "/tmp/rustdoctestmQJWaA/rust_out.j00p4ncf7xg64kg.rcgu.o" "-Wl,--as-needed" "-L" "/opt/rustwide/target/debug/deps" "-L" "/opt/rustwide/target/debug/deps" "-L" "/opt/rustwide/rustup-home/toolchains/1.69.0-x86_64-unknown-linux-gnu/lib/rustlib/x86_64-unknown-linux-gnu/lib" "-Wl,-Bstatic" "/opt/rustwide/target/debug/deps/libfidget-691e1376a32fbf16.rlib" "/opt/rustwide/target/debug/deps/librhai-49e488bde9cea034.rlib" "/opt/rustwide/target/debug/deps/libsmartstring-0ac14eaba0d24051.rlib" "/opt/rustwide/target/debug/deps/libahash-44410f5ccccf7dd1.rlib" "/opt/rustwide/target/debug/deps/libgetrandom-1817661d17362ac5.rlib" "/opt/rustwide/target/debug/deps/libonce_cell-48e4d437e5697f8e.rlib" "/opt/rustwide/target/debug/deps/libcfg_if-e5e118dd7d121aaa.rlib" "/opt/rustwide/target/debug/deps/libsmallvec-d6cfd602ad9ba054.rlib" "/opt/rustwide/target/debug/deps/libbitflags-53e975ac3e8b1391.rlib" "/opt/rustwide/target/debug/deps/libstatic_assertions-9a9c2cb46fa7a0a6.rlib" "/opt/rustwide/target/debug/deps/libdynasmrt-505b0ebdc89cce53.rlib" "/opt/rustwide/target/debug/deps/libbyteorder-50c19e9bd62c942c.rlib" "/opt/rustwide/target/debug/deps/libfnv-41a559218f992797.rlib" "/opt/rustwide/target/debug/deps/libmemmap2-4c30e8b95f9e4ed8.rlib" "/opt/rustwide/target/debug/deps/liblibc-b7b14a0fe316ec96.rlib" "/opt/rustwide/target/debug/deps/libnalgebra-06a6c073dae2152e.rlib" "/opt/rustwide/target/debug/deps/libmatrixmultiply-3c85895b085a9122.rlib" "/opt/rustwide/target/debug/deps/librawpointer-93a89706954c673d.rlib" "/opt/rustwide/target/debug/deps/libnum_rational-43cf7dc1504f1785.rlib" "/opt/rustwide/target/debug/deps/libnum_integer-8c06f5afb834bef5.rlib" "/opt/rustwide/target/debug/deps/libtypenum-d40a559dcc4c7492.rlib" "/opt/rustwide/target/debug/deps/libsimba-2f0d2580f4a03283.rlib" "/opt/rustwide/target/debug/deps/libwide-cac253937a5441c6.rlib" "/opt/rustwide/target/debug/deps/libsafe_arch-e66f63f842b98e0d.rlib" "/opt/rustwide/target/debug/deps/libbytemuck-86ddde4110e746a7.rlib" "/opt/rustwide/target/debug/deps/libnum_complex-def77baed9714d98.rlib" "/opt/rustwide/target/debug/deps/libapprox-e1d533227fce3050.rlib" "/opt/rustwide/target/debug/deps/libthiserror-e4ca7c641acd4c0d.rlib" "/opt/rustwide/target/debug/deps/libarrayvec-bde221c23a3ba069.rlib" "/opt/rustwide/target/debug/deps/libordered_float-10f35938608ba038.rlib" "/opt/rustwide/target/debug/deps/libnum_traits-b237925f6bfbb7f7.rlib" "/opt/rustwide/rustup-home/toolchains/1.69.0-x86_64-unknown-linux-gnu/lib/rustlib/x86_64-unknown-linux-gnu/lib/libstd-89bc084783fdc439.rlib" "/opt/rustwide/rustup-home/toolchains/1.69.0-x86_64-unknown-linux-gnu/lib/rustlib/x86_64-unknown-linux-gnu/lib/libpanic_unwind-8bee4b287d4367c1.rlib" "/opt/rustwide/rustup-home/toolchains/1.69.0-x86_64-unknown-linux-gnu/lib/rustlib/x86_64-unknown-linux-gnu/lib/libobject-d61707aed80694c0.rlib" "/opt/rustwide/rustup-home/toolchains/1.69.0-x86_64-unknown-linux-gnu/lib/rustlib/x86_64-unknown-linux-gnu/lib/libmemchr-d85366256f22345b.rlib" "/opt/rustwide/rustup-home/toolchains/1.69.0-x86_64-unknown-linux-gnu/lib/rustlib/x86_64-unknown-linux-gnu/lib/libaddr2line-96069b86b8a8cae9.rlib" "/opt/rustwide/rustup-home/toolchains/1.69.0-x86_64-unknown-linux-gnu/lib/rustlib/x86_64-unknown-linux-gnu/lib/libgimli-d19d53abf68dfa6c.rlib" "/opt/rustwide/rustup-home/toolchains/1.69.0-x86_64-unknown-linux-gnu/lib/rustlib/x86_64-unknown-linux-gnu/lib/librustc_demangle-787cbccd19d64ac6.rlib" "/opt/rustwide/rustup-home/toolchains/1.69.0-x86_64-unknown-linux-gnu/lib/rustlib/x86_64-unknown-linux-gnu/lib/libstd_detect-b3837a36b830e0d0.rlib" "/opt/rustwide/rustup-home/toolchains/1.69.0-x86_64-unknown-linux-gnu/lib/rustlib/x86_64-unknown-linux-gnu/lib/libhashbrown-e3deb0e7e3f04966.rlib" "/opt/rustwide/rustup-home/toolchains/1.69.0-x86_64-unknown-linux-gnu/lib/rustlib/x86_64-unknown-linux-gnu/lib/libminiz_oxide-dabbb79c9815def4.rlib" "/opt/rustwide/rustup-home/toolchains/1.69.0-x86_64-unknown-linux-gnu/lib/rustlib/x86_64-unknown-linux-gnu/lib/libadler-305b01f34c9409f2.rlib" "/opt/rustwide/rustup-home/toolchains/1.69.0-x86_64-unknown-linux-gnu/lib/rustlib/x86_64-unknown-linux-gnu/lib/librustc_std_workspace_alloc-f833521df6074e73.rlib" "/opt/rustwide/rustup-home/toolchains/1.69.0-x86_64-unknown-linux-gnu/lib/rustlib/x86_64-unknown-linux-gnu/lib/libunwind-9ac333113350d171.rlib" "/opt/rustwide/rustup-home/toolchains/1.69.0-x86_64-unknown-linux-gnu/lib/rustlib/x86_64-unknown-linux-gnu/lib/libcfg_if-1c126114322d0eee.rlib" "/opt/rustwide/rustup-home/toolchains/1.69.0-x86_64-unknown-linux-gnu/lib/rustlib/x86_64-unknown-linux-gnu/lib/liblibc-bad9164fdeeecf92.rlib" "/opt/rustwide/rustup-home/toolchains/1.69.0-x86_64-unknown-linux-gnu/lib/rustlib/x86_64-unknown-linux-gnu/lib/liballoc-f9374b1e480fa681.rlib" "/opt/rustwide/rustup-home/toolchains/1.69.0-x86_64-unknown-linux-gnu/lib/rustlib/x86_64-unknown-linux-gnu/lib/librustc_std_workspace_core-207f06e41d9603af.rlib" "/opt/rustwide/rustup-home/toolchains/1.69.0-x86_64-unknown-linux-gnu/lib/rustlib/x86_64-unknown-linux-gnu/lib/libcore-7e2768e66e984e85.rlib" "/opt/rustwide/rustup-home/toolchains/1.69.0-x86_64-unknown-linux-gnu/lib/rustlib/x86_64-unknown-linux-gnu/lib/libcompiler_builtins-957b4aff41f8cd46.rlib" "-Wl,-Bdynamic" "-lgcc_s" "-lutil" "-lrt" "-lpthread" "-lm" "-ldl" "-lc" "-Wl,--eh-frame-hdr" "-Wl,-z,noexecstack" "-L" "/opt/rustwide/rustup-home/toolchains/1.69.0-x86_64-unknown-linux-gnu/lib/rustlib/x86_64-unknown-linux-gnu/lib" "-o" "/tmp/rustdoctestmQJWaA/rust_out" "-Wl,--gc-sections" "-pie" "-Wl,-z,relro,-z,now" "-nodefaultlibs"
[INFO] [stdout]   = note: collect2: fatal error: ld terminated with signal 9 [Killed]
[INFO] [stdout]           compilation terminated.
[INFO] [stdout]           
[INFO] [stdout] 
[INFO] [stdout] error: aborting due to previous error
[INFO] [stdout] 
[INFO] [stdout] Couldn't compile the test.
[INFO] [stdout] ---- src/core/context/mod.rs - core::context::Context::x (line 137) stdout ----
[INFO] [stdout] error: linking with `cc` failed: exit status: 1
[INFO] [stdout]   |
[INFO] [stdout]   = note: LC_ALL="C" PATH="/opt/rustwide/rustup-home/toolchains/1.69.0-x86_64-unknown-linux-gnu/lib/rustlib/x86_64-unknown-linux-gnu/bin:/opt/rustwide/cargo-home/bin:/usr/local/sbin:/usr/local/bin:/usr/sbin:/usr/bin:/sbin:/bin" VSLANG="1033" "cc" "-m64" "/tmp/rustc1vblem/symbols.o" "/tmp/rustdoctestlKCIK0/rust_out.rust_out.5bfee551-cgu.0.rcgu.o" "/tmp/rustdoctestlKCIK0/rust_out.j00p4ncf7xg64kg.rcgu.o" "-Wl,--as-needed" "-L" "/opt/rustwide/target/debug/deps" "-L" "/opt/rustwide/target/debug/deps" "-L" "/opt/rustwide/rustup-home/toolchains/1.69.0-x86_64-unknown-linux-gnu/lib/rustlib/x86_64-unknown-linux-gnu/lib" "-Wl,-Bstatic" "/opt/rustwide/target/debug/deps/libfidget-691e1376a32fbf16.rlib" "/opt/rustwide/target/debug/deps/librhai-49e488bde9cea034.rlib" "/opt/rustwide/target/debug/deps/libsmartstring-0ac14eaba0d24051.rlib" "/opt/rustwide/target/debug/deps/libahash-44410f5ccccf7dd1.rlib" "/opt/rustwide/target/debug/deps/libgetrandom-1817661d17362ac5.rlib" "/opt/rustwide/target/debug/deps/libonce_cell-48e4d437e5697f8e.rlib" "/opt/rustwide/target/debug/deps/libcfg_if-e5e118dd7d121aaa.rlib" "/opt/rustwide/target/debug/deps/libsmallvec-d6cfd602ad9ba054.rlib" "/opt/rustwide/target/debug/deps/libbitflags-53e975ac3e8b1391.rlib" "/opt/rustwide/target/debug/deps/libstatic_assertions-9a9c2cb46fa7a0a6.rlib" "/opt/rustwide/target/debug/deps/libdynasmrt-505b0ebdc89cce53.rlib" "/opt/rustwide/target/debug/deps/libbyteorder-50c19e9bd62c942c.rlib" "/opt/rustwide/target/debug/deps/libfnv-41a559218f992797.rlib" "/opt/rustwide/target/debug/deps/libmemmap2-4c30e8b95f9e4ed8.rlib" "/opt/rustwide/target/debug/deps/liblibc-b7b14a0fe316ec96.rlib" "/opt/rustwide/target/debug/deps/libnalgebra-06a6c073dae2152e.rlib" "/opt/rustwide/target/debug/deps/libmatrixmultiply-3c85895b085a9122.rlib" "/opt/rustwide/target/debug/deps/librawpointer-93a89706954c673d.rlib" "/opt/rustwide/target/debug/deps/libnum_rational-43cf7dc1504f1785.rlib" "/opt/rustwide/target/debug/deps/libnum_integer-8c06f5afb834bef5.rlib" "/opt/rustwide/target/debug/deps/libtypenum-d40a559dcc4c7492.rlib" "/opt/rustwide/target/debug/deps/libsimba-2f0d2580f4a03283.rlib" "/opt/rustwide/target/debug/deps/libwide-cac253937a5441c6.rlib" "/opt/rustwide/target/debug/deps/libsafe_arch-e66f63f842b98e0d.rlib" "/opt/rustwide/target/debug/deps/libbytemuck-86ddde4110e746a7.rlib" "/opt/rustwide/target/debug/deps/libnum_complex-def77baed9714d98.rlib" "/opt/rustwide/target/debug/deps/libapprox-e1d533227fce3050.rlib" "/opt/rustwide/target/debug/deps/libthiserror-e4ca7c641acd4c0d.rlib" "/opt/rustwide/target/debug/deps/libarrayvec-bde221c23a3ba069.rlib" "/opt/rustwide/target/debug/deps/libordered_float-10f35938608ba038.rlib" "/opt/rustwide/target/debug/deps/libnum_traits-b237925f6bfbb7f7.rlib" "/opt/rustwide/rustup-home/toolchains/1.69.0-x86_64-unknown-linux-gnu/lib/rustlib/x86_64-unknown-linux-gnu/lib/libstd-89bc084783fdc439.rlib" "/opt/rustwide/rustup-home/toolchains/1.69.0-x86_64-unknown-linux-gnu/lib/rustlib/x86_64-unknown-linux-gnu/lib/libpanic_unwind-8bee4b287d4367c1.rlib" "/opt/rustwide/rustup-home/toolchains/1.69.0-x86_64-unknown-linux-gnu/lib/rustlib/x86_64-unknown-linux-gnu/lib/libobject-d61707aed80694c0.rlib" "/opt/rustwide/rustup-home/toolchains/1.69.0-x86_64-unknown-linux-gnu/lib/rustlib/x86_64-unknown-linux-gnu/lib/libmemchr-d85366256f22345b.rlib" "/opt/rustwide/rustup-home/toolchains/1.69.0-x86_64-unknown-linux-gnu/lib/rustlib/x86_64-unknown-linux-gnu/lib/libaddr2line-96069b86b8a8cae9.rlib" "/opt/rustwide/rustup-home/toolchains/1.69.0-x86_64-unknown-linux-gnu/lib/rustlib/x86_64-unknown-linux-gnu/lib/libgimli-d19d53abf68dfa6c.rlib" "/opt/rustwide/rustup-home/toolchains/1.69.0-x86_64-unknown-linux-gnu/lib/rustlib/x86_64-unknown-linux-gnu/lib/librustc_demangle-787cbccd19d64ac6.rlib" "/opt/rustwide/rustup-home/toolchains/1.69.0-x86_64-unknown-linux-gnu/lib/rustlib/x86_64-unknown-linux-gnu/lib/libstd_detect-b3837a36b830e0d0.rlib" "/opt/rustwide/rustup-home/toolchains/1.69.0-x86_64-unknown-linux-gnu/lib/rustlib/x86_64-unknown-linux-gnu/lib/libhashbrown-e3deb0e7e3f04966.rlib" "/opt/rustwide/rustup-home/toolchains/1.69.0-x86_64-unknown-linux-gnu/lib/rustlib/x86_64-unknown-linux-gnu/lib/libminiz_oxide-dabbb79c9815def4.rlib" "/opt/rustwide/rustup-home/toolchains/1.69.0-x86_64-unknown-linux-gnu/lib/rustlib/x86_64-unknown-linux-gnu/lib/libadler-305b01f34c9409f2.rlib" "/opt/rustwide/rustup-home/toolchains/1.69.0-x86_64-unknown-linux-gnu/lib/rustlib/x86_64-unknown-linux-gnu/lib/librustc_std_workspace_alloc-f833521df6074e73.rlib" "/opt/rustwide/rustup-home/toolchains/1.69.0-x86_64-unknown-linux-gnu/lib/rustlib/x86_64-unknown-linux-gnu/lib/libunwind-9ac333113350d171.rlib" "/opt/rustwide/rustup-home/toolchains/1.69.0-x86_64-unknown-linux-gnu/lib/rustlib/x86_64-unknown-linux-gnu/lib/libcfg_if-1c126114322d0eee.rlib" "/opt/rustwide/rustup-home/toolchains/1.69.0-x86_64-unknown-linux-gnu/lib/rustlib/x86_64-unknown-linux-gnu/lib/liblibc-bad9164fdeeecf92.rlib" "/opt/rustwide/rustup-home/toolchains/1.69.0-x86_64-unknown-linux-gnu/lib/rustlib/x86_64-unknown-linux-gnu/lib/liballoc-f9374b1e480fa681.rlib" "/opt/rustwide/rustup-home/toolchains/1.69.0-x86_64-unknown-linux-gnu/lib/rustlib/x86_64-unknown-linux-gnu/lib/librustc_std_workspace_core-207f06e41d9603af.rlib" "/opt/rustwide/rustup-home/toolchains/1.69.0-x86_64-unknown-linux-gnu/lib/rustlib/x86_64-unknown-linux-gnu/lib/libcore-7e2768e66e984e85.rlib" "/opt/rustwide/rustup-home/toolchains/1.69.0-x86_64-unknown-linux-gnu/lib/rustlib/x86_64-unknown-linux-gnu/lib/libcompiler_builtins-957b4aff41f8cd46.rlib" "-Wl,-Bdynamic" "-lgcc_s" "-lutil" "-lrt" "-lpthread" "-lm" "-ldl" "-lc" "-Wl,--eh-frame-hdr" "-Wl,-z,noexecstack" "-L" "/opt/rustwide/rustup-home/toolchains/1.69.0-x86_64-unknown-linux-gnu/lib/rustlib/x86_64-unknown-linux-gnu/lib" "-o" "/tmp/rustdoctestlKCIK0/rust_out" "-Wl,--gc-sections" "-pie" "-Wl,-z,relro,-z,now" "-nodefaultlibs"
[INFO] [stdout]   = note: collect2: fatal error: ld terminated with signal 9 [Killed]
[INFO] [stdout]           compilation terminated.
[INFO] [stdout]           
[INFO] [stdout] 
[INFO] [stdout] error: aborting due to previous error
[INFO] [stdout] 
[INFO] [stdout] Couldn't compile the test.
[INFO] [stdout] ---- src/core/context/mod.rs - core::context::IntoNode (line 792) stdout ----
[INFO] [stdout] error: linking with `cc` failed: exit status: 1
[INFO] [stdout]   |
[INFO] [stdout]   = note: LC_ALL="C" PATH="/opt/rustwide/rustup-home/toolchains/1.69.0-x86_64-unknown-linux-gnu/lib/rustlib/x86_64-unknown-linux-gnu/bin:/opt/rustwide/cargo-home/bin:/usr/local/sbin:/usr/local/bin:/usr/sbin:/usr/bin:/sbin:/bin" VSLANG="1033" "cc" "-m64" "/tmp/rustcxZc15k/symbols.o" "/tmp/rustdoctesto5LFnV/rust_out.rust_out.5bfee551-cgu.0.rcgu.o" "/tmp/rustdoctesto5LFnV/rust_out.j00p4ncf7xg64kg.rcgu.o" "-Wl,--as-needed" "-L" "/opt/rustwide/target/debug/deps" "-L" "/opt/rustwide/target/debug/deps" "-L" "/opt/rustwide/rustup-home/toolchains/1.69.0-x86_64-unknown-linux-gnu/lib/rustlib/x86_64-unknown-linux-gnu/lib" "-Wl,-Bstatic" "/opt/rustwide/target/debug/deps/libfidget-691e1376a32fbf16.rlib" "/opt/rustwide/target/debug/deps/librhai-49e488bde9cea034.rlib" "/opt/rustwide/target/debug/deps/libsmartstring-0ac14eaba0d24051.rlib" "/opt/rustwide/target/debug/deps/libahash-44410f5ccccf7dd1.rlib" "/opt/rustwide/target/debug/deps/libgetrandom-1817661d17362ac5.rlib" "/opt/rustwide/target/debug/deps/libonce_cell-48e4d437e5697f8e.rlib" "/opt/rustwide/target/debug/deps/libcfg_if-e5e118dd7d121aaa.rlib" "/opt/rustwide/target/debug/deps/libsmallvec-d6cfd602ad9ba054.rlib" "/opt/rustwide/target/debug/deps/libbitflags-53e975ac3e8b1391.rlib" "/opt/rustwide/target/debug/deps/libstatic_assertions-9a9c2cb46fa7a0a6.rlib" "/opt/rustwide/target/debug/deps/libdynasmrt-505b0ebdc89cce53.rlib" "/opt/rustwide/target/debug/deps/libbyteorder-50c19e9bd62c942c.rlib" "/opt/rustwide/target/debug/deps/libfnv-41a559218f992797.rlib" "/opt/rustwide/target/debug/deps/libmemmap2-4c30e8b95f9e4ed8.rlib" "/opt/rustwide/target/debug/deps/liblibc-b7b14a0fe316ec96.rlib" "/opt/rustwide/target/debug/deps/libnalgebra-06a6c073dae2152e.rlib" "/opt/rustwide/target/debug/deps/libmatrixmultiply-3c85895b085a9122.rlib" "/opt/rustwide/target/debug/deps/librawpointer-93a89706954c673d.rlib" "/opt/rustwide/target/debug/deps/libnum_rational-43cf7dc1504f1785.rlib" "/opt/rustwide/target/debug/deps/libnum_integer-8c06f5afb834bef5.rlib" "/opt/rustwide/target/debug/deps/libtypenum-d40a559dcc4c7492.rlib" "/opt/rustwide/target/debug/deps/libsimba-2f0d2580f4a03283.rlib" "/opt/rustwide/target/debug/deps/libwide-cac253937a5441c6.rlib" "/opt/rustwide/target/debug/deps/libsafe_arch-e66f63f842b98e0d.rlib" "/opt/rustwide/target/debug/deps/libbytemuck-86ddde4110e746a7.rlib" "/opt/rustwide/target/debug/deps/libnum_complex-def77baed9714d98.rlib" "/opt/rustwide/target/debug/deps/libapprox-e1d533227fce3050.rlib" "/opt/rustwide/target/debug/deps/libthiserror-e4ca7c641acd4c0d.rlib" "/opt/rustwide/target/debug/deps/libarrayvec-bde221c23a3ba069.rlib" "/opt/rustwide/target/debug/deps/libordered_float-10f35938608ba038.rlib" "/opt/rustwide/target/debug/deps/libnum_traits-b237925f6bfbb7f7.rlib" "/opt/rustwide/rustup-home/toolchains/1.69.0-x86_64-unknown-linux-gnu/lib/rustlib/x86_64-unknown-linux-gnu/lib/libstd-89bc084783fdc439.rlib" "/opt/rustwide/rustup-home/toolchains/1.69.0-x86_64-unknown-linux-gnu/lib/rustlib/x86_64-unknown-linux-gnu/lib/libpanic_unwind-8bee4b287d4367c1.rlib" "/opt/rustwide/rustup-home/toolchains/1.69.0-x86_64-unknown-linux-gnu/lib/rustlib/x86_64-unknown-linux-gnu/lib/libobject-d61707aed80694c0.rlib" "/opt/rustwide/rustup-home/toolchains/1.69.0-x86_64-unknown-linux-gnu/lib/rustlib/x86_64-unknown-linux-gnu/lib/libmemchr-d85366256f22345b.rlib" "/opt/rustwide/rustup-home/toolchains/1.69.0-x86_64-unknown-linux-gnu/lib/rustlib/x86_64-unknown-linux-gnu/lib/libaddr2line-96069b86b8a8cae9.rlib" "/opt/rustwide/rustup-home/toolchains/1.69.0-x86_64-unknown-linux-gnu/lib/rustlib/x86_64-unknown-linux-gnu/lib/libgimli-d19d53abf68dfa6c.rlib" "/opt/rustwide/rustup-home/toolchains/1.69.0-x86_64-unknown-linux-gnu/lib/rustlib/x86_64-unknown-linux-gnu/lib/librustc_demangle-787cbccd19d64ac6.rlib" "/opt/rustwide/rustup-home/toolchains/1.69.0-x86_64-unknown-linux-gnu/lib/rustlib/x86_64-unknown-linux-gnu/lib/libstd_detect-b3837a36b830e0d0.rlib" "/opt/rustwide/rustup-home/toolchains/1.69.0-x86_64-unknown-linux-gnu/lib/rustlib/x86_64-unknown-linux-gnu/lib/libhashbrown-e3deb0e7e3f04966.rlib" "/opt/rustwide/rustup-home/toolchains/1.69.0-x86_64-unknown-linux-gnu/lib/rustlib/x86_64-unknown-linux-gnu/lib/libminiz_oxide-dabbb79c9815def4.rlib" "/opt/rustwide/rustup-home/toolchains/1.69.0-x86_64-unknown-linux-gnu/lib/rustlib/x86_64-unknown-linux-gnu/lib/libadler-305b01f34c9409f2.rlib" "/opt/rustwide/rustup-home/toolchains/1.69.0-x86_64-unknown-linux-gnu/lib/rustlib/x86_64-unknown-linux-gnu/lib/librustc_std_workspace_alloc-f833521df6074e73.rlib" "/opt/rustwide/rustup-home/toolchains/1.69.0-x86_64-unknown-linux-gnu/lib/rustlib/x86_64-unknown-linux-gnu/lib/libunwind-9ac333113350d171.rlib" "/opt/rustwide/rustup-home/toolchains/1.69.0-x86_64-unknown-linux-gnu/lib/rustlib/x86_64-unknown-linux-gnu/lib/libcfg_if-1c126114322d0eee.rlib" "/opt/rustwide/rustup-home/toolchains/1.69.0-x86_64-unknown-linux-gnu/lib/rustlib/x86_64-unknown-linux-gnu/lib/liblibc-bad9164fdeeecf92.rlib" "/opt/rustwide/rustup-home/toolchains/1.69.0-x86_64-unknown-linux-gnu/lib/rustlib/x86_64-unknown-linux-gnu/lib/liballoc-f9374b1e480fa681.rlib" "/opt/rustwide/rustup-home/toolchains/1.69.0-x86_64-unknown-linux-gnu/lib/rustlib/x86_64-unknown-linux-gnu/lib/librustc_std_workspace_core-207f06e41d9603af.rlib" "/opt/rustwide/rustup-home/toolchains/1.69.0-x86_64-unknown-linux-gnu/lib/rustlib/x86_64-unknown-linux-gnu/lib/libcore-7e2768e66e984e85.rlib" "/opt/rustwide/rustup-home/toolchains/1.69.0-x86_64-unknown-linux-gnu/lib/rustlib/x86_64-unknown-linux-gnu/lib/libcompiler_builtins-957b4aff41f8cd46.rlib" "-Wl,-Bdynamic" "-lgcc_s" "-lutil" "-lrt" "-lpthread" "-lm" "-ldl" "-lc" "-Wl,--eh-frame-hdr" "-Wl,-z,noexecstack" "-L" "/opt/rustwide/rustup-home/toolchains/1.69.0-x86_64-unknown-linux-gnu/lib/rustlib/x86_64-unknown-linux-gnu/lib" "-o" "/tmp/rustdoctesto5LFnV/rust_out" "-Wl,--gc-sections" "-pie" "-Wl,-z,relro,-z,now" "-nodefaultlibs"
[INFO] [stdout]   = note: collect2: fatal error: ld terminated with signal 9 [Killed]
[INFO] [stdout]           compilation terminated.
[INFO] [stdout]           
[INFO] [stdout] 
[INFO] [stdout] error: aborting due to previous error
[INFO] [stdout] 
[INFO] [stdout] Couldn't compile the test.
[INFO] [stdout] 
[INFO] [stdout] failures:
[INFO] [stdout]     src/core/context/mod.rs - core::context::Context::abs (line 373)
[INFO] [stdout]     src/core/context/mod.rs - core::context::Context::add (line 249)
[INFO] [stdout]     src/core/context/mod.rs - core::context::Context::clear (line 48)
[INFO] [stdout]     src/core/context/mod.rs - core::context::Context::constant (line 178)
[INFO] [stdout]     src/core/context/mod.rs - core::context::Context::div (line 441)
[INFO] [stdout]     src/core/context/mod.rs - core::context::Context::eval_xyz (line 572)
[INFO] [stdout]     src/core/context/mod.rs - core::context::Context::from_text (line 661)
[INFO] [stdout]     src/core/context/mod.rs - core::context::Context::len (line 62)
[INFO] [stdout]     src/core/context/mod.rs - core::context::Context::max (line 325)
[INFO] [stdout]     src/core/context/mod.rs - core::context::Context::min (line 304)
[INFO] [stdout]     src/core/context/mod.rs - core::context::Context::mul (line 276)
[INFO] [stdout]     src/core/context/mod.rs - core::context::Context::neg (line 347)
[INFO] [stdout]     src/core/context/mod.rs - core::context::Context::recip (line 360)
[INFO] [stdout]     src/core/context/mod.rs - core::context::Context::sqrt (line 388)
[INFO] [stdout]     src/core/context/mod.rs - core::context::Context::square (line 403)
[INFO] [stdout]     src/core/context/mod.rs - core::context::Context::x (line 137)
[INFO] [stdout]     src/core/context/mod.rs - core::context::IntoNode (line 786)
[INFO] [stdout]     src/core/context/mod.rs - core::context::IntoNode (line 792)
[INFO] [stdout]     src/core/eval/mod.rs - core::eval (line 6)
[INFO] [stdout]     src/core/eval/types.rs - core::eval::types::Interval::split (line 312)
[INFO] [stdout]     src/core/mod.rs - core (line 3)
[INFO] [stdout]     src/jit/mod.rs - jit (line 6)
[INFO] [stdout]     src/lib.rs - (line 112)
[INFO] [stdout]     src/lib.rs - (line 161)
[INFO] [stdout]     src/lib.rs - (line 190)
[INFO] [stdout]     src/lib.rs - (line 59)
[INFO] [stdout] 
[INFO] [stdout] test result: FAILED. 13 passed; 26 failed; 0 ignored; 0 measured; 0 filtered out; finished in 4.63s
[INFO] [stdout] 
[INFO] [stderr] error: doctest failed, to rerun pass `--doc`
[INFO] running `Command { std: "docker" "inspect" "f39865bc8523664266e62c236af254ce0f9b12234601e5a750616aaf0a6fe322", kill_on_drop: false }`
[INFO] running `Command { std: "docker" "rm" "-f" "f39865bc8523664266e62c236af254ce0f9b12234601e5a750616aaf0a6fe322", kill_on_drop: false }`
[INFO] [stdout] f39865bc8523664266e62c236af254ce0f9b12234601e5a750616aaf0a6fe322
