[INFO] fetching crate fhirbolt 0.3.1...
[INFO] testing fhirbolt-0.3.1 against 1.69.0 for beta-1.70-1
[INFO] extracting crate fhirbolt 0.3.1 into /workspace/builds/worker-2-tc1/source
[INFO] validating manifest of crates.io crate fhirbolt 0.3.1 on toolchain 1.69.0
[INFO] running `Command { std: CARGO_HOME="/workspace/cargo-home" RUSTUP_HOME="/workspace/rustup-home" "/workspace/cargo-home/bin/cargo" "+1.69.0" "metadata" "--manifest-path" "Cargo.toml" "--no-deps", kill_on_drop: false }`
[INFO] started tweaking crates.io crate fhirbolt 0.3.1
[INFO] finished tweaking crates.io crate fhirbolt 0.3.1
[INFO] tweaked toml for crates.io crate fhirbolt 0.3.1 written to /workspace/builds/worker-2-tc1/source/Cargo.toml
[INFO] running `Command { std: CARGO_HOME="/workspace/cargo-home" RUSTUP_HOME="/workspace/rustup-home" __CARGO_TEST_CHANNEL_OVERRIDE_DO_NOT_USE_THIS="nightly" "/workspace/cargo-home/bin/cargo" "+1.69.0" "generate-lockfile" "--manifest-path" "Cargo.toml" "-Zno-index-update", kill_on_drop: false }`
[INFO] running `Command { std: CARGO_HOME="/workspace/cargo-home" RUSTUP_HOME="/workspace/rustup-home" "/workspace/cargo-home/bin/cargo" "+1.69.0" "fetch" "--manifest-path" "Cargo.toml", kill_on_drop: false }`
[INFO] [stderr]  Downloading crates ...
[INFO] [stderr]   Downloaded quick-xml v0.25.0
[INFO] [stderr]   Downloaded fhirbolt-element v0.3.0
[INFO] [stderr]   Downloaded fhirbolt-shared v0.3.0
[INFO] [stderr]   Downloaded fhirbolt-serde v0.3.0
[INFO] [stderr]   Downloaded fhirbolt-model v0.3.0
[INFO] running `Command { std: "docker" "create" "-v" "/var/lib/crater-agent-workspace/builds/worker-2-tc1/target:/opt/rustwide/target:rw,Z" "-v" "/var/lib/crater-agent-workspace/builds/worker-2-tc1/source:/opt/rustwide/workdir:ro,Z" "-v" "/var/lib/crater-agent-workspace/cargo-home:/opt/rustwide/cargo-home:ro,Z" "-v" "/var/lib/crater-agent-workspace/rustup-home:/opt/rustwide/rustup-home:ro,Z" "-e" "SOURCE_DIR=/opt/rustwide/workdir" "-e" "CARGO_TARGET_DIR=/opt/rustwide/target" "-e" "CARGO_HOME=/opt/rustwide/cargo-home" "-e" "RUSTUP_HOME=/opt/rustwide/rustup-home" "-w" "/opt/rustwide/workdir" "-m" "1610612736" "--user" "0:0" "--network" "none" "ghcr.io/rust-lang/crates-build-env/linux@sha256:5ff2268d62e97bff2cde7d5815dd6ed5b47097566f13b8d0ca110b04b60e07ed" "/opt/rustwide/cargo-home/bin/cargo" "+1.69.0" "metadata" "--no-deps" "--format-version=1", kill_on_drop: false }`
[INFO] [stdout] 0807b7276ba2d0e4cf2e508b2d2f5c0f6eeded8f9cc32ccbb79bdf26b31ce896
[INFO] running `Command { std: "docker" "start" "-a" "0807b7276ba2d0e4cf2e508b2d2f5c0f6eeded8f9cc32ccbb79bdf26b31ce896", kill_on_drop: false }`
[INFO] running `Command { std: "docker" "inspect" "0807b7276ba2d0e4cf2e508b2d2f5c0f6eeded8f9cc32ccbb79bdf26b31ce896", kill_on_drop: false }`
[INFO] running `Command { std: "docker" "rm" "-f" "0807b7276ba2d0e4cf2e508b2d2f5c0f6eeded8f9cc32ccbb79bdf26b31ce896", kill_on_drop: false }`
[INFO] [stdout] 0807b7276ba2d0e4cf2e508b2d2f5c0f6eeded8f9cc32ccbb79bdf26b31ce896
[INFO] running `Command { std: "docker" "create" "-v" "/var/lib/crater-agent-workspace/builds/worker-2-tc1/target:/opt/rustwide/target:rw,Z" "-v" "/var/lib/crater-agent-workspace/builds/worker-2-tc1/source:/opt/rustwide/workdir:ro,Z" "-v" "/var/lib/crater-agent-workspace/cargo-home:/opt/rustwide/cargo-home:ro,Z" "-v" "/var/lib/crater-agent-workspace/rustup-home:/opt/rustwide/rustup-home:ro,Z" "-e" "SOURCE_DIR=/opt/rustwide/workdir" "-e" "CARGO_TARGET_DIR=/opt/rustwide/target" "-e" "CARGO_INCREMENTAL=0" "-e" "RUST_BACKTRACE=full" "-e" "RUSTFLAGS=--cap-lints=warn" "-e" "RUSTDOCFLAGS=--cap-lints=warn" "-e" "CARGO_HOME=/opt/rustwide/cargo-home" "-e" "RUSTUP_HOME=/opt/rustwide/rustup-home" "-w" "/opt/rustwide/workdir" "-m" "1610612736" "--user" "0:0" "--network" "none" "ghcr.io/rust-lang/crates-build-env/linux@sha256:5ff2268d62e97bff2cde7d5815dd6ed5b47097566f13b8d0ca110b04b60e07ed" "/opt/rustwide/cargo-home/bin/cargo" "+1.69.0" "build" "--frozen" "--message-format=json", kill_on_drop: false }`
[INFO] [stdout] 1664a8cb256eacb4e57156d0fb2038c03c3e4265aba95b1a671c2f8e6e49c2c1
[INFO] running `Command { std: "docker" "start" "-a" "1664a8cb256eacb4e57156d0fb2038c03c3e4265aba95b1a671c2f8e6e49c2c1", kill_on_drop: false }`
[INFO] [stderr]    Compiling siphasher v0.3.10
[INFO] [stderr]    Compiling syn v1.0.109
[INFO] [stderr]    Compiling rand_core v0.6.4
[INFO] [stderr]    Compiling serde v1.0.160
[INFO] [stderr]    Compiling serde_json v1.0.96
[INFO] [stderr]    Compiling indexmap v1.9.3
[INFO] [stderr]    Compiling syn v2.0.15
[INFO] [stderr]    Compiling quick-xml v0.25.0
[INFO] [stderr]    Compiling rand v0.8.5
[INFO] [stderr]    Compiling phf_shared v0.11.1
[INFO] [stderr]    Compiling phf_generator v0.11.1
[INFO] [stderr]    Compiling serde_derive v1.0.160
[INFO] [stderr]    Compiling phf_macros v0.11.1
[INFO] [stderr]    Compiling phf v0.11.1
[INFO] [stderr]    Compiling fhirbolt-shared v0.3.0
[INFO] [stderr]    Compiling fhirbolt-element v0.3.0
[INFO] [stderr]    Compiling fhirbolt-serde v0.3.0
[INFO] [stderr]    Compiling fhirbolt v0.3.1 (/opt/rustwide/workdir)
[INFO] [stderr]     Finished dev [unoptimized + debuginfo] target(s) in 10.53s
[INFO] running `Command { std: "docker" "inspect" "1664a8cb256eacb4e57156d0fb2038c03c3e4265aba95b1a671c2f8e6e49c2c1", kill_on_drop: false }`
[INFO] running `Command { std: "docker" "rm" "-f" "1664a8cb256eacb4e57156d0fb2038c03c3e4265aba95b1a671c2f8e6e49c2c1", kill_on_drop: false }`
[INFO] [stdout] 1664a8cb256eacb4e57156d0fb2038c03c3e4265aba95b1a671c2f8e6e49c2c1
[INFO] running `Command { std: "docker" "create" "-v" "/var/lib/crater-agent-workspace/builds/worker-2-tc1/target:/opt/rustwide/target:rw,Z" "-v" "/var/lib/crater-agent-workspace/builds/worker-2-tc1/source:/opt/rustwide/workdir:ro,Z" "-v" "/var/lib/crater-agent-workspace/cargo-home:/opt/rustwide/cargo-home:ro,Z" "-v" "/var/lib/crater-agent-workspace/rustup-home:/opt/rustwide/rustup-home:ro,Z" "-e" "SOURCE_DIR=/opt/rustwide/workdir" "-e" "CARGO_TARGET_DIR=/opt/rustwide/target" "-e" "CARGO_INCREMENTAL=0" "-e" "RUST_BACKTRACE=full" "-e" "RUSTFLAGS=--cap-lints=warn" "-e" "RUSTDOCFLAGS=--cap-lints=warn" "-e" "CARGO_HOME=/opt/rustwide/cargo-home" "-e" "RUSTUP_HOME=/opt/rustwide/rustup-home" "-w" "/opt/rustwide/workdir" "-m" "1610612736" "--user" "0:0" "--network" "none" "ghcr.io/rust-lang/crates-build-env/linux@sha256:5ff2268d62e97bff2cde7d5815dd6ed5b47097566f13b8d0ca110b04b60e07ed" "/opt/rustwide/cargo-home/bin/cargo" "+1.69.0" "test" "--frozen" "--no-run" "--message-format=json", kill_on_drop: false }`
[INFO] [stdout] 1109f6d9cafa341a37c4d6fd3d40219a0d5ab2db8e5e2b977387816b5ea5f107
[INFO] running `Command { std: "docker" "start" "-a" "1109f6d9cafa341a37c4d6fd3d40219a0d5ab2db8e5e2b977387816b5ea5f107", kill_on_drop: false }`
[INFO] [stderr]    Compiling fhirbolt v0.3.1 (/opt/rustwide/workdir)
[INFO] [stderr]     Finished test [unoptimized + debuginfo] target(s) in 0.25s
[INFO] running `Command { std: "docker" "inspect" "1109f6d9cafa341a37c4d6fd3d40219a0d5ab2db8e5e2b977387816b5ea5f107", kill_on_drop: false }`
[INFO] running `Command { std: "docker" "rm" "-f" "1109f6d9cafa341a37c4d6fd3d40219a0d5ab2db8e5e2b977387816b5ea5f107", kill_on_drop: false }`
[INFO] [stdout] 1109f6d9cafa341a37c4d6fd3d40219a0d5ab2db8e5e2b977387816b5ea5f107
[INFO] running `Command { std: "docker" "create" "-v" "/var/lib/crater-agent-workspace/builds/worker-2-tc1/target:/opt/rustwide/target:rw,Z" "-v" "/var/lib/crater-agent-workspace/builds/worker-2-tc1/source:/opt/rustwide/workdir:ro,Z" "-v" "/var/lib/crater-agent-workspace/cargo-home:/opt/rustwide/cargo-home:ro,Z" "-v" "/var/lib/crater-agent-workspace/rustup-home:/opt/rustwide/rustup-home:ro,Z" "-e" "SOURCE_DIR=/opt/rustwide/workdir" "-e" "CARGO_TARGET_DIR=/opt/rustwide/target" "-e" "CARGO_INCREMENTAL=0" "-e" "RUST_BACKTRACE=full" "-e" "RUSTFLAGS=--cap-lints=warn" "-e" "RUSTDOCFLAGS=--cap-lints=warn" "-e" "CARGO_HOME=/opt/rustwide/cargo-home" "-e" "RUSTUP_HOME=/opt/rustwide/rustup-home" "-w" "/opt/rustwide/workdir" "-m" "1610612736" "--user" "0:0" "--network" "none" "ghcr.io/rust-lang/crates-build-env/linux@sha256:5ff2268d62e97bff2cde7d5815dd6ed5b47097566f13b8d0ca110b04b60e07ed" "/opt/rustwide/cargo-home/bin/cargo" "+1.69.0" "test" "--frozen", kill_on_drop: false }`
[INFO] [stdout] 687956c812e3d4c90f6e764156228974a0f646d6171b005c4c7abce82c728c07
[INFO] running `Command { std: "docker" "start" "-a" "687956c812e3d4c90f6e764156228974a0f646d6171b005c4c7abce82c728c07", kill_on_drop: false }`
[INFO] [stderr]     Finished test [unoptimized + debuginfo] target(s) in 0.02s
[INFO] [stderr]      Running unittests src/lib.rs (/opt/rustwide/target/debug/deps/fhirbolt-2bc90c852f787ec6)
[INFO] [stdout] 
[INFO] [stdout] running 0 tests
[INFO] [stdout] 
[INFO] [stdout] test result: ok. 0 passed; 0 failed; 0 ignored; 0 measured; 0 filtered out; finished in 0.00s
[INFO] [stdout] 
[INFO] [stderr]    Doc-tests fhirbolt
[INFO] [stdout] 
[INFO] [stdout] running 3 tests
[INFO] [stdout] test src/lib.rs - serde (line 102) ... FAILED
[INFO] [stdout] test src/lib.rs - (line 28) ... FAILED
[INFO] [stdout] test src/lib.rs - element (line 78) ... ok
[INFO] [stdout] 
[INFO] [stdout] failures:
[INFO] [stdout] 
[INFO] [stdout] ---- src/lib.rs - serde (line 102) stdout ----
[INFO] [stdout] error[E0433]: failed to resolve: could not find `model` in `fhirbolt`
[INFO] [stdout]  --> src/lib.rs:106:15
[INFO] [stdout]   |
[INFO] [stdout] 7 | use fhirbolt::model::r4b::Resource;
[INFO] [stdout]   |               ^^^^^ could not find `model` in `fhirbolt`
[INFO] [stdout] 
[INFO] [stdout] error: aborting due to previous error
[INFO] [stdout] 
[INFO] [stdout] For more information about this error, try `rustc --explain E0433`.
[INFO] [stdout] Couldn't compile the test.
[INFO] [stdout] ---- src/lib.rs - (line 28) stdout ----
[INFO] [stdout] error[E0433]: failed to resolve: could not find `model` in `fhirbolt`
[INFO] [stdout]  --> src/lib.rs:32:15
[INFO] [stdout]   |
[INFO] [stdout] 7 | use fhirbolt::model::r4b::Resource;
[INFO] [stdout]   |               ^^^^^ could not find `model` in `fhirbolt`
[INFO] [stdout] 
[INFO] [stdout] error: aborting due to previous error
[INFO] [stdout] 
[INFO] [stdout] For more information about this error, try `rustc --explain E0433`.
[INFO] [stdout] Couldn't compile the test.
[INFO] [stdout] 
[INFO] [stdout] failures:
[INFO] [stdout]     src/lib.rs - (line 28)
[INFO] [stdout]     src/lib.rs - serde (line 102)
[INFO] [stdout] 
[INFO] [stdout] test result: FAILED. 1 passed; 2 failed; 0 ignored; 0 measured; 0 filtered out; finished in 0.21s
[INFO] [stdout] 
[INFO] [stderr] error: doctest failed, to rerun pass `--doc`
[INFO] running `Command { std: "docker" "inspect" "687956c812e3d4c90f6e764156228974a0f646d6171b005c4c7abce82c728c07", kill_on_drop: false }`
[INFO] running `Command { std: "docker" "rm" "-f" "687956c812e3d4c90f6e764156228974a0f646d6171b005c4c7abce82c728c07", kill_on_drop: false }`
[INFO] [stdout] 687956c812e3d4c90f6e764156228974a0f646d6171b005c4c7abce82c728c07
