[INFO] fetching crate fern-protocol-postgresql 0.1.0...
[INFO] testing fern-protocol-postgresql-0.1.0 against 1.69.0 for beta-1.70-1
[INFO] extracting crate fern-protocol-postgresql 0.1.0 into /workspace/builds/worker-3-tc1/source
[INFO] validating manifest of crates.io crate fern-protocol-postgresql 0.1.0 on toolchain 1.69.0
[INFO] running `Command { std: CARGO_HOME="/workspace/cargo-home" RUSTUP_HOME="/workspace/rustup-home" "/workspace/cargo-home/bin/cargo" "+1.69.0" "metadata" "--manifest-path" "Cargo.toml" "--no-deps", kill_on_drop: false }`
[INFO] started tweaking crates.io crate fern-protocol-postgresql 0.1.0
[INFO] finished tweaking crates.io crate fern-protocol-postgresql 0.1.0
[INFO] tweaked toml for crates.io crate fern-protocol-postgresql 0.1.0 written to /workspace/builds/worker-3-tc1/source/Cargo.toml
[INFO] running `Command { std: CARGO_HOME="/workspace/cargo-home" RUSTUP_HOME="/workspace/rustup-home" __CARGO_TEST_CHANNEL_OVERRIDE_DO_NOT_USE_THIS="nightly" "/workspace/cargo-home/bin/cargo" "+1.69.0" "generate-lockfile" "--manifest-path" "Cargo.toml" "-Zno-index-update", kill_on_drop: false }`
[INFO] running `Command { std: CARGO_HOME="/workspace/cargo-home" RUSTUP_HOME="/workspace/rustup-home" "/workspace/cargo-home/bin/cargo" "+1.69.0" "fetch" "--manifest-path" "Cargo.toml", kill_on_drop: false }`
[INFO] [stderr]  Downloading crates ...
[INFO] [stderr]   Downloaded fern-proxy-interfaces v0.1.0
[INFO] running `Command { std: "docker" "create" "-v" "/var/lib/crater-agent-workspace/builds/worker-3-tc1/target:/opt/rustwide/target:rw,Z" "-v" "/var/lib/crater-agent-workspace/builds/worker-3-tc1/source:/opt/rustwide/workdir:ro,Z" "-v" "/var/lib/crater-agent-workspace/cargo-home:/opt/rustwide/cargo-home:ro,Z" "-v" "/var/lib/crater-agent-workspace/rustup-home:/opt/rustwide/rustup-home:ro,Z" "-e" "SOURCE_DIR=/opt/rustwide/workdir" "-e" "CARGO_TARGET_DIR=/opt/rustwide/target" "-e" "CARGO_HOME=/opt/rustwide/cargo-home" "-e" "RUSTUP_HOME=/opt/rustwide/rustup-home" "-w" "/opt/rustwide/workdir" "-m" "1610612736" "--user" "0:0" "--network" "none" "ghcr.io/rust-lang/crates-build-env/linux@sha256:5ff2268d62e97bff2cde7d5815dd6ed5b47097566f13b8d0ca110b04b60e07ed" "/opt/rustwide/cargo-home/bin/cargo" "+1.69.0" "metadata" "--no-deps" "--format-version=1", kill_on_drop: false }`
[INFO] [stdout] 41cbdc85e32de22af27acd686d0dda7e780dbf4496bfa9c471385ec38f5a044c
[INFO] running `Command { std: "docker" "start" "-a" "41cbdc85e32de22af27acd686d0dda7e780dbf4496bfa9c471385ec38f5a044c", kill_on_drop: false }`
[INFO] running `Command { std: "docker" "inspect" "41cbdc85e32de22af27acd686d0dda7e780dbf4496bfa9c471385ec38f5a044c", kill_on_drop: false }`
[INFO] running `Command { std: "docker" "rm" "-f" "41cbdc85e32de22af27acd686d0dda7e780dbf4496bfa9c471385ec38f5a044c", kill_on_drop: false }`
[INFO] [stdout] 41cbdc85e32de22af27acd686d0dda7e780dbf4496bfa9c471385ec38f5a044c
[INFO] running `Command { std: "docker" "create" "-v" "/var/lib/crater-agent-workspace/builds/worker-3-tc1/target:/opt/rustwide/target:rw,Z" "-v" "/var/lib/crater-agent-workspace/builds/worker-3-tc1/source:/opt/rustwide/workdir:ro,Z" "-v" "/var/lib/crater-agent-workspace/cargo-home:/opt/rustwide/cargo-home:ro,Z" "-v" "/var/lib/crater-agent-workspace/rustup-home:/opt/rustwide/rustup-home:ro,Z" "-e" "SOURCE_DIR=/opt/rustwide/workdir" "-e" "CARGO_TARGET_DIR=/opt/rustwide/target" "-e" "CARGO_INCREMENTAL=0" "-e" "RUST_BACKTRACE=full" "-e" "RUSTFLAGS=--cap-lints=warn" "-e" "RUSTDOCFLAGS=--cap-lints=warn" "-e" "CARGO_HOME=/opt/rustwide/cargo-home" "-e" "RUSTUP_HOME=/opt/rustwide/rustup-home" "-w" "/opt/rustwide/workdir" "-m" "1610612736" "--user" "0:0" "--network" "none" "ghcr.io/rust-lang/crates-build-env/linux@sha256:5ff2268d62e97bff2cde7d5815dd6ed5b47097566f13b8d0ca110b04b60e07ed" "/opt/rustwide/cargo-home/bin/cargo" "+1.69.0" "build" "--frozen" "--message-format=json", kill_on_drop: false }`
[INFO] [stdout] 278e036882dbd694e26dc62f82e4a61d6589943d1e01df343a17add07f72e82f
[INFO] running `Command { std: "docker" "start" "-a" "278e036882dbd694e26dc62f82e4a61d6589943d1e01df343a17add07f72e82f", kill_on_drop: false }`
[INFO] [stderr]    Compiling serde v1.0.160
[INFO] [stderr]    Compiling memchr v2.5.0
[INFO] [stderr]    Compiling dlv-list v0.3.0
[INFO] [stderr]    Compiling ahash v0.7.6
[INFO] [stderr]    Compiling tokio v1.28.0
[INFO] [stderr]    Compiling minimal-lexical v0.2.1
[INFO] [stderr]    Compiling base64 v0.13.1
[INFO] [stderr]    Compiling log v0.4.17
[INFO] [stderr]    Compiling pathdiff v0.2.1
[INFO] [stderr]    Compiling syn v2.0.15
[INFO] [stderr]    Compiling getrandom v0.2.9
[INFO] [stderr]    Compiling hashbrown v0.12.3
[INFO] [stderr]    Compiling nom v7.1.3
[INFO] [stderr]    Compiling ordered-multimap v0.4.3
[INFO] [stderr]    Compiling tokio-util v0.7.8
[INFO] [stderr]    Compiling rust-ini v0.18.0
[INFO] [stderr]    Compiling thiserror-impl v1.0.40
[INFO] [stderr]    Compiling serde_derive v1.0.160
[INFO] [stderr]    Compiling async-trait v0.1.68
[INFO] [stderr]    Compiling thiserror v1.0.40
[INFO] [stderr]    Compiling pest v2.6.0
[INFO] [stderr]    Compiling pest_meta v2.6.0
[INFO] [stderr]    Compiling pest_generator v2.6.0
[INFO] [stderr]    Compiling pest_derive v2.6.0
[INFO] [stderr]    Compiling json5 v0.4.1
[INFO] [stderr]    Compiling ron v0.7.1
[INFO] [stderr]    Compiling serde_json v1.0.96
[INFO] [stderr]    Compiling toml v0.5.11
[INFO] [stderr]    Compiling config v0.13.3
[INFO] [stderr]    Compiling fern-proxy-interfaces v0.1.0
[INFO] [stderr]    Compiling fern-protocol-postgresql v0.1.0 (/opt/rustwide/workdir)
[INFO] [stderr]     Finished dev [unoptimized + debuginfo] target(s) in 9.74s
[INFO] running `Command { std: "docker" "inspect" "278e036882dbd694e26dc62f82e4a61d6589943d1e01df343a17add07f72e82f", kill_on_drop: false }`
[INFO] running `Command { std: "docker" "rm" "-f" "278e036882dbd694e26dc62f82e4a61d6589943d1e01df343a17add07f72e82f", kill_on_drop: false }`
[INFO] [stdout] 278e036882dbd694e26dc62f82e4a61d6589943d1e01df343a17add07f72e82f
[INFO] running `Command { std: "docker" "create" "-v" "/var/lib/crater-agent-workspace/builds/worker-3-tc1/target:/opt/rustwide/target:rw,Z" "-v" "/var/lib/crater-agent-workspace/builds/worker-3-tc1/source:/opt/rustwide/workdir:ro,Z" "-v" "/var/lib/crater-agent-workspace/cargo-home:/opt/rustwide/cargo-home:ro,Z" "-v" "/var/lib/crater-agent-workspace/rustup-home:/opt/rustwide/rustup-home:ro,Z" "-e" "SOURCE_DIR=/opt/rustwide/workdir" "-e" "CARGO_TARGET_DIR=/opt/rustwide/target" "-e" "CARGO_INCREMENTAL=0" "-e" "RUST_BACKTRACE=full" "-e" "RUSTFLAGS=--cap-lints=warn" "-e" "RUSTDOCFLAGS=--cap-lints=warn" "-e" "CARGO_HOME=/opt/rustwide/cargo-home" "-e" "RUSTUP_HOME=/opt/rustwide/rustup-home" "-w" "/opt/rustwide/workdir" "-m" "1610612736" "--user" "0:0" "--network" "none" "ghcr.io/rust-lang/crates-build-env/linux@sha256:5ff2268d62e97bff2cde7d5815dd6ed5b47097566f13b8d0ca110b04b60e07ed" "/opt/rustwide/cargo-home/bin/cargo" "+1.69.0" "test" "--frozen" "--no-run" "--message-format=json", kill_on_drop: false }`
[INFO] [stdout] f69e1ad44df0abf307a3e97e923f60fabba34345fdb23fb1786076eb2b0300da
[INFO] running `Command { std: "docker" "start" "-a" "f69e1ad44df0abf307a3e97e923f60fabba34345fdb23fb1786076eb2b0300da", kill_on_drop: false }`
[INFO] [stderr]    Compiling log v0.4.17
[INFO] [stderr]    Compiling syn v1.0.109
[INFO] [stderr]    Compiling nom v7.1.3
[INFO] [stderr]    Compiling aho-corasick v1.0.1
[INFO] [stderr]    Compiling regex-syntax v0.7.1
[INFO] [stderr]    Compiling atty v0.2.14
[INFO] [stderr]    Compiling humantime v2.1.0
[INFO] [stderr]    Compiling regex v1.8.1
[INFO] [stderr]    Compiling config v0.13.3
[INFO] [stderr]    Compiling env_logger v0.9.3
[INFO] [stderr]    Compiling fern-proxy-interfaces v0.1.0
[INFO] [stderr]    Compiling fern-protocol-postgresql v0.1.0 (/opt/rustwide/workdir)
[INFO] [stderr]    Compiling test-log v0.2.11
[INFO] [stderr]     Finished test [unoptimized + debuginfo] target(s) in 6.08s
[INFO] running `Command { std: "docker" "inspect" "f69e1ad44df0abf307a3e97e923f60fabba34345fdb23fb1786076eb2b0300da", kill_on_drop: false }`
[INFO] running `Command { std: "docker" "rm" "-f" "f69e1ad44df0abf307a3e97e923f60fabba34345fdb23fb1786076eb2b0300da", kill_on_drop: false }`
[INFO] [stdout] f69e1ad44df0abf307a3e97e923f60fabba34345fdb23fb1786076eb2b0300da
[INFO] running `Command { std: "docker" "create" "-v" "/var/lib/crater-agent-workspace/builds/worker-3-tc1/target:/opt/rustwide/target:rw,Z" "-v" "/var/lib/crater-agent-workspace/builds/worker-3-tc1/source:/opt/rustwide/workdir:ro,Z" "-v" "/var/lib/crater-agent-workspace/cargo-home:/opt/rustwide/cargo-home:ro,Z" "-v" "/var/lib/crater-agent-workspace/rustup-home:/opt/rustwide/rustup-home:ro,Z" "-e" "SOURCE_DIR=/opt/rustwide/workdir" "-e" "CARGO_TARGET_DIR=/opt/rustwide/target" "-e" "CARGO_INCREMENTAL=0" "-e" "RUST_BACKTRACE=full" "-e" "RUSTFLAGS=--cap-lints=warn" "-e" "RUSTDOCFLAGS=--cap-lints=warn" "-e" "CARGO_HOME=/opt/rustwide/cargo-home" "-e" "RUSTUP_HOME=/opt/rustwide/rustup-home" "-w" "/opt/rustwide/workdir" "-m" "1610612736" "--user" "0:0" "--network" "none" "ghcr.io/rust-lang/crates-build-env/linux@sha256:5ff2268d62e97bff2cde7d5815dd6ed5b47097566f13b8d0ca110b04b60e07ed" "/opt/rustwide/cargo-home/bin/cargo" "+1.69.0" "test" "--frozen", kill_on_drop: false }`
[INFO] [stdout] 95105e4fce94775ad63c77a6243452900a5e552eb17510258253efcc9683f474
[INFO] running `Command { std: "docker" "start" "-a" "95105e4fce94775ad63c77a6243452900a5e552eb17510258253efcc9683f474", kill_on_drop: false }`
[INFO] [stderr]     Finished test [unoptimized + debuginfo] target(s) in 0.06s
[INFO] [stderr]      Running unittests src/lib.rs (/opt/rustwide/target/debug/deps/fern_protocol_postgresql-152b445800d989c5)
[INFO] [stdout] 
[INFO] [stdout] running 7 tests
[INFO] [stdout] test codec::frontend::decode_tests::invalid_startup_message_missing_parameter_field ... ok
[INFO] [stdout] test codec::frontend::decode_tests::invalid_startup_message_empty_parameters_list ... ok
[INFO] [stdout] test codec::frontend::decode_tests::invalid_startup_message_missing_parameters_data ... ok
[INFO] [stdout] test codec::frontend::decode_tests::invalid_startup_message_missing_parameters_list_terminator ... ok
[INFO] [stdout] test codec::frontend::decode_tests::invalid_startup_message_missing_required_user ... ok
[INFO] [stdout] test codec::frontend::decode_tests::valid_startup_message ... ok
[INFO] [stdout] test codec::frontend::decode_tests::invalid_startup_message_wrong_protocol_version ... ok
[INFO] [stdout] 
[INFO] [stdout] test result: ok. 7 passed; 0 failed; 0 ignored; 0 measured; 0 filtered out; finished in 0.00s
[INFO] [stdout] 
[INFO] [stderr]      Running tests/decode_backend.rs (/opt/rustwide/target/debug/deps/decode_backend-10f0362439ddd01d)
[INFO] [stdout] 
[INFO] [stdout] running 52 tests
[INFO] [stdout] test decode_backend::invalid_authentication_ok_missing_const ... ok
[INFO] [stdout] test decode_backend::invalid_authentication_malformed_authn_const ... ok
[INFO] [stdout] test decode_backend::invalid_authentication_sasl_final_missing_response ... ok
[INFO] [stdout] test decode_backend::invalid_authentication_sasl_continue_missing_response ... ok
[INFO] [stdout] test decode_backend::invalid_authentication_unknown_authn_const ... ok
[INFO] [stdout] test decode_backend::invalid_authentication_sasl_missing_list_terminator ... ok
[INFO] [stdout] test decode_backend::invalid_authentication_sasl_truncated_payload ... ok
[INFO] [stdout] test decode_backend::invalid_backend_key_data_null_size ... ok
[INFO] [stdout] test decode_backend::invalid_command_complete_null_size ... ok
[INFO] [stdout] test decode_backend::invalid_data_row_missing_column ... ok
[INFO] [stdout] test decode_backend::invalid_data_row_truncated_field ... ok
[INFO] [stdout] test decode_backend::invalid_backend_key_data_missing_field ... ok
[INFO] [stdout] test decode_backend::invalid_data_row_wrong_payload_length ... ok
[INFO] [stdout] test decode_backend::invalid_decode_canary_null_size_message ... ok
[INFO] [stdout] test decode_backend::invalid_decode_canary_truncated_header ... ok
[INFO] [stdout] test decode_backend::invalid_decode_canary_unknown_message_id ... ok
[INFO] [stdout] test decode_backend::invalid_parameter_status_app_name_malformed_cstr ... ok
[INFO] [stdout] test decode_backend::invalid_parameter_status_null_size ... ok
[INFO] [stdout] test decode_backend::invalid_ready_for_query_missing_status ... ok
[INFO] [stdout] test decode_backend::invalid_ready_for_query_null_size ... ok
[INFO] [stdout] test decode_backend::invalid_ready_for_query_unknown_status ... ok
[INFO] [stdout] test decode_backend::invalid_row_description_missing_field_attr ... ok
[INFO] [stdout] test decode_backend::valid_authentication_ok ... ok
[INFO] [stdout] test decode_backend::valid_authentication_sasl_final ... ok
[INFO] [stdout] test decode_backend::valid_authentication_sasl ... ok
[INFO] [stdout] test decode_backend::valid_backend_key_data ... ok
[INFO] [stdout] test decode_backend::valid_authentication_sasl_continue ... ok
[INFO] [stdout] test decode_backend::valid_data_row_complex_null_columns_ending ... ok
[INFO] [stdout] test decode_backend::valid_command_complete ... ok
[INFO] [stdout] test decode_backend::valid_data_row_complex_null_columns_interleaved ... ok
[INFO] [stdout] test decode_backend::valid_data_row_simple ... ok
[INFO] [stdout] test decode_backend::valid_data_row_zero_columns ... ok
[INFO] [stdout] test decode_backend::valid_decode_canary_null_payload_message ... ok
[INFO] [stdout] test decode_backend::valid_decode_canary_remaining_data ... ok
[INFO] [stdout] test decode_backend::valid_empty_query_response ... ok
[INFO] [stdout] test decode_backend::valid_parameter_status_client_encoding ... ok
[INFO] [stdout] test decode_backend::valid_parameter_status_app_name ... ok
[INFO] [stdout] test decode_backend::valid_parameter_status_date_style ... ok
[INFO] [stdout] test decode_backend::valid_parameter_status_default_transaction_readonly ... ok
[INFO] [stdout] test decode_backend::valid_parameter_status_hot_standby ... ok
[INFO] [stdout] test decode_backend::valid_parameter_status_int_datetimes ... ok
[INFO] [stdout] test decode_backend::valid_parameter_status_interval_style ... ok
[INFO] [stdout] test decode_backend::valid_parameter_status_is_superuser ... ok
[INFO] [stdout] test decode_backend::valid_parameter_status_server_encoding ... ok
[INFO] [stdout] test decode_backend::valid_parameter_status_server_version ... ok
[INFO] [stdout] test decode_backend::valid_parameter_status_session_authorization ... ok
[INFO] [stdout] test decode_backend::valid_parameter_status_timezone ... ok
[INFO] [stdout] test decode_backend::valid_ready_for_query ... ok
[INFO] [stdout] test decode_backend::valid_row_description_simple ... ok
[INFO] [stdout] test decode_backend::valid_row_description_zero_columns ... ok
[INFO] [stdout] test decode_backend::valid_row_description_complex ... ok
[INFO] [stdout] test decode_backend::valid_parameter_status_std_conforming_strings ... ok
[INFO] [stdout] 
[INFO] [stdout] test result: ok. 52 passed; 0 failed; 0 ignored; 0 measured; 0 filtered out; finished in 0.00s
[INFO] [stdout] 
[INFO] [stderr]      Running tests/decode_frontend.rs (/opt/rustwide/target/debug/deps/decode_frontend-e4f0e3bee5f0de73)
[INFO] [stdout] 
[INFO] [stdout] running 15 tests
[INFO] [stdout] test decode_frontend::invalid_sasl_initial_response_missing_response_size ... ok
[INFO] [stdout] test decode_frontend::invalid_execute_missing_limit ... ok
[INFO] [stdout] test decode_frontend::invalid_query_simple_missing_null_terminator ... ok
[INFO] [stdout] test decode_frontend::valid_execute_no_limit ... ok
[INFO] [stdout] test decode_frontend::valid_flush ... ok
[INFO] [stdout] test decode_frontend::valid_execute_unnamed_portal ... ok
[INFO] [stdout] test decode_frontend::invalid_sasl_response_missing_response ... ok
[INFO] [stdout] test decode_frontend::valid_query_complex ... ok
[INFO] [stdout] test decode_frontend::valid_sasl_initial_response ... ok
[INFO] [stdout] test decode_frontend::valid_query_simple ... ok
[INFO] [stdout] test decode_frontend::valid_sasl_initial_response_no_response_data ... ok
[INFO] [stdout] test decode_frontend::valid_sasl_initial_response_null_response_size ... ok
[INFO] [stdout] test decode_frontend::valid_sync ... ok
[INFO] [stdout] test decode_frontend::valid_terminate ... ok
[INFO] [stdout] test decode_frontend::valid_sasl_response ... ok
[INFO] [stdout] 
[INFO] [stdout] test result: ok. 15 passed; 0 failed; 0 ignored; 0 measured; 0 filtered out; finished in 0.00s
[INFO] [stdout] 
[INFO] [stderr]      Running tests/encode_backend.rs (/opt/rustwide/target/debug/deps/encode_backend-fe192e8b3d5d7c80)
[INFO] [stdout] 
[INFO] [stdout] running 16 tests
[INFO] [stdout] test encode_backend::valid_authentication_ok ... ok
[INFO] [stdout] test encode_backend::valid_authentication_sasl_continue ... ok
[INFO] [stdout] test encode_backend::valid_authentication_sasl ... ok
[INFO] [stdout] test encode_backend::valid_backend_key_data ... ok
[INFO] [stdout] test encode_backend::valid_authentication_sasl_final ... ok
[INFO] [stdout] test encode_backend::valid_command_complete ... ok
[INFO] [stdout] test encode_backend::valid_data_row_complex_null_columns_ending ... ok
[INFO] [stdout] test encode_backend::valid_data_row_complex_null_columns_interleaved ... ok
[INFO] [stdout] test encode_backend::valid_data_row_simple ... ok
[INFO] [stdout] test encode_backend::valid_data_row_zero_columns ... ok
[INFO] [stdout] test encode_backend::valid_empty_query_response ... ok
[INFO] [stdout] test encode_backend::valid_parameter_status_app_name ... ok
[INFO] [stdout] test encode_backend::valid_ready_for_query ... ok
[INFO] [stdout] test encode_backend::valid_row_description_complex ... ok
[INFO] [stdout] test encode_backend::valid_row_description_simple ... ok
[INFO] [stdout] test encode_backend::valid_row_description_zero_columns ... ok
[INFO] [stdout] 
[INFO] [stdout] test result: ok. 16 passed; 0 failed; 0 ignored; 0 measured; 0 filtered out; finished in 0.00s
[INFO] [stdout] 
[INFO] [stderr]      Running tests/encode_frontend.rs (/opt/rustwide/target/debug/deps/encode_frontend-a05ce84c0ec9cc15)
[INFO] [stdout] 
[INFO] [stdout] running 9 tests
[INFO] [stdout] test encode_frontend::valid_execute_no_limit ... ok
[INFO] [stdout] test encode_frontend::valid_execute_unnamed_portal ... ok
[INFO] [stdout] test encode_frontend::valid_flush ... ok
[INFO] [stdout] test encode_frontend::valid_query_simple ... ok
[INFO] [stdout] test encode_frontend::valid_sasl_initial_response ... ok
[INFO] [stdout] test encode_frontend::valid_sasl_initial_response_no_response_data ... ok
[INFO] [stdout] test encode_frontend::valid_sync ... ok
[INFO] [stdout] test encode_frontend::valid_terminate ... ok
[INFO] [stdout] test encode_frontend::valid_sasl_response ... ok
[INFO] [stdout] 
[INFO] [stdout] test result: ok. 9 passed; 0 failed; 0 ignored; 0 measured; 0 filtered out; finished in 0.00s
[INFO] [stdout] 
[INFO] [stderr]    Doc-tests fern-protocol-postgresql
[INFO] [stdout] 
[INFO] [stdout] running 1 test
[INFO] [stdout] test src/lib.rs - (line 18) ... FAILED
[INFO] [stdout] 
[INFO] [stdout] failures:
[INFO] [stdout] 
[INFO] [stdout] ---- src/lib.rs - (line 18) stdout ----
[INFO] [stdout] error[E0433]: failed to resolve: use of undeclared crate or module `fern_protocol_postgres`
[INFO] [stdout]  --> src/lib.rs:19:5
[INFO] [stdout]   |
[INFO] [stdout] 3 | use fern_protocol_postgres::codec::frontend::{Codec, Message};
[INFO] [stdout]   |     ^^^^^^^^^^^^^^^^^^^^^^ use of undeclared crate or module `fern_protocol_postgres`
[INFO] [stdout]   |
[INFO] [stdout] help: there is a crate or module with a similar name
[INFO] [stdout]   |
[INFO] [stdout] 3 | use fern_protocol_postgresql::codec::frontend::{Codec, Message};
[INFO] [stdout]   |     ~~~~~~~~~~~~~~~~~~~~~~~~
[INFO] [stdout] 
[INFO] [stdout] error: aborting due to previous error
[INFO] [stdout] 
[INFO] [stdout] For more information about this error, try `rustc --explain E0433`.
[INFO] [stdout] Couldn't compile the test.
[INFO] [stdout] 
[INFO] [stdout] failures:
[INFO] [stdout]     src/lib.rs - (line 18)
[INFO] [stdout] 
[INFO] [stdout] test result: FAILED. 0 passed; 1 failed; 0 ignored; 0 measured; 0 filtered out; finished in 0.02s
[INFO] [stdout] 
[INFO] [stderr] error: doctest failed, to rerun pass `--doc`
[INFO] running `Command { std: "docker" "inspect" "95105e4fce94775ad63c77a6243452900a5e552eb17510258253efcc9683f474", kill_on_drop: false }`
[INFO] running `Command { std: "docker" "rm" "-f" "95105e4fce94775ad63c77a6243452900a5e552eb17510258253efcc9683f474", kill_on_drop: false }`
[INFO] [stdout] 95105e4fce94775ad63c77a6243452900a5e552eb17510258253efcc9683f474
