[INFO] fetching crate fera 0.2.0...
[INFO] testing fera-0.2.0 against 1.69.0 for beta-1.70-1
[INFO] extracting crate fera 0.2.0 into /workspace/builds/worker-5-tc1/source
[INFO] validating manifest of crates.io crate fera 0.2.0 on toolchain 1.69.0
[INFO] running `Command { std: CARGO_HOME="/workspace/cargo-home" RUSTUP_HOME="/workspace/rustup-home" "/workspace/cargo-home/bin/cargo" "+1.69.0" "metadata" "--manifest-path" "Cargo.toml" "--no-deps", kill_on_drop: false }`
[INFO] started tweaking crates.io crate fera 0.2.0
[INFO] finished tweaking crates.io crate fera 0.2.0
[INFO] tweaked toml for crates.io crate fera 0.2.0 written to /workspace/builds/worker-5-tc1/source/Cargo.toml
[INFO] running `Command { std: CARGO_HOME="/workspace/cargo-home" RUSTUP_HOME="/workspace/rustup-home" __CARGO_TEST_CHANNEL_OVERRIDE_DO_NOT_USE_THIS="nightly" "/workspace/cargo-home/bin/cargo" "+1.69.0" "generate-lockfile" "--manifest-path" "Cargo.toml" "-Zno-index-update", kill_on_drop: false }`
[INFO] running `Command { std: CARGO_HOME="/workspace/cargo-home" RUSTUP_HOME="/workspace/rustup-home" "/workspace/cargo-home/bin/cargo" "+1.69.0" "fetch" "--manifest-path" "Cargo.toml", kill_on_drop: false }`
[INFO] [stderr]  Downloading crates ...
[INFO] [stderr]   Downloaded version-sync v0.5.0
[INFO] [stderr]   Downloaded pulldown-cmark v0.1.2
[INFO] [stderr]   Downloaded fera-unionfind v0.1.0
[INFO] [stderr]   Downloaded fera-array v0.1.0
[INFO] [stderr]   Downloaded fera-fun v0.1.0
[INFO] [stderr]   Downloaded fera-optional v0.2.0
[INFO] [stderr]   Downloaded fera-ext v0.2.0
[INFO] [stderr]   Downloaded fera-graph v0.2.0
[INFO] running `Command { std: "docker" "create" "-v" "/var/lib/crater-agent-workspace/builds/worker-5-tc1/target:/opt/rustwide/target:rw,Z" "-v" "/var/lib/crater-agent-workspace/builds/worker-5-tc1/source:/opt/rustwide/workdir:ro,Z" "-v" "/var/lib/crater-agent-workspace/cargo-home:/opt/rustwide/cargo-home:ro,Z" "-v" "/var/lib/crater-agent-workspace/rustup-home:/opt/rustwide/rustup-home:ro,Z" "-e" "SOURCE_DIR=/opt/rustwide/workdir" "-e" "CARGO_TARGET_DIR=/opt/rustwide/target" "-e" "CARGO_HOME=/opt/rustwide/cargo-home" "-e" "RUSTUP_HOME=/opt/rustwide/rustup-home" "-w" "/opt/rustwide/workdir" "-m" "1610612736" "--user" "0:0" "--network" "none" "ghcr.io/rust-lang/crates-build-env/linux@sha256:5ff2268d62e97bff2cde7d5815dd6ed5b47097566f13b8d0ca110b04b60e07ed" "/opt/rustwide/cargo-home/bin/cargo" "+1.69.0" "metadata" "--no-deps" "--format-version=1", kill_on_drop: false }`
[INFO] [stdout] a934d519e92533d57d7f86bf740e86b289556f43cc978b2c8594039584532b67
[INFO] running `Command { std: "docker" "start" "-a" "a934d519e92533d57d7f86bf740e86b289556f43cc978b2c8594039584532b67", kill_on_drop: false }`
[INFO] running `Command { std: "docker" "inspect" "a934d519e92533d57d7f86bf740e86b289556f43cc978b2c8594039584532b67", kill_on_drop: false }`
[INFO] running `Command { std: "docker" "rm" "-f" "a934d519e92533d57d7f86bf740e86b289556f43cc978b2c8594039584532b67", kill_on_drop: false }`
[INFO] [stdout] a934d519e92533d57d7f86bf740e86b289556f43cc978b2c8594039584532b67
[INFO] running `Command { std: "docker" "create" "-v" "/var/lib/crater-agent-workspace/builds/worker-5-tc1/target:/opt/rustwide/target:rw,Z" "-v" "/var/lib/crater-agent-workspace/builds/worker-5-tc1/source:/opt/rustwide/workdir:ro,Z" "-v" "/var/lib/crater-agent-workspace/cargo-home:/opt/rustwide/cargo-home:ro,Z" "-v" "/var/lib/crater-agent-workspace/rustup-home:/opt/rustwide/rustup-home:ro,Z" "-e" "SOURCE_DIR=/opt/rustwide/workdir" "-e" "CARGO_TARGET_DIR=/opt/rustwide/target" "-e" "CARGO_INCREMENTAL=0" "-e" "RUST_BACKTRACE=full" "-e" "RUSTFLAGS=--cap-lints=warn" "-e" "RUSTDOCFLAGS=--cap-lints=warn" "-e" "CARGO_HOME=/opt/rustwide/cargo-home" "-e" "RUSTUP_HOME=/opt/rustwide/rustup-home" "-w" "/opt/rustwide/workdir" "-m" "1610612736" "--user" "0:0" "--network" "none" "ghcr.io/rust-lang/crates-build-env/linux@sha256:5ff2268d62e97bff2cde7d5815dd6ed5b47097566f13b8d0ca110b04b60e07ed" "/opt/rustwide/cargo-home/bin/cargo" "+1.69.0" "build" "--frozen" "--message-format=json", kill_on_drop: false }`
[INFO] [stdout] 66e6e0bcf116a55187a7e9f8634ec3515700767081db01fb516ff9da204041c0
[INFO] running `Command { std: "docker" "start" "-a" "66e6e0bcf116a55187a7e9f8634ec3515700767081db01fb516ff9da204041c0", kill_on_drop: false }`
[INFO] [stderr]    Compiling fera v0.2.0 (/opt/rustwide/workdir)
[INFO] [stderr]     Finished dev [unoptimized + debuginfo] target(s) in 0.07s
[INFO] running `Command { std: "docker" "inspect" "66e6e0bcf116a55187a7e9f8634ec3515700767081db01fb516ff9da204041c0", kill_on_drop: false }`
[INFO] running `Command { std: "docker" "rm" "-f" "66e6e0bcf116a55187a7e9f8634ec3515700767081db01fb516ff9da204041c0", kill_on_drop: false }`
[INFO] [stdout] 66e6e0bcf116a55187a7e9f8634ec3515700767081db01fb516ff9da204041c0
[INFO] running `Command { std: "docker" "create" "-v" "/var/lib/crater-agent-workspace/builds/worker-5-tc1/target:/opt/rustwide/target:rw,Z" "-v" "/var/lib/crater-agent-workspace/builds/worker-5-tc1/source:/opt/rustwide/workdir:ro,Z" "-v" "/var/lib/crater-agent-workspace/cargo-home:/opt/rustwide/cargo-home:ro,Z" "-v" "/var/lib/crater-agent-workspace/rustup-home:/opt/rustwide/rustup-home:ro,Z" "-e" "SOURCE_DIR=/opt/rustwide/workdir" "-e" "CARGO_TARGET_DIR=/opt/rustwide/target" "-e" "CARGO_INCREMENTAL=0" "-e" "RUST_BACKTRACE=full" "-e" "RUSTFLAGS=--cap-lints=warn" "-e" "RUSTDOCFLAGS=--cap-lints=warn" "-e" "CARGO_HOME=/opt/rustwide/cargo-home" "-e" "RUSTUP_HOME=/opt/rustwide/rustup-home" "-w" "/opt/rustwide/workdir" "-m" "1610612736" "--user" "0:0" "--network" "none" "ghcr.io/rust-lang/crates-build-env/linux@sha256:5ff2268d62e97bff2cde7d5815dd6ed5b47097566f13b8d0ca110b04b60e07ed" "/opt/rustwide/cargo-home/bin/cargo" "+1.69.0" "test" "--frozen" "--no-run" "--message-format=json", kill_on_drop: false }`
[INFO] [stdout] 90fe96e621f966936b516346deced42d7834369e19824c1ef7c2e4abda4d219a
[INFO] running `Command { std: "docker" "start" "-a" "90fe96e621f966936b516346deced42d7834369e19824c1ef7c2e4abda4d219a", kill_on_drop: false }`
[INFO] [stderr]    Compiling pulldown-cmark v0.1.2
[INFO] [stderr]    Compiling matches v0.1.10
[INFO] [stderr]    Compiling unicode-xid v0.0.4
[INFO] [stderr]    Compiling bitflags v0.9.1
[INFO] [stderr]    Compiling either v1.8.1
[INFO] [stderr]    Compiling quote v0.3.15
[INFO] [stderr]    Compiling percent-encoding v1.0.1
[INFO] [stderr]    Compiling toml v0.4.10
[INFO] [stderr]    Compiling idna v0.1.5
[INFO] [stderr]    Compiling synom v0.11.3
[INFO] [stderr]    Compiling itertools v0.7.11
[INFO] [stderr]    Compiling syn v0.11.11
[INFO] [stderr]    Compiling url v1.7.2
[INFO] [stderr]    Compiling version-sync v0.5.0
[INFO] [stderr]    Compiling fera v0.2.0 (/opt/rustwide/workdir)
[INFO] [stderr]     Finished test [unoptimized + debuginfo] target(s) in 2.52s
[INFO] running `Command { std: "docker" "inspect" "90fe96e621f966936b516346deced42d7834369e19824c1ef7c2e4abda4d219a", kill_on_drop: false }`
[INFO] running `Command { std: "docker" "rm" "-f" "90fe96e621f966936b516346deced42d7834369e19824c1ef7c2e4abda4d219a", kill_on_drop: false }`
[INFO] [stdout] 90fe96e621f966936b516346deced42d7834369e19824c1ef7c2e4abda4d219a
[INFO] running `Command { std: "docker" "create" "-v" "/var/lib/crater-agent-workspace/builds/worker-5-tc1/target:/opt/rustwide/target:rw,Z" "-v" "/var/lib/crater-agent-workspace/builds/worker-5-tc1/source:/opt/rustwide/workdir:ro,Z" "-v" "/var/lib/crater-agent-workspace/cargo-home:/opt/rustwide/cargo-home:ro,Z" "-v" "/var/lib/crater-agent-workspace/rustup-home:/opt/rustwide/rustup-home:ro,Z" "-e" "SOURCE_DIR=/opt/rustwide/workdir" "-e" "CARGO_TARGET_DIR=/opt/rustwide/target" "-e" "CARGO_INCREMENTAL=0" "-e" "RUST_BACKTRACE=full" "-e" "RUSTFLAGS=--cap-lints=warn" "-e" "RUSTDOCFLAGS=--cap-lints=warn" "-e" "CARGO_HOME=/opt/rustwide/cargo-home" "-e" "RUSTUP_HOME=/opt/rustwide/rustup-home" "-w" "/opt/rustwide/workdir" "-m" "1610612736" "--user" "0:0" "--network" "none" "ghcr.io/rust-lang/crates-build-env/linux@sha256:5ff2268d62e97bff2cde7d5815dd6ed5b47097566f13b8d0ca110b04b60e07ed" "/opt/rustwide/cargo-home/bin/cargo" "+1.69.0" "test" "--frozen", kill_on_drop: false }`
[INFO] [stdout] c125daac66e50e936fa0cc428db287a93dae57d4045a3653cc998c7ed82c5638
[INFO] running `Command { std: "docker" "start" "-a" "c125daac66e50e936fa0cc428db287a93dae57d4045a3653cc998c7ed82c5638", kill_on_drop: false }`
[INFO] [stderr]     Finished test [unoptimized + debuginfo] target(s) in 0.01s
[INFO] [stderr]      Running unittests src/lib.rs (/opt/rustwide/target/debug/deps/fera-83415a7b501c8741)
[INFO] [stdout] 
[INFO] [stdout] running 0 tests
[INFO] [stdout] 
[INFO] [stdout] test result: ok. 0 passed; 0 failed; 0 ignored; 0 measured; 0 filtered out; finished in 0.00s
[INFO] [stdout] 
[INFO] [stderr]      Running tests/version-numbers.rs (/opt/rustwide/target/debug/deps/version_numbers-e962c0a53c824332)
[INFO] [stdout] 
[INFO] [stdout] running 2 tests
[INFO] [stdout] test readme_deps ... ok
[INFO] [stdout] test html_root_url ... ok
[INFO] [stdout] 
[INFO] [stdout] test result: ok. 2 passed; 0 failed; 0 ignored; 0 measured; 0 filtered out; finished in 0.00s
[INFO] [stdout] 
[INFO] [stderr]    Doc-tests fera
[INFO] [stdout] 
[INFO] [stdout] running 1 test
[INFO] [stdout] test src/lib.rs - (line 18) ... FAILED
[INFO] [stdout] 
[INFO] [stdout] failures:
[INFO] [stdout] 
[INFO] [stdout] ---- src/lib.rs - (line 18) stdout ----
[INFO] [stdout] error[E0432]: unresolved import `fera::ext`
[INFO] [stdout]  --> src/lib.rs:21:11
[INFO] [stdout]   |
[INFO] [stdout] 4 | use fera::ext::VecExt;
[INFO] [stdout]   |           ^^^ could not find `ext` in `fera`
[INFO] [stdout] 
[INFO] [stdout] error[E0432]: unresolved import `fera::fun`
[INFO] [stdout]  --> src/lib.rs:22:11
[INFO] [stdout]   |
[INFO] [stdout] 5 | use fera::fun::vec;
[INFO] [stdout]   |           ^^^ could not find `fun` in `fera`
[INFO] [stdout] 
[INFO] [stdout] error: cannot determine resolution for the macro `vec`
[INFO] [stdout]  --> src/lib.rs:25:12
[INFO] [stdout]   |
[INFO] [stdout] 8 | assert_eq!(vec![3, 2, 1], vec(1..4).reversed());
[INFO] [stdout]   |            ^^^
[INFO] [stdout]   |
[INFO] [stdout]   = note: import resolution is stuck, try simplifying macro imports
[INFO] [stdout] 
[INFO] [stdout] error: aborting due to 3 previous errors
[INFO] [stdout] 
[INFO] [stdout] For more information about this error, try `rustc --explain E0432`.
[INFO] [stdout] Couldn't compile the test.
[INFO] [stdout] 
[INFO] [stdout] failures:
[INFO] [stdout]     src/lib.rs - (line 18)
[INFO] [stdout] 
[INFO] [stdout] test result: FAILED. 0 passed; 1 failed; 0 ignored; 0 measured; 0 filtered out; finished in 0.03s
[INFO] [stdout] 
[INFO] [stderr] error: doctest failed, to rerun pass `--doc`
[INFO] running `Command { std: "docker" "inspect" "c125daac66e50e936fa0cc428db287a93dae57d4045a3653cc998c7ed82c5638", kill_on_drop: false }`
[INFO] running `Command { std: "docker" "rm" "-f" "c125daac66e50e936fa0cc428db287a93dae57d4045a3653cc998c7ed82c5638", kill_on_drop: false }`
[INFO] [stdout] c125daac66e50e936fa0cc428db287a93dae57d4045a3653cc998c7ed82c5638
