[INFO] fetching crate fc-mapping-sync 1.0.0...
[INFO] testing fc-mapping-sync-1.0.0 against 1.69.0 for beta-1.70-1
[INFO] extracting crate fc-mapping-sync 1.0.0 into /workspace/builds/worker-6-tc1/source
[INFO] validating manifest of crates.io crate fc-mapping-sync 1.0.0 on toolchain 1.69.0
[INFO] running `Command { std: CARGO_HOME="/workspace/cargo-home" RUSTUP_HOME="/workspace/rustup-home" "/workspace/cargo-home/bin/cargo" "+1.69.0" "metadata" "--manifest-path" "Cargo.toml" "--no-deps", kill_on_drop: false }`
[INFO] started tweaking crates.io crate fc-mapping-sync 1.0.0
[INFO] finished tweaking crates.io crate fc-mapping-sync 1.0.0
[INFO] tweaked toml for crates.io crate fc-mapping-sync 1.0.0 written to /workspace/builds/worker-6-tc1/source/Cargo.toml
[INFO] running `Command { std: CARGO_HOME="/workspace/cargo-home" RUSTUP_HOME="/workspace/rustup-home" __CARGO_TEST_CHANNEL_OVERRIDE_DO_NOT_USE_THIS="nightly" "/workspace/cargo-home/bin/cargo" "+1.69.0" "generate-lockfile" "--manifest-path" "Cargo.toml" "-Zno-index-update", kill_on_drop: false }`
[INFO] running `Command { std: CARGO_HOME="/workspace/cargo-home" RUSTUP_HOME="/workspace/rustup-home" "/workspace/cargo-home/bin/cargo" "+1.69.0" "fetch" "--manifest-path" "Cargo.toml", kill_on_drop: false }`
[INFO] [stderr]     Blocking waiting for file lock on package cache
[INFO] [stderr]  Downloading crates ...
[INFO] [stderr]   Downloaded primitive-types v0.9.1
[INFO] [stderr]   Downloaded secrecy v0.7.0
[INFO] [stderr]   Downloaded hash256-std-hasher v0.15.2
[INFO] [stderr]   Downloaded integer-sqrt v0.1.5
[INFO] [stderr]   Downloaded dyn-clonable-impl v0.9.0
[INFO] [stderr]   Downloaded parity-util-mem v0.9.0
[INFO] [stderr]   Downloaded dyn-clonable v0.9.0
[INFO] [stderr]   Downloaded prometheus v0.11.0
[INFO] [stderr]   Downloaded multihash-derive v0.7.2
[INFO] [stderr]   Downloaded unsigned-varint v0.5.1
[INFO] [stderr]   Downloaded parity-multiaddr v0.11.2
[INFO] [stderr]   Downloaded sp-inherents v3.0.0
[INFO] [stderr]   Downloaded prost v0.7.0
[INFO] [stderr]   Downloaded prost-derive v0.7.0
[INFO] [stderr]   Downloaded impl-trait-for-tuples v0.1.3
[INFO] [stderr]   Downloaded fs-swap v0.2.6
[INFO] [stderr]   Downloaded environmental v1.1.4
[INFO] [stderr]   Downloaded substrate-bip39 v0.4.4
[INFO] [stderr]   Downloaded scale-info-derive v1.0.0
[INFO] [stderr]   Downloaded scale-info v1.0.0
[INFO] [stderr]   Downloaded rocksdb v0.16.0
[INFO] [stderr]   Downloaded asn1_der_derive v0.1.2
[INFO] [stderr]   Downloaded hmac-drbg v0.2.0
[INFO] [stderr]   Downloaded parity-util-mem-derive v0.1.0
[INFO] [stderr]   Downloaded libp2p-core v0.27.1
[INFO] [stderr]   Downloaded triehash v0.8.4
[INFO] [stderr]   Downloaded libp2p v0.34.0
[INFO] [stderr]   Downloaded ethereum-types v0.11.0
[INFO] [stderr]   Downloaded async-process v1.7.0
[INFO] [stderr]   Downloaded parity-wasm v0.41.0
[INFO] [stderr]   Downloaded sp-keystore v0.9.0
[INFO] [stderr]   Downloaded memory-db v0.26.0
[INFO] [stderr]   Downloaded curve25519-dalek v2.1.3
[INFO] [stderr]   Downloaded schnorrkel v0.9.1
[INFO] [stderr]   Downloaded libp2p-swarm v0.27.2
[INFO] [stderr]   Downloaded wasmi-validation v0.3.0
[INFO] [stderr]   Downloaded blake2-rfc v0.2.18
[INFO] [stderr]   Downloaded pbkdf2 v0.8.0
[INFO] [stderr]   Downloaded asn1_der v0.6.3
[INFO] [stderr]   Downloaded memory_units v0.3.0
[INFO] [stderr]   Downloaded libsecp256k1 v0.3.5
[INFO] [stderr]   Downloaded wasmi v0.6.2
[INFO] [stderr]   Downloaded kvdb-rocksdb v0.11.1
[INFO] [stderr]   Downloaded sc-executor-common v0.9.0
[INFO] [stderr]   Downloaded kvdb v0.9.0
[INFO] [stderr]   Downloaded trie-db v0.22.6
[INFO] [stderr]   Downloaded hash-db v0.15.2
[INFO] [stderr]   Downloaded trie-root v0.16.0
[INFO] [stderr]   Downloaded libp2p-core-derive v0.21.0
[INFO] [stderr]   Downloaded multistream-select v0.10.4
[INFO] [stderr]   Downloaded rw-stream-sink v0.2.1
[INFO] [stderr]   Downloaded prost-types v0.7.0
[INFO] [stderr]   Downloaded multihash v0.13.2
[INFO] [stderr]   Downloaded sp-serializer v3.0.0
[INFO] [stderr]   Downloaded sc-executor v0.9.0
[INFO] [stderr]   Downloaded sp-tasks v3.0.0
[INFO] [stderr]   Downloaded sp-timestamp v3.0.0
[INFO] [stderr]   Downloaded sp-blockchain v3.0.0
[INFO] [stderr]   Downloaded librocksdb-sys v6.20.3
[INFO] [stderr]   Downloaded prost-build v0.7.0
[INFO] [stderr]   Downloaded sp-externalities v0.9.0
[INFO] [stderr]   Downloaded sp-utils v3.0.0
[INFO] [stderr]   Downloaded sp-version v3.0.0
[INFO] [stderr]   Downloaded evm-core v0.25.1
[INFO] [stderr]   Downloaded sp-api v3.0.0
[INFO] [stderr]   Downloaded evm-runtime v0.25.0
[INFO] [stderr]   Downloaded ethereum v0.7.1
[INFO] [stderr]   Downloaded sp-block-builder v3.0.0
[INFO] [stderr]   Downloaded fp-consensus v1.0.0
[INFO] [stderr]   Downloaded sp-transaction-pool v3.0.0
[INFO] [stderr]   Downloaded fc-consensus v1.0.0
[INFO] [stderr]   Downloaded sc-executor-wasmi v0.9.0
[INFO] [stderr]   Downloaded sp-storage v3.0.0
[INFO] [stderr]   Downloaded fp-evm v1.0.0
[INFO] [stderr]   Downloaded fc-db v1.0.0
[INFO] [stderr]   Downloaded fp-rpc v1.0.0
[INFO] [stderr]   Downloaded sp-allocator v3.0.0
[INFO] [stderr]   Downloaded sc-client-api v3.0.0
[INFO] [stderr]   Downloaded sp-api-proc-macro v3.0.0
[INFO] [stderr]   Downloaded sp-consensus v0.9.0
[INFO] [stderr]   Downloaded sp-arithmetic v3.0.0
[INFO] [stderr]   Downloaded sp-core v3.0.0
[INFO] [stderr]   Downloaded sp-state-machine v0.9.0
[INFO] [stderr]   Downloaded sp-trie v3.0.0
[INFO] [stderr]   Downloaded sp-std v3.0.0
[INFO] [stderr]   Downloaded sp-runtime v3.0.0
[INFO] [stderr]   Downloaded evm-gasometer v0.25.0
[INFO] [stderr]   Downloaded sp-database v3.0.0
[INFO] [stderr]   Downloaded sp-wasm-interface v3.0.0
[INFO] [stderr]   Downloaded sp-io v3.0.0
[INFO] [stderr]   Downloaded evm v0.25.0
[INFO] [stderr]   Downloaded substrate-prometheus-endpoint v0.9.0
[INFO] [stderr]   Downloaded sp-panic-handler v3.0.0
[INFO] [stderr]   Downloaded sp-runtime-interface-proc-macro v3.0.0
[INFO] [stderr]   Downloaded sp-runtime-interface v3.0.0
[INFO] [stderr]   Downloaded sp-debug-derive v3.0.0
[INFO] [stderr]   Downloaded sp-application-crypto v3.0.0
[INFO] [stderr]   Downloaded sp-tracing v3.0.0
[INFO] running `Command { std: "docker" "create" "-v" "/var/lib/crater-agent-workspace/builds/worker-6-tc1/target:/opt/rustwide/target:rw,Z" "-v" "/var/lib/crater-agent-workspace/builds/worker-6-tc1/source:/opt/rustwide/workdir:ro,Z" "-v" "/var/lib/crater-agent-workspace/cargo-home:/opt/rustwide/cargo-home:ro,Z" "-v" "/var/lib/crater-agent-workspace/rustup-home:/opt/rustwide/rustup-home:ro,Z" "-e" "SOURCE_DIR=/opt/rustwide/workdir" "-e" "CARGO_TARGET_DIR=/opt/rustwide/target" "-e" "CARGO_HOME=/opt/rustwide/cargo-home" "-e" "RUSTUP_HOME=/opt/rustwide/rustup-home" "-w" "/opt/rustwide/workdir" "-m" "1610612736" "--user" "0:0" "--network" "none" "ghcr.io/rust-lang/crates-build-env/linux@sha256:5ff2268d62e97bff2cde7d5815dd6ed5b47097566f13b8d0ca110b04b60e07ed" "/opt/rustwide/cargo-home/bin/cargo" "+1.69.0" "metadata" "--no-deps" "--format-version=1", kill_on_drop: false }`
[INFO] [stdout] 35c5a3a65d3fd0a844fe80139ecbf1d5ab1ccbb6cb376ca84ba24bcc82eb3c85
[INFO] running `Command { std: "docker" "start" "-a" "35c5a3a65d3fd0a844fe80139ecbf1d5ab1ccbb6cb376ca84ba24bcc82eb3c85", kill_on_drop: false }`
[INFO] running `Command { std: "docker" "inspect" "35c5a3a65d3fd0a844fe80139ecbf1d5ab1ccbb6cb376ca84ba24bcc82eb3c85", kill_on_drop: false }`
[INFO] running `Command { std: "docker" "rm" "-f" "35c5a3a65d3fd0a844fe80139ecbf1d5ab1ccbb6cb376ca84ba24bcc82eb3c85", kill_on_drop: false }`
[INFO] [stdout] 35c5a3a65d3fd0a844fe80139ecbf1d5ab1ccbb6cb376ca84ba24bcc82eb3c85
[INFO] running `Command { std: "docker" "create" "-v" "/var/lib/crater-agent-workspace/builds/worker-6-tc1/target:/opt/rustwide/target:rw,Z" "-v" "/var/lib/crater-agent-workspace/builds/worker-6-tc1/source:/opt/rustwide/workdir:ro,Z" "-v" "/var/lib/crater-agent-workspace/cargo-home:/opt/rustwide/cargo-home:ro,Z" "-v" "/var/lib/crater-agent-workspace/rustup-home:/opt/rustwide/rustup-home:ro,Z" "-e" "SOURCE_DIR=/opt/rustwide/workdir" "-e" "CARGO_TARGET_DIR=/opt/rustwide/target" "-e" "CARGO_INCREMENTAL=0" "-e" "RUST_BACKTRACE=full" "-e" "RUSTFLAGS=--cap-lints=warn" "-e" "RUSTDOCFLAGS=--cap-lints=warn" "-e" "CARGO_HOME=/opt/rustwide/cargo-home" "-e" "RUSTUP_HOME=/opt/rustwide/rustup-home" "-w" "/opt/rustwide/workdir" "-m" "1610612736" "--user" "0:0" "--network" "none" "ghcr.io/rust-lang/crates-build-env/linux@sha256:5ff2268d62e97bff2cde7d5815dd6ed5b47097566f13b8d0ca110b04b60e07ed" "/opt/rustwide/cargo-home/bin/cargo" "+1.69.0" "build" "--frozen" "--message-format=json", kill_on_drop: false }`
[INFO] [stdout] c17d118d1cfa86ed199d3bee88a217d497a3cd371a1f61751e8e9bc941ce025b
[INFO] running `Command { std: "docker" "start" "-a" "c17d118d1cfa86ed199d3bee88a217d497a3cd371a1f61751e8e9bc941ce025b", kill_on_drop: false }`
[INFO] [stderr]     Blocking waiting for file lock on package cache
[INFO] [stderr]    Compiling syn v1.0.109
[INFO] [stderr]    Compiling serde v1.0.160
[INFO] [stderr]    Compiling winnow v0.4.4
[INFO] [stderr]    Compiling toml_datetime v0.6.1
[INFO] [stderr]    Compiling value-bag v1.0.0-alpha.9
[INFO] [stderr]    Compiling byteorder v1.4.3
[INFO] [stderr]    Compiling log v0.4.17
[INFO] [stderr]    Compiling radium v0.6.2
[INFO] [stderr]    Compiling generic-array v0.14.7
[INFO] [stderr]    Compiling syn v2.0.15
[INFO] [stderr]    Compiling wyz v0.2.0
[INFO] [stderr]    Compiling funty v1.1.0
[INFO] [stderr]    Compiling crunchy v0.2.2
[INFO] [stderr]    Compiling tap v1.0.1
[INFO] [stderr]    Compiling byte-slice-cast v1.2.2
[INFO] [stderr]    Compiling static_assertions v1.1.0
[INFO] [stderr]    Compiling futures-io v0.3.28
[INFO] [stderr]    Compiling rustc-hex v2.1.0
[INFO] [stderr]    Compiling generic-array v0.12.4
[INFO] [stderr]    Compiling getrandom v0.1.16
[INFO] [stderr]    Compiling subtle v2.4.1
[INFO] [stderr]    Compiling rlp v0.5.2
[INFO] [stderr]    Compiling parking_lot_core v0.8.6
[INFO] [stderr]    Compiling fixed-hash v0.7.0
[INFO] [stderr]    Compiling instant v0.1.12
[INFO] [stderr]    Compiling hex v0.4.3
[INFO] [stderr]    Compiling futures-util v0.3.28
[INFO] [stderr]    Compiling byte-tools v0.3.1
[INFO] [stderr]    Compiling block-padding v0.2.1
[INFO] [stderr]    Compiling digest v0.8.1
[INFO] [stderr]    Compiling block-padding v0.1.5
[INFO] [stderr]    Compiling opaque-debug v0.2.3
[INFO] [stderr]    Compiling tracing-core v0.1.30
[INFO] [stderr]    Compiling bitvec v0.20.4
[INFO] [stderr]    Compiling impl-rlp v0.3.0
[INFO] [stderr]    Compiling block-buffer v0.7.3
[INFO] [stderr]    Compiling num-integer v0.1.45
[INFO] [stderr]    Compiling jobserver v0.1.26
[INFO] [stderr]    Compiling subtle v1.0.0
[INFO] [stderr]    Compiling digest v0.9.0
[INFO] [stderr]    Compiling rand_core v0.5.1
[INFO] [stderr]    Compiling uint v0.9.5
[INFO] [stderr]    Compiling block-buffer v0.9.0
[INFO] [stderr]    Compiling rand_pcg v0.2.1
[INFO] [stderr]    Compiling rand_chacha v0.2.2
[INFO] [stderr]    Compiling fake-simd v0.1.2
[INFO] [stderr]    Compiling cc v1.0.79
[INFO] [stderr]    Compiling sha2 v0.8.2
[INFO] [stderr]    Compiling crypto-mac v0.7.0
[INFO] [stderr]    Compiling sha2 v0.9.9
[INFO] [stderr]    Compiling parking_lot v0.11.2
[INFO] [stderr]    Compiling num-bigint v0.2.6
[INFO] [stderr]    Compiling parity-util-mem v0.9.0
[INFO] [stderr]    Compiling rand v0.7.3
[INFO] [stderr]    Compiling sp-std v3.0.0
[INFO] [stderr]    Compiling ahash v0.4.7
[INFO] [stderr]    Compiling tiny-keccak v2.0.2
[INFO] [stderr]    Compiling hash-db v0.15.2
[INFO] [stderr]    Compiling hmac v0.7.1
[INFO] [stderr]    Compiling num-rational v0.2.4
[INFO] [stderr]    Compiling regex-syntax v0.6.29
[INFO] [stderr]    Compiling ref-cast v1.0.16
[INFO] [stderr]    Compiling hashbrown v0.9.1
[INFO] [stderr]    Compiling signature v1.6.4
[INFO] [stderr]    Compiling hmac-drbg v0.2.0
[INFO] [stderr]    Compiling toml_edit v0.19.8
[INFO] [stderr]    Compiling ed25519 v1.5.3
[INFO] [stderr]    Compiling arrayvec v0.4.12
[INFO] [stderr]    Compiling parity-wasm v0.41.0
[INFO] [stderr]    Compiling chrono v0.4.24
[INFO] [stderr]    Compiling crypto-mac v0.8.0
[INFO] [stderr]    Compiling crypto-mac v0.11.1
[INFO] [stderr]    Compiling sharded-slab v0.1.4
[INFO] [stderr]    Compiling thread_local v1.1.7
[INFO] [stderr]    Compiling libsecp256k1 v0.3.5
[INFO] [stderr]    Compiling nodrop v0.1.14
[INFO] [stderr]    Compiling memory_units v0.3.0
[INFO] [stderr]    Compiling hash256-std-hasher v0.15.2
[INFO] [stderr]    Compiling Inflector v0.11.4
[INFO] [stderr]    Compiling arrayvec v0.5.2
[INFO] [stderr]    Compiling environmental v1.1.4
[INFO] [stderr]    Compiling convert_case v0.4.0
[INFO] [stderr]    Compiling constant_time_eq v0.1.5
[INFO] [stderr]    Compiling pbkdf2 v0.8.0
[INFO] [stderr]    Compiling blake2-rfc v0.2.18
[INFO] [stderr]    Compiling hmac v0.11.0
[INFO] [stderr]    Compiling hmac v0.8.1
[INFO] [stderr]    Compiling pbkdf2 v0.4.0
[INFO] [stderr]    Compiling either v1.8.1
[INFO] [stderr]    Compiling dyn-clone v1.0.11
[INFO] [stderr]    Compiling twox-hash v1.6.3
[INFO] [stderr]    Compiling base58 v0.1.0
[INFO] [stderr]    Compiling ahash v0.7.6
[INFO] [stderr]    Compiling backtrace v0.3.67
[INFO] [stderr]    Compiling trie-root v0.16.0
[INFO] [stderr]    Compiling paste v1.0.12
[INFO] [stderr]    Compiling integer-sqrt v0.1.5
[INFO] [stderr]    Compiling itertools v0.9.0
[INFO] [stderr]    Compiling wasmi-validation v0.3.0
[INFO] [stderr]    Compiling hashbrown v0.11.2
[INFO] [stderr]    Compiling event-listener v2.5.3
[INFO] [stderr]    Compiling concurrent-queue v2.2.0
[INFO] [stderr]    Compiling proc-macro-crate v1.3.1
[INFO] [stderr]    Compiling regex-automata v0.1.10
[INFO] [stderr]    Compiling wasmi v0.6.2
[INFO] [stderr]    Compiling which v4.4.0
[INFO] [stderr]    Compiling parking v2.1.0
[INFO] [stderr]    Compiling async-lock v2.7.0
[INFO] [stderr]    Compiling proc-macro-error-attr v1.0.4
[INFO] [stderr]    Compiling prost-build v0.7.0
[INFO] [stderr]    Compiling futures-lite v1.13.0
[INFO] [stderr]    Compiling polling v2.8.0
[INFO] [stderr]    Compiling pin-project-internal v0.4.30
[INFO] [stderr]    Compiling fixedbitset v0.2.0
[INFO] [stderr]    Compiling matchers v0.0.1
[INFO] [stderr]    Compiling sp-panic-handler v3.0.0
[INFO] [stderr]    Compiling glob v0.3.1
[INFO] [stderr]    Compiling petgraph v0.5.1
[INFO] [stderr]    Compiling tempfile v3.5.0
[INFO] [stderr]    Compiling synstructure v0.12.6
[INFO] [stderr]    Compiling proc-macro-error v1.0.4
[INFO] [stderr]    Compiling ring v0.16.20
[INFO] [stderr]    Compiling async-io v1.13.0
[INFO] [stderr]    Compiling clang-sys v1.6.1
[INFO] [stderr]    Compiling multimap v0.8.3
[INFO] [stderr]    Compiling pin-project-lite v0.1.12
[INFO] [stderr]    Compiling async-task v4.4.0
[INFO] [stderr]    Compiling signal-hook v0.3.15
[INFO] [stderr]    Compiling minimal-lexical v0.2.1
[INFO] [stderr]    Compiling unsigned-varint v0.5.1
[INFO] [stderr]    Compiling unsigned-varint v0.7.1
[INFO] [stderr]    Compiling tokio v0.2.25
[INFO] [stderr]    Compiling url v2.3.1
[INFO] [stderr]    Compiling nom v7.1.3
[INFO] [stderr]    Compiling async-channel v1.8.0
[INFO] [stderr]    Compiling signal-hook-registry v1.4.1
[INFO] [stderr]    Compiling async-process v1.7.0
[INFO] [stderr]    Compiling libloading v0.7.4
[INFO] [stderr]    Compiling data-encoding v2.3.3
[INFO] [stderr]    Compiling prometheus v0.11.0
[INFO] [stderr]    Compiling futures-timer v3.0.2
[INFO] [stderr]    Compiling bindgen v0.59.2
[INFO] [stderr]    Compiling bs58 v0.4.0
[INFO] [stderr]    Compiling atomic-waker v1.1.1
[INFO] [stderr]    Compiling async-executor v1.5.1
[INFO] [stderr]    Compiling atomic v0.5.1
[INFO] [stderr]    Compiling shlex v1.1.0
[INFO] [stderr]    Compiling lazycell v1.3.0
[INFO] [stderr]    Compiling peeking_take_while v0.1.2
[INFO] [stderr]    Compiling http-body v0.3.1
[INFO] [stderr]    Compiling sha3 v0.8.2
[INFO] [stderr]    Compiling httpdate v0.3.2
[INFO] [stderr]    Compiling triehash v0.8.4
[INFO] [stderr]    Compiling serde_derive v1.0.160
[INFO] [stderr]    Compiling futures-macro v0.3.28
[INFO] [stderr]    Compiling zeroize_derive v1.4.2
[INFO] [stderr]    Compiling thiserror-impl v1.0.40
[INFO] [stderr]    Compiling ref-cast-impl v1.0.16
[INFO] [stderr]    Compiling async-trait v0.1.68
[INFO] [stderr]    Compiling sha3 v0.9.1
[INFO] [stderr]    Compiling lru v0.6.6
[INFO] [stderr]    Compiling owning_ref v0.4.1
[INFO] [stderr]    Compiling fs-swap v0.2.6
[INFO] [stderr]    Compiling cexpr v0.6.0
[INFO] [stderr]    Compiling ctor v0.1.26
[INFO] [stderr]    Compiling parity-scale-codec-derive v2.3.1
[INFO] [stderr]    Compiling impl-trait-for-tuples v0.2.2
[INFO] [stderr]    Compiling zeroize v1.3.0
[INFO] [stderr]    Compiling parity-util-mem-derive v0.1.0
[INFO] [stderr]    Compiling sp-debug-derive v3.0.0
[INFO] [stderr]    Compiling derive_more v0.99.17
[INFO] [stderr]    Compiling curve25519-dalek v3.2.1
[INFO] [stderr]    Compiling merlin v2.0.1
[INFO] [stderr]    Compiling curve25519-dalek v2.1.3
[INFO] [stderr]    Compiling dyn-clonable-impl v0.9.0
[INFO] [stderr]    Compiling secrecy v0.7.0
[INFO] [stderr]    Compiling pin-project-internal v1.0.12
[INFO] [stderr]    Compiling prost-derive v0.7.0
[INFO] [stderr]    Compiling multihash-derive v0.7.2
[INFO] [stderr]    Compiling asn1_der_derive v0.1.2
[INFO] [stderr]    Compiling thiserror v1.0.40
[INFO] [stderr]    Compiling tiny-bip39 v0.8.2
[INFO] [stderr]    Compiling dyn-clonable v0.9.0
[INFO] [stderr]    Compiling tracing v0.1.37
[INFO] [stderr]    Compiling tracing-log v0.1.3
[INFO] [stderr]    Compiling trie-db v0.22.6
[INFO] [stderr]    Compiling scale-info-derive v1.0.0
[INFO] [stderr]    Compiling asn1_der v0.6.3
[INFO] [stderr]    Compiling blocking v1.3.1
[INFO] [stderr]    Compiling tokio-util v0.3.1
[INFO] [stderr]    Compiling multihash v0.13.2
[INFO] [stderr]    Compiling kv-log-macro v1.0.7
[INFO] [stderr]    Compiling want v0.3.0
[INFO] [stderr]    Compiling pin-project v1.0.12
[INFO] [stderr]    Compiling pin-project v0.4.30
[INFO] [stderr]    Compiling async-global-executor v2.3.1
[INFO] [stderr]    Compiling tracing-futures v0.2.5
[INFO] [stderr]    Compiling libp2p-core-derive v0.21.0
[INFO] [stderr]    Compiling async-std v1.12.0
[INFO] [stderr]    Compiling rlp-derive v0.1.0
[INFO] [stderr]    Compiling prost v0.7.0
[INFO] [stderr]    Compiling impl-trait-for-tuples v0.1.3
[INFO] [stderr]    Compiling futures-executor v0.3.28
[INFO] [stderr]    Compiling prost-types v0.7.0
[INFO] [stderr]    Compiling h2 v0.2.7
[INFO] [stderr]    Compiling futures v0.3.28
[INFO] [stderr]    Compiling multistream-select v0.10.4
[INFO] [stderr]    Compiling wasm-timer v0.2.5
[INFO] [stderr]    Compiling rw-stream-sink v0.2.1
[INFO] [stderr]    Compiling sp-utils v3.0.0
[INFO] [stderr]    Compiling libp2p-core v0.27.1
[INFO] [stderr]    Compiling librocksdb-sys v6.20.3
[INFO] [stderr]    Compiling parity-scale-codec v2.3.1
[INFO] [stderr]    Compiling impl-serde v0.3.2
[INFO] [stderr]    Compiling toml v0.5.11
[INFO] [stderr]    Compiling serde_json v1.0.96
[INFO] [stderr]    Compiling tracing-serde v0.1.3
[INFO] [stderr]    Compiling ed25519-dalek v1.0.1
[INFO] [stderr]    Compiling schnorrkel v0.9.1
[INFO] [stderr]    Compiling parity-multiaddr v0.11.2
[INFO] [stderr]    Compiling hyper v0.13.10
[INFO] [stderr]    Compiling impl-codec v0.5.1
[INFO] [stderr]    Compiling sp-storage v3.0.0
[INFO] [stderr]    Compiling sp-wasm-interface v3.0.0
[INFO] [stderr]    Compiling sp-arithmetic v3.0.0
[INFO] [stderr]    Compiling scale-info v1.0.0
[INFO] [stderr]    Compiling substrate-bip39 v0.4.4
[INFO] [stderr]    Compiling primitive-types v0.9.1
[INFO] [stderr]    Compiling proc-macro-crate v0.1.5
[INFO] [stderr]    Compiling tracing-subscriber v0.2.25
[INFO] [stderr]    Compiling sp-externalities v0.9.0
[INFO] [stderr]    Compiling sp-serializer v3.0.0
[INFO] [stderr]    Compiling ethbloom v0.11.1
[INFO] [stderr]    Compiling sp-runtime-interface-proc-macro v3.0.0
[INFO] [stderr]    Compiling sp-api-proc-macro v3.0.0
[INFO] [stderr]    Compiling ethereum-types v0.11.0
[INFO] [stderr]    Compiling evm-core v0.25.1
[INFO] [stderr]    Compiling libp2p-swarm v0.27.2
[INFO] [stderr]    Compiling memory-db v0.26.0
[INFO] [stderr]    Compiling kvdb v0.9.0
[INFO] [stderr]    Compiling sp-database v3.0.0
[INFO] [stderr]    Compiling evm-runtime v0.25.0
[INFO] [stderr]    Compiling ethereum v0.7.1
[INFO] [stderr]    Compiling sp-tracing v3.0.0
[INFO] [stderr]    Compiling libp2p v0.34.0
[INFO] [stderr]    Compiling evm-gasometer v0.25.0
[INFO] [stderr]    Compiling evm v0.25.0
[INFO] [stderr]    Compiling sp-runtime-interface v3.0.0
[INFO] [stderr]    Compiling sp-core v3.0.0
[INFO] [stderr]    Compiling substrate-prometheus-endpoint v0.9.0
[INFO] [stderr] error: could not compile `hyper`
[INFO] [stderr] 
[INFO] [stderr] Caused by:
[INFO] [stderr]   process didn't exit successfully: `rustc --crate-name hyper --edition=2018 /opt/rustwide/cargo-home/registry/src/github.com-1ecc6299db9ec823/hyper-0.13.10/src/lib.rs --error-format=json --json=diagnostic-rendered-ansi,artifacts,future-incompat --crate-type lib --emit=dep-info,metadata,link -C embed-bitcode=no -C debuginfo=2 --cfg 'feature="stream"' -C metadata=08b7bafcd345999c -C extra-filename=-08b7bafcd345999c --out-dir /opt/rustwide/target/debug/deps -L dependency=/opt/rustwide/target/debug/deps --extern bytes=/opt/rustwide/target/debug/deps/libbytes-5cb1d87b13df8e8c.rmeta --extern futures_channel=/opt/rustwide/target/debug/deps/libfutures_channel-6efe3e36c9bebe99.rmeta --extern futures_core=/opt/rustwide/target/debug/deps/libfutures_core-6002dc2ff0ad2c7a.rmeta --extern futures_util=/opt/rustwide/target/debug/deps/libfutures_util-6707becd88433e1a.rmeta --extern h2=/opt/rustwide/target/debug/deps/libh2-35ba8866b1b55ff1.rmeta --extern http=/opt/rustwide/target/debug/deps/libhttp-1912e0b438bd2fae.rmeta --extern http_body=/opt/rustwide/target/debug/deps/libhttp_body-0c4b341fd598e235.rmeta --extern httparse=/opt/rustwide/target/debug/deps/libhttparse-30fefae29fd53c2e.rmeta --extern httpdate=/opt/rustwide/target/debug/deps/libhttpdate-46aa8c54416dd43c.rmeta --extern itoa=/opt/rustwide/target/debug/deps/libitoa-56a8428bad7458b8.rmeta --extern pin_project=/opt/rustwide/target/debug/deps/libpin_project-352b1e13fe952e39.rmeta --extern tokio=/opt/rustwide/target/debug/deps/libtokio-4c4923a104506948.rmeta --extern tower_service=/opt/rustwide/target/debug/deps/libtower_service-a82a463fea06a00e.rmeta --extern tracing=/opt/rustwide/target/debug/deps/libtracing-dd08a5e031ce02fc.rmeta --extern want=/opt/rustwide/target/debug/deps/libwant-3de81e0cccc73763.rmeta --cap-lints allow --cap-lints=warn` (signal: 9, SIGKILL: kill)
[INFO] [stderr] warning: build failed, waiting for other jobs to finish...
[INFO] [stderr] error: could not compile `sp-api-proc-macro`
[INFO] [stderr] 
[INFO] [stderr] Caused by:
[INFO] [stderr]   process didn't exit successfully: `rustc --crate-name sp_api_proc_macro --edition=2018 /opt/rustwide/cargo-home/registry/src/github.com-1ecc6299db9ec823/sp-api-proc-macro-3.0.0/src/lib.rs --error-format=json --json=diagnostic-rendered-ansi,artifacts,future-incompat --crate-type proc-macro --emit=dep-info,link -C prefer-dynamic -C embed-bitcode=no --cfg 'feature="default"' --cfg 'feature="std"' -C metadata=b817132bbfbad2a8 -C extra-filename=-b817132bbfbad2a8 --out-dir /opt/rustwide/target/debug/deps -L dependency=/opt/rustwide/target/debug/deps --extern blake2_rfc=/opt/rustwide/target/debug/deps/libblake2_rfc-ff726fc55a320ea8.rlib --extern proc_macro_crate=/opt/rustwide/target/debug/deps/libproc_macro_crate-097d8df75d2dde0f.rlib --extern proc_macro2=/opt/rustwide/target/debug/deps/libproc_macro2-175e52016190dd21.rlib --extern quote=/opt/rustwide/target/debug/deps/libquote-feb4935b8abbbb43.rlib --extern syn=/opt/rustwide/target/debug/deps/libsyn-389bd4fa0de07591.rlib --extern proc_macro --cap-lints allow --cap-lints=warn` (signal: 9, SIGKILL: kill)
[INFO] [stderr] The following warnings were emitted during compilation:
[INFO] [stderr] 
[INFO] [stderr] warning: c++: fatal error: Killed signal terminated program cc1plus
[INFO] [stderr] warning: compilation terminated.
[INFO] [stderr] warning: c++: fatal error: Killed signal terminated program cc1plus
[INFO] [stderr] warning: compilation terminated.
[INFO] [stderr] warning: c++: fatal error: Killed signal terminated program cc1plus
[INFO] [stderr] warning: compilation terminated.
[INFO] [stderr] warning: c++: fatal error: Killed signal terminated program cc1plus
[INFO] [stderr] warning: compilation terminated.
[INFO] [stderr] warning: c++: fatal error: Killed signal terminated program cc1plus
[INFO] [stderr] warning: compilation terminated.
[INFO] [stderr] warning: c++: fatal error: Killed signal terminated program cc1plus
[INFO] [stderr] warning: compilation terminated.
[INFO] [stderr] warning: c++: fatal error: Killed signal terminated program cc1plus
[INFO] [stderr] warning: compilation terminated.
[INFO] [stderr] 
[INFO] [stderr] error: failed to run custom build command for `librocksdb-sys v6.20.3`
[INFO] [stderr] note: To improve backtraces for build dependencies, set the CARGO_PROFILE_DEV_BUILD_OVERRIDE_DEBUG=true environment variable to enable debug information generation.
[INFO] [stderr] 
[INFO] [stderr] Caused by:
[INFO] [stderr]   process didn't exit successfully: `/opt/rustwide/target/debug/build/librocksdb-sys-7b378c9deab394c8/build-script-build` (exit status: 1)
[INFO] [stderr]   --- stdout
[INFO] [stderr]   cargo:rerun-if-changed=rocksdb/
[INFO] [stderr]   TARGET = Some("x86_64-unknown-linux-gnu")
[INFO] [stderr]   OPT_LEVEL = Some("0")
[INFO] [stderr]   HOST = Some("x86_64-unknown-linux-gnu")
[INFO] [stderr]   cargo:rerun-if-env-changed=CXX_x86_64-unknown-linux-gnu
[INFO] [stderr]   CXX_x86_64-unknown-linux-gnu = None
[INFO] [stderr]   cargo:rerun-if-env-changed=CXX_x86_64_unknown_linux_gnu
[INFO] [stderr]   CXX_x86_64_unknown_linux_gnu = None
[INFO] [stderr]   cargo:rerun-if-env-changed=HOST_CXX
[INFO] [stderr]   HOST_CXX = None
[INFO] [stderr]   cargo:rerun-if-env-changed=CXX
[INFO] [stderr]   CXX = None
[INFO] [stderr]   cargo:rerun-if-env-changed=CXXFLAGS_x86_64-unknown-linux-gnu
[INFO] [stderr]   CXXFLAGS_x86_64-unknown-linux-gnu = None
[INFO] [stderr]   cargo:rerun-if-env-changed=CXXFLAGS_x86_64_unknown_linux_gnu
[INFO] [stderr]   CXXFLAGS_x86_64_unknown_linux_gnu = None
[INFO] [stderr]   cargo:rerun-if-env-changed=HOST_CXXFLAGS
[INFO] [stderr]   HOST_CXXFLAGS = None
[INFO] [stderr]   cargo:rerun-if-env-changed=CXXFLAGS
[INFO] [stderr]   CXXFLAGS = None
[INFO] [stderr]   cargo:rerun-if-env-changed=CRATE_CC_NO_DEFAULTS
[INFO] [stderr]   CRATE_CC_NO_DEFAULTS = None
[INFO] [stderr]   DEBUG = Some("true")
[INFO] [stderr]   CARGO_CFG_TARGET_FEATURE = Some("fxsr,sse,sse2")
[INFO] [stderr]   cargo:rerun-if-env-changed=CXX_x86_64-unknown-linux-gnu
[INFO] [stderr]   CXX_x86_64-unknown-linux-gnu = None
[INFO] [stderr]   cargo:rerun-if-env-changed=CXX_x86_64_unknown_linux_gnu
[INFO] [stderr]   CXX_x86_64_unknown_linux_gnu = None
[INFO] [stderr]   cargo:rerun-if-env-changed=HOST_CXX
[INFO] [stderr]   HOST_CXX = None
[INFO] [stderr]   cargo:rerun-if-env-changed=CXX
[INFO] [stderr]   CXX = None
[INFO] [stderr]   cargo:rerun-if-env-changed=CXXFLAGS_x86_64-unknown-linux-gnu
[INFO] [stderr]   CXXFLAGS_x86_64-unknown-linux-gnu = None
[INFO] [stderr]   cargo:rerun-if-env-changed=CXXFLAGS_x86_64_unknown_linux_gnu
[INFO] [stderr]   CXXFLAGS_x86_64_unknown_linux_gnu = None
[INFO] [stderr]   cargo:rerun-if-env-changed=HOST_CXXFLAGS
[INFO] [stderr]   HOST_CXXFLAGS = None
[INFO] [stderr]   cargo:rerun-if-env-changed=CXXFLAGS
[INFO] [stderr]   CXXFLAGS = None
[INFO] [stderr]   cargo:rerun-if-env-changed=CRATE_CC_NO_DEFAULTS
[INFO] [stderr]   CRATE_CC_NO_DEFAULTS = None
[INFO] [stderr]   CARGO_CFG_TARGET_FEATURE = Some("fxsr,sse,sse2")
[INFO] [stderr]   running: "c++" "-O0" "-ffunction-sections" "-fdata-sections" "-fPIC" "-gdwarf-4" "-fno-omit-frame-pointer" "-m64" "-I" "rocksdb/include/" "-I" "rocksdb/" "-I" "rocksdb/third-party/gtest-1.8.1/fused-src/" "-I" "snappy/" "-I" "." "-Wall" "-Wextra" "-std=c++11" "-Wno-unused-parameter" "-msse2" "-DSNAPPY=1" "-DNDEBUG=1" "-DOS_LINUX" "-DROCKSDB_PLATFORM_POSIX" "-DROCKSDB_LIB_IO_POSIX" "-DROCKSDB_SUPPORT_THREAD_LOCAL" "-o" "/opt/rustwide/target/debug/build/librocksdb-sys-320ac3a1ec71de99/out/rocksdb/cache/cache.o" "-c" "rocksdb/cache/cache.cc"
[INFO] [stderr]   running: "c++" "-O0" "-ffunction-sections" "-fdata-sections" "-fPIC" "-gdwarf-4" "-fno-omit-frame-pointer" "-m64" "-I" "rocksdb/include/" "-I" "rocksdb/" "-I" "rocksdb/third-party/gtest-1.8.1/fused-src/" "-I" "snappy/" "-I" "." "-Wall" "-Wextra" "-std=c++11" "-Wno-unused-parameter" "-msse2" "-DSNAPPY=1" "-DNDEBUG=1" "-DOS_LINUX" "-DROCKSDB_PLATFORM_POSIX" "-DROCKSDB_LIB_IO_POSIX" "-DROCKSDB_SUPPORT_THREAD_LOCAL" "-o" "/opt/rustwide/target/debug/build/librocksdb-sys-320ac3a1ec71de99/out/rocksdb/cache/sharded_cache.o" "-c" "rocksdb/cache/sharded_cache.cc"
[INFO] [stderr]   running: "c++" "-O0" "-ffunction-sections" "-fdata-sections" "-fPIC" "-gdwarf-4" "-fno-omit-frame-pointer" "-m64" "-I" "rocksdb/include/" "-I" "rocksdb/" "-I" "rocksdb/third-party/gtest-1.8.1/fused-src/" "-I" "snappy/" "-I" "." "-Wall" "-Wextra" "-std=c++11" "-Wno-unused-parameter" "-msse2" "-DSNAPPY=1" "-DNDEBUG=1" "-DOS_LINUX" "-DROCKSDB_PLATFORM_POSIX" "-DROCKSDB_LIB_IO_POSIX" "-DROCKSDB_SUPPORT_THREAD_LOCAL" "-o" "/opt/rustwide/target/debug/build/librocksdb-sys-320ac3a1ec71de99/out/rocksdb/cache/clock_cache.o" "-c" "rocksdb/cache/clock_cache.cc"
[INFO] [stderr]   running: "c++" "-O0" "-ffunction-sections" "-fdata-sections" "-fPIC" "-gdwarf-4" "-fno-omit-frame-pointer" "-m64" "-I" "rocksdb/include/" "-I" "rocksdb/" "-I" "rocksdb/third-party/gtest-1.8.1/fused-src/" "-I" "snappy/" "-I" "." "-Wall" "-Wextra" "-std=c++11" "-Wno-unused-parameter" "-msse2" "-DSNAPPY=1" "-DNDEBUG=1" "-DOS_LINUX" "-DROCKSDB_PLATFORM_POSIX" "-DROCKSDB_LIB_IO_POSIX" "-DROCKSDB_SUPPORT_THREAD_LOCAL" "-o" "/opt/rustwide/target/debug/build/librocksdb-sys-320ac3a1ec71de99/out/rocksdb/db/blob/blob_file_addition.o" "-c" "rocksdb/db/blob/blob_file_addition.cc"
[INFO] [stderr]   running: "c++" "-O0" "-ffunction-sections" "-fdata-sections" "-fPIC" "-gdwarf-4" "-fno-omit-frame-pointer" "-m64" "-I" "rocksdb/include/" "-I" "rocksdb/" "-I" "rocksdb/third-party/gtest-1.8.1/fused-src/" "-I" "snappy/" "-I" "." "-Wall" "-Wextra" "-std=c++11" "-Wno-unused-parameter" "-msse2" "-DSNAPPY=1" "-DNDEBUG=1" "-DOS_LINUX" "-DROCKSDB_PLATFORM_POSIX" "-DROCKSDB_LIB_IO_POSIX" "-DROCKSDB_SUPPORT_THREAD_LOCAL" "-o" "/opt/rustwide/target/debug/build/librocksdb-sys-320ac3a1ec71de99/out/rocksdb/cache/lru_cache.o" "-c" "rocksdb/cache/lru_cache.cc"
[INFO] [stderr]   running: "c++" "-O0" "-ffunction-sections" "-fdata-sections" "-fPIC" "-gdwarf-4" "-fno-omit-frame-pointer" "-m64" "-I" "rocksdb/include/" "-I" "rocksdb/" "-I" "rocksdb/third-party/gtest-1.8.1/fused-src/" "-I" "snappy/" "-I" "." "-Wall" "-Wextra" "-std=c++11" "-Wno-unused-parameter" "-msse2" "-DSNAPPY=1" "-DNDEBUG=1" "-DOS_LINUX" "-DROCKSDB_PLATFORM_POSIX" "-DROCKSDB_LIB_IO_POSIX" "-DROCKSDB_SUPPORT_THREAD_LOCAL" "-o" "/opt/rustwide/target/debug/build/librocksdb-sys-320ac3a1ec71de99/out/rocksdb/db/blob/blob_file_builder.o" "-c" "rocksdb/db/blob/blob_file_builder.cc"
[INFO] [stderr]   running: "c++" "-O0" "-ffunction-sections" "-fdata-sections" "-fPIC" "-gdwarf-4" "-fno-omit-frame-pointer" "-m64" "-I" "rocksdb/include/" "-I" "rocksdb/" "-I" "rocksdb/third-party/gtest-1.8.1/fused-src/" "-I" "snappy/" "-I" "." "-Wall" "-Wextra" "-std=c++11" "-Wno-unused-parameter" "-msse2" "-DSNAPPY=1" "-DNDEBUG=1" "-DOS_LINUX" "-DROCKSDB_PLATFORM_POSIX" "-DROCKSDB_LIB_IO_POSIX" "-DROCKSDB_SUPPORT_THREAD_LOCAL" "-o" "/opt/rustwide/target/debug/build/librocksdb-sys-320ac3a1ec71de99/out/rocksdb/db/blob/blob_file_cache.o" "-c" "rocksdb/db/blob/blob_file_cache.cc"
[INFO] [stderr]   running: "c++" "-O0" "-ffunction-sections" "-fdata-sections" "-fPIC" "-gdwarf-4" "-fno-omit-frame-pointer" "-m64" "-I" "rocksdb/include/" "-I" "rocksdb/" "-I" "rocksdb/third-party/gtest-1.8.1/fused-src/" "-I" "snappy/" "-I" "." "-Wall" "-Wextra" "-std=c++11" "-Wno-unused-parameter" "-msse2" "-DSNAPPY=1" "-DNDEBUG=1" "-DOS_LINUX" "-DROCKSDB_PLATFORM_POSIX" "-DROCKSDB_LIB_IO_POSIX" "-DROCKSDB_SUPPORT_THREAD_LOCAL" "-o" "/opt/rustwide/target/debug/build/librocksdb-sys-320ac3a1ec71de99/out/rocksdb/db/arena_wrapped_db_iter.o" "-c" "rocksdb/db/arena_wrapped_db_iter.cc"
[INFO] [stderr]   exit status: 0
[INFO] [stderr]   running: "c++" "-O0" "-ffunction-sections" "-fdata-sections" "-fPIC" "-gdwarf-4" "-fno-omit-frame-pointer" "-m64" "-I" "rocksdb/include/" "-I" "rocksdb/" "-I" "rocksdb/third-party/gtest-1.8.1/fused-src/" "-I" "snappy/" "-I" "." "-Wall" "-Wextra" "-std=c++11" "-Wno-unused-parameter" "-msse2" "-DSNAPPY=1" "-DNDEBUG=1" "-DOS_LINUX" "-DROCKSDB_PLATFORM_POSIX" "-DROCKSDB_LIB_IO_POSIX" "-DROCKSDB_SUPPORT_THREAD_LOCAL" "-o" "/opt/rustwide/target/debug/build/librocksdb-sys-320ac3a1ec71de99/out/rocksdb/db/blob/blob_file_garbage.o" "-c" "rocksdb/db/blob/blob_file_garbage.cc"
[INFO] [stderr]   running: "c++" "-O0" "-ffunction-sections" "-fdata-sections" "-fPIC" "-gdwarf-4" "-fno-omit-frame-pointer" "-m64" "-I" "rocksdb/include/" "-I" "rocksdb/" "-I" "rocksdb/third-party/gtest-1.8.1/fused-src/" "-I" "snappy/" "-I" "." "-Wall" "-Wextra" "-std=c++11" "-Wno-unused-parameter" "-msse2" "-DSNAPPY=1" "-DNDEBUG=1" "-DOS_LINUX" "-DROCKSDB_PLATFORM_POSIX" "-DROCKSDB_LIB_IO_POSIX" "-DROCKSDB_SUPPORT_THREAD_LOCAL" "-o" "/opt/rustwide/target/debug/build/librocksdb-sys-320ac3a1ec71de99/out/rocksdb/db/blob/blob_file_meta.o" "-c" "rocksdb/db/blob/blob_file_meta.cc"
[INFO] [stderr]   running: "c++" "-O0" "-ffunction-sections" "-fdata-sections" "-fPIC" "-gdwarf-4" "-fno-omit-frame-pointer" "-m64" "-I" "rocksdb/include/" "-I" "rocksdb/" "-I" "rocksdb/third-party/gtest-1.8.1/fused-src/" "-I" "snappy/" "-I" "." "-Wall" "-Wextra" "-std=c++11" "-Wno-unused-parameter" "-msse2" "-DSNAPPY=1" "-DNDEBUG=1" "-DOS_LINUX" "-DROCKSDB_PLATFORM_POSIX" "-DROCKSDB_LIB_IO_POSIX" "-DROCKSDB_SUPPORT_THREAD_LOCAL" "-o" "/opt/rustwide/target/debug/build/librocksdb-sys-320ac3a1ec71de99/out/rocksdb/db/blob/blob_file_reader.o" "-c" "rocksdb/db/blob/blob_file_reader.cc"
[INFO] [stderr]   running: "c++" "-O0" "-ffunction-sections" "-fdata-sections" "-fPIC" "-gdwarf-4" "-fno-omit-frame-pointer" "-m64" "-I" "rocksdb/include/" "-I" "rocksdb/" "-I" "rocksdb/third-party/gtest-1.8.1/fused-src/" "-I" "snappy/" "-I" "." "-Wall" "-Wextra" "-std=c++11" "-Wno-unused-parameter" "-msse2" "-DSNAPPY=1" "-DNDEBUG=1" "-DOS_LINUX" "-DROCKSDB_PLATFORM_POSIX" "-DROCKSDB_LIB_IO_POSIX" "-DROCKSDB_SUPPORT_THREAD_LOCAL" "-o" "/opt/rustwide/target/debug/build/librocksdb-sys-320ac3a1ec71de99/out/rocksdb/db/blob/blob_log_format.o" "-c" "rocksdb/db/blob/blob_log_format.cc"
[INFO] [stderr]   exit status: 0
[INFO] [stderr]   running: "c++" "-O0" "-ffunction-sections" "-fdata-sections" "-fPIC" "-gdwarf-4" "-fno-omit-frame-pointer" "-m64" "-I" "rocksdb/include/" "-I" "rocksdb/" "-I" "rocksdb/third-party/gtest-1.8.1/fused-src/" "-I" "snappy/" "-I" "." "-Wall" "-Wextra" "-std=c++11" "-Wno-unused-parameter" "-msse2" "-DSNAPPY=1" "-DNDEBUG=1" "-DOS_LINUX" "-DROCKSDB_PLATFORM_POSIX" "-DROCKSDB_LIB_IO_POSIX" "-DROCKSDB_SUPPORT_THREAD_LOCAL" "-o" "/opt/rustwide/target/debug/build/librocksdb-sys-320ac3a1ec71de99/out/rocksdb/db/blob/blob_log_sequential_reader.o" "-c" "rocksdb/db/blob/blob_log_sequential_reader.cc"
[INFO] [stderr]   running: "c++" "-O0" "-ffunction-sections" "-fdata-sections" "-fPIC" "-gdwarf-4" "-fno-omit-frame-pointer" "-m64" "-I" "rocksdb/include/" "-I" "rocksdb/" "-I" "rocksdb/third-party/gtest-1.8.1/fused-src/" "-I" "snappy/" "-I" "." "-Wall" "-Wextra" "-std=c++11" "-Wno-unused-parameter" "-msse2" "-DSNAPPY=1" "-DNDEBUG=1" "-DOS_LINUX" "-DROCKSDB_PLATFORM_POSIX" "-DROCKSDB_LIB_IO_POSIX" "-DROCKSDB_SUPPORT_THREAD_LOCAL" "-o" "/opt/rustwide/target/debug/build/librocksdb-sys-320ac3a1ec71de99/out/rocksdb/db/blob/blob_log_writer.o" "-c" "rocksdb/db/blob/blob_log_writer.cc"
[INFO] [stderr]   exit status: 0
[INFO] [stderr]   running: "c++" "-O0" "-ffunction-sections" "-fdata-sections" "-fPIC" "-gdwarf-4" "-fno-omit-frame-pointer" "-m64" "-I" "rocksdb/include/" "-I" "rocksdb/" "-I" "rocksdb/third-party/gtest-1.8.1/fused-src/" "-I" "snappy/" "-I" "." "-Wall" "-Wextra" "-std=c++11" "-Wno-unused-parameter" "-msse2" "-DSNAPPY=1" "-DNDEBUG=1" "-DOS_LINUX" "-DROCKSDB_PLATFORM_POSIX" "-DROCKSDB_LIB_IO_POSIX" "-DROCKSDB_SUPPORT_THREAD_LOCAL" "-o" "/opt/rustwide/target/debug/build/librocksdb-sys-320ac3a1ec71de99/out/rocksdb/db/builder.o" "-c" "rocksdb/db/builder.cc"
[INFO] [stderr]   exit status: 0
[INFO] [stderr]   exit status: 0
[INFO] [stderr]   running: "c++" "-O0" "-ffunction-sections" "-fdata-sections" "-fPIC" "-gdwarf-4" "-fno-omit-frame-pointer" "-m64" "-I" "rocksdb/include/" "-I" "rocksdb/" "-I" "rocksdb/third-party/gtest-1.8.1/fused-src/" "-I" "snappy/" "-I" "." "-Wall" "-Wextra" "-std=c++11" "-Wno-unused-parameter" "-msse2" "-DSNAPPY=1" "-DNDEBUG=1" "-DOS_LINUX" "-DROCKSDB_PLATFORM_POSIX" "-DROCKSDB_LIB_IO_POSIX" "-DROCKSDB_SUPPORT_THREAD_LOCAL" "-o" "/opt/rustwide/target/debug/build/librocksdb-sys-320ac3a1ec71de99/out/rocksdb/db/c.o" "-c" "rocksdb/db/c.cc"
[INFO] [stderr]   running: "c++" "-O0" "-ffunction-sections" "-fdata-sections" "-fPIC" "-gdwarf-4" "-fno-omit-frame-pointer" "-m64" "-I" "rocksdb/include/" "-I" "rocksdb/" "-I" "rocksdb/third-party/gtest-1.8.1/fused-src/" "-I" "snappy/" "-I" "." "-Wall" "-Wextra" "-std=c++11" "-Wno-unused-parameter" "-msse2" "-DSNAPPY=1" "-DNDEBUG=1" "-DOS_LINUX" "-DROCKSDB_PLATFORM_POSIX" "-DROCKSDB_LIB_IO_POSIX" "-DROCKSDB_SUPPORT_THREAD_LOCAL" "-o" "/opt/rustwide/target/debug/build/librocksdb-sys-320ac3a1ec71de99/out/rocksdb/db/column_family.o" "-c" "rocksdb/db/column_family.cc"
[INFO] [stderr]   exit status: 0
[INFO] [stderr]   running: "c++" "-O0" "-ffunction-sections" "-fdata-sections" "-fPIC" "-gdwarf-4" "-fno-omit-frame-pointer" "-m64" "-I" "rocksdb/include/" "-I" "rocksdb/" "-I" "rocksdb/third-party/gtest-1.8.1/fused-src/" "-I" "snappy/" "-I" "." "-Wall" "-Wextra" "-std=c++11" "-Wno-unused-parameter" "-msse2" "-DSNAPPY=1" "-DNDEBUG=1" "-DOS_LINUX" "-DROCKSDB_PLATFORM_POSIX" "-DROCKSDB_LIB_IO_POSIX" "-DROCKSDB_SUPPORT_THREAD_LOCAL" "-o" "/opt/rustwide/target/debug/build/librocksdb-sys-320ac3a1ec71de99/out/rocksdb/db/compaction/compaction.o" "-c" "rocksdb/db/compaction/compaction.cc"
[INFO] [stderr]   exit status: 0
[INFO] [stderr]   running: "c++" "-O0" "-ffunction-sections" "-fdata-sections" "-fPIC" "-gdwarf-4" "-fno-omit-frame-pointer" "-m64" "-I" "rocksdb/include/" "-I" "rocksdb/" "-I" "rocksdb/third-party/gtest-1.8.1/fused-src/" "-I" "snappy/" "-I" "." "-Wall" "-Wextra" "-std=c++11" "-Wno-unused-parameter" "-msse2" "-DSNAPPY=1" "-DNDEBUG=1" "-DOS_LINUX" "-DROCKSDB_PLATFORM_POSIX" "-DROCKSDB_LIB_IO_POSIX" "-DROCKSDB_SUPPORT_THREAD_LOCAL" "-o" "/opt/rustwide/target/debug/build/librocksdb-sys-320ac3a1ec71de99/out/rocksdb/db/compaction/compaction_iterator.o" "-c" "rocksdb/db/compaction/compaction_iterator.cc"
[INFO] [stderr]   running: "c++" "-O0" "-ffunction-sections" "-fdata-sections" "-fPIC" "-gdwarf-4" "-fno-omit-frame-pointer" "-m64" "-I" "rocksdb/include/" "-I" "rocksdb/" "-I" "rocksdb/third-party/gtest-1.8.1/fused-src/" "-I" "snappy/" "-I" "." "-Wall" "-Wextra" "-std=c++11" "-Wno-unused-parameter" "-msse2" "-DSNAPPY=1" "-DNDEBUG=1" "-DOS_LINUX" "-DROCKSDB_PLATFORM_POSIX" "-DROCKSDB_LIB_IO_POSIX" "-DROCKSDB_SUPPORT_THREAD_LOCAL" "-o" "/opt/rustwide/target/debug/build/librocksdb-sys-320ac3a1ec71de99/out/rocksdb/db/compaction/compaction_job.o" "-c" "rocksdb/db/compaction/compaction_job.cc"
[INFO] [stderr]   cargo:warning=c++: fatal error: Killed signal terminated program cc1plus
[INFO] [stderr]   cargo:warning=compilation terminated.
[INFO] [stderr]   exit status: 1
[INFO] [stderr]   running: "c++" "-O0" "-ffunction-sections" "-fdata-sections" "-fPIC" "-gdwarf-4" "-fno-omit-frame-pointer" "-m64" "-I" "rocksdb/include/" "-I" "rocksdb/" "-I" "rocksdb/third-party/gtest-1.8.1/fused-src/" "-I" "snappy/" "-I" "." "-Wall" "-Wextra" "-std=c++11" "-Wno-unused-parameter" "-msse2" "-DSNAPPY=1" "-DNDEBUG=1" "-DOS_LINUX" "-DROCKSDB_PLATFORM_POSIX" "-DROCKSDB_LIB_IO_POSIX" "-DROCKSDB_SUPPORT_THREAD_LOCAL" "-o" "/opt/rustwide/target/debug/build/librocksdb-sys-320ac3a1ec71de99/out/rocksdb/db/compaction/compaction_picker.o" "-c" "rocksdb/db/compaction/compaction_picker.cc"
[INFO] [stderr]   exit status: 0
[INFO] [stderr]   cargo:warning=c++: fatal error: Killed signal terminated program cc1plus
[INFO] [stderr]   cargo:warning=compilation terminated.
[INFO] [stderr]   exit status: 1
[INFO] [stderr]   exit status: 0
[INFO] [stderr]   cargo:warning=c++: fatal error: Killed signal terminated program cc1plus
[INFO] [stderr]   cargo:warning=compilation terminated.
[INFO] [stderr]   exit status: 1
[INFO] [stderr]   cargo:warning=c++: fatal error: Killed signal terminated program cc1plus
[INFO] [stderr]   cargo:warning=compilation terminated.
[INFO] [stderr]   exit status: 1
[INFO] [stderr]   exit status: 0
[INFO] [stderr]   cargo:warning=c++: fatal error: Killed signal terminated program cc1plus
[INFO] [stderr]   cargo:warning=compilation terminated.
[INFO] [stderr]   exit status: 1
[INFO] [stderr]   cargo:warning=c++: fatal error: Killed signal terminated program cc1plus
[INFO] [stderr]   cargo:warning=compilation terminated.
[INFO] [stderr]   exit status: 1
[INFO] [stderr]   cargo:warning=c++: fatal error: Killed signal terminated program cc1plus
[INFO] [stderr]   cargo:warning=compilation terminated.
[INFO] [stderr]   exit status: 1
[INFO] [stderr]   exit status: 0
[INFO] [stderr]   exit status: 0
[INFO] [stderr]   exit status: 0
[INFO] [stderr]   exit status: 0
[INFO] [stderr] 
[INFO] [stderr]   --- stderr
[INFO] [stderr]   error: 'rustfmt' is not installed for the toolchain '1.69.0-x86_64-unknown-linux-gnu'
[INFO] [stderr]   To install, run `rustup component add rustfmt --toolchain 1.69.0-x86_64-unknown-linux-gnu`
[INFO] [stderr]   Failed to run rustfmt: Internal rustfmt error (non-fatal, continuing)
[INFO] [stderr] 
[INFO] [stderr] 
[INFO] [stderr]   error occurred: Command "c++" "-O0" "-ffunction-sections" "-fdata-sections" "-fPIC" "-gdwarf-4" "-fno-omit-frame-pointer" "-m64" "-I" "rocksdb/include/" "-I" "rocksdb/" "-I" "rocksdb/third-party/gtest-1.8.1/fused-src/" "-I" "snappy/" "-I" "." "-Wall" "-Wextra" "-std=c++11" "-Wno-unused-parameter" "-msse2" "-DSNAPPY=1" "-DNDEBUG=1" "-DOS_LINUX" "-DROCKSDB_PLATFORM_POSIX" "-DROCKSDB_LIB_IO_POSIX" "-DROCKSDB_SUPPORT_THREAD_LOCAL" "-o" "/opt/rustwide/target/debug/build/librocksdb-sys-320ac3a1ec71de99/out/rocksdb/db/arena_wrapped_db_iter.o" "-c" "rocksdb/db/arena_wrapped_db_iter.cc" with args "c++" did not execute successfully (status code exit status: 1).
[INFO] [stderr] 
[INFO] [stderr] 
[INFO] running `Command { std: "docker" "inspect" "c17d118d1cfa86ed199d3bee88a217d497a3cd371a1f61751e8e9bc941ce025b", kill_on_drop: false }`
[INFO] running `Command { std: "docker" "rm" "-f" "c17d118d1cfa86ed199d3bee88a217d497a3cd371a1f61751e8e9bc941ce025b", kill_on_drop: false }`
[INFO] [stdout] c17d118d1cfa86ed199d3bee88a217d497a3cd371a1f61751e8e9bc941ce025b
