[INFO] fetching crate fawkes-crypto-zkbob 4.5.0...
[INFO] testing fawkes-crypto-zkbob-4.5.0 against 1.69.0 for beta-1.70-1
[INFO] extracting crate fawkes-crypto-zkbob 4.5.0 into /workspace/builds/worker-0-tc1/source
[INFO] validating manifest of crates.io crate fawkes-crypto-zkbob 4.5.0 on toolchain 1.69.0
[INFO] running `Command { std: CARGO_HOME="/workspace/cargo-home" RUSTUP_HOME="/workspace/rustup-home" "/workspace/cargo-home/bin/cargo" "+1.69.0" "metadata" "--manifest-path" "Cargo.toml" "--no-deps", kill_on_drop: false }`
[INFO] started tweaking crates.io crate fawkes-crypto-zkbob 4.5.0
[INFO] finished tweaking crates.io crate fawkes-crypto-zkbob 4.5.0
[INFO] tweaked toml for crates.io crate fawkes-crypto-zkbob 4.5.0 written to /workspace/builds/worker-0-tc1/source/Cargo.toml
[INFO] running `Command { std: CARGO_HOME="/workspace/cargo-home" RUSTUP_HOME="/workspace/rustup-home" __CARGO_TEST_CHANNEL_OVERRIDE_DO_NOT_USE_THIS="nightly" "/workspace/cargo-home/bin/cargo" "+1.69.0" "generate-lockfile" "--manifest-path" "Cargo.toml" "-Zno-index-update", kill_on_drop: false }`
[INFO] running `Command { std: CARGO_HOME="/workspace/cargo-home" RUSTUP_HOME="/workspace/rustup-home" "/workspace/cargo-home/bin/cargo" "+1.69.0" "fetch" "--manifest-path" "Cargo.toml", kill_on_drop: false }`
[INFO] [stderr]  Downloading crates ...
[INFO] [stderr]   Downloaded blake2-rfc_bellman_edition v0.0.1
[INFO] [stderr]   Downloaded ff_derive_ce v0.5.1
[INFO] [stderr]   Downloaded ff_ce v0.7.1
[INFO] [stderr]   Downloaded concat-idents v1.1.4
[INFO] [stderr]   Downloaded crossbeam v0.7.3
[INFO] [stderr]   Downloaded linked-list v0.0.3
[INFO] [stderr]   Downloaded fawkes-crypto-pairing_ce v0.18.1
[INFO] [stderr]   Downloaded fawkes-crypto_derive v4.3.0
[INFO] [stderr]   Downloaded ff-uint v0.2.4
[INFO] [stderr]   Downloaded seedbox v0.2.0
[INFO] [stderr]   Downloaded ff-uint_derive v0.2.4
[INFO] [stderr]   Downloaded fawkes-crypto-bellman_ce v0.3.5
[INFO] running `Command { std: "docker" "create" "-v" "/var/lib/crater-agent-workspace/builds/worker-0-tc1/target:/opt/rustwide/target:rw,Z" "-v" "/var/lib/crater-agent-workspace/builds/worker-0-tc1/source:/opt/rustwide/workdir:ro,Z" "-v" "/var/lib/crater-agent-workspace/cargo-home:/opt/rustwide/cargo-home:ro,Z" "-v" "/var/lib/crater-agent-workspace/rustup-home:/opt/rustwide/rustup-home:ro,Z" "-e" "SOURCE_DIR=/opt/rustwide/workdir" "-e" "CARGO_TARGET_DIR=/opt/rustwide/target" "-e" "CARGO_HOME=/opt/rustwide/cargo-home" "-e" "RUSTUP_HOME=/opt/rustwide/rustup-home" "-w" "/opt/rustwide/workdir" "-m" "1610612736" "--user" "0:0" "--network" "none" "ghcr.io/rust-lang/crates-build-env/linux@sha256:5ff2268d62e97bff2cde7d5815dd6ed5b47097566f13b8d0ca110b04b60e07ed" "/opt/rustwide/cargo-home/bin/cargo" "+1.69.0" "metadata" "--no-deps" "--format-version=1", kill_on_drop: false }`
[INFO] [stdout] 130a3343f3e79f50849f08c48116e1998a2f1447c50980f0dc0b8483d97f460c
[INFO] running `Command { std: "docker" "start" "-a" "130a3343f3e79f50849f08c48116e1998a2f1447c50980f0dc0b8483d97f460c", kill_on_drop: false }`
[INFO] running `Command { std: "docker" "inspect" "130a3343f3e79f50849f08c48116e1998a2f1447c50980f0dc0b8483d97f460c", kill_on_drop: false }`
[INFO] running `Command { std: "docker" "rm" "-f" "130a3343f3e79f50849f08c48116e1998a2f1447c50980f0dc0b8483d97f460c", kill_on_drop: false }`
[INFO] [stdout] 130a3343f3e79f50849f08c48116e1998a2f1447c50980f0dc0b8483d97f460c
[INFO] running `Command { std: "docker" "create" "-v" "/var/lib/crater-agent-workspace/builds/worker-0-tc1/target:/opt/rustwide/target:rw,Z" "-v" "/var/lib/crater-agent-workspace/builds/worker-0-tc1/source:/opt/rustwide/workdir:ro,Z" "-v" "/var/lib/crater-agent-workspace/cargo-home:/opt/rustwide/cargo-home:ro,Z" "-v" "/var/lib/crater-agent-workspace/rustup-home:/opt/rustwide/rustup-home:ro,Z" "-e" "SOURCE_DIR=/opt/rustwide/workdir" "-e" "CARGO_TARGET_DIR=/opt/rustwide/target" "-e" "CARGO_INCREMENTAL=0" "-e" "RUST_BACKTRACE=full" "-e" "RUSTFLAGS=--cap-lints=warn" "-e" "RUSTDOCFLAGS=--cap-lints=warn" "-e" "CARGO_HOME=/opt/rustwide/cargo-home" "-e" "RUSTUP_HOME=/opt/rustwide/rustup-home" "-w" "/opt/rustwide/workdir" "-m" "1610612736" "--user" "0:0" "--network" "none" "ghcr.io/rust-lang/crates-build-env/linux@sha256:5ff2268d62e97bff2cde7d5815dd6ed5b47097566f13b8d0ca110b04b60e07ed" "/opt/rustwide/cargo-home/bin/cargo" "+1.69.0" "build" "--frozen" "--message-format=json", kill_on_drop: false }`
[INFO] [stdout] 8d4cfe342d0f0e0dcce250e4a2c07a61f348b66f62492b8b7cbcce64d615650e
[INFO] running `Command { std: "docker" "start" "-a" "8d4cfe342d0f0e0dcce250e4a2c07a61f348b66f62492b8b7cbcce64d615650e", kill_on_drop: false }`
[INFO] [stderr]    Compiling num-integer v0.1.45
[INFO] [stderr]    Compiling num-traits v0.2.15
[INFO] [stderr]    Compiling crossbeam-utils v0.7.2
[INFO] [stderr]    Compiling proc-macro2 v0.4.30
[INFO] [stderr]    Compiling unicode-xid v0.1.0
[INFO] [stderr]    Compiling generic-array v0.14.7
[INFO] [stderr]    Compiling memoffset v0.5.6
[INFO] [stderr]    Compiling num-bigint v0.2.6
[INFO] [stderr]    Compiling toml v0.5.11
[INFO] [stderr]    Compiling ahash v0.7.6
[INFO] [stderr]    Compiling crossbeam-epoch v0.8.2
[INFO] [stderr]    Compiling getrandom v0.2.9
[INFO] [stderr]    Compiling num-bigint v0.3.3
[INFO] [stderr]    Compiling once_cell v1.17.1
[INFO] [stderr]    Compiling block-buffer v0.9.0
[INFO] [stderr]    Compiling digest v0.9.0
[INFO] [stderr]    Compiling quote v0.6.13
[INFO] [stderr]    Compiling borsh-schema-derive-internal v0.9.3
[INFO] [stderr]    Compiling proc-macro-crate v0.1.5
[INFO] [stderr]    Compiling syn v0.14.9
[INFO] [stderr]    Compiling borsh-derive-internal v0.9.3
[INFO] [stderr]    Compiling rand v0.4.6
[INFO] [stderr]    Compiling hex v0.3.2
[INFO] [stderr]    Compiling ref-cast v1.0.16
[INFO] [stderr]    Compiling crunchy v0.2.2
[INFO] [stderr]    Compiling arrayvec v0.4.12
[INFO] [stderr]    Compiling rand_core v0.6.4
[INFO] [stderr]    Compiling sha3 v0.9.1
[INFO] [stderr]    Compiling rand_chacha v0.3.1
[INFO] [stderr]    Compiling borsh-derive v0.9.3
[INFO] [stderr]    Compiling crossbeam-deque v0.7.4
[INFO] [stderr]    Compiling crossbeam-channel v0.4.4
[INFO] [stderr]    Compiling crossbeam-queue v0.2.3
[INFO] [stderr]    Compiling hashbrown v0.11.2
[INFO] [stderr]    Compiling rand_chacha v0.2.2
[INFO] [stderr]    Compiling ref-cast-impl v1.0.16
[INFO] [stderr]    Compiling nodrop v0.1.14
[INFO] [stderr]    Compiling futures v0.1.31
[INFO] [stderr]    Compiling borsh v0.9.3
[INFO] [stderr]    Compiling crossbeam v0.7.3
[INFO] [stderr]    Compiling rand v0.7.3
[INFO] [stderr]    Compiling seedbox v0.2.0
[INFO] [stderr]    Compiling concat-idents v1.1.4
[INFO] [stderr]    Compiling bit-vec v0.6.3
[INFO] [stderr]    Compiling ff_derive_ce v0.5.1
[INFO] [stderr]    Compiling rustc-hex v2.1.0
[INFO] [stderr]    Compiling constant_time_eq v0.1.5
[INFO] [stderr]    Compiling blake2-rfc_bellman_edition v0.0.1
[INFO] [stderr]    Compiling fawkes-crypto_derive v4.3.0
[INFO] [stderr]    Compiling ff-uint_derive v0.2.4
[INFO] [stderr]    Compiling futures-cpupool v0.1.8
[INFO] [stderr]    Compiling impl-trait-for-tuples v0.1.3
[INFO] [stderr]    Compiling linked-list v0.0.3
[INFO] [stderr]    Compiling ff-uint v0.2.4
[INFO] [stderr]    Compiling ff_ce v0.7.1
[INFO] [stderr]    Compiling fawkes-crypto-pairing_ce v0.18.1
[INFO] [stderr]    Compiling fawkes-crypto-bellman_ce v0.3.5
[INFO] [stderr]    Compiling fawkes-crypto-zkbob v4.5.0 (/opt/rustwide/workdir)
[INFO] [stderr]     Finished dev [unoptimized + debuginfo] target(s) in 12.27s
[INFO] [stderr] warning: the following packages contain code that will be rejected by a future version of Rust: syn v0.14.9
[INFO] [stderr] note: to see what the problems were, use the option `--future-incompat-report`, or run `cargo report future-incompatibilities --id 2`
[INFO] running `Command { std: "docker" "inspect" "8d4cfe342d0f0e0dcce250e4a2c07a61f348b66f62492b8b7cbcce64d615650e", kill_on_drop: false }`
[INFO] running `Command { std: "docker" "rm" "-f" "8d4cfe342d0f0e0dcce250e4a2c07a61f348b66f62492b8b7cbcce64d615650e", kill_on_drop: false }`
[INFO] [stdout] 8d4cfe342d0f0e0dcce250e4a2c07a61f348b66f62492b8b7cbcce64d615650e
[INFO] running `Command { std: "docker" "create" "-v" "/var/lib/crater-agent-workspace/builds/worker-0-tc1/target:/opt/rustwide/target:rw,Z" "-v" "/var/lib/crater-agent-workspace/builds/worker-0-tc1/source:/opt/rustwide/workdir:ro,Z" "-v" "/var/lib/crater-agent-workspace/cargo-home:/opt/rustwide/cargo-home:ro,Z" "-v" "/var/lib/crater-agent-workspace/rustup-home:/opt/rustwide/rustup-home:ro,Z" "-e" "SOURCE_DIR=/opt/rustwide/workdir" "-e" "CARGO_TARGET_DIR=/opt/rustwide/target" "-e" "CARGO_INCREMENTAL=0" "-e" "RUST_BACKTRACE=full" "-e" "RUSTFLAGS=--cap-lints=warn" "-e" "RUSTDOCFLAGS=--cap-lints=warn" "-e" "CARGO_HOME=/opt/rustwide/cargo-home" "-e" "RUSTUP_HOME=/opt/rustwide/rustup-home" "-w" "/opt/rustwide/workdir" "-m" "1610612736" "--user" "0:0" "--network" "none" "ghcr.io/rust-lang/crates-build-env/linux@sha256:5ff2268d62e97bff2cde7d5815dd6ed5b47097566f13b8d0ca110b04b60e07ed" "/opt/rustwide/cargo-home/bin/cargo" "+1.69.0" "test" "--frozen" "--no-run" "--message-format=json", kill_on_drop: false }`
[INFO] [stdout] 75e58b88926234611ab956f80391a1a3112ce5f854c5b0d4f149619949f89d52
[INFO] running `Command { std: "docker" "start" "-a" "75e58b88926234611ab956f80391a1a3112ce5f854c5b0d4f149619949f89d52", kill_on_drop: false }`
[INFO] [stderr]     Blocking waiting for file lock on package cache
[INFO] [stderr]    Compiling fawkes-crypto-zkbob v4.5.0 (/opt/rustwide/workdir)
[INFO] [stdout] error[E0433]: failed to resolve: use of undeclared crate or module `fawkes_crypto`
[INFO] [stdout]  --> tests/circuit_poseidon.rs:2:5
[INFO] [stdout]   |
[INFO] [stdout] 2 | use fawkes_crypto::{
[INFO] [stdout]   |     ^^^^^^^^^^^^^ use of undeclared crate or module `fawkes_crypto`
[INFO] [stdout] 
[INFO] [stdout] 
[INFO] [stdout] error[E0432]: unresolved imports `fawkes_crypto::circuit::cs::DebugCS`, `fawkes_crypto::circuit::cs::CS`, `fawkes_crypto::circuit::num::CNum`, `fawkes_crypto::core::signal::Signal`, `fawkes_crypto::core::sizedvec::SizedVec`, `fawkes_crypto::engines::bn256::Fr`, `fawkes_crypto::native::poseidon::poseidon`, `fawkes_crypto::native::poseidon::poseidon_merkle_proof_root`, `fawkes_crypto::native::poseidon::MerkleProof`, `fawkes_crypto::native::poseidon::PoseidonParams`, `fawkes_crypto::rand::thread_rng`, `fawkes_crypto::rand::Rng`
[INFO] [stdout]  --> tests/circuit_poseidon.rs:3:20
[INFO] [stdout]   |
[INFO] [stdout] 3 |     circuit::{cs::{DebugCS, CS}, poseidon::*, num::CNum},
[INFO] [stdout]   |                    ^^^^^^^  ^^                ^^^^^^^^^
[INFO] [stdout] 4 |     core::{signal::Signal, sizedvec::SizedVec},
[INFO] [stdout]   |            ^^^^^^^^^^^^^^  ^^^^^^^^^^^^^^^^^^
[INFO] [stdout] 5 |     engines::bn256::Fr,
[INFO] [stdout]   |     ^^^^^^^^^^^^^^^^^^
[INFO] [stdout] 6 |     native::poseidon::{poseidon, poseidon_merkle_proof_root, MerkleProof, PoseidonParams},
[INFO] [stdout]   |                        ^^^^^^^^  ^^^^^^^^^^^^^^^^^^^^^^^^^^  ^^^^^^^^^^^  ^^^^^^^^^^^^^^
[INFO] [stdout] 7 |     rand::{thread_rng, Rng},
[INFO] [stdout]   |            ^^^^^^^^^^  ^^^
[INFO] [stdout] 
[INFO] [stdout] 
[INFO] [stdout] error[E0433]: failed to resolve: use of undeclared crate or module `fawkes_crypto`
[INFO] [stdout]  --> tests/circuit_ecc.rs:2:5
[INFO] [stdout]   |
[INFO] [stdout] 2 | use fawkes_crypto::{
[INFO] [stdout]   |     ^^^^^^^^^^^^^ use of undeclared crate or module `fawkes_crypto`
[INFO] [stdout] 
[INFO] [stdout] 
[INFO] [stdout] error[E0432]: unresolved imports `fawkes_crypto::circuit::bitify::c_into_bits_le_strict`, `fawkes_crypto::circuit::cs::DebugCS`, `fawkes_crypto::circuit::ecc::*`, `fawkes_crypto::circuit::num::CNum`, `fawkes_crypto::circuit::cs::CS`, `fawkes_crypto::native::ecc::*`, `fawkes_crypto::ff_uint::Num`, `fawkes_crypto::core::signal::Signal`, `fawkes_crypto::engines::bn256::Fr`, `fawkes_crypto::engines::bn256::JubJubBN256`, `fawkes_crypto::rand::thread_rng`, `fawkes_crypto::rand::Rng`
[INFO] [stdout]  --> tests/circuit_ecc.rs:3:15
[INFO] [stdout]   |
[INFO] [stdout] 3 |     circuit::{bitify::c_into_bits_le_strict, cs::DebugCS, ecc::*, num::CNum, cs::CS},
[INFO] [stdout]   |               ^^^^^^^^^^^^^^^^^^^^^^^^^^^^^  ^^^^^^^^^^^  ^^^^^^  ^^^^^^^^^  ^^^^^^
[INFO] [stdout] 4 |     native::ecc::*,
[INFO] [stdout]   |     ^^^^^^^^^^^^^^
[INFO] [stdout] 5 |     ff_uint::Num,
[INFO] [stdout]   |     ^^^^^^^^^^^^
[INFO] [stdout] 6 |     core::signal::Signal,
[INFO] [stdout]   |     ^^^^^^^^^^^^^^^^^^^^
[INFO] [stdout] 7 |     engines::bn256::{Fr, JubJubBN256},
[INFO] [stdout]   |                      ^^  ^^^^^^^^^^^
[INFO] [stdout] 8 |     rand::{thread_rng, Rng},
[INFO] [stdout]   |            ^^^^^^^^^^  ^^^
[INFO] [stdout] 
[INFO] [stdout] 
[INFO] [stdout] error[E0425]: cannot find function `c_poseidon` in this scope
[INFO] [stdout]   --> tests/circuit_poseidon.rs:26:15
[INFO] [stdout]    |
[INFO] [stdout] 26 |     let res = c_poseidon(inputs.as_slice(), &poseidon_params);
[INFO] [stdout]    |               ^^^^^^^^^^ not found in this scope
[INFO] [stdout]    |
[INFO] [stdout] help: consider importing this function
[INFO] [stdout]    |
[INFO] [stdout] 2  | use fawkes_crypto_zkbob::circuit::poseidon::c_poseidon;
[INFO] [stdout]    |
[INFO] [stdout] 
[INFO] [stdout] 
[INFO] [stdout] error[E0422]: cannot find struct, variant or union type `CMerkleProof` in this scope
[INFO] [stdout]   --> tests/circuit_poseidon.rs:58:28
[INFO] [stdout]    |
[INFO] [stdout] 58 |     let ref signal_proof = CMerkleProof {
[INFO] [stdout]    |                            ^^^^^^^^^^^^ not found in this scope
[INFO] [stdout]    |
[INFO] [stdout] help: consider importing this struct
[INFO] [stdout]    |
[INFO] [stdout] 2  | use fawkes_crypto_zkbob::circuit::poseidon::CMerkleProof;
[INFO] [stdout]    |
[INFO] [stdout] 
[INFO] [stdout] 
[INFO] [stdout] error[E0425]: cannot find function `c_poseidon_merkle_proof_root` in this scope
[INFO] [stdout]   --> tests/circuit_poseidon.rs:63:15
[INFO] [stdout]    |
[INFO] [stdout] 63 |     let res = c_poseidon_merkle_proof_root(&signal_leaf, &signal_proof, &poseidon_params);
[INFO] [stdout]    |               ^^^^^^^^^^^^^^^^^^^^^^^^^^^^ not found in this scope
[INFO] [stdout]    |
[INFO] [stdout] help: consider importing this function
[INFO] [stdout]    |
[INFO] [stdout] 2  | use fawkes_crypto_zkbob::circuit::poseidon::c_poseidon_merkle_proof_root;
[INFO] [stdout]    |
[INFO] [stdout] 
[INFO] [stdout] 
[INFO] [stdout] error[E0433]: failed to resolve: use of undeclared type `CEdwardsPoint`
[INFO] [stdout]   --> tests/circuit_ecc.rs:21:20
[INFO] [stdout]    |
[INFO] [stdout] 21 |     let signal_p = CEdwardsPoint::from_scalar(&signal_t, &jubjub_params);
[INFO] [stdout]    |                    ^^^^^^^^^^^^^ use of undeclared type `CEdwardsPoint`
[INFO] [stdout]    |
[INFO] [stdout] help: consider importing this struct
[INFO] [stdout]    |
[INFO] [stdout] 2  | use fawkes_crypto_zkbob::circuit::ecc::CEdwardsPoint;
[INFO] [stdout]    |
[INFO] [stdout] 
[INFO] [stdout] 
[INFO] [stdout] error[E0433]: failed to resolve: use of undeclared type `EdwardsPoint`
[INFO] [stdout]   --> tests/circuit_ecc.rs:22:13
[INFO] [stdout]    |
[INFO] [stdout] 22 |     let p = EdwardsPoint::from_scalar(t, &jubjub_params);
[INFO] [stdout]    |             ^^^^^^^^^^^^ use of undeclared type `EdwardsPoint`
[INFO] [stdout]    |
[INFO] [stdout] help: consider importing this struct
[INFO] [stdout]    |
[INFO] [stdout] 2  | use fawkes_crypto_zkbob::native::ecc::EdwardsPoint;
[INFO] [stdout]    |
[INFO] [stdout] 
[INFO] [stdout] 
[INFO] [stdout] error[E0433]: failed to resolve: use of undeclared type `EdwardsPoint`
[INFO] [stdout]   --> tests/circuit_ecc.rs:33:9
[INFO] [stdout]    |
[INFO] [stdout] 33 |         EdwardsPoint::<Fr>::rand(&mut rng, &jubjub_params).mul(Num::from(8), &jubjub_params);
[INFO] [stdout]    |         ^^^^^^^^^^^^ use of undeclared type `EdwardsPoint`
[INFO] [stdout]    |
[INFO] [stdout] help: consider importing this struct
[INFO] [stdout]    |
[INFO] [stdout] 2  | use fawkes_crypto_zkbob::native::ecc::EdwardsPoint;
[INFO] [stdout]    |
[INFO] [stdout] 
[INFO] [stdout] 
[INFO] [stdout] error[E0433]: failed to resolve: use of undeclared type `CEdwardsPoint`
[INFO] [stdout]   --> tests/circuit_ecc.rs:39:15
[INFO] [stdout]    |
[INFO] [stdout] 39 |     let res = CEdwardsPoint::subgroup_decompress(&signal_x, &jubjub_params);
[INFO] [stdout]    |               ^^^^^^^^^^^^^ use of undeclared type `CEdwardsPoint`
[INFO] [stdout]    |
[INFO] [stdout] help: consider importing this struct
[INFO] [stdout]    |
[INFO] [stdout] 2  | use fawkes_crypto_zkbob::circuit::ecc::CEdwardsPoint;
[INFO] [stdout]    |
[INFO] [stdout] 
[INFO] [stdout] 
[INFO] [stdout] error[E0433]: failed to resolve: use of undeclared type `EdwardsPoint`
[INFO] [stdout]   --> tests/circuit_ecc.rs:54:14
[INFO] [stdout]    |
[INFO] [stdout] 54 |     let p1 = EdwardsPoint::<Fr>::rand(&mut rng, &jubjub_params);
[INFO] [stdout]    |              ^^^^^^^^^^^^ use of undeclared type `EdwardsPoint`
[INFO] [stdout]    |
[INFO] [stdout] help: consider importing this struct
[INFO] [stdout]    |
[INFO] [stdout] 2  | use fawkes_crypto_zkbob::native::ecc::EdwardsPoint;
[INFO] [stdout]    |
[INFO] [stdout] 
[INFO] [stdout] 
[INFO] [stdout] error[E0433]: failed to resolve: use of undeclared type `EdwardsPoint`
[INFO] [stdout]   --> tests/circuit_ecc.rs:55:14
[INFO] [stdout]    |
[INFO] [stdout] 55 |     let p2 = EdwardsPoint::<Fr>::rand(&mut rng, &jubjub_params);
[INFO] [stdout]    |              ^^^^^^^^^^^^ use of undeclared type `EdwardsPoint`
[INFO] [stdout]    |
[INFO] [stdout] help: consider importing this struct
[INFO] [stdout]    |
[INFO] [stdout] 2  | use fawkes_crypto_zkbob::native::ecc::EdwardsPoint;
[INFO] [stdout]    |
[INFO] [stdout] 
[INFO] [stdout] 
[INFO] [stdout] error[E0433]: failed to resolve: use of undeclared type `CEdwardsPoint`
[INFO] [stdout]   --> tests/circuit_ecc.rs:60:21
[INFO] [stdout]    |
[INFO] [stdout] 60 |     let signal_p1 = CEdwardsPoint::alloc(cs, Some(&p1));
[INFO] [stdout]    |                     ^^^^^^^^^^^^^ use of undeclared type `CEdwardsPoint`
[INFO] [stdout]    |
[INFO] [stdout] help: consider importing this struct
[INFO] [stdout]    |
[INFO] [stdout] 2  | use fawkes_crypto_zkbob::circuit::ecc::CEdwardsPoint;
[INFO] [stdout]    |
[INFO] [stdout] 
[INFO] [stdout] 
[INFO] [stdout] error[E0433]: failed to resolve: use of undeclared type `CEdwardsPoint`
[INFO] [stdout]   --> tests/circuit_ecc.rs:61:21
[INFO] [stdout]    |
[INFO] [stdout] 61 |     let signal_p2 = CEdwardsPoint::alloc(cs, Some(&p2));
[INFO] [stdout]    |                     ^^^^^^^^^^^^^ use of undeclared type `CEdwardsPoint`
[INFO] [stdout]    |
[INFO] [stdout] help: consider importing this struct
[INFO] [stdout]    |
[INFO] [stdout] 2  | use fawkes_crypto_zkbob::circuit::ecc::CEdwardsPoint;
[INFO] [stdout]    |
[INFO] [stdout] 
[INFO] [stdout] 
[INFO] [stdout] error[E0433]: failed to resolve: use of undeclared type `EdwardsPoint`
[INFO] [stdout]   --> tests/circuit_ecc.rs:73:13
[INFO] [stdout]    |
[INFO] [stdout] 73 |     let p = EdwardsPoint::<Fr>::rand(&mut rng, &jubjub_params);
[INFO] [stdout]    |             ^^^^^^^^^^^^ use of undeclared type `EdwardsPoint`
[INFO] [stdout]    |
[INFO] [stdout] help: consider importing this struct
[INFO] [stdout]    |
[INFO] [stdout] 2  | use fawkes_crypto_zkbob::native::ecc::EdwardsPoint;
[INFO] [stdout]    |
[INFO] [stdout] 
[INFO] [stdout] 
[INFO] [stdout] error[E0433]: failed to resolve: use of undeclared type `CEdwardsPoint`
[INFO] [stdout]   --> tests/circuit_ecc.rs:78:20
[INFO] [stdout]    |
[INFO] [stdout] 78 |     let signal_p = CEdwardsPoint::alloc(cs, Some(&p));
[INFO] [stdout]    |                    ^^^^^^^^^^^^^ use of undeclared type `CEdwardsPoint`
[INFO] [stdout]    |
[INFO] [stdout] help: consider importing this struct
[INFO] [stdout]    |
[INFO] [stdout] 2  | use fawkes_crypto_zkbob::circuit::ecc::CEdwardsPoint;
[INFO] [stdout]    |
[INFO] [stdout] 
[INFO] [stdout] 
[INFO] [stdout] error[E0433]: failed to resolve: use of undeclared type `EdwardsPoint`
[INFO] [stdout]   --> tests/circuit_ecc.rs:89:13
[INFO] [stdout]    |
[INFO] [stdout] 89 |     let p = EdwardsPoint::<Fr>::rand(&mut rng, &jubjub_params);
[INFO] [stdout]    |             ^^^^^^^^^^^^ use of undeclared type `EdwardsPoint`
[INFO] [stdout]    |
[INFO] [stdout] help: consider importing this struct
[INFO] [stdout]    |
[INFO] [stdout] 2  | use fawkes_crypto_zkbob::native::ecc::EdwardsPoint;
[INFO] [stdout]    |
[INFO] [stdout] 
[INFO] [stdout] 
[INFO] [stdout] error[E0433]: failed to resolve: use of undeclared type `CEdwardsPoint`
[INFO] [stdout]   --> tests/circuit_ecc.rs:92:20
[INFO] [stdout]    |
[INFO] [stdout] 92 |     let signal_p = CEdwardsPoint::alloc(cs, Some(&p));
[INFO] [stdout]    |                    ^^^^^^^^^^^^^ use of undeclared type `CEdwardsPoint`
[INFO] [stdout]    |
[INFO] [stdout] help: consider importing this struct
[INFO] [stdout]    |
[INFO] [stdout] 2  | use fawkes_crypto_zkbob::circuit::ecc::CEdwardsPoint;
[INFO] [stdout]    |
[INFO] [stdout] 
[INFO] [stdout] 
[INFO] [stdout] error[E0433]: failed to resolve: use of undeclared type `EdwardsPoint`
[INFO] [stdout]    --> tests/circuit_ecc.rs:102:13
[INFO] [stdout]     |
[INFO] [stdout] 102 |     let p = EdwardsPoint::<Fr>::rand(&mut rng, &jubjub_params);
[INFO] [stdout]     |             ^^^^^^^^^^^^ use of undeclared type `EdwardsPoint`
[INFO] [stdout]     |
[INFO] [stdout] help: consider importing this struct
[INFO] [stdout]     |
[INFO] [stdout] 2   | use fawkes_crypto_zkbob::native::ecc::EdwardsPoint;
[INFO] [stdout]     |
[INFO] [stdout] 
[INFO] [stdout] 
[INFO] [stdout] error[E0433]: failed to resolve: use of undeclared type `CMontgomeryPoint`
[INFO] [stdout]    --> tests/circuit_ecc.rs:105:21
[INFO] [stdout]     |
[INFO] [stdout] 105 |     let signal_mp = CMontgomeryPoint::alloc(cs, Some(&mp));
[INFO] [stdout]     |                     ^^^^^^^^^^^^^^^^ use of undeclared type `CMontgomeryPoint`
[INFO] [stdout]     |
[INFO] [stdout] help: consider importing this struct
[INFO] [stdout]     |
[INFO] [stdout] 2   | use fawkes_crypto_zkbob::circuit::ecc::CMontgomeryPoint;
[INFO] [stdout]     |
[INFO] [stdout] 
[INFO] [stdout] 
[INFO] [stdout] error[E0433]: failed to resolve: use of undeclared type `EdwardsPoint`
[INFO] [stdout]    --> tests/circuit_ecc.rs:116:14
[INFO] [stdout]     |
[INFO] [stdout] 116 |     let p1 = EdwardsPoint::<Fr>::rand(&mut rng, &jubjub_params);
[INFO] [stdout]     |              ^^^^^^^^^^^^ use of undeclared type `EdwardsPoint`
[INFO] [stdout]     |
[INFO] [stdout] help: consider importing this struct
[INFO] [stdout]     |
[INFO] [stdout] 2   | use fawkes_crypto_zkbob::native::ecc::EdwardsPoint;
[INFO] [stdout]     |
[INFO] [stdout] 
[INFO] [stdout] 
[INFO] [stdout] error[E0433]: failed to resolve: use of undeclared type `EdwardsPoint`
[INFO] [stdout]    --> tests/circuit_ecc.rs:117:14
[INFO] [stdout]     |
[INFO] [stdout] 117 |     let p2 = EdwardsPoint::<Fr>::rand(&mut rng, &jubjub_params);
[INFO] [stdout]     |              ^^^^^^^^^^^^ use of undeclared type `EdwardsPoint`
[INFO] [stdout]     |
[INFO] [stdout] help: consider importing this struct
[INFO] [stdout]     |
[INFO] [stdout] 2   | use fawkes_crypto_zkbob::native::ecc::EdwardsPoint;
[INFO] [stdout]     |
[INFO] [stdout] 
[INFO] [stdout] 
[INFO] [stdout] error[E0433]: failed to resolve: use of undeclared type `CEdwardsPoint`
[INFO] [stdout]    --> tests/circuit_ecc.rs:122:21
[INFO] [stdout]     |
[INFO] [stdout] 122 |     let signal_p1 = CEdwardsPoint::alloc(cs, Some(&p1));
[INFO] [stdout]     |                     ^^^^^^^^^^^^^ use of undeclared type `CEdwardsPoint`
[INFO] [stdout]     |
[INFO] [stdout] help: consider importing this struct
[INFO] [stdout]     |
[INFO] [stdout] 2   | use fawkes_crypto_zkbob::circuit::ecc::CEdwardsPoint;
[INFO] [stdout]     |
[INFO] [stdout] 
[INFO] [stdout] 
[INFO] [stdout] error[E0433]: failed to resolve: use of undeclared type `CEdwardsPoint`
[INFO] [stdout]    --> tests/circuit_ecc.rs:123:21
[INFO] [stdout]     |
[INFO] [stdout] 123 |     let signal_p2 = CEdwardsPoint::alloc(cs, Some(&p2));
[INFO] [stdout]     |                     ^^^^^^^^^^^^^ use of undeclared type `CEdwardsPoint`
[INFO] [stdout]     |
[INFO] [stdout] help: consider importing this struct
[INFO] [stdout]     |
[INFO] [stdout] 2   | use fawkes_crypto_zkbob::circuit::ecc::CEdwardsPoint;
[INFO] [stdout]     |
[INFO] [stdout] 
[INFO] [stdout] 
[INFO] [stdout] error[E0433]: failed to resolve: use of undeclared type `EdwardsPoint`
[INFO] [stdout]    --> tests/circuit_ecc.rs:139:13
[INFO] [stdout]     |
[INFO] [stdout] 139 |     let p = EdwardsPoint::<Fr>::rand(&mut rng, &jubjub_params);
[INFO] [stdout]     |             ^^^^^^^^^^^^ use of undeclared type `EdwardsPoint`
[INFO] [stdout]     |
[INFO] [stdout] help: consider importing this struct
[INFO] [stdout]     |
[INFO] [stdout] 2   | use fawkes_crypto_zkbob::native::ecc::EdwardsPoint;
[INFO] [stdout]     |
[INFO] [stdout] 
[INFO] [stdout] 
[INFO] [stderr] error: could not compile `fawkes-crypto-zkbob` due to 6 previous errors
[INFO] [stderr] warning: build failed, waiting for other jobs to finish...
[INFO] [stdout] error[E0433]: failed to resolve: use of undeclared type `CEdwardsPoint`
[INFO] [stdout]    --> tests/circuit_ecc.rs:143:20
[INFO] [stdout]     |
[INFO] [stdout] 143 |     let signal_p = CEdwardsPoint::alloc(cs, Some(&p));
[INFO] [stdout]     |                    ^^^^^^^^^^^^^ use of undeclared type `CEdwardsPoint`
[INFO] [stdout]     |
[INFO] [stdout] help: consider importing this struct
[INFO] [stdout]     |
[INFO] [stdout] 2   | use fawkes_crypto_zkbob::circuit::ecc::CEdwardsPoint;
[INFO] [stdout]     |
[INFO] [stdout] 
[INFO] [stdout] 
[INFO] [stdout] error[E0433]: failed to resolve: use of undeclared type `EdwardsPoint`
[INFO] [stdout]    --> tests/circuit_ecc.rs:156:13
[INFO] [stdout]     |
[INFO] [stdout] 156 |     let p = EdwardsPoint::<Fr>::rand(&mut rng, &jubjub_params)
[INFO] [stdout]     |             ^^^^^^^^^^^^ use of undeclared type `EdwardsPoint`
[INFO] [stdout]     |
[INFO] [stdout] help: consider importing this struct
[INFO] [stdout]     |
[INFO] [stdout] 2   | use fawkes_crypto_zkbob::native::ecc::EdwardsPoint;
[INFO] [stdout]     |
[INFO] [stdout] 
[INFO] [stdout] 
[INFO] [stdout] error[E0433]: failed to resolve: use of undeclared type `CEdwardsPoint`
[INFO] [stdout]    --> tests/circuit_ecc.rs:163:20
[INFO] [stdout]     |
[INFO] [stdout] 163 |     let signal_p = CEdwardsPoint::alloc(cs, Some(&p));
[INFO] [stdout]     |                    ^^^^^^^^^^^^^ use of undeclared type `CEdwardsPoint`
[INFO] [stdout]     |
[INFO] [stdout] help: consider importing this struct
[INFO] [stdout]     |
[INFO] [stdout] 2   | use fawkes_crypto_zkbob::circuit::ecc::CEdwardsPoint;
[INFO] [stdout]     |
[INFO] [stdout] 
[INFO] [stdout] 
[INFO] [stdout] error: aborting due to 5 previous errors
[INFO] [stdout] 
[INFO] [stdout] 
[INFO] [stdout] error[E0433]: failed to resolve: use of undeclared type `EdwardsPoint`
[INFO] [stdout]    --> tests/circuit_ecc.rs:181:13
[INFO] [stdout]     |
[INFO] [stdout] 181 |     let p = EdwardsPoint::<Fr>::rand(&mut rng, &jubjub_params)
[INFO] [stdout]     |             ^^^^^^^^^^^^ use of undeclared type `EdwardsPoint`
[INFO] [stdout]     |
[INFO] [stdout] help: consider importing this struct
[INFO] [stdout]     |
[INFO] [stdout] 2   | use fawkes_crypto_zkbob::native::ecc::EdwardsPoint;
[INFO] [stdout]     |
[INFO] [stdout] 
[INFO] [stdout] 
[INFO] [stdout] Some errors have detailed explanations: E0422, E0425, E0432, E0433.
[INFO] [stdout] 
[INFO] [stdout] For more information about an error, try `rustc --explain E0422`.
[INFO] [stdout] 
[INFO] [stdout] error[E0433]: failed to resolve: use of undeclared type `CEdwardsPoint`
[INFO] [stdout]    --> tests/circuit_ecc.rs:188:20
[INFO] [stdout]     |
[INFO] [stdout] 188 |     let signal_p = CEdwardsPoint::from_const(cs, &p);
[INFO] [stdout]     |                    ^^^^^^^^^^^^^ use of undeclared type `CEdwardsPoint`
[INFO] [stdout]     |
[INFO] [stdout] help: consider importing this struct
[INFO] [stdout]     |
[INFO] [stdout] 2   | use fawkes_crypto_zkbob::circuit::ecc::CEdwardsPoint;
[INFO] [stdout]     |
[INFO] [stdout] 
[INFO] [stdout] 
[INFO] [stdout] error: aborting due to 26 previous errors
[INFO] [stdout] 
[INFO] [stdout] 
[INFO] [stdout] Some errors have detailed explanations: E0432, E0433.
[INFO] [stdout] 
[INFO] [stdout] For more information about an error, try `rustc --explain E0432`.
[INFO] [stdout] 
[INFO] [stderr] error: could not compile `fawkes-crypto-zkbob` due to 27 previous errors
[INFO] running `Command { std: "docker" "inspect" "75e58b88926234611ab956f80391a1a3112ce5f854c5b0d4f149619949f89d52", kill_on_drop: false }`
[INFO] running `Command { std: "docker" "rm" "-f" "75e58b88926234611ab956f80391a1a3112ce5f854c5b0d4f149619949f89d52", kill_on_drop: false }`
[INFO] [stdout] 75e58b88926234611ab956f80391a1a3112ce5f854c5b0d4f149619949f89d52
