[INFO] fetching crate fast_image_resize 2.7.1...
[INFO] testing fast_image_resize-2.7.1 against 1.69.0 for beta-1.70-1
[INFO] extracting crate fast_image_resize 2.7.1 into /workspace/builds/worker-4-tc1/source
[INFO] validating manifest of crates.io crate fast_image_resize 2.7.1 on toolchain 1.69.0
[INFO] running `Command { std: CARGO_HOME="/workspace/cargo-home" RUSTUP_HOME="/workspace/rustup-home" "/workspace/cargo-home/bin/cargo" "+1.69.0" "metadata" "--manifest-path" "Cargo.toml" "--no-deps", kill_on_drop: false }`
[INFO] started tweaking crates.io crate fast_image_resize 2.7.1
[INFO] finished tweaking crates.io crate fast_image_resize 2.7.1
[INFO] tweaked toml for crates.io crate fast_image_resize 2.7.1 written to /workspace/builds/worker-4-tc1/source/Cargo.toml
[INFO] running `Command { std: CARGO_HOME="/workspace/cargo-home" RUSTUP_HOME="/workspace/rustup-home" __CARGO_TEST_CHANNEL_OVERRIDE_DO_NOT_USE_THIS="nightly" "/workspace/cargo-home/bin/cargo" "+1.69.0" "generate-lockfile" "--manifest-path" "Cargo.toml" "-Zno-index-update", kill_on_drop: false }`
[INFO] running `Command { std: CARGO_HOME="/workspace/cargo-home" RUSTUP_HOME="/workspace/rustup-home" "/workspace/cargo-home/bin/cargo" "+1.69.0" "fetch" "--manifest-path" "Cargo.toml", kill_on_drop: false }`
[INFO] [stderr]  Downloading crates ...
[INFO] [stderr]   Downloaded fallible_collections v0.4.7
[INFO] [stderr]   Downloaded resize v0.7.4
[INFO] running `Command { std: "docker" "create" "-v" "/var/lib/crater-agent-workspace/builds/worker-4-tc1/target:/opt/rustwide/target:rw,Z" "-v" "/var/lib/crater-agent-workspace/builds/worker-4-tc1/source:/opt/rustwide/workdir:ro,Z" "-v" "/var/lib/crater-agent-workspace/cargo-home:/opt/rustwide/cargo-home:ro,Z" "-v" "/var/lib/crater-agent-workspace/rustup-home:/opt/rustwide/rustup-home:ro,Z" "-e" "SOURCE_DIR=/opt/rustwide/workdir" "-e" "CARGO_TARGET_DIR=/opt/rustwide/target" "-e" "CARGO_HOME=/opt/rustwide/cargo-home" "-e" "RUSTUP_HOME=/opt/rustwide/rustup-home" "-w" "/opt/rustwide/workdir" "-m" "1610612736" "--user" "0:0" "--network" "none" "ghcr.io/rust-lang/crates-build-env/linux@sha256:5ff2268d62e97bff2cde7d5815dd6ed5b47097566f13b8d0ca110b04b60e07ed" "/opt/rustwide/cargo-home/bin/cargo" "+1.69.0" "metadata" "--no-deps" "--format-version=1", kill_on_drop: false }`
[INFO] [stdout] 578981a4602182d96477539ecbd75004f3ce00ba3c9bdaaa58fd1e65c47eb226
[INFO] running `Command { std: "docker" "start" "-a" "578981a4602182d96477539ecbd75004f3ce00ba3c9bdaaa58fd1e65c47eb226", kill_on_drop: false }`
[INFO] running `Command { std: "docker" "inspect" "578981a4602182d96477539ecbd75004f3ce00ba3c9bdaaa58fd1e65c47eb226", kill_on_drop: false }`
[INFO] running `Command { std: "docker" "rm" "-f" "578981a4602182d96477539ecbd75004f3ce00ba3c9bdaaa58fd1e65c47eb226", kill_on_drop: false }`
[INFO] [stdout] 578981a4602182d96477539ecbd75004f3ce00ba3c9bdaaa58fd1e65c47eb226
[INFO] running `Command { std: "docker" "create" "-v" "/var/lib/crater-agent-workspace/builds/worker-4-tc1/target:/opt/rustwide/target:rw,Z" "-v" "/var/lib/crater-agent-workspace/builds/worker-4-tc1/source:/opt/rustwide/workdir:ro,Z" "-v" "/var/lib/crater-agent-workspace/cargo-home:/opt/rustwide/cargo-home:ro,Z" "-v" "/var/lib/crater-agent-workspace/rustup-home:/opt/rustwide/rustup-home:ro,Z" "-e" "SOURCE_DIR=/opt/rustwide/workdir" "-e" "CARGO_TARGET_DIR=/opt/rustwide/target" "-e" "CARGO_INCREMENTAL=0" "-e" "RUST_BACKTRACE=full" "-e" "RUSTFLAGS=--cap-lints=warn" "-e" "RUSTDOCFLAGS=--cap-lints=warn" "-e" "CARGO_HOME=/opt/rustwide/cargo-home" "-e" "RUSTUP_HOME=/opt/rustwide/rustup-home" "-w" "/opt/rustwide/workdir" "-m" "1610612736" "--user" "0:0" "--network" "none" "ghcr.io/rust-lang/crates-build-env/linux@sha256:5ff2268d62e97bff2cde7d5815dd6ed5b47097566f13b8d0ca110b04b60e07ed" "/opt/rustwide/cargo-home/bin/cargo" "+1.69.0" "build" "--frozen" "--message-format=json", kill_on_drop: false }`
[INFO] [stdout] a3d3c6ca38cda9c987334eda5c144cd182f5a96f389a7b2a26b205ca5426d5fd
[INFO] running `Command { std: "docker" "start" "-a" "a3d3c6ca38cda9c987334eda5c144cd182f5a96f389a7b2a26b205ca5426d5fd", kill_on_drop: false }`
[INFO] [stderr]    Compiling proc-macro2 v1.0.56
[INFO] [stderr]    Compiling quote v1.0.26
[INFO] [stderr]    Compiling unicode-ident v1.0.8
[INFO] [stderr]    Compiling autocfg v1.1.0
[INFO] [stderr]    Compiling thiserror v1.0.40
[INFO] [stderr]    Compiling num-traits v0.2.15
[INFO] [stderr]    Compiling syn v2.0.15
[INFO] [stderr]    Compiling thiserror-impl v1.0.40
[INFO] [stderr]    Compiling fast_image_resize v2.7.1 (/opt/rustwide/workdir)
[INFO] [stderr]     Finished dev [unoptimized + debuginfo] target(s) in 14.79s
[INFO] running `Command { std: "docker" "inspect" "a3d3c6ca38cda9c987334eda5c144cd182f5a96f389a7b2a26b205ca5426d5fd", kill_on_drop: false }`
[INFO] running `Command { std: "docker" "rm" "-f" "a3d3c6ca38cda9c987334eda5c144cd182f5a96f389a7b2a26b205ca5426d5fd", kill_on_drop: false }`
[INFO] [stdout] a3d3c6ca38cda9c987334eda5c144cd182f5a96f389a7b2a26b205ca5426d5fd
[INFO] running `Command { std: "docker" "create" "-v" "/var/lib/crater-agent-workspace/builds/worker-4-tc1/target:/opt/rustwide/target:rw,Z" "-v" "/var/lib/crater-agent-workspace/builds/worker-4-tc1/source:/opt/rustwide/workdir:ro,Z" "-v" "/var/lib/crater-agent-workspace/cargo-home:/opt/rustwide/cargo-home:ro,Z" "-v" "/var/lib/crater-agent-workspace/rustup-home:/opt/rustwide/rustup-home:ro,Z" "-e" "SOURCE_DIR=/opt/rustwide/workdir" "-e" "CARGO_TARGET_DIR=/opt/rustwide/target" "-e" "CARGO_INCREMENTAL=0" "-e" "RUST_BACKTRACE=full" "-e" "RUSTFLAGS=--cap-lints=warn" "-e" "RUSTDOCFLAGS=--cap-lints=warn" "-e" "CARGO_HOME=/opt/rustwide/cargo-home" "-e" "RUSTUP_HOME=/opt/rustwide/rustup-home" "-w" "/opt/rustwide/workdir" "-m" "1610612736" "--user" "0:0" "--network" "none" "ghcr.io/rust-lang/crates-build-env/linux@sha256:5ff2268d62e97bff2cde7d5815dd6ed5b47097566f13b8d0ca110b04b60e07ed" "/opt/rustwide/cargo-home/bin/cargo" "+1.69.0" "test" "--frozen" "--no-run" "--message-format=json", kill_on_drop: false }`
[INFO] [stdout] af157ca365e8354ecabece2523944dd58affde01b6cad44cf747b3a93b8cdcff
[INFO] running `Command { std: "docker" "start" "-a" "af157ca365e8354ecabece2523944dd58affde01b6cad44cf747b3a93b8cdcff", kill_on_drop: false }`
[INFO] [stderr]    Compiling cfg-if v1.0.0
[INFO] [stderr]    Compiling libc v0.2.142
[INFO] [stderr]    Compiling crossbeam-utils v0.8.15
[INFO] [stderr]    Compiling scopeguard v1.1.0
[INFO] [stderr]    Compiling memoffset v0.8.0
[INFO] [stderr]    Compiling crossbeam-epoch v0.9.14
[INFO] [stderr]    Compiling simd-adler32 v0.3.5
[INFO] [stderr]    Compiling num-traits v0.2.15
[INFO] [stderr]    Compiling adler v1.0.2
[INFO] [stderr]    Compiling syn v1.0.109
[INFO] [stderr]    Compiling either v1.8.1
[INFO] [stderr]    Compiling serde_derive v1.0.160
[INFO] [stderr]    Compiling rayon-core v1.11.0
[INFO] [stderr]    Compiling lock_api v0.4.9
[INFO] [stderr]    Compiling version_check v0.9.4
[INFO] [stderr]    Compiling crc32fast v1.3.2
[INFO] [stderr]    Compiling serde v1.0.160
[INFO] [stderr]    Compiling bitflags v1.3.2
[INFO] [stderr]    Compiling futures-core v0.3.28
[INFO] [stderr]    Compiling miniz_oxide v0.7.1
[INFO] [stderr]    Compiling indexmap v1.9.3
[INFO] [stderr]    Compiling num-integer v0.1.45
[INFO] [stderr]    Compiling serde_json v1.0.96
[INFO] [stderr]    Compiling bytemuck v1.13.1
[INFO] [stderr]    Compiling once_cell v1.17.1
[INFO] [stderr]    Compiling num-rational v0.4.1
[INFO] [stderr]    Compiling hashbrown v0.12.3
[INFO] [stderr]    Compiling spin v0.9.8
[INFO] [stderr]    Compiling itoa v1.0.6
[INFO] [stderr]    Compiling ciborium-io v0.2.0
[INFO] [stderr]    Compiling os_str_bytes v6.5.0
[INFO] [stderr]    Compiling flate2 v1.0.26
[INFO] [stderr]    Compiling crossbeam-channel v0.5.8
[INFO] [stderr]    Compiling ryu v1.0.13
[INFO] [stderr]    Compiling half v1.8.2
[INFO] [stderr]    Compiling weezl v0.1.7
[INFO] [stderr]    Compiling ahash v0.8.3
[INFO] [stderr]    Compiling futures-sink v0.3.28
[INFO] [stderr]    Compiling crossbeam-deque v0.8.3
[INFO] [stderr]    Compiling ciborium-ll v0.2.0
[INFO] [stderr]    Compiling clap_lex v0.2.4
[INFO] [stderr]    Compiling fdeflate v0.3.0
[INFO] [stderr]    Compiling zune-inflate v0.2.53
[INFO] [stderr]    Compiling miniz_oxide v0.6.2
[INFO] [stderr]    Compiling itertools v0.10.5
[INFO] [stderr]    Compiling lebe v0.5.2
[INFO] [stderr]    Compiling hashbrown v0.13.2
[INFO] [stderr]    Compiling num_cpus v1.15.0
[INFO] [stderr]    Compiling getrandom v0.2.9
[INFO] [stderr]    Compiling half v2.2.1
[INFO] [stderr]    Compiling nanorand v0.7.0
[INFO] [stderr]    Compiling cast v0.3.0
[INFO] [stderr]    Compiling bit_field v0.10.2
[INFO] [stderr]    Compiling color_quant v1.1.0
[INFO] [stderr]    Compiling smallvec v1.10.0
[INFO] [stderr]    Compiling textwrap v0.16.0
[INFO] [stderr]    Compiling regex-syntax v0.7.1
[INFO] [stderr]    Compiling same-file v1.0.6
[INFO] [stderr]    Compiling gif v0.12.0
[INFO] [stderr]    Compiling clap v3.2.25
[INFO] [stderr]    Compiling rayon v1.7.0
[INFO] [stderr]    Compiling walkdir v2.3.3
[INFO] [stderr]    Compiling fallible_collections v0.4.7
[INFO] [stderr]    Compiling atty v0.2.14
[INFO] [stderr]    Compiling criterion-plot v0.5.0
[INFO] [stderr]    Compiling png v0.17.8
[INFO] [stderr]    Compiling regex v1.8.1
[INFO] [stderr]    Compiling qoi v0.4.1
[INFO] [stderr]    Compiling rgb v0.8.36
[INFO] [stderr]    Compiling anes v0.1.6
[INFO] [stderr]    Compiling byteorder v1.4.3
[INFO] [stderr]    Compiling oorandom v11.1.3
[INFO] [stderr]    Compiling static_assertions v1.1.0
[INFO] [stderr]    Compiling lazy_static v1.4.0
[INFO] [stderr]    Compiling resize v0.7.4
[INFO] [stderr]    Compiling fast_image_resize v2.7.1 (/opt/rustwide/workdir)
[INFO] [stderr]    Compiling nix v0.26.2
[INFO] [stderr]    Compiling jpeg-decoder v0.3.0
[INFO] [stderr]    Compiling tiff v0.8.1
[INFO] [stderr]    Compiling pin-project-internal v1.0.12
[INFO] [stderr]    Compiling ciborium v0.2.0
[INFO] [stderr]    Compiling tinytemplate v1.2.1
[INFO] [stderr]    Compiling criterion v0.4.0
[INFO] [stderr]    Compiling pin-project v1.0.12
[INFO] [stderr]    Compiling flume v0.10.14
[INFO] [stderr]    Compiling exr v1.6.3
[INFO] [stderr]    Compiling image v0.24.6
[INFO] [stdout] error[E0432]: unresolved import `testing`
[INFO] [stdout]  --> tests/alpha_tests.rs:8:5
[INFO] [stdout]   |
[INFO] [stdout] 8 | use testing::cpu_ext_into_str;
[INFO] [stdout]   |     ^^^^^^^ use of undeclared crate or module `testing`
[INFO] [stdout] 
[INFO] [stdout] 
[INFO] [stdout] error[E0432]: unresolved import `testing`
[INFO] [stdout]  --> tests/color_tests.rs:3:5
[INFO] [stdout]   |
[INFO] [stdout] 3 | use testing::nonzero;
[INFO] [stdout]   |     ^^^^^^^ use of undeclared crate or module `testing`
[INFO] [stdout] 
[INFO] [stdout] 
[INFO] [stdout] error[E0432]: unresolved import `testing`
[INFO] [stdout]  --> tests/images_tests.rs:3:5
[INFO] [stdout]   |
[INFO] [stdout] 3 | use testing::nonzero;
[INFO] [stdout]   |     ^^^^^^^ use of undeclared crate or module `testing`
[INFO] [stdout] 
[INFO] [stdout] 
[INFO] [stdout] error[E0432]: unresolved import `fast_image_resize::testing`
[INFO] [stdout]  --> tests/resize_tests.rs:6:5
[INFO] [stdout]   |
[INFO] [stdout] 6 |     testing as fr_testing, CpuExtensions, CropBox, DifferentTypesOfPixelsError, DynamicImageView,
[INFO] [stdout]   |     ^^^^^^^^^^^^^^^^^^^^^ no `testing` in the root
[INFO] [stdout] 
[INFO] [stdout] 
[INFO] [stdout] error[E0432]: unresolved import `testing`
[INFO] [stdout]  --> tests/resize_tests.rs:9:5
[INFO] [stdout]   |
[INFO] [stdout] 9 | use testing::{cpu_ext_into_str, nonzero, PixelTestingExt};
[INFO] [stdout]   |     ^^^^^^^ use of undeclared crate or module `testing`
[INFO] [stdout] 
[INFO] [stdout] 
[INFO] [stdout] error[E0433]: failed to resolve: use of undeclared crate or module `testing`
[INFO] [stdout]   --> tests/color_tests.rs:14:28
[INFO] [stdout]    |
[INFO] [stdout] 14 |         let src_checksum = testing::image_checksum::<U8, 1>(&src_image);
[INFO] [stdout]    |                            ^^^^^^^ use of undeclared crate or module `testing`
[INFO] [stdout] 
[INFO] [stdout] 
[INFO] [stdout] error[E0433]: failed to resolve: use of undeclared crate or module `testing`
[INFO] [stdout]   --> tests/color_tests.rs:22:28
[INFO] [stdout]    |
[INFO] [stdout] 22 |         let dst_checksum = testing::image_checksum::<U8, 1>(&dst_image);
[INFO] [stdout]    |                            ^^^^^^^ use of undeclared crate or module `testing`
[INFO] [stdout] 
[INFO] [stdout] 
[INFO] [stdout] error[E0433]: failed to resolve: use of undeclared crate or module `testing`
[INFO] [stdout]   --> tests/color_tests.rs:30:28
[INFO] [stdout]    |
[INFO] [stdout] 30 |         let dst_checksum = testing::image_checksum::<U16, 1>(&dst_image);
[INFO] [stdout]    |                            ^^^^^^^ use of undeclared crate or module `testing`
[INFO] [stdout] 
[INFO] [stdout] 
[INFO] [stdout] error[E0433]: failed to resolve: use of undeclared crate or module `testing`
[INFO] [stdout]   --> tests/color_tests.rs:65:28
[INFO] [stdout]    |
[INFO] [stdout] 65 |         let src_checksum = testing::image_checksum::<U8, 1>(&src_image);
[INFO] [stdout]    |                            ^^^^^^^ use of undeclared crate or module `testing`
[INFO] [stdout] 
[INFO] [stdout] 
[INFO] [stdout] error[E0433]: failed to resolve: use of undeclared crate or module `testing`
[INFO] [stdout]   --> tests/color_tests.rs:67:28
[INFO] [stdout]    |
[INFO] [stdout] 67 |         let dst_checksum = testing::image_checksum::<U8, 1>(&dst_image);
[INFO] [stdout]    |                            ^^^^^^^ use of undeclared crate or module `testing`
[INFO] [stdout] 
[INFO] [stdout] 
[INFO] [stdout] error: aborting due to previous error
[INFO] [stdout] 
[INFO] [stdout] 
[INFO] [stdout] For more information about this error, try `rustc --explain E0432`.
[INFO] [stdout] 
[INFO] [stderr] error: could not compile `fast_image_resize` due to 2 previous errors
[INFO] [stderr] warning: build failed, waiting for other jobs to finish...
[INFO] [stdout] error[E0433]: failed to resolve: use of undeclared crate or module `testing`
[INFO] [stdout]    --> tests/color_tests.rs:100:28
[INFO] [stdout]     |
[INFO] [stdout] 100 |         let src_checksum = testing::image_checksum::<U8x3, 3>(&src_image);
[INFO] [stdout]     |                            ^^^^^^^ use of undeclared crate or module `testing`
[INFO] [stdout] 
[INFO] [stdout] 
[INFO] [stdout] error[E0433]: failed to resolve: use of undeclared crate or module `testing`
[INFO] [stdout]    --> tests/color_tests.rs:108:28
[INFO] [stdout]     |
[INFO] [stdout] 108 |         let dst_checksum = testing::image_checksum::<U8x3, 3>(&dst_image);
[INFO] [stdout]     |                            ^^^^^^^ use of undeclared crate or module `testing`
[INFO] [stdout] 
[INFO] [stdout] 
[INFO] [stdout] error[E0433]: failed to resolve: use of undeclared crate or module `testing`
[INFO] [stdout]    --> tests/color_tests.rs:118:28
[INFO] [stdout]     |
[INFO] [stdout] 118 |         let src_checksum = testing::image_checksum::<U8x4, 4>(&src_image);
[INFO] [stdout]     |                            ^^^^^^^ use of undeclared crate or module `testing`
[INFO] [stdout] 
[INFO] [stdout] 
[INFO] [stdout] error[E0433]: failed to resolve: use of undeclared crate or module `testing`
[INFO] [stdout]    --> tests/color_tests.rs:126:28
[INFO] [stdout]     |
[INFO] [stdout] 126 |         let dst_checksum = testing::image_checksum::<U8x4, 4>(&dst_image);
[INFO] [stdout]     |                            ^^^^^^^ use of undeclared crate or module `testing`
[INFO] [stdout] 
[INFO] [stdout] 
[INFO] [stdout] error[E0433]: failed to resolve: use of undeclared crate or module `testing`
[INFO] [stdout]    --> tests/alpha_tests.rs:591:9
[INFO] [stdout]     |
[INFO] [stdout] 591 |         testing::save_result(&dst_image, &name);
[INFO] [stdout]     |         ^^^^^^^ use of undeclared crate or module `testing`
[INFO] [stdout] 
[INFO] [stdout] 
[INFO] [stdout] error[E0433]: failed to resolve: use of undeclared crate or module `testing`
[INFO] [stdout]    --> tests/alpha_tests.rs:593:24
[INFO] [stdout]     |
[INFO] [stdout] 593 |         let checksum = testing::image_checksum::<U8x4, 4>(&dst_image);
[INFO] [stdout]     |                        ^^^^^^^ use of undeclared crate or module `testing`
[INFO] [stdout] 
[INFO] [stdout] 
[INFO] [stdout] error[E0433]: failed to resolve: use of undeclared crate or module `testing`
[INFO] [stdout]    --> tests/resize_tests.rs:302:9
[INFO] [stdout]     |
[INFO] [stdout] 302 |         testing::save_result(&result, &name);
[INFO] [stdout]     |         ^^^^^^^ use of undeclared crate or module `testing`
[INFO] [stdout] 
[INFO] [stdout] 
[INFO] [stdout] error[E0433]: failed to resolve: use of undeclared crate or module `testing`
[INFO] [stdout]    --> tests/resize_tests.rs:304:13
[INFO] [stdout]     |
[INFO] [stdout] 304 |             testing::image_checksum::<Self, CC>(&result),
[INFO] [stdout]     |             ^^^^^^^ use of undeclared crate or module `testing`
[INFO] [stdout] 
[INFO] [stdout] 
[INFO] [stdout] error[E0433]: failed to resolve: use of undeclared crate or module `testing`
[INFO] [stdout]    --> tests/resize_tests.rs:357:9
[INFO] [stdout]     |
[INFO] [stdout] 357 |         testing::save_result(&result, &name);
[INFO] [stdout]     |         ^^^^^^^ use of undeclared crate or module `testing`
[INFO] [stdout] 
[INFO] [stdout] 
[INFO] [stdout] error[E0433]: failed to resolve: use of undeclared crate or module `testing`
[INFO] [stdout]    --> tests/resize_tests.rs:359:13
[INFO] [stdout]     |
[INFO] [stdout] 359 |             testing::image_checksum::<Self, CC>(&result),
[INFO] [stdout]     |             ^^^^^^^ use of undeclared crate or module `testing`
[INFO] [stdout] 
[INFO] [stdout] 
[INFO] [stdout] error[E0433]: failed to resolve: use of undeclared crate or module `testing`
[INFO] [stdout]    --> tests/color_tests.rs:155:28
[INFO] [stdout]     |
[INFO] [stdout] 155 |         let src_checksum = testing::image_checksum::<U8x3, 3>(&src_image);
[INFO] [stdout]     |                            ^^^^^^^ use of undeclared crate or module `testing`
[INFO] [stdout] 
[INFO] [stdout] 
[INFO] [stdout] error: aborting due to 6 previous errors
[INFO] [stdout] 
[INFO] [stdout] 
[INFO] [stdout] Some errors have detailed explanations: E0432, E0433.
[INFO] [stdout] 
[INFO] [stdout] For more information about an error, try `rustc --explain E0432`.
[INFO] [stdout] 
[INFO] [stdout] error[E0433]: failed to resolve: use of undeclared crate or module `testing`
[INFO] [stdout]    --> tests/color_tests.rs:163:28
[INFO] [stdout]     |
[INFO] [stdout] 163 |         let dst_checksum = testing::image_checksum::<U8x3, 3>(&dst_image);
[INFO] [stdout]     |                            ^^^^^^^ use of undeclared crate or module `testing`
[INFO] [stdout] 
[INFO] [stdout] 
[INFO] [stdout] error[E0433]: failed to resolve: use of undeclared crate or module `testing`
[INFO] [stdout]    --> tests/alpha_tests.rs:638:9
[INFO] [stdout]     |
[INFO] [stdout] 638 |         testing::save_result(&dst_image, &name);
[INFO] [stdout]     |         ^^^^^^^ use of undeclared crate or module `testing`
[INFO] [stdout] 
[INFO] [stdout] 
[INFO] [stdout] error[E0433]: failed to resolve: use of undeclared crate or module `testing`
[INFO] [stdout]    --> tests/alpha_tests.rs:640:24
[INFO] [stdout]     |
[INFO] [stdout] 640 |         let checksum = testing::image_checksum::<U8x4, 4>(&dst_image);
[INFO] [stdout]     |                        ^^^^^^^ use of undeclared crate or module `testing`
[INFO] [stdout] 
[INFO] [stdout] 
[INFO] [stderr] error: could not compile `fast_image_resize` due to 7 previous errors
[INFO] [stdout] error: aborting due to 12 previous errors
[INFO] [stdout] 
[INFO] [stdout] 
[INFO] [stdout] Some errors have detailed explanations: E0432, E0433.
[INFO] [stdout] 
[INFO] [stdout] For more information about an error, try `rustc --explain E0432`.
[INFO] [stdout] 
[INFO] [stdout] error: aborting due to 5 previous errors
[INFO] [stdout] 
[INFO] [stdout] 
[INFO] [stderr] error: could not compile `fast_image_resize` due to 13 previous errors
[INFO] [stdout] Some errors have detailed explanations: E0432, E0433.
[INFO] [stdout] 
[INFO] [stdout] For more information about an error, try `rustc --explain E0432`.
[INFO] [stdout] 
[INFO] [stderr] error: could not compile `fast_image_resize` due to 6 previous errors
[INFO] running `Command { std: "docker" "inspect" "af157ca365e8354ecabece2523944dd58affde01b6cad44cf747b3a93b8cdcff", kill_on_drop: false }`
[INFO] running `Command { std: "docker" "rm" "-f" "af157ca365e8354ecabece2523944dd58affde01b6cad44cf747b3a93b8cdcff", kill_on_drop: false }`
[INFO] [stdout] af157ca365e8354ecabece2523944dd58affde01b6cad44cf747b3a93b8cdcff
