[INFO] fetching crate fadroma 0.7.0...
[INFO] testing fadroma-0.7.0 against 1.69.0 for beta-1.70-1
[INFO] extracting crate fadroma 0.7.0 into /workspace/builds/worker-1-tc1/source
[INFO] validating manifest of crates.io crate fadroma 0.7.0 on toolchain 1.69.0
[INFO] running `Command { std: CARGO_HOME="/workspace/cargo-home" RUSTUP_HOME="/workspace/rustup-home" "/workspace/cargo-home/bin/cargo" "+1.69.0" "metadata" "--manifest-path" "Cargo.toml" "--no-deps", kill_on_drop: false }`
[INFO] started tweaking crates.io crate fadroma 0.7.0
[INFO] finished tweaking crates.io crate fadroma 0.7.0
[INFO] tweaked toml for crates.io crate fadroma 0.7.0 written to /workspace/builds/worker-1-tc1/source/Cargo.toml
[INFO] running `Command { std: CARGO_HOME="/workspace/cargo-home" RUSTUP_HOME="/workspace/rustup-home" __CARGO_TEST_CHANNEL_OVERRIDE_DO_NOT_USE_THIS="nightly" "/workspace/cargo-home/bin/cargo" "+1.69.0" "generate-lockfile" "--manifest-path" "Cargo.toml" "-Zno-index-update", kill_on_drop: false }`
[INFO] running `Command { std: CARGO_HOME="/workspace/cargo-home" RUSTUP_HOME="/workspace/rustup-home" "/workspace/cargo-home/bin/cargo" "+1.69.0" "fetch" "--manifest-path" "Cargo.toml", kill_on_drop: false }`
[INFO] [stderr]  Downloading crates ...
[INFO] [stderr]   Downloaded remain v0.2.8
[INFO] [stderr]   Downloaded secret-cosmwasm-crypto v1.0.0
[INFO] [stderr]   Downloaded secret-cosmwasm-std v1.0.0
[INFO] [stderr]   Downloaded fadroma-derive-canonize v0.3.5
[INFO] [stderr]   Downloaded crypto-mac v0.11.0
[INFO] [stderr]   Downloaded fadroma-proc-derive v0.7.0
[INFO] [stderr]   Downloaded fadroma-proc-message v0.1.0
[INFO] [stderr]   Downloaded fadroma-proc-auth v0.1.1
[INFO] running `Command { std: "docker" "create" "-v" "/var/lib/crater-agent-workspace/builds/worker-1-tc1/target:/opt/rustwide/target:rw,Z" "-v" "/var/lib/crater-agent-workspace/builds/worker-1-tc1/source:/opt/rustwide/workdir:ro,Z" "-v" "/var/lib/crater-agent-workspace/cargo-home:/opt/rustwide/cargo-home:ro,Z" "-v" "/var/lib/crater-agent-workspace/rustup-home:/opt/rustwide/rustup-home:ro,Z" "-e" "SOURCE_DIR=/opt/rustwide/workdir" "-e" "CARGO_TARGET_DIR=/opt/rustwide/target" "-e" "CARGO_HOME=/opt/rustwide/cargo-home" "-e" "RUSTUP_HOME=/opt/rustwide/rustup-home" "-w" "/opt/rustwide/workdir" "-m" "1610612736" "--user" "0:0" "--network" "none" "ghcr.io/rust-lang/crates-build-env/linux@sha256:5ff2268d62e97bff2cde7d5815dd6ed5b47097566f13b8d0ca110b04b60e07ed" "/opt/rustwide/cargo-home/bin/cargo" "+1.69.0" "metadata" "--no-deps" "--format-version=1", kill_on_drop: false }`
[INFO] [stdout] 68759cd4417a68db42a7dac068ca5b6e99bff20927b1e4a3789a3024d2a77288
[INFO] running `Command { std: "docker" "start" "-a" "68759cd4417a68db42a7dac068ca5b6e99bff20927b1e4a3789a3024d2a77288", kill_on_drop: false }`
[INFO] running `Command { std: "docker" "inspect" "68759cd4417a68db42a7dac068ca5b6e99bff20927b1e4a3789a3024d2a77288", kill_on_drop: false }`
[INFO] running `Command { std: "docker" "rm" "-f" "68759cd4417a68db42a7dac068ca5b6e99bff20927b1e4a3789a3024d2a77288", kill_on_drop: false }`
[INFO] [stdout] 68759cd4417a68db42a7dac068ca5b6e99bff20927b1e4a3789a3024d2a77288
[INFO] running `Command { std: "docker" "create" "-v" "/var/lib/crater-agent-workspace/builds/worker-1-tc1/target:/opt/rustwide/target:rw,Z" "-v" "/var/lib/crater-agent-workspace/builds/worker-1-tc1/source:/opt/rustwide/workdir:ro,Z" "-v" "/var/lib/crater-agent-workspace/cargo-home:/opt/rustwide/cargo-home:ro,Z" "-v" "/var/lib/crater-agent-workspace/rustup-home:/opt/rustwide/rustup-home:ro,Z" "-e" "SOURCE_DIR=/opt/rustwide/workdir" "-e" "CARGO_TARGET_DIR=/opt/rustwide/target" "-e" "CARGO_INCREMENTAL=0" "-e" "RUST_BACKTRACE=full" "-e" "RUSTFLAGS=--cap-lints=warn" "-e" "RUSTDOCFLAGS=--cap-lints=warn" "-e" "CARGO_HOME=/opt/rustwide/cargo-home" "-e" "RUSTUP_HOME=/opt/rustwide/rustup-home" "-w" "/opt/rustwide/workdir" "-m" "1610612736" "--user" "0:0" "--network" "none" "ghcr.io/rust-lang/crates-build-env/linux@sha256:5ff2268d62e97bff2cde7d5815dd6ed5b47097566f13b8d0ca110b04b60e07ed" "/opt/rustwide/cargo-home/bin/cargo" "+1.69.0" "build" "--frozen" "--message-format=json", kill_on_drop: false }`
[INFO] [stdout] 2d6fbb5b383e84a37afac80654497ae303b2b0f4699bec121a032c6feb401aa5
[INFO] running `Command { std: "docker" "start" "-a" "2d6fbb5b383e84a37afac80654497ae303b2b0f4699bec121a032c6feb401aa5", kill_on_drop: false }`
[INFO] [stderr]    Compiling schemars v0.8.12
[INFO] [stderr]    Compiling dyn-clone v1.0.11
[INFO] [stderr]    Compiling fadroma-proc-message v0.1.0
[INFO] [stderr]    Compiling serde_derive_internals v0.26.0
[INFO] [stderr]    Compiling fadroma-proc-derive v0.7.0
[INFO] [stderr]    Compiling fadroma-derive-canonize v0.3.5
[INFO] [stderr]    Compiling fadroma-proc-auth v0.1.1
[INFO] [stderr]    Compiling serde_json v1.0.96
[INFO] [stderr]    Compiling schemars_derive v0.8.12
[INFO] [stderr]    Compiling fadroma v0.7.0 (/opt/rustwide/workdir)
[INFO] [stdout] error: Fadroma only currently supports Secret Network so the "scrt" feature must be enabled.
[INFO] [stdout]  --> lib.rs:2:1
[INFO] [stdout]   |
[INFO] [stdout] 2 | std::compile_error!("Fadroma only currently supports Secret Network so the \"scrt\" feature must be enabled.");
[INFO] [stdout]   | ^^^^^^^^^^^^^^^^^^^^^^^^^^^^^^^^^^^^^^^^^^^^^^^^^^^^^^^^^^^^^^^^^^^^^^^^^^^^^^^^^^^^^^^^^^^^^^^^^^^^^^^^^^^^^^
[INFO] [stdout] 
[INFO] [stdout] 
[INFO] [stdout] error[E0432]: unresolved imports `crate::cosmwasm_std`, `crate::cosmwasm_std`
[INFO] [stdout]  --> core/addr.rs:3:12
[INFO] [stdout]   |
[INFO] [stdout] 3 | use crate::cosmwasm_std::{
[INFO] [stdout]   |            ^^^^^^^^^^^^ could not find `cosmwasm_std` in the crate root
[INFO] [stdout] 4 |     self, Addr, Api, Binary, BlockInfo, CanonicalAddr, Coin, Empty,
[INFO] [stdout]   |     ^^^^ no `cosmwasm_std` in the root
[INFO] [stdout] 
[INFO] [stdout] 
[INFO] [stdout] error[E0432]: unresolved imports `crate::cosmwasm_std`, `crate::cosmwasm_std`
[INFO] [stdout]  --> core/link.rs:3:5
[INFO] [stdout]   |
[INFO] [stdout] 3 |     cosmwasm_std::{self, StdResult, Addr, Env, Api},
[INFO] [stdout]   |     ^^^^^^^^^^^^   ^^^^ no `cosmwasm_std` in the root
[INFO] [stdout]   |     |
[INFO] [stdout]   |     could not find `cosmwasm_std` in the crate root
[INFO] [stdout] 
[INFO] [stdout] 
[INFO] [stdout] error[E0432]: unresolved imports `crate::cosmwasm_std`, `crate::cosmwasm_std`
[INFO] [stdout]  --> core/callback.rs:4:5
[INFO] [stdout]   |
[INFO] [stdout] 4 |     cosmwasm_std::{self, StdResult, Api, Addr, Binary, CosmosMsg, WasmMsg},
[INFO] [stdout]   |     ^^^^^^^^^^^^   ^^^^ no `cosmwasm_std` in the root
[INFO] [stdout]   |     |
[INFO] [stdout]   |     could not find `cosmwasm_std` in the crate root
[INFO] [stdout] 
[INFO] [stdout] 
[INFO] [stdout] error[E0432]: unresolved import `crate::cosmwasm_std`
[INFO] [stdout]  --> tokens/mod.rs:1:12
[INFO] [stdout]   |
[INFO] [stdout] 1 | use crate::cosmwasm_std::{StdResult, Uint256};
[INFO] [stdout]   |            ^^^^^^^^^^^^ could not find `cosmwasm_std` in the crate root
[INFO] [stdout] 
[INFO] [stdout] 
[INFO] [stdout] error[E0432]: unresolved import `crate::cosmwasm_std`
[INFO] [stdout]  --> killswitch/mod.rs:9:5
[INFO] [stdout]   |
[INFO] [stdout] 9 |     cosmwasm_std,
[INFO] [stdout]   |     ^^^^^^^^^^^^ no `cosmwasm_std` in the root
[INFO] [stdout] 
[INFO] [stdout] 
[INFO] [stdout] error[E0432]: unresolved imports `crate::cosmwasm_std`, `crate::cosmwasm_std`
[INFO] [stdout]  --> admin/simple.rs:5:5
[INFO] [stdout]   |
[INFO] [stdout] 5 |     cosmwasm_std::{self, StdResult, Response, Addr},
[INFO] [stdout]   |     ^^^^^^^^^^^^   ^^^^ no `cosmwasm_std` in the root
[INFO] [stdout]   |     |
[INFO] [stdout]   |     could not find `cosmwasm_std` in the crate root
[INFO] [stdout] 
[INFO] [stdout] 
[INFO] [stdout] error[E0432]: unresolved imports `crate::cosmwasm_std`, `crate::cosmwasm_std`
[INFO] [stdout]  --> admin/two_step.rs:7:5
[INFO] [stdout]   |
[INFO] [stdout] 7 |     cosmwasm_std::{
[INFO] [stdout]   |     ^^^^^^^^^^^^ could not find `cosmwasm_std` in the crate root
[INFO] [stdout] 8 |         self, StdResult, Response, Addr, CanonicalAddr, StdError
[INFO] [stdout]   |         ^^^^ no `cosmwasm_std` in the root
[INFO] [stdout] 
[INFO] [stdout] 
[INFO] [stdout] error[E0432]: unresolved import `crate::cosmwasm_std`
[INFO] [stdout]   --> admin/mod.rs:11:5
[INFO] [stdout]    |
[INFO] [stdout] 11 |     cosmwasm_std::{
[INFO] [stdout]    |     ^^^^^^^^^^^^ could not find `cosmwasm_std` in the crate root
[INFO] [stdout] 
[INFO] [stdout] 
[INFO] [stdout] error[E0432]: unresolved import `crate::cosmwasm_std`
[INFO] [stdout]  --> storage/iterable.rs:5:12
[INFO] [stdout]   |
[INFO] [stdout] 5 | use crate::cosmwasm_std::{
[INFO] [stdout]   |            ^^^^^^^^^^^^ could not find `cosmwasm_std` in the crate root
[INFO] [stdout] 
[INFO] [stdout] 
[INFO] [stdout] error[E0432]: unresolved import `crate::cosmwasm_std`
[INFO] [stdout]  --> storage/single_item.rs:8:5
[INFO] [stdout]   |
[INFO] [stdout] 8 |     cosmwasm_std::{Deps, DepsMut, Storage, StdResult}
[INFO] [stdout]   |     ^^^^^^^^^^^^ could not find `cosmwasm_std` in the crate root
[INFO] [stdout] 
[INFO] [stdout] 
[INFO] [stdout] error[E0432]: unresolved import `crate::cosmwasm_std`
[INFO] [stdout]  --> storage/item_space.rs:8:5
[INFO] [stdout]   |
[INFO] [stdout] 8 |     cosmwasm_std::{Deps, DepsMut, Storage, StdResult}
[INFO] [stdout]   |     ^^^^^^^^^^^^ could not find `cosmwasm_std` in the crate root
[INFO] [stdout] 
[INFO] [stdout] 
[INFO] [stdout] error[E0432]: unresolved import `crate::cosmwasm_std`
[INFO] [stdout]   --> storage/mod.rs:16:12
[INFO] [stdout]    |
[INFO] [stdout] 16 | use crate::cosmwasm_std::{
[INFO] [stdout]    |            ^^^^^^^^^^^^ could not find `cosmwasm_std` in the crate root
[INFO] [stdout] 
[INFO] [stdout] 
[INFO] [stdout] error[E0432]: unresolved imports `crate::cosmwasm_std`, `crate::cosmwasm_std`, `crate::prelude::Canonize`, `crate::prelude::Humanize`, `crate::prelude::Canonize`
[INFO] [stdout]   --> lib.rs:39:20
[INFO] [stdout]    |
[INFO] [stdout] 39 |     pub use crate::cosmwasm_std::{self, *};
[INFO] [stdout]    |                    ^^^^^^^^^^^^   ^^^^ no `cosmwasm_std` in the root
[INFO] [stdout]    |                    |
[INFO] [stdout]    |                    could not find `cosmwasm_std` in the crate root
[INFO] [stdout]    |
[INFO] [stdout]   ::: core/link.rs:5:15
[INFO] [stdout]    |
[INFO] [stdout] 5  |     prelude::{Canonize, Humanize},
[INFO] [stdout]    |               ^^^^^^^^  ^^^^^^^^
[INFO] [stdout]    |
[INFO] [stdout]   ::: core/callback.rs:3:5
[INFO] [stdout]    |
[INFO] [stdout] 3  |     prelude::Canonize,
[INFO] [stdout]    |     ^^^^^^^^^^^^^^^^^
[INFO] [stdout] 
[INFO] [stdout] 
[INFO] [stdout] error[E0433]: failed to resolve: use of undeclared type `StdError`
[INFO] [stdout]   --> killswitch/mod.rs:72:35
[INFO] [stdout]    |
[INFO] [stdout] 72 |         Err(err) if matches!(err, StdError::GenericErr { .. }) => Ok(false),
[INFO] [stdout]    |                                   ^^^^^^^^ use of undeclared type `StdError`
[INFO] [stdout] 
[INFO] [stdout] 
[INFO] [stdout] error[E0412]: cannot find type `CanonicalAddr` in this scope
[INFO] [stdout]   --> killswitch/mod.rs:18:44
[INFO] [stdout]    |
[INFO] [stdout] 18 | pub const STORE: SingleItem<ContractStatus<CanonicalAddr>, KillswitchNs> = SingleItem::new();
[INFO] [stdout]    |                                            ^^^^^^^^^^^^^ not found in this scope
[INFO] [stdout] 
[INFO] [stdout] 
[INFO] [stdout] error[E0412]: cannot find type `Addr` in this scope
[INFO] [stdout]   --> killswitch/mod.rs:49:29
[INFO] [stdout]    |
[INFO] [stdout] 49 |         new_address: Option<Addr>
[INFO] [stdout]    |                             ^^^^ not found in this scope
[INFO] [stdout]    |
[INFO] [stdout] help: you might be missing a type parameter
[INFO] [stdout]    |
[INFO] [stdout] 44 | pub trait Killswitch<Addr> {
[INFO] [stdout]    |                     ++++++
[INFO] [stdout] 
[INFO] [stdout] 
[INFO] [stdout] error[E0412]: cannot find type `StdResult` in this scope
[INFO] [stdout]   --> killswitch/mod.rs:50:10
[INFO] [stdout]    |
[INFO] [stdout] 50 |     ) -> StdResult<Response> {
[INFO] [stdout]    |          ^^^^^^^^^ help: an enum with a similar name exists: `Result`
[INFO] [stdout]   --> /rustc/84c898d65adf2f39a5a98507f1fe0ce10a2b8dbc/library/core/src/result.rs:503:1
[INFO] [stdout]    |
[INFO] [stdout]    = note: similarly named enum `Result` defined here
[INFO] [stdout] 
[INFO] [stdout] 
[INFO] [stdout] error[E0412]: cannot find type `Response` in this scope
[INFO] [stdout]   --> killswitch/mod.rs:50:20
[INFO] [stdout]    |
[INFO] [stdout] 50 |     ) -> StdResult<Response> {
[INFO] [stdout]    |                    ^^^^^^^^ not found in this scope
[INFO] [stdout]    |
[INFO] [stdout] help: you might be missing a type parameter
[INFO] [stdout]    |
[INFO] [stdout] 44 | pub trait Killswitch<Response> {
[INFO] [stdout]    |                     ++++++++++
[INFO] [stdout] 
[INFO] [stdout] 
[INFO] [stdout] error[E0412]: cannot find type `StdResult` in this scope
[INFO] [stdout]   --> killswitch/mod.rs:60:20
[INFO] [stdout]    |
[INFO] [stdout] 60 |     fn status() -> StdResult<ContractStatus<Addr>> {
[INFO] [stdout]    |                    ^^^^^^^^^ help: an enum with a similar name exists: `Result`
[INFO] [stdout]   --> /rustc/84c898d65adf2f39a5a98507f1fe0ce10a2b8dbc/library/core/src/result.rs:503:1
[INFO] [stdout]    |
[INFO] [stdout]    = note: similarly named enum `Result` defined here
[INFO] [stdout] 
[INFO] [stdout] 
[INFO] [stdout] error[E0412]: cannot find type `Addr` in this scope
[INFO] [stdout]   --> killswitch/mod.rs:60:45
[INFO] [stdout]    |
[INFO] [stdout] 60 |     fn status() -> StdResult<ContractStatus<Addr>> {
[INFO] [stdout]    |                                             ^^^^ not found in this scope
[INFO] [stdout]    |
[INFO] [stdout] help: you might be missing a type parameter
[INFO] [stdout]    |
[INFO] [stdout] 44 | pub trait Killswitch<Addr> {
[INFO] [stdout]    |                     ++++++
[INFO] [stdout] 
[INFO] [stdout] 
[INFO] [stdout] error[E0412]: cannot find type `Addr` in this scope
[INFO] [stdout]   --> killswitch/mod.rs:49:29
[INFO] [stdout]    |
[INFO] [stdout] 49 |         new_address: Option<Addr>
[INFO] [stdout]    |                             ^^^^ not found in this scope
[INFO] [stdout] 
[INFO] [stdout] 
[INFO] [stdout] error[E0412]: cannot find type `Addr` in this scope
[INFO] [stdout]   --> killswitch/mod.rs:49:29
[INFO] [stdout]    |
[INFO] [stdout] 49 |         new_address: Option<Addr>
[INFO] [stdout]    |                             ^^^^ not found in this scope
[INFO] [stdout]    |
[INFO] [stdout] help: you might be missing a type parameter
[INFO] [stdout]    |
[INFO] [stdout] 43 | #[contract]<Addr>
[INFO] [stdout]    |            ++++++
[INFO] [stdout] 
[INFO] [stdout] 
[INFO] [stdout] error[E0412]: cannot find type `Deps` in this scope
[INFO] [stdout]   --> killswitch/mod.rs:69:29
[INFO] [stdout]    |
[INFO] [stdout] 69 | pub fn is_operational(deps: Deps) -> StdResult<bool> {
[INFO] [stdout]    |                             ^^^^ not found in this scope
[INFO] [stdout] 
[INFO] [stdout] 
[INFO] [stdout] error[E0412]: cannot find type `StdResult` in this scope
[INFO] [stdout]   --> killswitch/mod.rs:69:38
[INFO] [stdout]    |
[INFO] [stdout] 69 | pub fn is_operational(deps: Deps) -> StdResult<bool> {
[INFO] [stdout]    |                                      ^^^^^^^^^ help: an enum with a similar name exists: `Result`
[INFO] [stdout]   --> /rustc/84c898d65adf2f39a5a98507f1fe0ce10a2b8dbc/library/core/src/result.rs:503:1
[INFO] [stdout]    |
[INFO] [stdout]    = note: similarly named enum `Result` defined here
[INFO] [stdout] 
[INFO] [stdout] 
[INFO] [stdout] error[E0412]: cannot find type `Deps` in this scope
[INFO] [stdout]   --> killswitch/mod.rs:79:36
[INFO] [stdout]    |
[INFO] [stdout] 79 | pub fn assert_is_operational(deps: Deps) -> StdResult<()> {
[INFO] [stdout]    |                                    ^^^^ not found in this scope
[INFO] [stdout] 
[INFO] [stdout] 
[INFO] [stdout] error[E0412]: cannot find type `StdResult` in this scope
[INFO] [stdout]   --> killswitch/mod.rs:79:45
[INFO] [stdout]    |
[INFO] [stdout] 79 | pub fn assert_is_operational(deps: Deps) -> StdResult<()> {
[INFO] [stdout]    |                                             ^^^^^^^^^ help: an enum with a similar name exists: `Result`
[INFO] [stdout]   --> /rustc/84c898d65adf2f39a5a98507f1fe0ce10a2b8dbc/library/core/src/result.rs:503:1
[INFO] [stdout]    |
[INFO] [stdout]    = note: similarly named enum `Result` defined here
[INFO] [stdout] 
[INFO] [stdout] 
[INFO] [stdout] error[E0412]: cannot find type `Deps` in this scope
[INFO] [stdout]   --> killswitch/mod.rs:99:36
[INFO] [stdout]    |
[INFO] [stdout] 99 | pub fn assert_can_set_status(deps: Deps, to_level: ContractStatusLevel) -> StdResult<()> {
[INFO] [stdout]    |                                    ^^^^ not found in this scope
[INFO] [stdout] 
[INFO] [stdout] 
[INFO] [stdout] error[E0412]: cannot find type `StdResult` in this scope
[INFO] [stdout]   --> killswitch/mod.rs:99:76
[INFO] [stdout]    |
[INFO] [stdout] 99 | pub fn assert_can_set_status(deps: Deps, to_level: ContractStatusLevel) -> StdResult<()> {
[INFO] [stdout]    |                                                                            ^^^^^^^^^ help: an enum with a similar name exists: `Result`
[INFO] [stdout]   --> /rustc/84c898d65adf2f39a5a98507f1fe0ce10a2b8dbc/library/core/src/result.rs:503:1
[INFO] [stdout]    |
[INFO] [stdout]    = note: similarly named enum `Result` defined here
[INFO] [stdout] 
[INFO] [stdout] 
[INFO] [stdout] error[E0412]: cannot find type `DepsMut` in this scope
[INFO] [stdout]    --> killswitch/mod.rs:126:11
[INFO] [stdout]     |
[INFO] [stdout] 126 |     deps: DepsMut,
[INFO] [stdout]     |           ^^^^^^^ not found in this scope
[INFO] [stdout] 
[INFO] [stdout] 
[INFO] [stdout] error[E0412]: cannot find type `MessageInfo` in this scope
[INFO] [stdout]    --> killswitch/mod.rs:127:11
[INFO] [stdout]     |
[INFO] [stdout] 127 |     info: MessageInfo,
[INFO] [stdout]     |           ^^^^^^^^^^^ not found in this scope
[INFO] [stdout] 
[INFO] [stdout] 
[INFO] [stdout] error[E0412]: cannot find type `Addr` in this scope
[INFO] [stdout]    --> killswitch/mod.rs:130:25
[INFO] [stdout]     |
[INFO] [stdout] 130 |     new_address: Option<Addr>
[INFO] [stdout]     |                         ^^^^ not found in this scope
[INFO] [stdout]     |
[INFO] [stdout] help: you might be missing a type parameter
[INFO] [stdout]     |
[INFO] [stdout] 125 | pub fn set_status<Addr>(
[INFO] [stdout]     |                  ++++++
[INFO] [stdout] 
[INFO] [stdout] 
[INFO] [stdout] error[E0412]: cannot find type `StdResult` in this scope
[INFO] [stdout]    --> killswitch/mod.rs:131:6
[INFO] [stdout]     |
[INFO] [stdout] 131 | ) -> StdResult<()> {
[INFO] [stdout]     |      ^^^^^^^^^ help: an enum with a similar name exists: `Result`
[INFO] [stdout]    --> /rustc/84c898d65adf2f39a5a98507f1fe0ce10a2b8dbc/library/core/src/result.rs:503:1
[INFO] [stdout]     |
[INFO] [stdout]     = note: similarly named enum `Result` defined here
[INFO] [stdout] 
[INFO] [stdout] 
[INFO] [stdout] error[E0412]: cannot find type `StdError` in this scope
[INFO] [stdout]    --> killswitch/mod.rs:139:32
[INFO] [stdout]     |
[INFO] [stdout] 139 | fn paused_err(reason: &str) -> StdError {
[INFO] [stdout]     |                                ^^^^^^^^ not found in this scope
[INFO] [stdout]     |
[INFO] [stdout] help: consider importing one of these items
[INFO] [stdout]     |
[INFO] [stdout] 4   | use crate::serde::ser::StdError;
[INFO] [stdout]     |
[INFO] [stdout] 4   | use serde::ser::StdError;
[INFO] [stdout]     |
[INFO] [stdout] 
[INFO] [stdout] 
[INFO] [stdout] error[E0433]: failed to resolve: use of undeclared type `StdError`
[INFO] [stdout]    --> killswitch/mod.rs:142:5
[INFO] [stdout]     |
[INFO] [stdout] 142 |     StdError::generic_err(msg)
[INFO] [stdout]     |     ^^^^^^^^ use of undeclared type `StdError`
[INFO] [stdout]     |
[INFO] [stdout] help: consider importing one of these items
[INFO] [stdout]     |
[INFO] [stdout] 4   | use crate::serde::ser::StdError;
[INFO] [stdout]     |
[INFO] [stdout] 4   | use serde::ser::StdError;
[INFO] [stdout]     |
[INFO] [stdout] 
[INFO] [stdout] 
[INFO] [stdout] error[E0412]: cannot find type `Addr` in this scope
[INFO] [stdout]    --> killswitch/mod.rs:146:53
[INFO] [stdout]     |
[INFO] [stdout] 146 | fn migrating_err(reason: &str, new_address: Option<&Addr>) -> StdError {
[INFO] [stdout]     |                                                     ^^^^ not found in this scope
[INFO] [stdout]     |
[INFO] [stdout] help: you might be missing a type parameter
[INFO] [stdout]     |
[INFO] [stdout] 146 | fn migrating_err<Addr>(reason: &str, new_address: Option<&Addr>) -> StdError {
[INFO] [stdout]     |                 ++++++
[INFO] [stdout] 
[INFO] [stdout] 
[INFO] [stdout] error[E0412]: cannot find type `StdError` in this scope
[INFO] [stdout]    --> killswitch/mod.rs:146:63
[INFO] [stdout]     |
[INFO] [stdout] 146 | fn migrating_err(reason: &str, new_address: Option<&Addr>) -> StdError {
[INFO] [stdout]     |                                                               ^^^^^^^^ not found in this scope
[INFO] [stdout]     |
[INFO] [stdout] help: consider importing one of these items
[INFO] [stdout]     |
[INFO] [stdout] 4   | use crate::serde::ser::StdError;
[INFO] [stdout]     |
[INFO] [stdout] 4   | use serde::ser::StdError;
[INFO] [stdout]     |
[INFO] [stdout] 
[INFO] [stdout] 
[INFO] [stdout] error[E0433]: failed to resolve: use of undeclared type `StdError`
[INFO] [stdout]    --> killswitch/mod.rs:153:5
[INFO] [stdout]     |
[INFO] [stdout] 153 |     StdError::generic_err(msg)
[INFO] [stdout]     |     ^^^^^^^^ use of undeclared type `StdError`
[INFO] [stdout]     |
[INFO] [stdout] help: consider importing one of these items
[INFO] [stdout]     |
[INFO] [stdout] 4   | use crate::serde::ser::StdError;
[INFO] [stdout]     |
[INFO] [stdout] 4   | use serde::ser::StdError;
[INFO] [stdout]     |
[INFO] [stdout] 
[INFO] [stdout] 
[INFO] [stdout] error[E0433]: failed to resolve: use of undeclared type `Response`
[INFO] [stdout]   --> killswitch/mod.rs:53:12
[INFO] [stdout]    |
[INFO] [stdout] 53 |         Ok(Response::new()
[INFO] [stdout]    |            ^^^^^^^^ use of undeclared type `Response`
[INFO] [stdout] 
[INFO] [stdout] 
[INFO] [stdout] error[E0433]: failed to resolve: use of undeclared type `Addr`
[INFO] [stdout]    --> killswitch/mod.rs:149:43
[INFO] [stdout]     |
[INFO] [stdout] 149 |         new_address.as_deref().unwrap_or(&Addr::unchecked("")),
[INFO] [stdout]     |                                           ^^^^ use of undeclared type `Addr`
[INFO] [stdout] 
[INFO] [stdout] 
[INFO] [stdout] error: aborting due to 40 previous errors
[INFO] [stdout] 
[INFO] [stdout] 
[INFO] [stdout] Some errors have detailed explanations: E0412, E0432, E0433.
[INFO] [stdout] 
[INFO] [stdout] For more information about an error, try `rustc --explain E0412`.
[INFO] [stdout] 
[INFO] [stderr] error: could not compile `fadroma` due to 41 previous errors
[INFO] [stderr] warning: build failed, waiting for other jobs to finish...
[INFO] running `Command { std: "docker" "inspect" "2d6fbb5b383e84a37afac80654497ae303b2b0f4699bec121a032c6feb401aa5", kill_on_drop: false }`
[INFO] running `Command { std: "docker" "rm" "-f" "2d6fbb5b383e84a37afac80654497ae303b2b0f4699bec121a032c6feb401aa5", kill_on_drop: false }`
[INFO] [stdout] 2d6fbb5b383e84a37afac80654497ae303b2b0f4699bec121a032c6feb401aa5
