[INFO] fetching crate ezmenu 0.2.9...
[INFO] testing ezmenu-0.2.9 against 1.69.0 for beta-1.70-1
[INFO] extracting crate ezmenu 0.2.9 into /workspace/builds/worker-7-tc1/source
[INFO] validating manifest of crates.io crate ezmenu 0.2.9 on toolchain 1.69.0
[INFO] running `Command { std: CARGO_HOME="/workspace/cargo-home" RUSTUP_HOME="/workspace/rustup-home" "/workspace/cargo-home/bin/cargo" "+1.69.0" "metadata" "--manifest-path" "Cargo.toml" "--no-deps", kill_on_drop: false }`
[INFO] started tweaking crates.io crate ezmenu 0.2.9
[INFO] finished tweaking crates.io crate ezmenu 0.2.9
[INFO] tweaked toml for crates.io crate ezmenu 0.2.9 written to /workspace/builds/worker-7-tc1/source/Cargo.toml
[INFO] running `Command { std: CARGO_HOME="/workspace/cargo-home" RUSTUP_HOME="/workspace/rustup-home" __CARGO_TEST_CHANNEL_OVERRIDE_DO_NOT_USE_THIS="nightly" "/workspace/cargo-home/bin/cargo" "+1.69.0" "generate-lockfile" "--manifest-path" "Cargo.toml" "-Zno-index-update", kill_on_drop: false }`
[INFO] running `Command { std: CARGO_HOME="/workspace/cargo-home" RUSTUP_HOME="/workspace/rustup-home" "/workspace/cargo-home/bin/cargo" "+1.69.0" "fetch" "--manifest-path" "Cargo.toml", kill_on_drop: false }`
[INFO] [stderr]  Downloading crates ...
[INFO] [stderr]   Downloaded ezmenulib v0.2.10
[INFO] [stderr]   Downloaded ezmenu-macros v0.2.7
[INFO] running `Command { std: "docker" "create" "-v" "/var/lib/crater-agent-workspace/builds/worker-7-tc1/target:/opt/rustwide/target:rw,Z" "-v" "/var/lib/crater-agent-workspace/builds/worker-7-tc1/source:/opt/rustwide/workdir:ro,Z" "-v" "/var/lib/crater-agent-workspace/cargo-home:/opt/rustwide/cargo-home:ro,Z" "-v" "/var/lib/crater-agent-workspace/rustup-home:/opt/rustwide/rustup-home:ro,Z" "-e" "SOURCE_DIR=/opt/rustwide/workdir" "-e" "CARGO_TARGET_DIR=/opt/rustwide/target" "-e" "CARGO_HOME=/opt/rustwide/cargo-home" "-e" "RUSTUP_HOME=/opt/rustwide/rustup-home" "-w" "/opt/rustwide/workdir" "-m" "1610612736" "--user" "0:0" "--network" "none" "ghcr.io/rust-lang/crates-build-env/linux@sha256:5ff2268d62e97bff2cde7d5815dd6ed5b47097566f13b8d0ca110b04b60e07ed" "/opt/rustwide/cargo-home/bin/cargo" "+1.69.0" "metadata" "--no-deps" "--format-version=1", kill_on_drop: false }`
[INFO] [stdout] 21d90ff316c888a6a63f0b8b8bc936d5459505cc691d952285eb3a823b5bad65
[INFO] running `Command { std: "docker" "start" "-a" "21d90ff316c888a6a63f0b8b8bc936d5459505cc691d952285eb3a823b5bad65", kill_on_drop: false }`
[INFO] running `Command { std: "docker" "inspect" "21d90ff316c888a6a63f0b8b8bc936d5459505cc691d952285eb3a823b5bad65", kill_on_drop: false }`
[INFO] running `Command { std: "docker" "rm" "-f" "21d90ff316c888a6a63f0b8b8bc936d5459505cc691d952285eb3a823b5bad65", kill_on_drop: false }`
[INFO] [stdout] 21d90ff316c888a6a63f0b8b8bc936d5459505cc691d952285eb3a823b5bad65
[INFO] running `Command { std: "docker" "create" "-v" "/var/lib/crater-agent-workspace/builds/worker-7-tc1/target:/opt/rustwide/target:rw,Z" "-v" "/var/lib/crater-agent-workspace/builds/worker-7-tc1/source:/opt/rustwide/workdir:ro,Z" "-v" "/var/lib/crater-agent-workspace/cargo-home:/opt/rustwide/cargo-home:ro,Z" "-v" "/var/lib/crater-agent-workspace/rustup-home:/opt/rustwide/rustup-home:ro,Z" "-e" "SOURCE_DIR=/opt/rustwide/workdir" "-e" "CARGO_TARGET_DIR=/opt/rustwide/target" "-e" "CARGO_INCREMENTAL=0" "-e" "RUST_BACKTRACE=full" "-e" "RUSTFLAGS=--cap-lints=warn" "-e" "RUSTDOCFLAGS=--cap-lints=warn" "-e" "CARGO_HOME=/opt/rustwide/cargo-home" "-e" "RUSTUP_HOME=/opt/rustwide/rustup-home" "-w" "/opt/rustwide/workdir" "-m" "1610612736" "--user" "0:0" "--network" "none" "ghcr.io/rust-lang/crates-build-env/linux@sha256:5ff2268d62e97bff2cde7d5815dd6ed5b47097566f13b8d0ca110b04b60e07ed" "/opt/rustwide/cargo-home/bin/cargo" "+1.69.0" "build" "--frozen" "--message-format=json", kill_on_drop: false }`
[INFO] [stdout] c25cfaf4fe84dd3abdf9f6df7a6ecc5e4e5d792db0b0a3e9e124aeee7fbbb68e
[INFO] running `Command { std: "docker" "start" "-a" "c25cfaf4fe84dd3abdf9f6df7a6ecc5e4e5d792db0b0a3e9e124aeee7fbbb68e", kill_on_drop: false }`
[INFO] [stderr]    Compiling syn v1.0.109
[INFO] [stderr]    Compiling ezmenulib v0.2.10
[INFO] [stderr]    Compiling proc-macro-error v1.0.4
[INFO] [stderr]    Compiling ezmenu-macros v0.2.7
[INFO] [stderr]    Compiling ezmenu v0.2.9 (/opt/rustwide/workdir)
[INFO] [stderr]     Finished dev [unoptimized + debuginfo] target(s) in 4.68s
[INFO] running `Command { std: "docker" "inspect" "c25cfaf4fe84dd3abdf9f6df7a6ecc5e4e5d792db0b0a3e9e124aeee7fbbb68e", kill_on_drop: false }`
[INFO] running `Command { std: "docker" "rm" "-f" "c25cfaf4fe84dd3abdf9f6df7a6ecc5e4e5d792db0b0a3e9e124aeee7fbbb68e", kill_on_drop: false }`
[INFO] [stdout] c25cfaf4fe84dd3abdf9f6df7a6ecc5e4e5d792db0b0a3e9e124aeee7fbbb68e
[INFO] running `Command { std: "docker" "create" "-v" "/var/lib/crater-agent-workspace/builds/worker-7-tc1/target:/opt/rustwide/target:rw,Z" "-v" "/var/lib/crater-agent-workspace/builds/worker-7-tc1/source:/opt/rustwide/workdir:ro,Z" "-v" "/var/lib/crater-agent-workspace/cargo-home:/opt/rustwide/cargo-home:ro,Z" "-v" "/var/lib/crater-agent-workspace/rustup-home:/opt/rustwide/rustup-home:ro,Z" "-e" "SOURCE_DIR=/opt/rustwide/workdir" "-e" "CARGO_TARGET_DIR=/opt/rustwide/target" "-e" "CARGO_INCREMENTAL=0" "-e" "RUST_BACKTRACE=full" "-e" "RUSTFLAGS=--cap-lints=warn" "-e" "RUSTDOCFLAGS=--cap-lints=warn" "-e" "CARGO_HOME=/opt/rustwide/cargo-home" "-e" "RUSTUP_HOME=/opt/rustwide/rustup-home" "-w" "/opt/rustwide/workdir" "-m" "1610612736" "--user" "0:0" "--network" "none" "ghcr.io/rust-lang/crates-build-env/linux@sha256:5ff2268d62e97bff2cde7d5815dd6ed5b47097566f13b8d0ca110b04b60e07ed" "/opt/rustwide/cargo-home/bin/cargo" "+1.69.0" "test" "--frozen" "--no-run" "--message-format=json", kill_on_drop: false }`
[INFO] [stdout] 00bdf91e53a49f342e608315a0309ab3d0b4ba148f7290a078686fcd719a78a4
[INFO] running `Command { std: "docker" "start" "-a" "00bdf91e53a49f342e608315a0309ab3d0b4ba148f7290a078686fcd719a78a4", kill_on_drop: false }`
[INFO] [stderr]    Compiling ezmenu v0.2.9 (/opt/rustwide/workdir)
[INFO] [stderr]     Finished test [unoptimized + debuginfo] target(s) in 0.27s
[INFO] running `Command { std: "docker" "inspect" "00bdf91e53a49f342e608315a0309ab3d0b4ba148f7290a078686fcd719a78a4", kill_on_drop: false }`
[INFO] running `Command { std: "docker" "rm" "-f" "00bdf91e53a49f342e608315a0309ab3d0b4ba148f7290a078686fcd719a78a4", kill_on_drop: false }`
[INFO] [stdout] 00bdf91e53a49f342e608315a0309ab3d0b4ba148f7290a078686fcd719a78a4
[INFO] running `Command { std: "docker" "create" "-v" "/var/lib/crater-agent-workspace/builds/worker-7-tc1/target:/opt/rustwide/target:rw,Z" "-v" "/var/lib/crater-agent-workspace/builds/worker-7-tc1/source:/opt/rustwide/workdir:ro,Z" "-v" "/var/lib/crater-agent-workspace/cargo-home:/opt/rustwide/cargo-home:ro,Z" "-v" "/var/lib/crater-agent-workspace/rustup-home:/opt/rustwide/rustup-home:ro,Z" "-e" "SOURCE_DIR=/opt/rustwide/workdir" "-e" "CARGO_TARGET_DIR=/opt/rustwide/target" "-e" "CARGO_INCREMENTAL=0" "-e" "RUST_BACKTRACE=full" "-e" "RUSTFLAGS=--cap-lints=warn" "-e" "RUSTDOCFLAGS=--cap-lints=warn" "-e" "CARGO_HOME=/opt/rustwide/cargo-home" "-e" "RUSTUP_HOME=/opt/rustwide/rustup-home" "-w" "/opt/rustwide/workdir" "-m" "1610612736" "--user" "0:0" "--network" "none" "ghcr.io/rust-lang/crates-build-env/linux@sha256:5ff2268d62e97bff2cde7d5815dd6ed5b47097566f13b8d0ca110b04b60e07ed" "/opt/rustwide/cargo-home/bin/cargo" "+1.69.0" "test" "--frozen", kill_on_drop: false }`
[INFO] [stdout] 46fc12ba61ac988eeb7a9b64f539d234cbece6d2a938fdbb4545408f465bfdb8
[INFO] running `Command { std: "docker" "start" "-a" "46fc12ba61ac988eeb7a9b64f539d234cbece6d2a938fdbb4545408f465bfdb8", kill_on_drop: false }`
[INFO] [stderr]     Finished test [unoptimized + debuginfo] target(s) in 0.02s
[INFO] [stderr]      Running unittests src/lib.rs (/opt/rustwide/target/debug/deps/ezmenu-afa13fb88c219267)
[INFO] [stdout] 
[INFO] [stdout] running 0 tests
[INFO] [stdout] 
[INFO] [stdout] test result: ok. 0 passed; 0 failed; 0 ignored; 0 measured; 0 filtered out; finished in 0.00s
[INFO] [stdout] 
[INFO] [stderr]    Doc-tests ezmenu
[INFO] [stdout] 
[INFO] [stdout] running 8 tests
[INFO] [stdout] test src/lib.rs - Menu (line 171) ... FAILED
[INFO] [stdout] test src/lib.rs - (line 49) ... FAILED
[INFO] [stdout] test src/lib.rs - parsed (line 200) ... FAILED
[INFO] [stdout] test src/lib.rs - (line 134) ... FAILED
[INFO] [stdout] test src/lib.rs - (line 72) ... FAILED
[INFO] [stdout] test src/lib.rs - (line 110) ... FAILED
[INFO] [stdout] test src/lib.rs - (line 10) ... FAILED
[INFO] [stdout] test src/lib.rs - (line 86) ... FAILED
[INFO] [stdout] 
[INFO] [stdout] failures:
[INFO] [stdout] 
[INFO] [stdout] ---- src/lib.rs - Menu (line 171) stdout ----
[INFO] [stdout] error[E0432]: unresolved import `ezmenu::lib::MenuVec`
[INFO] [stdout]  --> src/lib.rs:172:5
[INFO] [stdout]   |
[INFO] [stdout] 4 | use ezmenu::lib::MenuVec;
[INFO] [stdout]   |     ^^^^^^^^^^^^^^^^^^^^ no `MenuVec` in `lib`
[INFO] [stdout]   |
[INFO] [stdout] help: consider importing one of these items instead
[INFO] [stdout]   |
[INFO] [stdout] 4 | use ezmenu::lib::customs::MenuVec;
[INFO] [stdout]   |     ~~~~~~~~~~~~~~~~~~~~~~~~~~~~~
[INFO] [stdout] 4 | use ezmenulib::customs::MenuVec;
[INFO] [stdout]   |     ~~~~~~~~~~~~~~~~~~~~~~~~~~~
[INFO] [stdout] 
[INFO] [stdout] error[E0432]: unresolved import `ezmenu::MenuVec`
[INFO] [stdout]  --> src/lib.rs:173:5
[INFO] [stdout]   |
[INFO] [stdout] 5 | use ezmenu::MenuVec;
[INFO] [stdout]   |     ^^^^^^^^^^^^^^^ no `MenuVec` in the root
[INFO] [stdout]   |
[INFO] [stdout] help: consider importing one of these items instead
[INFO] [stdout]   |
[INFO] [stdout] 5 | use ezmenu::lib::customs::MenuVec;
[INFO] [stdout]   |     ~~~~~~~~~~~~~~~~~~~~~~~~~~~~~
[INFO] [stdout] 5 | use ezmenulib::customs::MenuVec;
[INFO] [stdout]   |     ~~~~~~~~~~~~~~~~~~~~~~~~~~~
[INFO] [stdout] 
[INFO] [stdout] error: cannot find derive macro `Menu` in this scope
[INFO] [stdout]  --> src/lib.rs:175:10
[INFO] [stdout]   |
[INFO] [stdout] 7 | #[derive(Menu)]
[INFO] [stdout]   |          ^^^^
[INFO] [stdout]   |
[INFO] [stdout]   = help: consider importing one of these items:
[INFO] [stdout]           ezmenu::Menu
[INFO] [stdout]           ezmenu_macros::Menu
[INFO] [stdout] 
[INFO] [stdout] error: cannot find attribute `menu` in this scope
[INFO] [stdout]  --> src/lib.rs:176:3
[INFO] [stdout]   |
[INFO] [stdout] 8 | #[menu(
[INFO] [stdout]   |   ^^^^
[INFO] [stdout] 
[INFO] [stdout] error: cannot find attribute `menu` in this scope
[INFO] [stdout]   --> src/lib.rs:183:7
[INFO] [stdout]    |
[INFO] [stdout] 15 |     #[menu(msg = "authors name separated by spaces")]
[INFO] [stdout]    |       ^^^^
[INFO] [stdout] 
[INFO] [stdout] error: cannot find attribute `menu` in this scope
[INFO] [stdout]   --> src/lib.rs:186:7
[INFO] [stdout]    |
[INFO] [stdout] 18 |     #[menu(msg = "project name")]
[INFO] [stdout]    |       ^^^^
[INFO] [stdout] 
[INFO] [stdout] error: cannot find attribute `menu` in this scope
[INFO] [stdout]   --> src/lib.rs:189:7
[INFO] [stdout]    |
[INFO] [stdout] 21 |     #[menu(msg = "project year", default = 2022)]
[INFO] [stdout]    |       ^^^^
[INFO] [stdout] 
[INFO] [stdout] error: aborting due to 7 previous errors
[INFO] [stdout] 
[INFO] [stdout] For more information about this error, try `rustc --explain E0432`.
[INFO] [stdout] Couldn't compile the test.
[INFO] [stdout] ---- src/lib.rs - (line 49) stdout ----
[INFO] [stdout] error: cannot find derive macro `Menu` in this scope
[INFO] [stdout]  --> src/lib.rs:50:10
[INFO] [stdout]   |
[INFO] [stdout] 3 | #[derive(Menu)]
[INFO] [stdout]   |          ^^^^
[INFO] [stdout]   |
[INFO] [stdout]   = help: consider importing one of these items:
[INFO] [stdout]           ezmenu::Menu
[INFO] [stdout]           ezmenu_macros::Menu
[INFO] [stdout] 
[INFO] [stdout] error: cannot find attribute `menu` in this scope
[INFO] [stdout]  --> src/lib.rs:51:3
[INFO] [stdout]   |
[INFO] [stdout] 4 | #[menu(chip = "==> ")]
[INFO] [stdout]   |   ^^^^
[INFO] [stdout] 
[INFO] [stdout] error: cannot find attribute `menu` in this scope
[INFO] [stdout]  --> src/lib.rs:54:7
[INFO] [stdout]   |
[INFO] [stdout] 7 |     #[menu(chip = "--> ")]
[INFO] [stdout]   |       ^^^^
[INFO] [stdout] 
[INFO] [stdout] error: aborting due to 3 previous errors
[INFO] [stdout] 
[INFO] [stdout] Couldn't compile the test.
[INFO] [stdout] ---- src/lib.rs - parsed (line 200) stdout ----
[INFO] [stdout] error: cannot find derive macro `Menu` in this scope
[INFO] [stdout]   --> src/lib.rs:208:10
[INFO] [stdout]    |
[INFO] [stdout] 11 | #[derive(Menu)]
[INFO] [stdout]    |          ^^^^
[INFO] [stdout]    |
[INFO] [stdout]    = help: consider importing one of these items:
[INFO] [stdout]            ezmenu::Menu
[INFO] [stdout]            ezmenu_macros::Menu
[INFO] [stdout] 
[INFO] [stdout] error: cannot find attribute `menu` in this scope
[INFO] [stdout]   --> src/lib.rs:210:7
[INFO] [stdout]    |
[INFO] [stdout] 13 |     #[menu(msg("Give the type of the license"))]
[INFO] [stdout]    |       ^^^^
[INFO] [stdout] 
[INFO] [stdout] error: aborting due to 2 previous errors
[INFO] [stdout] 
[INFO] [stdout] Couldn't compile the test.
[INFO] [stdout] ---- src/lib.rs - (line 134) stdout ----
[INFO] [stdout] error[E0432]: unresolved imports `ezmenulib::MenuBool`, `ezmenulib::MenuVec`
[INFO] [stdout]  --> src/lib.rs:135:17
[INFO] [stdout]   |
[INFO] [stdout] 4 | use ezmenulib::{MenuBool, MenuVec};
[INFO] [stdout]   |                 ^^^^^^^^  ^^^^^^^ no `MenuVec` in the root
[INFO] [stdout]   |                 |
[INFO] [stdout]   |                 no `MenuBool` in the root
[INFO] [stdout]   |
[INFO] [stdout]   = help: consider importing one of these items instead:
[INFO] [stdout]           ezmenu::lib::customs::MenuBool
[INFO] [stdout]           ezmenulib::customs::MenuBool
[INFO] [stdout]   = help: consider importing one of these items instead:
[INFO] [stdout]           ezmenu::lib::customs::MenuVec
[INFO] [stdout]           ezmenulib::customs::MenuVec
[INFO] [stdout] 
[INFO] [stdout] error: cannot find derive macro `Menu` in this scope
[INFO] [stdout]  --> src/lib.rs:137:10
[INFO] [stdout]   |
[INFO] [stdout] 6 | #[derive(Menu)]
[INFO] [stdout]   |          ^^^^
[INFO] [stdout]   |
[INFO] [stdout]   = help: consider importing one of these items:
[INFO] [stdout]           ezmenu::Menu
[INFO] [stdout]           ezmenu_macros::Menu
[INFO] [stdout] 
[INFO] [stdout] error: cannot find attribute `menu` in this scope
[INFO] [stdout]  --> src/lib.rs:140:7
[INFO] [stdout]   |
[INFO] [stdout] 9 |     #[menu(msg = "Are you sure...????")]
[INFO] [stdout]   |       ^^^^
[INFO] [stdout] 
[INFO] [stdout] error: aborting due to 3 previous errors
[INFO] [stdout] 
[INFO] [stdout] For more information about this error, try `rustc --explain E0432`.
[INFO] [stdout] Couldn't compile the test.
[INFO] [stdout] ---- src/lib.rs - (line 72) stdout ----
[INFO] [stdout] error: cannot find derive macro `Menu` in this scope
[INFO] [stdout]  --> src/lib.rs:73:10
[INFO] [stdout]   |
[INFO] [stdout] 3 | #[derive(Menu)]
[INFO] [stdout]   |          ^^^^
[INFO] [stdout]   |
[INFO] [stdout]   = help: consider importing one of these items:
[INFO] [stdout]           ezmenu::Menu
[INFO] [stdout]           ezmenu_macros::Menu
[INFO] [stdout] 
[INFO] [stdout] error: cannot find attribute `menu` in this scope
[INFO] [stdout]  --> src/lib.rs:75:7
[INFO] [stdout]   |
[INFO] [stdout] 5 |     #[menu(default = 2022)]
[INFO] [stdout]   |       ^^^^
[INFO] [stdout] 
[INFO] [stdout] error: aborting due to 2 previous errors
[INFO] [stdout] 
[INFO] [stdout] Couldn't compile the test.
[INFO] [stdout] ---- src/lib.rs - (line 110) stdout ----
[INFO] [stdout] error: cannot find derive macro `Menu` in this scope
[INFO] [stdout]   --> src/lib.rs:118:10
[INFO] [stdout]    |
[INFO] [stdout] 11 | #[derive(Menu)]
[INFO] [stdout]    |          ^^^^
[INFO] [stdout]    |
[INFO] [stdout]    = help: consider importing one of these items:
[INFO] [stdout]            ezmenu::Menu
[INFO] [stdout]            ezmenu_macros::Menu
[INFO] [stdout] 
[INFO] [stdout] error: cannot find attribute `menu` in this scope
[INFO] [stdout]   --> src/lib.rs:121:7
[INFO] [stdout]    |
[INFO] [stdout] 14 |     #[menu(default = "mit")] // <-- you can still use the default attribute
[INFO] [stdout]    |       ^^^^
[INFO] [stdout] 
[INFO] [stdout] error: aborting due to 2 previous errors
[INFO] [stdout] 
[INFO] [stdout] Couldn't compile the test.
[INFO] [stdout] ---- src/lib.rs - (line 10) stdout ----
[INFO] [stdout] error[E0432]: unresolved import `ezmenu`
[INFO] [stdout]  --> src/lib.rs:13:10
[INFO] [stdout]   |
[INFO] [stdout] 5 | #[derive(Menu)]
[INFO] [stdout]   |          ^^^^
[INFO] [stdout]   |          |
[INFO] [stdout]   |          no `Menu` in `lib`
[INFO] [stdout]   |          help: a similar name exists in the module: `menu`
[INFO] [stdout]   |
[INFO] [stdout]   = note: this error originates in the derive macro `Menu` (in Nightly builds, run with -Z macro-backtrace for more info)
[INFO] [stdout] 
[INFO] [stdout] error[E0433]: failed to resolve: could not find `ValueMenu` in `lib`
[INFO] [stdout]  --> src/lib.rs:13:10
[INFO] [stdout]   |
[INFO] [stdout] 5 | #[derive(Menu)]
[INFO] [stdout]   |          ^^^^ could not find `ValueMenu` in `lib`
[INFO] [stdout]   |
[INFO] [stdout]   = note: this error originates in the derive macro `Menu` (in Nightly builds, run with -Z macro-backtrace for more info)
[INFO] [stdout] help: consider importing one of these items
[INFO] [stdout]   |
[INFO] [stdout] 3 | use ezmenu::lib::prelude::ValueMenu;
[INFO] [stdout]   |
[INFO] [stdout] 3 | use ezmenulib::prelude::ValueMenu;
[INFO] [stdout]   |
[INFO] [stdout] help: if you import `ValueMenu`, refer to it directly
[INFO] [stdout]   |
[INFO] [stdout] 5 | #[derive(Menu)]
[INFO] [stdout]   |
[INFO] [stdout] 
[INFO] [stdout] error[E0433]: failed to resolve: could not find `ValueField` in `lib`
[INFO] [stdout]  --> src/lib.rs:13:10
[INFO] [stdout]   |
[INFO] [stdout] 5 | #[derive(Menu)]
[INFO] [stdout]   |          ^^^^ could not find `ValueField` in `lib`
[INFO] [stdout]   |
[INFO] [stdout]   = note: this error originates in the derive macro `Menu` (in Nightly builds, run with -Z macro-backtrace for more info)
[INFO] [stdout] help: consider importing one of these items
[INFO] [stdout]   |
[INFO] [stdout] 3 | use ezmenu::lib::prelude::ValueField;
[INFO] [stdout]   |
[INFO] [stdout] 3 | use ezmenulib::prelude::ValueField;
[INFO] [stdout]   |
[INFO] [stdout] help: if you import `ValueField`, refer to it directly
[INFO] [stdout]   |
[INFO] [stdout] 5 | #[derive(Menu)]
[INFO] [stdout]   |
[INFO] [stdout] 
[INFO] [stdout] error: aborting due to 3 previous errors
[INFO] [stdout] 
[INFO] [stdout] Some errors have detailed explanations: E0432, E0433.
[INFO] [stdout] For more information about an error, try `rustc --explain E0432`.
[INFO] [stdout] Couldn't compile the test.
[INFO] [stdout] ---- src/lib.rs - (line 86) stdout ----
[INFO] [stdout] error: cannot find derive macro `Menu` in this scope
[INFO] [stdout]  --> src/lib.rs:87:10
[INFO] [stdout]   |
[INFO] [stdout] 3 | #[derive(Menu)]
[INFO] [stdout]   |          ^^^^
[INFO] [stdout]   |
[INFO] [stdout]   = help: consider importing one of these items:
[INFO] [stdout]           ezmenu::Menu
[INFO] [stdout]           ezmenu_macros::Menu
[INFO] [stdout] 
[INFO] [stdout] error: cannot find attribute `menu` in this scope
[INFO] [stdout]  --> src/lib.rs:88:3
[INFO] [stdout]   |
[INFO] [stdout] 4 | #[menu(display_default = false)] // <-- applied on all the fields
[INFO] [stdout]   |   ^^^^
[INFO] [stdout] 
[INFO] [stdout] error: cannot find attribute `menu` in this scope
[INFO] [stdout]  --> src/lib.rs:90:7
[INFO] [stdout]   |
[INFO] [stdout] 6 |     #[menu(default = 2022, display_default = false)] // <-- applied on the field specifically
[INFO] [stdout]   |       ^^^^
[INFO] [stdout] 
[INFO] [stdout] error: aborting due to 3 previous errors
[INFO] [stdout] 
[INFO] [stdout] Couldn't compile the test.
[INFO] [stdout] 
[INFO] [stdout] failures:
[INFO] [stdout]     src/lib.rs - (line 10)
[INFO] [stdout]     src/lib.rs - (line 110)
[INFO] [stdout]     src/lib.rs - (line 134)
[INFO] [stdout]     src/lib.rs - (line 49)
[INFO] [stdout]     src/lib.rs - (line 72)
[INFO] [stdout]     src/lib.rs - (line 86)
[INFO] [stdout]     src/lib.rs - Menu (line 171)
[INFO] [stdout]     src/lib.rs - parsed (line 200)
[INFO] [stdout] 
[INFO] [stdout] test result: FAILED. 0 passed; 8 failed; 0 ignored; 0 measured; 0 filtered out; finished in 0.11s
[INFO] [stdout] 
[INFO] [stderr] error: doctest failed, to rerun pass `--doc`
[INFO] running `Command { std: "docker" "inspect" "46fc12ba61ac988eeb7a9b64f539d234cbece6d2a938fdbb4545408f465bfdb8", kill_on_drop: false }`
[INFO] running `Command { std: "docker" "rm" "-f" "46fc12ba61ac988eeb7a9b64f539d234cbece6d2a938fdbb4545408f465bfdb8", kill_on_drop: false }`
[INFO] [stdout] 46fc12ba61ac988eeb7a9b64f539d234cbece6d2a938fdbb4545408f465bfdb8
