[INFO] fetching crate exonum_sodiumoxide 0.0.24...
[INFO] testing exonum_sodiumoxide-0.0.24 against 1.69.0 for beta-1.70-1
[INFO] extracting crate exonum_sodiumoxide 0.0.24 into /workspace/builds/worker-1-tc1/source
[INFO] validating manifest of crates.io crate exonum_sodiumoxide 0.0.24 on toolchain 1.69.0
[INFO] running `Command { std: CARGO_HOME="/workspace/cargo-home" RUSTUP_HOME="/workspace/rustup-home" "/workspace/cargo-home/bin/cargo" "+1.69.0" "metadata" "--manifest-path" "Cargo.toml" "--no-deps", kill_on_drop: false }`
[INFO] started tweaking crates.io crate exonum_sodiumoxide 0.0.24
[INFO] finished tweaking crates.io crate exonum_sodiumoxide 0.0.24
[INFO] tweaked toml for crates.io crate exonum_sodiumoxide 0.0.24 written to /workspace/builds/worker-1-tc1/source/Cargo.toml
[INFO] running `Command { std: CARGO_HOME="/workspace/cargo-home" RUSTUP_HOME="/workspace/rustup-home" __CARGO_TEST_CHANNEL_OVERRIDE_DO_NOT_USE_THIS="nightly" "/workspace/cargo-home/bin/cargo" "+1.69.0" "generate-lockfile" "--manifest-path" "Cargo.toml" "-Zno-index-update", kill_on_drop: false }`
[INFO] running `Command { std: CARGO_HOME="/workspace/cargo-home" RUSTUP_HOME="/workspace/rustup-home" "/workspace/cargo-home/bin/cargo" "+1.69.0" "fetch" "--manifest-path" "Cargo.toml", kill_on_drop: false }`
[INFO] [stderr]  Downloading crates ...
[INFO] [stderr]   Downloaded rmp-serde v0.13.7
[INFO] [stderr]   Downloaded exonum_libsodium-sys v0.0.24
[INFO] running `Command { std: "docker" "create" "-v" "/var/lib/crater-agent-workspace/builds/worker-1-tc1/target:/opt/rustwide/target:rw,Z" "-v" "/var/lib/crater-agent-workspace/builds/worker-1-tc1/source:/opt/rustwide/workdir:ro,Z" "-v" "/var/lib/crater-agent-workspace/cargo-home:/opt/rustwide/cargo-home:ro,Z" "-v" "/var/lib/crater-agent-workspace/rustup-home:/opt/rustwide/rustup-home:ro,Z" "-e" "SOURCE_DIR=/opt/rustwide/workdir" "-e" "CARGO_TARGET_DIR=/opt/rustwide/target" "-e" "CARGO_HOME=/opt/rustwide/cargo-home" "-e" "RUSTUP_HOME=/opt/rustwide/rustup-home" "-w" "/opt/rustwide/workdir" "-m" "1610612736" "--user" "0:0" "--network" "none" "ghcr.io/rust-lang/crates-build-env/linux@sha256:5ff2268d62e97bff2cde7d5815dd6ed5b47097566f13b8d0ca110b04b60e07ed" "/opt/rustwide/cargo-home/bin/cargo" "+1.69.0" "metadata" "--no-deps" "--format-version=1", kill_on_drop: false }`
[INFO] [stdout] 6e47e4ddcef121c3612c372e01d011ba0176d6642bc5db381cddf517213567e8
[INFO] running `Command { std: "docker" "start" "-a" "6e47e4ddcef121c3612c372e01d011ba0176d6642bc5db381cddf517213567e8", kill_on_drop: false }`
[INFO] running `Command { std: "docker" "inspect" "6e47e4ddcef121c3612c372e01d011ba0176d6642bc5db381cddf517213567e8", kill_on_drop: false }`
[INFO] running `Command { std: "docker" "rm" "-f" "6e47e4ddcef121c3612c372e01d011ba0176d6642bc5db381cddf517213567e8", kill_on_drop: false }`
[INFO] [stdout] 6e47e4ddcef121c3612c372e01d011ba0176d6642bc5db381cddf517213567e8
[INFO] running `Command { std: "docker" "create" "-v" "/var/lib/crater-agent-workspace/builds/worker-1-tc1/target:/opt/rustwide/target:rw,Z" "-v" "/var/lib/crater-agent-workspace/builds/worker-1-tc1/source:/opt/rustwide/workdir:ro,Z" "-v" "/var/lib/crater-agent-workspace/cargo-home:/opt/rustwide/cargo-home:ro,Z" "-v" "/var/lib/crater-agent-workspace/rustup-home:/opt/rustwide/rustup-home:ro,Z" "-e" "SOURCE_DIR=/opt/rustwide/workdir" "-e" "CARGO_TARGET_DIR=/opt/rustwide/target" "-e" "CARGO_INCREMENTAL=0" "-e" "RUST_BACKTRACE=full" "-e" "RUSTFLAGS=--cap-lints=warn" "-e" "RUSTDOCFLAGS=--cap-lints=warn" "-e" "CARGO_HOME=/opt/rustwide/cargo-home" "-e" "RUSTUP_HOME=/opt/rustwide/rustup-home" "-w" "/opt/rustwide/workdir" "-m" "1610612736" "--user" "0:0" "--network" "none" "ghcr.io/rust-lang/crates-build-env/linux@sha256:5ff2268d62e97bff2cde7d5815dd6ed5b47097566f13b8d0ca110b04b60e07ed" "/opt/rustwide/cargo-home/bin/cargo" "+1.69.0" "build" "--frozen" "--message-format=json", kill_on_drop: false }`
[INFO] [stdout] cd38aa3b410aaf3c08ba6ed860eb22598366ea3f9843c9e395fcf814ff47c008
[INFO] running `Command { std: "docker" "start" "-a" "cd38aa3b410aaf3c08ba6ed860eb22598366ea3f9843c9e395fcf814ff47c008", kill_on_drop: false }`
[INFO] [stderr]    Compiling cfg-if v1.0.0
[INFO] [stderr]    Compiling crc32fast v1.3.2
[INFO] [stderr]    Compiling adler v1.0.2
[INFO] [stderr]    Compiling jobserver v0.1.26
[INFO] [stderr]    Compiling xattr v0.2.3
[INFO] [stderr]    Compiling num_cpus v1.15.0
[INFO] [stderr]    Compiling pkg-config v0.3.26
[INFO] [stderr]    Compiling filetime v0.2.21
[INFO] [stderr]    Compiling miniz_oxide v0.7.1
[INFO] [stderr]    Compiling tar v0.4.38
[INFO] [stderr]    Compiling cc v1.0.79
[INFO] [stderr]    Compiling flate2 v1.0.26
[INFO] [stderr]    Compiling exonum_libsodium-sys v0.0.24
[INFO] [stderr]    Compiling exonum_sodiumoxide v0.0.24 (/opt/rustwide/workdir)
[INFO] [stdout] warning: the type `crypto_auth_hmacsha256_state` does not permit being left uninitialized
[INFO] [stdout]    --> src/crypto/auth/auth_macros.rs:212:25
[INFO] [stdout]     |
[INFO] [stdout] 212 |               let mut s = mem::MaybeUninit::uninit().assume_init();
[INFO] [stdout]     |                           ^^^^^^^^^^^^^^^^^^^^^^^^^^^^^^^^^^^^^^^^
[INFO] [stdout]     |                           |
[INFO] [stdout]     |                           this code causes undefined behavior when executed
[INFO] [stdout]     |                           help: use `MaybeUninit<T>` instead, and only call `assume_init` after initialization is done
[INFO] [stdout]     |
[INFO] [stdout]    ::: src/crypto/auth/hmacsha256.rs:16:1
[INFO] [stdout]     |
[INFO] [stdout] 16  | / auth_state!(
[INFO] [stdout] 17  | |     crypto_auth_hmacsha256_state,
[INFO] [stdout] 18  | |     crypto_auth_hmacsha256_init,
[INFO] [stdout] 19  | |     crypto_auth_hmacsha256_update,
[INFO] [stdout] 20  | |     crypto_auth_hmacsha256_final,
[INFO] [stdout] 21  | |     crypto_auth_hmacsha256_BYTES
[INFO] [stdout] 22  | | );
[INFO] [stdout]     | |_- in this macro invocation
[INFO] [stdout]     |
[INFO] [stdout]     = note: integers must be initialized
[INFO] [stdout]     = note: `#[warn(invalid_value)]` on by default
[INFO] [stdout]     = note: this warning originates in the macro `auth_state` (in Nightly builds, run with -Z macro-backtrace for more info)
[INFO] [stdout] 
[INFO] [stdout] 
[INFO] [stdout] warning: the type `crypto_auth_hmacsha512_state` does not permit being left uninitialized
[INFO] [stdout]    --> src/crypto/auth/auth_macros.rs:212:25
[INFO] [stdout]     |
[INFO] [stdout] 212 |               let mut s = mem::MaybeUninit::uninit().assume_init();
[INFO] [stdout]     |                           ^^^^^^^^^^^^^^^^^^^^^^^^^^^^^^^^^^^^^^^^
[INFO] [stdout]     |                           |
[INFO] [stdout]     |                           this code causes undefined behavior when executed
[INFO] [stdout]     |                           help: use `MaybeUninit<T>` instead, and only call `assume_init` after initialization is done
[INFO] [stdout]     |
[INFO] [stdout]    ::: src/crypto/auth/hmacsha512.rs:16:1
[INFO] [stdout]     |
[INFO] [stdout] 16  | / auth_state!(
[INFO] [stdout] 17  | |     crypto_auth_hmacsha512_state,
[INFO] [stdout] 18  | |     crypto_auth_hmacsha512_init,
[INFO] [stdout] 19  | |     crypto_auth_hmacsha512_update,
[INFO] [stdout] 20  | |     crypto_auth_hmacsha512_final,
[INFO] [stdout] 21  | |     crypto_auth_hmacsha512_BYTES
[INFO] [stdout] 22  | | );
[INFO] [stdout]     | |_- in this macro invocation
[INFO] [stdout]     |
[INFO] [stdout]     = note: integers must be initialized
[INFO] [stdout]     = note: this warning originates in the macro `auth_state` (in Nightly builds, run with -Z macro-backtrace for more info)
[INFO] [stdout] 
[INFO] [stdout] 
[INFO] [stdout] warning: the type `crypto_auth_hmacsha512_state` does not permit being left uninitialized
[INFO] [stdout]    --> src/crypto/auth/auth_macros.rs:212:25
[INFO] [stdout]     |
[INFO] [stdout] 212 |               let mut s = mem::MaybeUninit::uninit().assume_init();
[INFO] [stdout]     |                           ^^^^^^^^^^^^^^^^^^^^^^^^^^^^^^^^^^^^^^^^
[INFO] [stdout]     |                           |
[INFO] [stdout]     |                           this code causes undefined behavior when executed
[INFO] [stdout]     |                           help: use `MaybeUninit<T>` instead, and only call `assume_init` after initialization is done
[INFO] [stdout]     |
[INFO] [stdout]    ::: src/crypto/auth/hmacsha512256.rs:18:1
[INFO] [stdout]     |
[INFO] [stdout] 18  | / auth_state!(
[INFO] [stdout] 19  | |     crypto_auth_hmacsha512256_state,
[INFO] [stdout] 20  | |     crypto_auth_hmacsha512256_init,
[INFO] [stdout] 21  | |     crypto_auth_hmacsha512256_update,
[INFO] [stdout] 22  | |     crypto_auth_hmacsha512256_final,
[INFO] [stdout] 23  | |     crypto_auth_hmacsha512256_BYTES
[INFO] [stdout] 24  | | );
[INFO] [stdout]     | |_- in this macro invocation
[INFO] [stdout]     |
[INFO] [stdout]     = note: integers must be initialized
[INFO] [stdout]     = note: this warning originates in the macro `auth_state` (in Nightly builds, run with -Z macro-backtrace for more info)
[INFO] [stdout] 
[INFO] [stdout] 
[INFO] [stdout] warning: the type `crypto_hash_sha256_state` does not permit being left uninitialized
[INFO] [stdout]   --> src/crypto/hash/hash_macros.rs:48:25
[INFO] [stdout]    |
[INFO] [stdout] 48 |               let mut s = mem::MaybeUninit::uninit().assume_init();
[INFO] [stdout]    |                           ^^^^^^^^^^^^^^^^^^^^^^^^^^^^^^^^^^^^^^^^
[INFO] [stdout]    |                           |
[INFO] [stdout]    |                           this code causes undefined behavior when executed
[INFO] [stdout]    |                           help: use `MaybeUninit<T>` instead, and only call `assume_init` after initialization is done
[INFO] [stdout]    |
[INFO] [stdout]   ::: src/crypto/hash/sha256.rs:13:1
[INFO] [stdout]    |
[INFO] [stdout] 13 | / hash_module!(
[INFO] [stdout] 14 | |     crypto_hash_sha256,
[INFO] [stdout] 15 | |     crypto_hash_sha256_BYTES,
[INFO] [stdout] 16 | |     64,
[INFO] [stdout] ...  |
[INFO] [stdout] 20 | |     crypto_hash_sha256_final
[INFO] [stdout] 21 | | );
[INFO] [stdout]    | |_- in this macro invocation
[INFO] [stdout]    |
[INFO] [stdout]    = note: integers must be initialized
[INFO] [stdout]    = note: this warning originates in the macro `hash_module` (in Nightly builds, run with -Z macro-backtrace for more info)
[INFO] [stdout] 
[INFO] [stdout] 
[INFO] [stdout] warning: the type `crypto_hash_sha512_state` does not permit being left uninitialized
[INFO] [stdout]   --> src/crypto/hash/hash_macros.rs:48:25
[INFO] [stdout]    |
[INFO] [stdout] 48 |               let mut s = mem::MaybeUninit::uninit().assume_init();
[INFO] [stdout]    |                           ^^^^^^^^^^^^^^^^^^^^^^^^^^^^^^^^^^^^^^^^
[INFO] [stdout]    |                           |
[INFO] [stdout]    |                           this code causes undefined behavior when executed
[INFO] [stdout]    |                           help: use `MaybeUninit<T>` instead, and only call `assume_init` after initialization is done
[INFO] [stdout]    |
[INFO] [stdout]   ::: src/crypto/hash/sha512.rs:13:1
[INFO] [stdout]    |
[INFO] [stdout] 13 | / hash_module!(
[INFO] [stdout] 14 | |     crypto_hash_sha512,
[INFO] [stdout] 15 | |     crypto_hash_sha512_BYTES,
[INFO] [stdout] 16 | |     128,
[INFO] [stdout] ...  |
[INFO] [stdout] 20 | |     crypto_hash_sha512_final
[INFO] [stdout] 21 | | );
[INFO] [stdout]    | |_- in this macro invocation
[INFO] [stdout]    |
[INFO] [stdout]    = note: integers must be initialized
[INFO] [stdout]    = note: this warning originates in the macro `hash_module` (in Nightly builds, run with -Z macro-backtrace for more info)
[INFO] [stdout] 
[INFO] [stdout] 
[INFO] [stdout] warning: the type `crypto_sign_ed25519ph_state` does not permit being left uninitialized
[INFO] [stdout]    --> src/crypto/sign/ed25519.rs:211:25
[INFO] [stdout]     |
[INFO] [stdout] 211 |             let mut s = mem::MaybeUninit::uninit().assume_init();
[INFO] [stdout]     |                         ^^^^^^^^^^^^^^^^^^^^^^^^^^^^^^^^^^^^^^^^
[INFO] [stdout]     |                         |
[INFO] [stdout]     |                         this code causes undefined behavior when executed
[INFO] [stdout]     |                         help: use `MaybeUninit<T>` instead, and only call `assume_init` after initialization is done
[INFO] [stdout]     |
[INFO] [stdout]     = note: integers must be initialized
[INFO] [stdout] 
[INFO] [stdout] 
[INFO] [stdout] warning: 6 warnings emitted
[INFO] [stdout] 
[INFO] [stdout] 
[INFO] [stderr]     Finished dev [unoptimized + debuginfo] target(s) in 3.47s
[INFO] running `Command { std: "docker" "inspect" "cd38aa3b410aaf3c08ba6ed860eb22598366ea3f9843c9e395fcf814ff47c008", kill_on_drop: false }`
[INFO] running `Command { std: "docker" "rm" "-f" "cd38aa3b410aaf3c08ba6ed860eb22598366ea3f9843c9e395fcf814ff47c008", kill_on_drop: false }`
[INFO] [stdout] cd38aa3b410aaf3c08ba6ed860eb22598366ea3f9843c9e395fcf814ff47c008
[INFO] running `Command { std: "docker" "create" "-v" "/var/lib/crater-agent-workspace/builds/worker-1-tc1/target:/opt/rustwide/target:rw,Z" "-v" "/var/lib/crater-agent-workspace/builds/worker-1-tc1/source:/opt/rustwide/workdir:ro,Z" "-v" "/var/lib/crater-agent-workspace/cargo-home:/opt/rustwide/cargo-home:ro,Z" "-v" "/var/lib/crater-agent-workspace/rustup-home:/opt/rustwide/rustup-home:ro,Z" "-e" "SOURCE_DIR=/opt/rustwide/workdir" "-e" "CARGO_TARGET_DIR=/opt/rustwide/target" "-e" "CARGO_INCREMENTAL=0" "-e" "RUST_BACKTRACE=full" "-e" "RUSTFLAGS=--cap-lints=warn" "-e" "RUSTDOCFLAGS=--cap-lints=warn" "-e" "CARGO_HOME=/opt/rustwide/cargo-home" "-e" "RUSTUP_HOME=/opt/rustwide/rustup-home" "-w" "/opt/rustwide/workdir" "-m" "1610612736" "--user" "0:0" "--network" "none" "ghcr.io/rust-lang/crates-build-env/linux@sha256:5ff2268d62e97bff2cde7d5815dd6ed5b47097566f13b8d0ca110b04b60e07ed" "/opt/rustwide/cargo-home/bin/cargo" "+1.69.0" "test" "--frozen" "--no-run" "--message-format=json", kill_on_drop: false }`
[INFO] [stdout] 1e9418895b1b1e53e4c7a63f1e7ab8b7614a35e96f3ce75d13a3c01bdc1fefdc
[INFO] running `Command { std: "docker" "start" "-a" "1e9418895b1b1e53e4c7a63f1e7ab8b7614a35e96f3ce75d13a3c01bdc1fefdc", kill_on_drop: false }`
[INFO] [stderr]    Compiling paste v1.0.12
[INFO] [stderr]    Compiling hex v0.4.3
[INFO] [stderr]    Compiling num-traits v0.2.15
[INFO] [stderr]    Compiling serde_json v1.0.96
[INFO] [stdout] warning: the type `crypto_auth_hmacsha256_state` does not permit being left uninitialized
[INFO] [stdout]    --> src/crypto/auth/auth_macros.rs:212:25
[INFO] [stdout]     |
[INFO] [stdout] 212 |               let mut s = mem::MaybeUninit::uninit().assume_init();
[INFO] [stdout]     |                           ^^^^^^^^^^^^^^^^^^^^^^^^^^^^^^^^^^^^^^^^
[INFO] [stdout]     |                           |
[INFO] [stdout]     |                           this code causes undefined behavior when executed
[INFO] [stdout]     |                           help: use `MaybeUninit<T>` instead, and only call `assume_init` after initialization is done
[INFO] [stdout]     |
[INFO] [stdout]    ::: src/crypto/auth/hmacsha256.rs:16:1
[INFO] [stdout]     |
[INFO] [stdout] 16  | / auth_state!(
[INFO] [stdout] 17  | |     crypto_auth_hmacsha256_state,
[INFO] [stdout] 18  | |     crypto_auth_hmacsha256_init,
[INFO] [stdout] 19  | |     crypto_auth_hmacsha256_update,
[INFO] [stdout] 20  | |     crypto_auth_hmacsha256_final,
[INFO] [stdout] 21  | |     crypto_auth_hmacsha256_BYTES
[INFO] [stdout] 22  | | );
[INFO] [stdout]     | |_- in this macro invocation
[INFO] [stdout]     |
[INFO] [stdout]     = note: integers must be initialized
[INFO] [stdout]     = note: `#[warn(invalid_value)]` on by default
[INFO] [stdout]     = note: this warning originates in the macro `auth_state` (in Nightly builds, run with -Z macro-backtrace for more info)
[INFO] [stdout] 
[INFO] [stdout] 
[INFO] [stdout] warning: the type `crypto_auth_hmacsha512_state` does not permit being left uninitialized
[INFO] [stdout]    --> src/crypto/auth/auth_macros.rs:212:25
[INFO] [stdout]     |
[INFO] [stdout] 212 |               let mut s = mem::MaybeUninit::uninit().assume_init();
[INFO] [stdout]     |                           ^^^^^^^^^^^^^^^^^^^^^^^^^^^^^^^^^^^^^^^^
[INFO] [stdout]     |                           |
[INFO] [stdout]     |                           this code causes undefined behavior when executed
[INFO] [stdout]     |                           help: use `MaybeUninit<T>` instead, and only call `assume_init` after initialization is done
[INFO] [stdout]     |
[INFO] [stdout]    ::: src/crypto/auth/hmacsha512.rs:16:1
[INFO] [stdout]     |
[INFO] [stdout] 16  | / auth_state!(
[INFO] [stdout] 17  | |     crypto_auth_hmacsha512_state,
[INFO] [stdout] 18  | |     crypto_auth_hmacsha512_init,
[INFO] [stdout] 19  | |     crypto_auth_hmacsha512_update,
[INFO] [stdout] 20  | |     crypto_auth_hmacsha512_final,
[INFO] [stdout] 21  | |     crypto_auth_hmacsha512_BYTES
[INFO] [stdout] 22  | | );
[INFO] [stdout]     | |_- in this macro invocation
[INFO] [stdout]     |
[INFO] [stdout]     = note: integers must be initialized
[INFO] [stdout]     = note: this warning originates in the macro `auth_state` (in Nightly builds, run with -Z macro-backtrace for more info)
[INFO] [stdout] 
[INFO] [stdout] 
[INFO] [stdout] warning: the type `crypto_auth_hmacsha512_state` does not permit being left uninitialized
[INFO] [stdout]    --> src/crypto/auth/auth_macros.rs:212:25
[INFO] [stdout]     |
[INFO] [stdout] 212 |               let mut s = mem::MaybeUninit::uninit().assume_init();
[INFO] [stdout]     |                           ^^^^^^^^^^^^^^^^^^^^^^^^^^^^^^^^^^^^^^^^
[INFO] [stdout]     |                           |
[INFO] [stdout]     |                           this code causes undefined behavior when executed
[INFO] [stdout]     |                           help: use `MaybeUninit<T>` instead, and only call `assume_init` after initialization is done
[INFO] [stdout]     |
[INFO] [stdout]    ::: src/crypto/auth/hmacsha512256.rs:18:1
[INFO] [stdout]     |
[INFO] [stdout] 18  | / auth_state!(
[INFO] [stdout] 19  | |     crypto_auth_hmacsha512256_state,
[INFO] [stdout] 20  | |     crypto_auth_hmacsha512256_init,
[INFO] [stdout] 21  | |     crypto_auth_hmacsha512256_update,
[INFO] [stdout] 22  | |     crypto_auth_hmacsha512256_final,
[INFO] [stdout] 23  | |     crypto_auth_hmacsha512256_BYTES
[INFO] [stdout] 24  | | );
[INFO] [stdout]     | |_- in this macro invocation
[INFO] [stdout]     |
[INFO] [stdout]     = note: integers must be initialized
[INFO] [stdout]     = note: this warning originates in the macro `auth_state` (in Nightly builds, run with -Z macro-backtrace for more info)
[INFO] [stdout] 
[INFO] [stdout] 
[INFO] [stdout] warning: the type `crypto_hash_sha256_state` does not permit being left uninitialized
[INFO] [stdout]   --> src/crypto/hash/hash_macros.rs:48:25
[INFO] [stdout]    |
[INFO] [stdout] 48 |               let mut s = mem::MaybeUninit::uninit().assume_init();
[INFO] [stdout]    |                           ^^^^^^^^^^^^^^^^^^^^^^^^^^^^^^^^^^^^^^^^
[INFO] [stdout]    |                           |
[INFO] [stdout]    |                           this code causes undefined behavior when executed
[INFO] [stdout]    |                           help: use `MaybeUninit<T>` instead, and only call `assume_init` after initialization is done
[INFO] [stdout]    |
[INFO] [stdout]   ::: src/crypto/hash/sha256.rs:13:1
[INFO] [stdout]    |
[INFO] [stdout] 13 | / hash_module!(
[INFO] [stdout] 14 | |     crypto_hash_sha256,
[INFO] [stdout] 15 | |     crypto_hash_sha256_BYTES,
[INFO] [stdout] 16 | |     64,
[INFO] [stdout] ...  |
[INFO] [stdout] 20 | |     crypto_hash_sha256_final
[INFO] [stdout] 21 | | );
[INFO] [stdout]    | |_- in this macro invocation
[INFO] [stdout]    |
[INFO] [stdout]    = note: integers must be initialized
[INFO] [stdout]    = note: this warning originates in the macro `hash_module` (in Nightly builds, run with -Z macro-backtrace for more info)
[INFO] [stdout] 
[INFO] [stdout] 
[INFO] [stdout] warning: the type `crypto_hash_sha512_state` does not permit being left uninitialized
[INFO] [stdout]   --> src/crypto/hash/hash_macros.rs:48:25
[INFO] [stdout]    |
[INFO] [stdout] 48 |               let mut s = mem::MaybeUninit::uninit().assume_init();
[INFO] [stdout]    |                           ^^^^^^^^^^^^^^^^^^^^^^^^^^^^^^^^^^^^^^^^
[INFO] [stdout]    |                           |
[INFO] [stdout]    |                           this code causes undefined behavior when executed
[INFO] [stdout]    |                           help: use `MaybeUninit<T>` instead, and only call `assume_init` after initialization is done
[INFO] [stdout]    |
[INFO] [stdout]   ::: src/crypto/hash/sha512.rs:13:1
[INFO] [stdout]    |
[INFO] [stdout] 13 | / hash_module!(
[INFO] [stdout] 14 | |     crypto_hash_sha512,
[INFO] [stdout] 15 | |     crypto_hash_sha512_BYTES,
[INFO] [stdout] 16 | |     128,
[INFO] [stdout] ...  |
[INFO] [stdout] 20 | |     crypto_hash_sha512_final
[INFO] [stdout] 21 | | );
[INFO] [stdout]    | |_- in this macro invocation
[INFO] [stdout]    |
[INFO] [stdout]    = note: integers must be initialized
[INFO] [stdout]    = note: this warning originates in the macro `hash_module` (in Nightly builds, run with -Z macro-backtrace for more info)
[INFO] [stdout] 
[INFO] [stdout] 
[INFO] [stdout] warning: the type `crypto_sign_ed25519ph_state` does not permit being left uninitialized
[INFO] [stdout]    --> src/crypto/sign/ed25519.rs:211:25
[INFO] [stdout]     |
[INFO] [stdout] 211 |             let mut s = mem::MaybeUninit::uninit().assume_init();
[INFO] [stdout]     |                         ^^^^^^^^^^^^^^^^^^^^^^^^^^^^^^^^^^^^^^^^
[INFO] [stdout]     |                         |
[INFO] [stdout]     |                         this code causes undefined behavior when executed
[INFO] [stdout]     |                         help: use `MaybeUninit<T>` instead, and only call `assume_init` after initialization is done
[INFO] [stdout]     |
[INFO] [stdout]     = note: integers must be initialized
[INFO] [stdout] 
[INFO] [stdout] 
[INFO] [stdout] warning: 6 warnings emitted
[INFO] [stdout] 
[INFO] [stdout] 
[INFO] [stderr]    Compiling rmp v0.8.11
[INFO] [stderr]    Compiling rmp-serde v0.13.7
[INFO] [stderr]    Compiling exonum_sodiumoxide v0.0.24 (/opt/rustwide/workdir)
[INFO] [stdout] warning: the type `crypto_auth_hmacsha256_state` does not permit being left uninitialized
[INFO] [stdout]    --> src/crypto/auth/auth_macros.rs:212:25
[INFO] [stdout]     |
[INFO] [stdout] 212 |               let mut s = mem::MaybeUninit::uninit().assume_init();
[INFO] [stdout]     |                           ^^^^^^^^^^^^^^^^^^^^^^^^^^^^^^^^^^^^^^^^
[INFO] [stdout]     |                           |
[INFO] [stdout]     |                           this code causes undefined behavior when executed
[INFO] [stdout]     |                           help: use `MaybeUninit<T>` instead, and only call `assume_init` after initialization is done
[INFO] [stdout]     |
[INFO] [stdout]    ::: src/crypto/auth/hmacsha256.rs:16:1
[INFO] [stdout]     |
[INFO] [stdout] 16  | / auth_state!(
[INFO] [stdout] 17  | |     crypto_auth_hmacsha256_state,
[INFO] [stdout] 18  | |     crypto_auth_hmacsha256_init,
[INFO] [stdout] 19  | |     crypto_auth_hmacsha256_update,
[INFO] [stdout] 20  | |     crypto_auth_hmacsha256_final,
[INFO] [stdout] 21  | |     crypto_auth_hmacsha256_BYTES
[INFO] [stdout] 22  | | );
[INFO] [stdout]     | |_- in this macro invocation
[INFO] [stdout]     |
[INFO] [stdout]     = note: integers must be initialized
[INFO] [stdout]     = note: `#[warn(invalid_value)]` on by default
[INFO] [stdout]     = note: this warning originates in the macro `auth_state` (in Nightly builds, run with -Z macro-backtrace for more info)
[INFO] [stdout] 
[INFO] [stdout] 
[INFO] [stdout] warning: the type `crypto_auth_hmacsha512_state` does not permit being left uninitialized
[INFO] [stdout]    --> src/crypto/auth/auth_macros.rs:212:25
[INFO] [stdout]     |
[INFO] [stdout] 212 |               let mut s = mem::MaybeUninit::uninit().assume_init();
[INFO] [stdout]     |                           ^^^^^^^^^^^^^^^^^^^^^^^^^^^^^^^^^^^^^^^^
[INFO] [stdout]     |                           |
[INFO] [stdout]     |                           this code causes undefined behavior when executed
[INFO] [stdout]     |                           help: use `MaybeUninit<T>` instead, and only call `assume_init` after initialization is done
[INFO] [stdout]     |
[INFO] [stdout]    ::: src/crypto/auth/hmacsha512.rs:16:1
[INFO] [stdout]     |
[INFO] [stdout] 16  | / auth_state!(
[INFO] [stdout] 17  | |     crypto_auth_hmacsha512_state,
[INFO] [stdout] 18  | |     crypto_auth_hmacsha512_init,
[INFO] [stdout] 19  | |     crypto_auth_hmacsha512_update,
[INFO] [stdout] 20  | |     crypto_auth_hmacsha512_final,
[INFO] [stdout] 21  | |     crypto_auth_hmacsha512_BYTES
[INFO] [stdout] 22  | | );
[INFO] [stdout]     | |_- in this macro invocation
[INFO] [stdout]     |
[INFO] [stdout]     = note: integers must be initialized
[INFO] [stdout]     = note: this warning originates in the macro `auth_state` (in Nightly builds, run with -Z macro-backtrace for more info)
[INFO] [stdout] 
[INFO] [stdout] 
[INFO] [stdout] warning: the type `crypto_auth_hmacsha512_state` does not permit being left uninitialized
[INFO] [stdout]    --> src/crypto/auth/auth_macros.rs:212:25
[INFO] [stdout]     |
[INFO] [stdout] 212 |               let mut s = mem::MaybeUninit::uninit().assume_init();
[INFO] [stdout]     |                           ^^^^^^^^^^^^^^^^^^^^^^^^^^^^^^^^^^^^^^^^
[INFO] [stdout]     |                           |
[INFO] [stdout]     |                           this code causes undefined behavior when executed
[INFO] [stdout]     |                           help: use `MaybeUninit<T>` instead, and only call `assume_init` after initialization is done
[INFO] [stdout]     |
[INFO] [stdout]    ::: src/crypto/auth/hmacsha512256.rs:18:1
[INFO] [stdout]     |
[INFO] [stdout] 18  | / auth_state!(
[INFO] [stdout] 19  | |     crypto_auth_hmacsha512256_state,
[INFO] [stdout] 20  | |     crypto_auth_hmacsha512256_init,
[INFO] [stdout] 21  | |     crypto_auth_hmacsha512256_update,
[INFO] [stdout] 22  | |     crypto_auth_hmacsha512256_final,
[INFO] [stdout] 23  | |     crypto_auth_hmacsha512256_BYTES
[INFO] [stdout] 24  | | );
[INFO] [stdout]     | |_- in this macro invocation
[INFO] [stdout]     |
[INFO] [stdout]     = note: integers must be initialized
[INFO] [stdout]     = note: this warning originates in the macro `auth_state` (in Nightly builds, run with -Z macro-backtrace for more info)
[INFO] [stdout] 
[INFO] [stdout] 
[INFO] [stdout] warning: the type `crypto_hash_sha256_state` does not permit being left uninitialized
[INFO] [stdout]   --> src/crypto/hash/hash_macros.rs:48:25
[INFO] [stdout]    |
[INFO] [stdout] 48 |               let mut s = mem::MaybeUninit::uninit().assume_init();
[INFO] [stdout]    |                           ^^^^^^^^^^^^^^^^^^^^^^^^^^^^^^^^^^^^^^^^
[INFO] [stdout]    |                           |
[INFO] [stdout]    |                           this code causes undefined behavior when executed
[INFO] [stdout]    |                           help: use `MaybeUninit<T>` instead, and only call `assume_init` after initialization is done
[INFO] [stdout]    |
[INFO] [stdout]   ::: src/crypto/hash/sha256.rs:13:1
[INFO] [stdout]    |
[INFO] [stdout] 13 | / hash_module!(
[INFO] [stdout] 14 | |     crypto_hash_sha256,
[INFO] [stdout] 15 | |     crypto_hash_sha256_BYTES,
[INFO] [stdout] 16 | |     64,
[INFO] [stdout] ...  |
[INFO] [stdout] 20 | |     crypto_hash_sha256_final
[INFO] [stdout] 21 | | );
[INFO] [stdout]    | |_- in this macro invocation
[INFO] [stdout]    |
[INFO] [stdout]    = note: integers must be initialized
[INFO] [stdout]    = note: this warning originates in the macro `hash_module` (in Nightly builds, run with -Z macro-backtrace for more info)
[INFO] [stdout] 
[INFO] [stdout] 
[INFO] [stdout] warning: the type `crypto_hash_sha512_state` does not permit being left uninitialized
[INFO] [stdout]   --> src/crypto/hash/hash_macros.rs:48:25
[INFO] [stdout]    |
[INFO] [stdout] 48 |               let mut s = mem::MaybeUninit::uninit().assume_init();
[INFO] [stdout]    |                           ^^^^^^^^^^^^^^^^^^^^^^^^^^^^^^^^^^^^^^^^
[INFO] [stdout]    |                           |
[INFO] [stdout]    |                           this code causes undefined behavior when executed
[INFO] [stdout]    |                           help: use `MaybeUninit<T>` instead, and only call `assume_init` after initialization is done
[INFO] [stdout]    |
[INFO] [stdout]   ::: src/crypto/hash/sha512.rs:13:1
[INFO] [stdout]    |
[INFO] [stdout] 13 | / hash_module!(
[INFO] [stdout] 14 | |     crypto_hash_sha512,
[INFO] [stdout] 15 | |     crypto_hash_sha512_BYTES,
[INFO] [stdout] 16 | |     128,
[INFO] [stdout] ...  |
[INFO] [stdout] 20 | |     crypto_hash_sha512_final
[INFO] [stdout] 21 | | );
[INFO] [stdout]    | |_- in this macro invocation
[INFO] [stdout]    |
[INFO] [stdout]    = note: integers must be initialized
[INFO] [stdout]    = note: this warning originates in the macro `hash_module` (in Nightly builds, run with -Z macro-backtrace for more info)
[INFO] [stdout] 
[INFO] [stdout] 
[INFO] [stdout] warning: the type `crypto_sign_ed25519ph_state` does not permit being left uninitialized
[INFO] [stdout]    --> src/crypto/sign/ed25519.rs:211:25
[INFO] [stdout]     |
[INFO] [stdout] 211 |             let mut s = mem::MaybeUninit::uninit().assume_init();
[INFO] [stdout]     |                         ^^^^^^^^^^^^^^^^^^^^^^^^^^^^^^^^^^^^^^^^
[INFO] [stdout]     |                         |
[INFO] [stdout]     |                         this code causes undefined behavior when executed
[INFO] [stdout]     |                         help: use `MaybeUninit<T>` instead, and only call `assume_init` after initialization is done
[INFO] [stdout]     |
[INFO] [stdout]     = note: integers must be initialized
[INFO] [stdout] 
[INFO] [stdout] 
[INFO] [stdout] warning: 6 warnings emitted
[INFO] [stdout] 
[INFO] [stdout] 
[INFO] [stderr]     Finished test [unoptimized + debuginfo] target(s) in 4.18s
[INFO] running `Command { std: "docker" "inspect" "1e9418895b1b1e53e4c7a63f1e7ab8b7614a35e96f3ce75d13a3c01bdc1fefdc", kill_on_drop: false }`
[INFO] running `Command { std: "docker" "rm" "-f" "1e9418895b1b1e53e4c7a63f1e7ab8b7614a35e96f3ce75d13a3c01bdc1fefdc", kill_on_drop: false }`
[INFO] [stdout] 1e9418895b1b1e53e4c7a63f1e7ab8b7614a35e96f3ce75d13a3c01bdc1fefdc
[INFO] running `Command { std: "docker" "create" "-v" "/var/lib/crater-agent-workspace/builds/worker-1-tc1/target:/opt/rustwide/target:rw,Z" "-v" "/var/lib/crater-agent-workspace/builds/worker-1-tc1/source:/opt/rustwide/workdir:ro,Z" "-v" "/var/lib/crater-agent-workspace/cargo-home:/opt/rustwide/cargo-home:ro,Z" "-v" "/var/lib/crater-agent-workspace/rustup-home:/opt/rustwide/rustup-home:ro,Z" "-e" "SOURCE_DIR=/opt/rustwide/workdir" "-e" "CARGO_TARGET_DIR=/opt/rustwide/target" "-e" "CARGO_INCREMENTAL=0" "-e" "RUST_BACKTRACE=full" "-e" "RUSTFLAGS=--cap-lints=warn" "-e" "RUSTDOCFLAGS=--cap-lints=warn" "-e" "CARGO_HOME=/opt/rustwide/cargo-home" "-e" "RUSTUP_HOME=/opt/rustwide/rustup-home" "-w" "/opt/rustwide/workdir" "-m" "1610612736" "--user" "0:0" "--network" "none" "ghcr.io/rust-lang/crates-build-env/linux@sha256:5ff2268d62e97bff2cde7d5815dd6ed5b47097566f13b8d0ca110b04b60e07ed" "/opt/rustwide/cargo-home/bin/cargo" "+1.69.0" "test" "--frozen", kill_on_drop: false }`
[INFO] [stdout] d843149eed842d187d2d766402f8c7747079dc6888092b1ed2ff35bd617599a6
[INFO] running `Command { std: "docker" "start" "-a" "d843149eed842d187d2d766402f8c7747079dc6888092b1ed2ff35bd617599a6", kill_on_drop: false }`
[INFO] [stderr] warning: the type `crypto_auth_hmacsha256_state` does not permit being left uninitialized
[INFO] [stderr]    --> src/crypto/auth/auth_macros.rs:212:25
[INFO] [stderr]     |
[INFO] [stderr] 212 |               let mut s = mem::MaybeUninit::uninit().assume_init();
[INFO] [stderr]     |                           ^^^^^^^^^^^^^^^^^^^^^^^^^^^^^^^^^^^^^^^^
[INFO] [stderr]     |                           |
[INFO] [stderr]     |                           this code causes undefined behavior when executed
[INFO] [stderr]     |                           help: use `MaybeUninit<T>` instead, and only call `assume_init` after initialization is done
[INFO] [stderr]     |
[INFO] [stderr]    ::: src/crypto/auth/hmacsha256.rs:16:1
[INFO] [stderr]     |
[INFO] [stderr] 16  | / auth_state!(
[INFO] [stderr] 17  | |     crypto_auth_hmacsha256_state,
[INFO] [stderr] 18  | |     crypto_auth_hmacsha256_init,
[INFO] [stderr] 19  | |     crypto_auth_hmacsha256_update,
[INFO] [stderr] 20  | |     crypto_auth_hmacsha256_final,
[INFO] [stderr] 21  | |     crypto_auth_hmacsha256_BYTES
[INFO] [stderr] 22  | | );
[INFO] [stderr]     | |_- in this macro invocation
[INFO] [stderr]     |
[INFO] [stderr]     = note: integers must be initialized
[INFO] [stderr]     = note: `#[warn(invalid_value)]` on by default
[INFO] [stderr]     = note: this warning originates in the macro `auth_state` (in Nightly builds, run with -Z macro-backtrace for more info)
[INFO] [stderr] 
[INFO] [stderr] warning: the type `crypto_auth_hmacsha512_state` does not permit being left uninitialized
[INFO] [stderr]    --> src/crypto/auth/auth_macros.rs:212:25
[INFO] [stderr]     |
[INFO] [stderr] 212 |               let mut s = mem::MaybeUninit::uninit().assume_init();
[INFO] [stderr]     |                           ^^^^^^^^^^^^^^^^^^^^^^^^^^^^^^^^^^^^^^^^
[INFO] [stderr]     |                           |
[INFO] [stderr]     |                           this code causes undefined behavior when executed
[INFO] [stderr]     |                           help: use `MaybeUninit<T>` instead, and only call `assume_init` after initialization is done
[INFO] [stderr]     |
[INFO] [stderr]    ::: src/crypto/auth/hmacsha512.rs:16:1
[INFO] [stderr]     |
[INFO] [stderr] 16  | / auth_state!(
[INFO] [stderr] 17  | |     crypto_auth_hmacsha512_state,
[INFO] [stderr] 18  | |     crypto_auth_hmacsha512_init,
[INFO] [stderr] 19  | |     crypto_auth_hmacsha512_update,
[INFO] [stderr] 20  | |     crypto_auth_hmacsha512_final,
[INFO] [stderr] 21  | |     crypto_auth_hmacsha512_BYTES
[INFO] [stderr] 22  | | );
[INFO] [stderr]     | |_- in this macro invocation
[INFO] [stderr]     |
[INFO] [stderr]     = note: integers must be initialized
[INFO] [stderr]     = note: this warning originates in the macro `auth_state` (in Nightly builds, run with -Z macro-backtrace for more info)
[INFO] [stderr] 
[INFO] [stderr] warning: the type `crypto_auth_hmacsha512_state` does not permit being left uninitialized
[INFO] [stderr]    --> src/crypto/auth/auth_macros.rs:212:25
[INFO] [stderr]     |
[INFO] [stderr] 212 |               let mut s = mem::MaybeUninit::uninit().assume_init();
[INFO] [stderr]     |                           ^^^^^^^^^^^^^^^^^^^^^^^^^^^^^^^^^^^^^^^^
[INFO] [stderr]     |                           |
[INFO] [stderr]     |                           this code causes undefined behavior when executed
[INFO] [stderr]     |                           help: use `MaybeUninit<T>` instead, and only call `assume_init` after initialization is done
[INFO] [stderr]     |
[INFO] [stderr]    ::: src/crypto/auth/hmacsha512256.rs:18:1
[INFO] [stderr]     |
[INFO] [stderr] 18  | / auth_state!(
[INFO] [stderr] 19  | |     crypto_auth_hmacsha512256_state,
[INFO] [stderr] 20  | |     crypto_auth_hmacsha512256_init,
[INFO] [stderr] 21  | |     crypto_auth_hmacsha512256_update,
[INFO] [stderr] 22  | |     crypto_auth_hmacsha512256_final,
[INFO] [stderr] 23  | |     crypto_auth_hmacsha512256_BYTES
[INFO] [stderr] 24  | | );
[INFO] [stderr]     | |_- in this macro invocation
[INFO] [stderr]     |
[INFO] [stderr]     = note: integers must be initialized
[INFO] [stderr]     = note: this warning originates in the macro `auth_state` (in Nightly builds, run with -Z macro-backtrace for more info)
[INFO] [stderr] 
[INFO] [stderr] warning: the type `crypto_hash_sha256_state` does not permit being left uninitialized
[INFO] [stderr]   --> src/crypto/hash/hash_macros.rs:48:25
[INFO] [stderr]    |
[INFO] [stderr] 48 |               let mut s = mem::MaybeUninit::uninit().assume_init();
[INFO] [stderr]    |                           ^^^^^^^^^^^^^^^^^^^^^^^^^^^^^^^^^^^^^^^^
[INFO] [stderr]    |                           |
[INFO] [stderr]    |                           this code causes undefined behavior when executed
[INFO] [stderr]    |                           help: use `MaybeUninit<T>` instead, and only call `assume_init` after initialization is done
[INFO] [stderr]    |
[INFO] [stderr]   ::: src/crypto/hash/sha256.rs:13:1
[INFO] [stderr]    |
[INFO] [stderr] 13 | / hash_module!(
[INFO] [stderr] 14 | |     crypto_hash_sha256,
[INFO] [stderr] 15 | |     crypto_hash_sha256_BYTES,
[INFO] [stderr] 16 | |     64,
[INFO] [stderr] ...  |
[INFO] [stderr] 20 | |     crypto_hash_sha256_final
[INFO] [stderr] 21 | | );
[INFO] [stderr]    | |_- in this macro invocation
[INFO] [stderr]    |
[INFO] [stderr]    = note: integers must be initialized
[INFO] [stderr]    = note: this warning originates in the macro `hash_module` (in Nightly builds, run with -Z macro-backtrace for more info)
[INFO] [stderr] 
[INFO] [stderr] warning: the type `crypto_hash_sha512_state` does not permit being left uninitialized
[INFO] [stderr]   --> src/crypto/hash/hash_macros.rs:48:25
[INFO] [stderr]    |
[INFO] [stderr] 48 |               let mut s = mem::MaybeUninit::uninit().assume_init();
[INFO] [stderr]    |                           ^^^^^^^^^^^^^^^^^^^^^^^^^^^^^^^^^^^^^^^^
[INFO] [stderr]    |                           |
[INFO] [stderr]    |                           this code causes undefined behavior when executed
[INFO] [stderr]    |                           help: use `MaybeUninit<T>` instead, and only call `assume_init` after initialization is done
[INFO] [stderr]    |
[INFO] [stderr]   ::: src/crypto/hash/sha512.rs:13:1
[INFO] [stderr]    |
[INFO] [stderr] 13 | / hash_module!(
[INFO] [stderr] 14 | |     crypto_hash_sha512,
[INFO] [stderr] 15 | |     crypto_hash_sha512_BYTES,
[INFO] [stderr] 16 | |     128,
[INFO] [stderr] ...  |
[INFO] [stderr] 20 | |     crypto_hash_sha512_final
[INFO] [stderr] 21 | | );
[INFO] [stderr]    | |_- in this macro invocation
[INFO] [stderr]    |
[INFO] [stderr]    = note: integers must be initialized
[INFO] [stderr]    = note: this warning originates in the macro `hash_module` (in Nightly builds, run with -Z macro-backtrace for more info)
[INFO] [stderr] 
[INFO] [stderr] warning: the type `crypto_sign_ed25519ph_state` does not permit being left uninitialized
[INFO] [stderr]    --> src/crypto/sign/ed25519.rs:211:25
[INFO] [stderr]     |
[INFO] [stderr] 211 |             let mut s = mem::MaybeUninit::uninit().assume_init();
[INFO] [stderr]     |                         ^^^^^^^^^^^^^^^^^^^^^^^^^^^^^^^^^^^^^^^^
[INFO] [stderr]     |                         |
[INFO] [stderr]     |                         this code causes undefined behavior when executed
[INFO] [stderr]     |                         help: use `MaybeUninit<T>` instead, and only call `assume_init` after initialization is done
[INFO] [stderr]     |
[INFO] [stderr]     = note: integers must be initialized
[INFO] [stderr] 
[INFO] [stderr] warning: `exonum_sodiumoxide` (lib) generated 6 warnings
[INFO] [stderr] warning: `exonum_sodiumoxide` (lib test) generated 6 warnings (6 duplicates)
[INFO] [stderr]     Finished test [unoptimized + debuginfo] target(s) in 0.03s
[INFO] [stderr]      Running unittests src/lib.rs (/opt/rustwide/target/debug/deps/exonum_sodiumoxide-2008fda3d52396cb)
[INFO] [stdout] 
[INFO] [stdout] running 137 tests
[INFO] [stdout] test crypto::aead::chacha20poly1305::test::test_vector_1 ... ok
[INFO] [stdout] test crypto::aead::chacha20poly1305_ietf::test::test_vector_1 ... ok
[INFO] [stdout] test crypto::auth::hmacsha256::test::test_vector_state_1 ... ok
[INFO] [stdout] test crypto::auth::hmacsha256::test::test_vector_1 ... ok
[INFO] [stdout] test crypto::aead::chacha20poly1305::test_m::test_seal_open_detached_tamper ... ok
[INFO] [stdout] test crypto::aead::chacha20poly1305::test_m::test_seal_open_tamper ... ok
[INFO] [stdout] test crypto::aead::chacha20poly1305_ietf::test_m::test_seal_open_detached_tamper ... ok
[INFO] [stdout] test crypto::aead::chacha20poly1305_ietf::test_m::test_seal_open_tamper ... ok
[INFO] [stdout] test crypto::auth::hmacsha512256::test::test_vector_1 ... ok
[INFO] [stdout] test crypto::auth::hmacsha512256::test::test_vector_state_1 ... ok
[INFO] [stdout] test crypto::auth::hmacsha256::test_m::test_auth_verify ... ok
[INFO] [stdout] test crypto::aead::chacha20poly1305::test_m::test_seal_open ... ok
[INFO] [stdout] test crypto::aead::chacha20poly1305::test_m::test_seal_open_detached ... ok
[INFO] [stdout] test crypto::auth::hmacsha256::test_m::test_auth_verify_tamper ... ok
[INFO] [stdout] test crypto::auth::hmacsha512::test::test_vector_1 ... ok
[INFO] [stdout] test crypto::aead::chacha20poly1305_ietf::test_m::test_seal_open_detached ... ok
[INFO] [stdout] test crypto::auth::hmacsha512::test::test_vector_state_1 ... ok
[INFO] [stdout] test crypto::auth::hmacsha256::test_s::test_auth_eq_auth_state ... ok
[INFO] [stdout] test crypto::aead::chacha20poly1305::test_m::test_seal_open_detached_same ... ok
[INFO] [stdout] test crypto::aead::chacha20poly1305_ietf::test_m::test_seal_open ... ok
[INFO] [stdout] test crypto::auth::hmacsha512256::test_m::test_auth_verify ... ok
[INFO] [stdout] test crypto::auth::hmacsha512256::test_m::test_auth_verify_tamper ... ok
[INFO] [stdout] test crypto::box_::curve25519xsalsa20poly1305::test::test_open_detached_failure_does_not_modify ... ok
[INFO] [stdout] test crypto::aead::chacha20poly1305_ietf::test_m::test_seal_open_detached_same ... ok
[INFO] [stdout] test crypto::box_::curve25519xsalsa20poly1305::test::test_open_detached_precomputed_failure_does_not_modify ... ok
[INFO] [stdout] test crypto::auth::hmacsha256::test_s::test_auth_eq_auth_state_chunked ... ok
[INFO] [stdout] test crypto::auth::hmacsha512256::test_s::test_auth_eq_auth_state_chunked ... ok
[INFO] [stdout] test crypto::auth::hmacsha512::test_m::test_auth_verify ... ok
[INFO] [stdout] test crypto::auth::hmacsha512256::test_s::test_auth_eq_auth_state ... ok
[INFO] [stdout] test crypto::auth::hmacsha512::test_s::test_auth_eq_auth_state ... ok
[INFO] [stdout] test crypto::auth::hmacsha512::test_s::test_auth_eq_auth_state_chunked ... ok
[INFO] [stdout] test crypto::auth::hmacsha512::test_m::test_auth_verify_tamper ... ok
[INFO] [stdout] test crypto::auth::hmacsha256::test_m::test_serialisation ... ok
[INFO] [stdout] test crypto::box_::curve25519xsalsa20poly1305::test::test_vector_1 ... ok
[INFO] [stdout] test crypto::box_::curve25519xsalsa20poly1305::test::test_vector_2 ... ok
[INFO] [stdout] test crypto::box_::curve25519xsalsa20poly1305::test::test_seal_open_detached_precomputed_tamper ... ok
[INFO] [stdout] test crypto::hash::sha256::test::test_vector_1 ... ok
[INFO] [stdout] test crypto::box_::curve25519xsalsa20poly1305::test::test_seal_open_precomputed_tamper ... ok
[INFO] [stdout] test crypto::hash::sha256::test::test_streaming_hashing ... ok
[INFO] [stdout] test crypto::auth::hmacsha512256::test_m::test_serialisation ... ok
[INFO] [stdout] test crypto::hash::sha256::test::test_vectors_nist_long ... ok
[INFO] [stdout] test crypto::hash::sha256::test_encode::test_serialisation ... ok
[INFO] [stdout] test crypto::hash::sha512::test::test_vector_1 ... ok
[INFO] [stdout] test crypto::hash::sha256::test::test_vector_2 ... ok
[INFO] [stdout] test crypto::hash::sha512::test::test_vectors_nist_long ... ok
[INFO] [stdout] test crypto::hash::sha512::test::test_vectors_nist_short ... ok
[INFO] [stdout] test crypto::hash::sha512::test_encode::test_serialisation ... ok
[INFO] [stdout] test crypto::kx::x25519blake2b::test::test_kx_non_acceptable_keys ... ok
[INFO] [stdout] test crypto::kx::x25519blake2b::test::test_vectors ... ok
[INFO] [stdout] test crypto::kx::x25519blake2b::test::test_kx ... ok
[INFO] [stdout] test crypto::auth::hmacsha512::test_m::test_serialisation ... ok
[INFO] [stdout] test crypto::onetimeauth::poly1305::test::test_vector_1 ... ok
[INFO] [stdout] test crypto::onetimeauth::poly1305::test_m::test_auth_verify_tamper ... ok
[INFO] [stdout] test crypto::hash::sha512::test::test_streaming_hashing ... ok
[INFO] [stdout] test crypto::onetimeauth::poly1305::test_m::test_auth_verify ... ok
[INFO] [stdout] test crypto::onetimeauth::poly1305::test_m::test_serialisation ... ok
[INFO] [stdout] test crypto::hash::sha256::test::test_vectors_nist_short ... ok
[INFO] [stdout] test crypto::box_::curve25519xsalsa20poly1305::test::test_serialisation ... ok
[INFO] [stdout] test crypto::scalarmult::curve25519::test::test_vector_1 ... ok
[INFO] [stdout] test crypto::scalarmult::curve25519::test::test_vector_2 ... ok
[INFO] [stdout] test crypto::box_::curve25519xsalsa20poly1305::test::test_seal_combined_then_open_detached_precomputed ... ok
[INFO] [stdout] test crypto::scalarmult::curve25519::test::test_vector_4 ... ok
[INFO] [stdout] test crypto::scalarmult::curve25519::test::test_vector_3 ... ok
[INFO] [stdout] test crypto::scalarmult::curve25519::test::test_all_zero - should panic ... ok
[INFO] [stdout] test crypto::secretbox::xsalsa20poly1305::test::test_open_detached_failure_does_not_modify ... ok
[INFO] [stdout] test crypto::box_::curve25519xsalsa20poly1305::test::test_seal_combined_then_open_detached ... ok
[INFO] [stdout] test crypto::secretbox::xsalsa20poly1305::test::test_seal_combined_then_open_detached ... ok
[INFO] [stdout] test crypto::box_::curve25519xsalsa20poly1305::test::test_seal_detached_then_open_combined ... ok
[INFO] [stdout] test crypto::box_::curve25519xsalsa20poly1305::test::test_seal_open ... ok
[INFO] [stdout] test crypto::secretbox::xsalsa20poly1305::test::test_seal_detached_then_open_combined ... ok
[INFO] [stdout] test crypto::secretbox::xsalsa20poly1305::test::test_seal_open_tamper ... ok
[INFO] [stdout] test crypto::secretbox::xsalsa20poly1305::test::test_seal_open_detached ... ok
[INFO] [stdout] test crypto::box_::curve25519xsalsa20poly1305::test::test_seal_open_detached ... ok
[INFO] [stdout] test crypto::secretbox::xsalsa20poly1305::test::test_vector_1 ... ok
[INFO] [stdout] test crypto::secretbox::xsalsa20poly1305::test::test_seal_open ... ok
[INFO] [stdout] test crypto::secretbox::xsalsa20poly1305::test::test_seal_open_detached_tamper ... ok
[INFO] [stdout] test crypto::shorthash::siphash24::test::test_vectors ... ok
[INFO] [stdout] test crypto::sign::ed25519::test::test_convert_sk_to_pk ... ok
[INFO] [stdout] test crypto::box_::curve25519xsalsa20poly1305::test::test_seal_open_detached_precomputed ... ok
[INFO] [stdout] test crypto::sign::ed25519::test::test_convert_sk_to_seed ... ok
[INFO] [stdout] test crypto::sign::ed25519::test::test_chunks_sign ... ok
[INFO] [stdout] test crypto::box_::curve25519xsalsa20poly1305::test::test_seal_detached_precomputed_then_open_combined ... ok
[INFO] [stdout] test crypto::sign::ed25519::test::test_crypto_sign_ed25519_to_curve25519 ... ok
[INFO] [stdout] test crypto::box_::curve25519xsalsa20poly1305::test::test_seal_open_precomputed ... ok
[INFO] [stdout] test crypto::secretbox::xsalsa20poly1305::test::test_serialisation ... ok
[INFO] [stdout] test crypto::shorthash::siphash24::test::test_serialisation ... ok
[INFO] [stdout] test crypto::pwhash::scryptsalsa208sha256::test::test_derive_key ... ok
[INFO] [stdout] test crypto::box_::curve25519xsalsa20poly1305::test::test_seal_open_tamper ... ok
[INFO] [stdout] test crypto::box_::curve25519xsalsa20poly1305::test::test_seal_open_detached_tamper ... ok
[INFO] [stdout] test crypto::stream::chacha20::test::test_vector_1 ... ok
[INFO] [stdout] test crypto::sign::ed25519::test::test_sign_verify_detached ... ok
[INFO] [stdout] test crypto::sign::ed25519::test::test_sign_verify_seed ... ok
[INFO] [stdout] test crypto::sealedbox::curve25519blake2bxsalsa20poly1305::test::test_seal_open ... ok
[INFO] [stdout] test crypto::sign::ed25519::test::test_serialisation ... ok
[INFO] [stdout] test crypto::sign::ed25519::test::test_streaming_sign ... ok
[INFO] [stdout] test crypto::stream::chacha20::test_m::test_serialisation ... ok
[INFO] [stdout] test crypto::sign::ed25519::test::test_sign_verify ... ok
[INFO] [stdout] test crypto::stream::salsa2012::test_m::test_serialisation ... ok
[INFO] [stdout] test crypto::stream::chacha20::test_m::test_encrypt_decrypt ... ok
[INFO] [stdout] test crypto::stream::chacha20::test_m::test_stream_xor_inplace ... ok
[INFO] [stdout] test crypto::sealedbox::curve25519blake2bxsalsa20poly1305::test::test_seal_open_tamper ... ok
[INFO] [stdout] test crypto::stream::chacha20::test_m::test_stream_xor ... ok
[INFO] [stdout] test crypto::stream::salsa208::test_m::test_serialisation ... ok
[INFO] [stdout] test crypto::stream::salsa2012::test_m::test_encrypt_decrypt ... ok
[INFO] [stdout] test crypto::stream::salsa2012::test_m::test_stream_xor_inplace ... ok
[INFO] [stdout] test crypto::stream::salsa2012::test_m::test_stream_xor ... ok
[INFO] [stdout] test crypto::stream::salsa208::test_m::test_encrypt_decrypt ... ok
[INFO] [stdout] test crypto::sign::ed25519::test::test_sign_verify_detached_tamper ... ok
[INFO] [stdout] test crypto::stream::xsalsa20::test::test_vector_2 ... ok
[INFO] [stdout] test crypto::stream::xsalsa20::test::test_vector_3 ... ok
[INFO] [stdout] test crypto::stream::salsa208::test_m::test_stream_xor_inplace ... ok
[INFO] [stdout] test crypto::stream::salsa20::test_m::test_serialisation ... ok
[INFO] [stdout] test crypto::stream::salsa208::test_m::test_stream_xor ... ok
[INFO] [stdout] test crypto::stream::salsa20::test_m::test_encrypt_decrypt ... ok
[INFO] [stdout] test crypto::stream::salsa20::test_m::test_stream_xor_inplace ... ok
[INFO] [stdout] test crypto::verify::test::test_verify_16 ... ok
[INFO] [stdout] test crypto::verify::test::test_verify_32 ... ok
[INFO] [stdout] test crypto::verify::test::test_verify_64 ... ok
[INFO] [stdout] test utils::test::test_increment_le_vectors ... ok
[INFO] [stdout] test utils::test::test_increment_le_overflow ... ok
[INFO] [stdout] test crypto::stream::xsalsa20::test_m::test_serialisation ... ok
[INFO] [stdout] test version::test::test_version_string ... ok
[INFO] [stdout] test utils::test::test_memcmp ... ok
[INFO] [stdout] test crypto::sign::ed25519::test::test_sign_verify_tamper ... ok
[INFO] [stdout] test crypto::sign::ed25519::test::test_sign_verify_tamper_seed ... ok
[INFO] [stdout] test utils::test::test_increment_le_zero ... ok
[INFO] [stdout] test crypto::stream::salsa20::test_m::test_stream_xor ... ok
[INFO] [stdout] test crypto::stream::xsalsa20::test_m::test_encrypt_decrypt ... ok
[INFO] [stdout] test crypto::stream::xsalsa20::test_m::test_stream_xor_inplace ... ok
[INFO] [stdout] test crypto::stream::xsalsa20::test_m::test_stream_xor ... ok
[INFO] [stdout] test crypto::stream::salsa20::test::test_vector_1 ... ok
[INFO] [stdout] test crypto::sign::ed25519::test::test_vectors_detached ... ok
[INFO] [stdout] test crypto::stream::xsalsa20::test::test_vector_1 ... ok
[INFO] [stdout] test crypto::sign::ed25519::test::test_vectors ... ok
[INFO] [stdout] test crypto::pwhash::scryptsalsa208sha256::test::test_serialisation ... ok
[INFO] [stdout] test crypto::pwhash::scryptsalsa208sha256::test::test_pwhash_verify ... ok
[INFO] [stdout] test crypto::pwhash::scryptsalsa208sha256::test::test_pwhash_verify_tamper ... ok
[INFO] [stdout] 
[INFO] [stdout] test result: ok. 137 passed; 0 failed; 0 ignored; 0 measured; 0 filtered out; finished in 6.72s
[INFO] [stdout] 
[INFO] [stderr]    Doc-tests exonum_sodiumoxide
[INFO] [stdout] 
[INFO] [stdout] running 22 tests
[INFO] [stdout] test src/crypto/sign/mod.rs - crypto::sign (line 37) ... ok
[INFO] [stdout] test src/crypto/hash/mod.rs - crypto::hash (line 33) ... ok
[INFO] [stdout] test src/crypto/shorthash/mod.rs - crypto::shorthash (line 16) ... ok
[INFO] [stdout] test src/crypto/kx/mod.rs - crypto::kx (line 10) ... ok
[INFO] [stdout] test src/crypto/onetimeauth/mod.rs - crypto::onetimeauth (line 22) ... ok
[INFO] [stdout] test src/crypto/box_/mod.rs - crypto::box_ (line 48) ... ok
[INFO] [stdout] test src/crypto/auth/mod.rs - crypto::auth (line 47) ... ok
[INFO] [stdout] test src/crypto/box_/mod.rs - crypto::box_ (line 61) ... ok
[INFO] [stdout] test src/crypto/aead/mod.rs - crypto::aead (line 14) ... ok
[INFO] [stdout] test src/crypto/secretbox/mod.rs - crypto::secretbox (line 26) ... ok
[INFO] [stdout] test src/crypto/aead/mod.rs - crypto::aead (line 29) ... ok
[INFO] [stdout] test src/crypto/sign/mod.rs - crypto::sign (line 27) ... ok
[INFO] [stdout] test src/crypto/auth/mod.rs - crypto::auth (line 37) ... ok
[INFO] [stdout] test src/newtype_macros.rs - newtype_macros::new_type (line 196) ... FAILED
[INFO] [stdout] test src/newtype_macros.rs - newtype_macros::new_type (line 187) ... FAILED
[INFO] [stdout] test src/newtype_macros.rs - newtype_macros::new_type (line 206) ... FAILED
[INFO] [stdout] test src/crypto/pwhash/mod.rs - crypto::pwhash (line 44) ... ok
[INFO] [stdout] test src/crypto/pwhash/mod.rs - crypto::pwhash (line 28) ... ok
[INFO] [stdout] test src/crypto/pwhash/mod.rs - crypto::pwhash (line 55) ... ok
[INFO] [stdout] test src/crypto/stream/mod.rs - crypto::stream (line 54) ... ok
[INFO] [stdout] test src/crypto/stream/mod.rs - crypto::stream (line 63) ... ok
[INFO] [stdout] test src/crypto/stream/mod.rs - crypto::stream (line 75) ... ok
[INFO] [stdout] 
[INFO] [stdout] failures:
[INFO] [stdout] 
[INFO] [stdout] ---- src/newtype_macros.rs - newtype_macros::new_type (line 196) stdout ----
[INFO] [stdout] error: cannot find macro `new_type` in this scope
[INFO] [stdout]  --> src/newtype_macros.rs:197:1
[INFO] [stdout]   |
[INFO] [stdout] 3 | new_type! {
[INFO] [stdout]   | ^^^^^^^^
[INFO] [stdout] 
[INFO] [stdout] error: aborting due to previous error
[INFO] [stdout] 
[INFO] [stdout] Couldn't compile the test.
[INFO] [stdout] ---- src/newtype_macros.rs - newtype_macros::new_type (line 187) stdout ----
[INFO] [stdout] error: cannot find macro `new_type` in this scope
[INFO] [stdout]  --> src/newtype_macros.rs:188:1
[INFO] [stdout]   |
[INFO] [stdout] 3 | new_type! {
[INFO] [stdout]   | ^^^^^^^^
[INFO] [stdout] 
[INFO] [stdout] error: aborting due to previous error
[INFO] [stdout] 
[INFO] [stdout] Couldn't compile the test.
[INFO] [stdout] ---- src/newtype_macros.rs - newtype_macros::new_type (line 206) stdout ----
[INFO] [stdout] error: cannot find macro `new_type` in this scope
[INFO] [stdout]  --> src/newtype_macros.rs:207:1
[INFO] [stdout]   |
[INFO] [stdout] 3 | new_type! {
[INFO] [stdout]   | ^^^^^^^^
[INFO] [stdout] 
[INFO] [stdout] error: aborting due to previous error
[INFO] [stdout] 
[INFO] [stdout] Couldn't compile the test.
[INFO] [stdout] 
[INFO] [stdout] failures:
[INFO] [stdout]     src/newtype_macros.rs - newtype_macros::new_type (line 187)
[INFO] [stdout]     src/newtype_macros.rs - newtype_macros::new_type (line 196)
[INFO] [stdout]     src/newtype_macros.rs - newtype_macros::new_type (line 206)
[INFO] [stdout] 
[INFO] [stdout] test result: FAILED. 19 passed; 3 failed; 0 ignored; 0 measured; 0 filtered out; finished in 0.44s
[INFO] [stdout] 
[INFO] [stderr] error: doctest failed, to rerun pass `--doc`
[INFO] running `Command { std: "docker" "inspect" "d843149eed842d187d2d766402f8c7747079dc6888092b1ed2ff35bd617599a6", kill_on_drop: false }`
[INFO] running `Command { std: "docker" "rm" "-f" "d843149eed842d187d2d766402f8c7747079dc6888092b1ed2ff35bd617599a6", kill_on_drop: false }`
[INFO] [stdout] d843149eed842d187d2d766402f8c7747079dc6888092b1ed2ff35bd617599a6
