[INFO] fetching crate exocore-core 0.1.24...
[INFO] testing exocore-core-0.1.24 against 1.69.0 for beta-1.70-1
[INFO] extracting crate exocore-core 0.1.24 into /workspace/builds/worker-3-tc1/source
[INFO] validating manifest of crates.io crate exocore-core 0.1.24 on toolchain 1.69.0
[INFO] running `Command { std: CARGO_HOME="/workspace/cargo-home" RUSTUP_HOME="/workspace/rustup-home" "/workspace/cargo-home/bin/cargo" "+1.69.0" "metadata" "--manifest-path" "Cargo.toml" "--no-deps", kill_on_drop: false }`
[INFO] started tweaking crates.io crate exocore-core 0.1.24
[INFO] finished tweaking crates.io crate exocore-core 0.1.24
[INFO] tweaked toml for crates.io crate exocore-core 0.1.24 written to /workspace/builds/worker-3-tc1/source/Cargo.toml
[INFO] running `Command { std: CARGO_HOME="/workspace/cargo-home" RUSTUP_HOME="/workspace/rustup-home" __CARGO_TEST_CHANNEL_OVERRIDE_DO_NOT_USE_THIS="nightly" "/workspace/cargo-home/bin/cargo" "+1.69.0" "generate-lockfile" "--manifest-path" "Cargo.toml" "-Zno-index-update", kill_on_drop: false }`
[INFO] running `Command { std: CARGO_HOME="/workspace/cargo-home" RUSTUP_HOME="/workspace/rustup-home" "/workspace/cargo-home/bin/cargo" "+1.69.0" "fetch" "--manifest-path" "Cargo.toml", kill_on_drop: false }`
[INFO] [stderr]  Downloading crates ...
[INFO] [stderr]   Downloaded unsafe-any-ors v1.0.0
[INFO] [stderr]   Downloaded log-mdc v0.1.0
[INFO] [stderr]   Downloaded chacha20 v0.8.2
[INFO] [stderr]   Downloaded criterion_bencher_compat v0.4.0
[INFO] [stderr]   Downloaded libp2p-swarm-derive v0.30.1
[INFO] [stderr]   Downloaded destructure_traitobject v0.2.0
[INFO] [stderr]   Downloaded multihash-derive v0.8.1
[INFO] [stderr]   Downloaded protobuf-support v3.2.0
[INFO] [stderr]   Downloaded is_debug v1.0.1
[INFO] [stderr]   Downloaded multiaddr v0.14.0
[INFO] [stderr]   Downloaded rw-stream-sink v0.3.0
[INFO] [stderr]   Downloaded exocore-protos v0.1.24
[INFO] [stderr]   Downloaded libp2p-noise v0.39.0
[INFO] [stderr]   Downloaded typemap-ors v1.0.0
[INFO] [stderr]   Downloaded clap_derive v3.2.25
[INFO] [stderr]   Downloaded blake2b_simd v1.0.1
[INFO] [stderr]   Downloaded unsafe-libyaml v0.2.8
[INFO] [stderr]   Downloaded asn1_der v0.7.6
[INFO] [stderr]   Downloaded shadow-rs v0.16.3
[INFO] [stderr]   Downloaded multistream-select v0.11.0
[INFO] [stderr]   Downloaded prost-build v0.11.9
[INFO] [stderr]   Downloaded blake2s_simd v1.0.1
[INFO] [stderr]   Downloaded chacha20poly1305 v0.9.1
[INFO] [stderr]   Downloaded libp2p-swarm v0.39.0
[INFO] [stderr]   Downloaded prost-types v0.11.9
[INFO] [stderr]   Downloaded prettyplease v0.1.25
[INFO] [stderr]   Downloaded libp2p-core v0.36.0
[INFO] [stderr]   Downloaded log4rs v1.2.0
[INFO] [stderr]   Downloaded serde_yaml v0.9.21
[INFO] [stderr]   Downloaded x25519-dalek v1.2.0
[INFO] [stderr]   Downloaded petname v1.1.3
[INFO] [stderr]   Downloaded protobuf v3.2.0
[INFO] [stderr]   Downloaded curve25519-dalek v4.0.0-rc.1
[INFO] [stderr]   Downloaded snow v0.9.2
[INFO] [stderr]   Downloaded libp2p v0.48.0
[INFO] running `Command { std: "docker" "create" "-v" "/var/lib/crater-agent-workspace/builds/worker-3-tc1/target:/opt/rustwide/target:rw,Z" "-v" "/var/lib/crater-agent-workspace/builds/worker-3-tc1/source:/opt/rustwide/workdir:ro,Z" "-v" "/var/lib/crater-agent-workspace/cargo-home:/opt/rustwide/cargo-home:ro,Z" "-v" "/var/lib/crater-agent-workspace/rustup-home:/opt/rustwide/rustup-home:ro,Z" "-e" "SOURCE_DIR=/opt/rustwide/workdir" "-e" "CARGO_TARGET_DIR=/opt/rustwide/target" "-e" "CARGO_HOME=/opt/rustwide/cargo-home" "-e" "RUSTUP_HOME=/opt/rustwide/rustup-home" "-w" "/opt/rustwide/workdir" "-m" "1610612736" "--user" "0:0" "--network" "none" "ghcr.io/rust-lang/crates-build-env/linux@sha256:5ff2268d62e97bff2cde7d5815dd6ed5b47097566f13b8d0ca110b04b60e07ed" "/opt/rustwide/cargo-home/bin/cargo" "+1.69.0" "metadata" "--no-deps" "--format-version=1", kill_on_drop: false }`
[INFO] [stdout] 9079ddfb007aba524e8a89d4ff431eedce0aa40948d1a067954507ed38724d36
[INFO] running `Command { std: "docker" "start" "-a" "9079ddfb007aba524e8a89d4ff431eedce0aa40948d1a067954507ed38724d36", kill_on_drop: false }`
[INFO] running `Command { std: "docker" "inspect" "9079ddfb007aba524e8a89d4ff431eedce0aa40948d1a067954507ed38724d36", kill_on_drop: false }`
[INFO] running `Command { std: "docker" "rm" "-f" "9079ddfb007aba524e8a89d4ff431eedce0aa40948d1a067954507ed38724d36", kill_on_drop: false }`
[INFO] [stdout] 9079ddfb007aba524e8a89d4ff431eedce0aa40948d1a067954507ed38724d36
[INFO] running `Command { std: "docker" "create" "-v" "/var/lib/crater-agent-workspace/builds/worker-3-tc1/target:/opt/rustwide/target:rw,Z" "-v" "/var/lib/crater-agent-workspace/builds/worker-3-tc1/source:/opt/rustwide/workdir:ro,Z" "-v" "/var/lib/crater-agent-workspace/cargo-home:/opt/rustwide/cargo-home:ro,Z" "-v" "/var/lib/crater-agent-workspace/rustup-home:/opt/rustwide/rustup-home:ro,Z" "-e" "SOURCE_DIR=/opt/rustwide/workdir" "-e" "CARGO_TARGET_DIR=/opt/rustwide/target" "-e" "CARGO_INCREMENTAL=0" "-e" "RUST_BACKTRACE=full" "-e" "RUSTFLAGS=--cap-lints=warn" "-e" "RUSTDOCFLAGS=--cap-lints=warn" "-e" "CARGO_HOME=/opt/rustwide/cargo-home" "-e" "RUSTUP_HOME=/opt/rustwide/rustup-home" "-w" "/opt/rustwide/workdir" "-m" "1610612736" "--user" "0:0" "--network" "none" "ghcr.io/rust-lang/crates-build-env/linux@sha256:5ff2268d62e97bff2cde7d5815dd6ed5b47097566f13b8d0ca110b04b60e07ed" "/opt/rustwide/cargo-home/bin/cargo" "+1.69.0" "build" "--frozen" "--message-format=json", kill_on_drop: false }`
[INFO] [stdout] e231922ea13e3f8f5ac5fdbfc364369f65cf0d0e0014ef23759660f0f3b95770
[INFO] running `Command { std: "docker" "start" "-a" "e231922ea13e3f8f5ac5fdbfc364369f65cf0d0e0014ef23759660f0f3b95770", kill_on_drop: false }`
[INFO] [stderr]     Blocking waiting for file lock on package cache
[INFO] [stderr]    Compiling proc-macro2 v1.0.56
[INFO] [stderr]    Compiling syn v1.0.109
[INFO] [stderr]    Compiling either v1.8.1
[INFO] [stderr]    Compiling libc v0.2.142
[INFO] [stderr]    Compiling indexmap v1.9.3
[INFO] [stderr]    Compiling io-lifetimes v1.0.10
[INFO] [stderr]    Compiling rustix v0.37.18
[INFO] [stderr]    Compiling bytes v1.4.0
[INFO] [stderr]    Compiling prettyplease v0.1.25
[INFO] [stderr]    Compiling unicode-xid v0.2.4
[INFO] [stderr]    Compiling linux-raw-sys v0.3.6
[INFO] [stderr]    Compiling fastrand v1.9.0
[INFO] [stderr]    Compiling subtle v2.4.1
[INFO] [stderr]    Compiling regex-syntax v0.7.1
[INFO] [stderr]    Compiling crunchy v0.2.2
[INFO] [stderr]    Compiling fixedbitset v0.4.2
[INFO] [stderr]    Compiling generic-array v0.14.7
[INFO] [stderr]    Compiling itertools v0.10.5
[INFO] [stderr]    Compiling multimap v0.8.3
[INFO] [stderr]    Compiling futures-channel v0.3.28
[INFO] [stderr]    Compiling getrandom v0.2.9
[INFO] [stderr]    Compiling serde v1.0.160
[INFO] [stderr]    Compiling futures-sink v0.3.28
[INFO] [stderr]    Compiling getrandom v0.1.16
[INFO] [stderr]    Compiling arrayref v0.3.7
[INFO] [stderr]    Compiling futures-io v0.3.28
[INFO] [stderr]    Compiling rand_core v0.6.4
[INFO] [stderr]    Compiling rand_core v0.5.1
[INFO] [stderr]    Compiling petgraph v0.6.3
[INFO] [stderr]    Compiling digest v0.9.0
[INFO] [stderr]    Compiling num_cpus v1.15.0
[INFO] [stderr]    Compiling arrayvec v0.7.2
[INFO] [stderr]    Compiling constant_time_eq v0.2.5
[INFO] [stderr]    Compiling digest v0.10.6
[INFO] [stderr]    Compiling libsecp256k1-core v0.3.0
[INFO] [stderr]    Compiling blake3 v1.3.3
[INFO] [stderr]    Compiling semver v1.0.17
[INFO] [stderr]    Compiling byteorder v1.4.3
[INFO] [stderr]    Compiling rand_chacha v0.3.1
[INFO] [stderr]    Compiling crypto-mac v0.8.0
[INFO] [stderr]    Compiling unsigned-varint v0.7.1
[INFO] [stderr]    Compiling keccak v0.1.3
[INFO] [stderr]    Compiling sha2 v0.9.9
[INFO] [stderr]    Compiling hmac v0.8.1
[INFO] [stderr]    Compiling quote v1.0.26
[INFO] [stderr]    Compiling sha3 v0.10.7
[INFO] [stderr]    Compiling rand v0.8.5
[INFO] [stderr]    Compiling sha2 v0.10.6
[INFO] [stderr]    Compiling blake2b_simd v1.0.1
[INFO] [stderr]    Compiling syn v2.0.15
[INFO] [stderr]    Compiling regex v1.8.1
[INFO] [stderr]    Compiling which v4.4.0
[INFO] [stderr]    Compiling proc-macro-error-attr v1.0.4
[INFO] [stderr]    Compiling libsecp256k1-gen-ecmult v0.3.0
[INFO] [stderr]    Compiling libsecp256k1-gen-genmult v0.3.0
[INFO] [stderr]    Compiling blake2s_simd v1.0.1
[INFO] [stderr]    Compiling rand_chacha v0.2.2
[INFO] [stderr]    Compiling libsecp256k1 v0.7.1
[INFO] [stderr]    Compiling core2 v0.4.0
[INFO] [stderr]    Compiling ring v0.16.20
[INFO] [stderr]    Compiling signature v1.6.4
[INFO] [stderr]    Compiling num_threads v0.1.6
[INFO] [stderr]    Compiling time-core v0.1.0
[INFO] [stderr]    Compiling static_assertions v1.1.0
[INFO] [stderr]    Compiling ed25519 v1.5.3
[INFO] [stderr]    Compiling rand v0.7.3
[INFO] [stderr]    Compiling rustc_version v0.4.0
[INFO] [stderr]    Compiling const_format_proc_macros v0.2.29
[INFO] [stderr]    Compiling parking_lot_core v0.9.7
[INFO] [stderr]    Compiling hmac-drbg v0.3.0
[INFO] [stderr]    Compiling num-traits v0.2.15
[INFO] [stderr]    Compiling data-encoding v2.3.3
[INFO] [stderr]    Compiling num-integer v0.1.45
[INFO] [stderr]    Compiling snow v0.9.2
[INFO] [stderr]    Compiling parking_lot v0.12.1
[INFO] [stderr]    Compiling futures-timer v3.0.2
[INFO] [stderr]    Compiling spin v0.5.2
[INFO] [stderr]    Compiling is_debug v1.0.1
[INFO] [stderr]    Compiling asn1_der v0.7.6
[INFO] [stderr]    Compiling capnp v0.14.11
[INFO] [stderr]    Compiling void v1.0.2
[INFO] [stderr]    Compiling tempfile v3.5.0
[INFO] [stderr]    Compiling untrusted v0.7.1
[INFO] [stderr]    Compiling time v0.3.20
[INFO] [stderr]    Compiling const_format v0.2.30
[INFO] [stderr]    Compiling os_str_bytes v6.5.0
[INFO] [stderr]    Compiling toml v0.5.11
[INFO] [stderr]    Compiling protobuf v3.2.0
[INFO] [stderr]    Compiling parking_lot_core v0.8.6
[INFO] [stderr]    Compiling clap_lex v0.2.4
[INFO] [stderr]    Compiling atty v0.2.14
[INFO] [stderr]    Compiling time v0.1.45
[INFO] [stderr]    Compiling tokio v1.28.0
[INFO] [stderr]    Compiling capnpc v0.14.9
[INFO] [stderr]    Compiling termcolor v1.2.0
[INFO] [stderr]    Compiling textwrap v0.16.0
[INFO] [stderr]    Compiling petname v1.1.3
[INFO] [stderr]    Compiling iana-time-zone v0.1.56
[INFO] [stderr]    Compiling strsim v0.10.0
[INFO] [stderr]    Compiling parking_lot v0.11.2
[INFO] [stderr]    Compiling unsafe-libyaml v0.2.8
[INFO] [stderr]    Compiling proc-macro-error v1.0.4
[INFO] [stderr]    Compiling synstructure v0.12.6
[INFO] [stderr]    Compiling chrono v0.4.24
[INFO] [stderr]    Compiling shadow-rs v0.16.3
[INFO] [stderr]    Compiling uuid v0.8.2
[INFO] [stderr]    Compiling exocore-core v0.1.24 (/opt/rustwide/workdir)
[INFO] [stderr]    Compiling thiserror-impl v1.0.40
[INFO] [stderr]    Compiling serde_derive v1.0.160
[INFO] [stderr]    Compiling futures-macro v0.3.28
[INFO] [stderr]    Compiling zeroize_derive v1.4.2
[INFO] [stderr]    Compiling prost-derive v0.11.9
[INFO] [stderr]    Compiling pin-project-internal v1.0.12
[INFO] [stderr]    Compiling clap_derive v3.2.25
[INFO] [stderr]    Compiling libp2p-swarm-derive v0.30.1
[INFO] [stderr]    Compiling zeroize v1.3.0
[INFO] [stderr]    Compiling curve25519-dalek v3.2.1
[INFO] [stderr]    Compiling futures-util v0.3.28
[INFO] [stderr]    Compiling thiserror v1.0.40
[INFO] [stderr]    Compiling proc-macro-crate v1.1.3
[INFO] [stderr]    Compiling protobuf-support v3.2.0
[INFO] [stderr]    Compiling multihash-derive v0.8.1
[INFO] [stderr]    Compiling prost v0.11.9
[INFO] [stderr]    Compiling pin-project v1.0.12
[INFO] [stderr]    Compiling x25519-dalek v1.2.0
[INFO] [stderr]    Compiling prost-types v0.11.9
[INFO] [stderr]    Compiling clap v3.2.25
[INFO] [stderr]    Compiling multihash v0.16.3
[INFO] [stderr]    Compiling prost-build v0.11.9
[INFO] [stderr]    Compiling libp2p-core v0.36.0
[INFO] [stderr]    Compiling libp2p-noise v0.39.0
[INFO] [stderr]    Compiling exocore-protos v0.1.24
[INFO] [stderr]    Compiling futures-executor v0.3.28
[INFO] [stderr]    Compiling futures v0.3.28
[INFO] [stderr]    Compiling rw-stream-sink v0.3.0
[INFO] [stderr]    Compiling multistream-select v0.11.0
[INFO] [stderr]    Compiling wasm-timer v0.2.5
[INFO] [stderr]    Compiling multiaddr v0.14.0
[INFO] [stderr]    Compiling ed25519-dalek v1.0.1
[INFO] [stderr]    Compiling serde_json v1.0.96
[INFO] [stderr]    Compiling serde_yaml v0.9.21
[INFO] [stderr]    Compiling libp2p-swarm v0.39.0
[INFO] [stderr]    Compiling libp2p v0.48.0
[INFO] [stdout] warning: use of deprecated associated function `chrono::NaiveDateTime::from_timestamp`: use `from_timestamp_opt()` instead
[INFO] [stdout]   --> src/time/mod.rs:15:32
[INFO] [stdout]    |
[INFO] [stdout] 15 |         chrono::NaiveDateTime::from_timestamp(secs, nanos as u32),
[INFO] [stdout]    |                                ^^^^^^^^^^^^^^
[INFO] [stdout]    |
[INFO] [stdout]    = note: `#[warn(deprecated)]` on by default
[INFO] [stdout] 
[INFO] [stdout] 
[INFO] [stdout] warning: 1 warning emitted
[INFO] [stdout] 
[INFO] [stdout] 
[INFO] [stderr]     Finished dev [unoptimized + debuginfo] target(s) in 36.06s
[INFO] running `Command { std: "docker" "inspect" "e231922ea13e3f8f5ac5fdbfc364369f65cf0d0e0014ef23759660f0f3b95770", kill_on_drop: false }`
[INFO] running `Command { std: "docker" "rm" "-f" "e231922ea13e3f8f5ac5fdbfc364369f65cf0d0e0014ef23759660f0f3b95770", kill_on_drop: false }`
[INFO] [stdout] e231922ea13e3f8f5ac5fdbfc364369f65cf0d0e0014ef23759660f0f3b95770
[INFO] running `Command { std: "docker" "create" "-v" "/var/lib/crater-agent-workspace/builds/worker-3-tc1/target:/opt/rustwide/target:rw,Z" "-v" "/var/lib/crater-agent-workspace/builds/worker-3-tc1/source:/opt/rustwide/workdir:ro,Z" "-v" "/var/lib/crater-agent-workspace/cargo-home:/opt/rustwide/cargo-home:ro,Z" "-v" "/var/lib/crater-agent-workspace/rustup-home:/opt/rustwide/rustup-home:ro,Z" "-e" "SOURCE_DIR=/opt/rustwide/workdir" "-e" "CARGO_TARGET_DIR=/opt/rustwide/target" "-e" "CARGO_INCREMENTAL=0" "-e" "RUST_BACKTRACE=full" "-e" "RUSTFLAGS=--cap-lints=warn" "-e" "RUSTDOCFLAGS=--cap-lints=warn" "-e" "CARGO_HOME=/opt/rustwide/cargo-home" "-e" "RUSTUP_HOME=/opt/rustwide/rustup-home" "-w" "/opt/rustwide/workdir" "-m" "1610612736" "--user" "0:0" "--network" "none" "ghcr.io/rust-lang/crates-build-env/linux@sha256:5ff2268d62e97bff2cde7d5815dd6ed5b47097566f13b8d0ca110b04b60e07ed" "/opt/rustwide/cargo-home/bin/cargo" "+1.69.0" "test" "--frozen" "--no-run" "--message-format=json", kill_on_drop: false }`
[INFO] [stdout] ca7390967b9832a71848fb11c9dbf921efb9f55c84ed7e62623b17ed3620cd4b
[INFO] running `Command { std: "docker" "start" "-a" "ca7390967b9832a71848fb11c9dbf921efb9f55c84ed7e62623b17ed3620cd4b", kill_on_drop: false }`
[INFO] [stderr]    Compiling serde v1.0.160
[INFO] [stderr]    Compiling rustix v0.37.18
[INFO] [stderr]    Compiling log v0.4.17
[INFO] [stderr]    Compiling which v4.4.0
[INFO] [stderr]    Compiling getrandom v0.2.9
[INFO] [stderr]    Compiling num_cpus v1.15.0
[INFO] [stderr]    Compiling curve25519-dalek v3.2.1
[INFO] [stderr]    Compiling atty v0.2.14
[INFO] [stderr]    Compiling itertools v0.10.5
[INFO] [stderr]    Compiling time v0.3.20
[INFO] [stderr]    Compiling ring v0.16.20
[INFO] [stderr]    Compiling num-integer v0.1.45
[INFO] [stderr]    Compiling time v0.1.45
[INFO] [stderr]    Compiling ciborium-io v0.2.0
[INFO] [stderr]    Compiling half v1.8.2
[INFO] [stderr]    Compiling tokio v1.28.0
[INFO] [stderr]    Compiling rand_core v0.6.4
[INFO] [stderr]    Compiling futures-executor v0.3.28
[INFO] [stderr]    Compiling clap v3.2.25
[INFO] [stderr]    Compiling ciborium-ll v0.2.0
[INFO] [stderr]    Compiling same-file v1.0.6
[INFO] [stderr]    Compiling rand_chacha v0.3.1
[INFO] [stderr]    Compiling regex-syntax v0.7.1
[INFO] [stderr]    Compiling chrono v0.4.24
[INFO] [stderr]    Compiling futures v0.3.28
[INFO] [stderr]    Compiling linked-hash-map v0.5.6
[INFO] [stderr]    Compiling rw-stream-sink v0.3.0
[INFO] [stderr]    Compiling rand v0.8.5
[INFO] [stderr]    Compiling destructure_traitobject v0.2.0
[INFO] [stderr]    Compiling cast v0.3.0
[INFO] [stderr]    Compiling unsafe-any-ors v1.0.0
[INFO] [stderr]    Compiling yaml-rust v0.4.5
[INFO] [stderr]    Compiling x25519-dalek v1.2.0
[INFO] [stderr]    Compiling walkdir v2.3.3
[INFO] [stderr]    Compiling ordered-float v2.10.0
[INFO] [stderr]    Compiling tokio-macros v2.1.0
[INFO] [stderr]    Compiling snow v0.9.2
[INFO] [stderr]    Compiling oorandom v11.1.3
[INFO] [stderr]    Compiling criterion-plot v0.5.0
[INFO] [stderr]    Compiling shadow-rs v0.16.3
[INFO] [stderr]    Compiling anes v0.1.6
[INFO] [stderr]    Compiling wasm-timer v0.2.5
[INFO] [stderr]    Compiling typemap-ors v1.0.0
[INFO] [stderr]    Compiling uuid v0.8.2
[INFO] [stderr]    Compiling regex v1.8.1
[INFO] [stderr]    Compiling derivative v2.2.0
[INFO] [stderr]    Compiling thread-id v4.0.0
[INFO] [stderr]    Compiling arc-swap v1.6.0
[INFO] [stderr]    Compiling tempfile v3.5.0
[INFO] [stderr]    Compiling log-mdc v0.1.0
[INFO] [stderr]    Compiling prost-build v0.11.9
[INFO] [stderr]    Compiling humantime v2.1.0
[INFO] [stderr]    Compiling petname v1.1.3
[INFO] [stderr]    Compiling exocore-core v0.1.24 (/opt/rustwide/workdir)
[INFO] [stderr]    Compiling libp2p-core v0.36.0
[INFO] [stderr]    Compiling libp2p-noise v0.39.0
[INFO] [stderr]    Compiling exocore-protos v0.1.24
[INFO] [stderr]    Compiling serde_json v1.0.96
[INFO] [stderr]    Compiling multiaddr v0.14.0
[INFO] [stderr]    Compiling libsecp256k1 v0.7.1
[INFO] [stderr]    Compiling ed25519-dalek v1.0.1
[INFO] [stderr]    Compiling ciborium v0.2.0
[INFO] [stderr]    Compiling serde_yaml v0.9.21
[INFO] [stderr]    Compiling serde_yaml v0.8.26
[INFO] [stderr]    Compiling serde-value v0.7.0
[INFO] [stderr]    Compiling multistream-select v0.11.0
[INFO] [stderr]    Compiling tinytemplate v1.2.1
[INFO] [stderr]    Compiling log4rs v1.2.0
[INFO] [stderr]    Compiling criterion v0.4.0
[INFO] [stderr]    Compiling criterion_bencher_compat v0.4.0
[INFO] [stderr]    Compiling libp2p-swarm v0.39.0
[INFO] [stderr]    Compiling libp2p v0.48.0
[INFO] [stdout] warning: use of deprecated associated function `chrono::NaiveDateTime::from_timestamp`: use `from_timestamp_opt()` instead
[INFO] [stdout]   --> src/time/mod.rs:15:32
[INFO] [stdout]    |
[INFO] [stdout] 15 |         chrono::NaiveDateTime::from_timestamp(secs, nanos as u32),
[INFO] [stdout]    |                                ^^^^^^^^^^^^^^
[INFO] [stdout]    |
[INFO] [stdout]    = note: `#[warn(deprecated)]` on by default
[INFO] [stdout] 
[INFO] [stdout] 
[INFO] [stdout] warning: use of deprecated associated function `chrono::NaiveDateTime::from_timestamp`: use `from_timestamp_opt()` instead
[INFO] [stdout]   --> src/time/mod.rs:15:32
[INFO] [stdout]    |
[INFO] [stdout] 15 |         chrono::NaiveDateTime::from_timestamp(secs, nanos as u32),
[INFO] [stdout]    |                                ^^^^^^^^^^^^^^
[INFO] [stdout]    |
[INFO] [stdout]    = note: `#[warn(deprecated)]` on by default
[INFO] [stdout] 
[INFO] [stdout] 
[INFO] [stdout] warning: 1 warning emitted
[INFO] [stdout] 
[INFO] [stdout] 
[INFO] [stdout] warning: 1 warning emitted
[INFO] [stdout] 
[INFO] [stdout] 
[INFO] [stderr]     Finished test [unoptimized + debuginfo] target(s) in 25.58s
[INFO] running `Command { std: "docker" "inspect" "ca7390967b9832a71848fb11c9dbf921efb9f55c84ed7e62623b17ed3620cd4b", kill_on_drop: false }`
[INFO] running `Command { std: "docker" "rm" "-f" "ca7390967b9832a71848fb11c9dbf921efb9f55c84ed7e62623b17ed3620cd4b", kill_on_drop: false }`
[INFO] [stdout] ca7390967b9832a71848fb11c9dbf921efb9f55c84ed7e62623b17ed3620cd4b
[INFO] running `Command { std: "docker" "create" "-v" "/var/lib/crater-agent-workspace/builds/worker-3-tc1/target:/opt/rustwide/target:rw,Z" "-v" "/var/lib/crater-agent-workspace/builds/worker-3-tc1/source:/opt/rustwide/workdir:ro,Z" "-v" "/var/lib/crater-agent-workspace/cargo-home:/opt/rustwide/cargo-home:ro,Z" "-v" "/var/lib/crater-agent-workspace/rustup-home:/opt/rustwide/rustup-home:ro,Z" "-e" "SOURCE_DIR=/opt/rustwide/workdir" "-e" "CARGO_TARGET_DIR=/opt/rustwide/target" "-e" "CARGO_INCREMENTAL=0" "-e" "RUST_BACKTRACE=full" "-e" "RUSTFLAGS=--cap-lints=warn" "-e" "RUSTDOCFLAGS=--cap-lints=warn" "-e" "CARGO_HOME=/opt/rustwide/cargo-home" "-e" "RUSTUP_HOME=/opt/rustwide/rustup-home" "-w" "/opt/rustwide/workdir" "-m" "1610612736" "--user" "0:0" "--network" "none" "ghcr.io/rust-lang/crates-build-env/linux@sha256:5ff2268d62e97bff2cde7d5815dd6ed5b47097566f13b8d0ca110b04b60e07ed" "/opt/rustwide/cargo-home/bin/cargo" "+1.69.0" "test" "--frozen", kill_on_drop: false }`
[INFO] [stdout] e1d461f459205755e2c677e50b730b93f65c9880078eff3a7f3885f3984d103c
[INFO] running `Command { std: "docker" "start" "-a" "e1d461f459205755e2c677e50b730b93f65c9880078eff3a7f3885f3984d103c", kill_on_drop: false }`
[INFO] [stderr] warning: use of deprecated associated function `chrono::NaiveDateTime::from_timestamp`: use `from_timestamp_opt()` instead
[INFO] [stderr]   --> src/time/mod.rs:15:32
[INFO] [stderr]    |
[INFO] [stderr] 15 |         chrono::NaiveDateTime::from_timestamp(secs, nanos as u32),
[INFO] [stderr]    |                                ^^^^^^^^^^^^^^
[INFO] [stderr]    |
[INFO] [stderr]    = note: `#[warn(deprecated)]` on by default
[INFO] [stderr] 
[INFO] [stderr] warning: `exocore-core` (lib) generated 1 warning
[INFO] [stderr] warning: `exocore-core` (lib test) generated 1 warning (1 duplicate)
[INFO] [stderr]     Finished test [unoptimized + debuginfo] target(s) in 0.38s
[INFO] [stderr]      Running unittests src/lib.rs (/opt/rustwide/target/debug/deps/exocore_core-96f5ccb53916a943)
[INFO] [stdout] 
[INFO] [stdout] running 90 tests
[INFO] [stdout] test build::tests::build_info_smoke_test ... ok
[INFO] [stdout] test cell::app::tests::app_id_conversion ... ok
[INFO] [stdout] test cell::app::tests::generate_and_validate ... ok
[INFO] [stdout] test cell::config::tests::cell_config_add_node ... ok
[INFO] [stdout] test cell::config::tests::cell_config_add_app ... ok
[INFO] [stdout] test cell::config::tests::node_config_add_cell ... ok
[INFO] [stdout] test cell::config::tests::cell_config_yaml_read_write ... ok
[INFO] [stdout] test dir::os::tests::test_delete ... ok
[INFO] [stdout] test dir::os::tests::test_as_os_path ... ok
[INFO] [stdout] test cell::config::tests::write_node_config_to_yaml_read_write ... ok
[INFO] [stdout] test dir::os::tests::test_list ... ok
[INFO] [stdout] test cell::node::tests::node_deterministic_random_name ... ok
[INFO] [stdout] test dir::ram::tests::test_list ... ok
[INFO] [stdout] test dir::ram::tests::test_delete ... ok
[INFO] [stdout] test dir::ram::tests::test_write_read_file ... ok
[INFO] [stdout] test dir::scoped::tests::test_as_os_path ... ok
[INFO] [stdout] test dir::scoped::tests::test_write_read_file ... ok
[INFO] [stdout] test dir::os::tests::test_write_read_file ... ok
[INFO] [stdout] test dir::scoped::tests::test_delete ... ok
[INFO] [stdout] test framing::capnp::tests::assert_typed_frame_send_sync ... ok
[INFO] [stdout] test cell::node::tests::node_id_bytes ... ok
[INFO] [stdout] test framing::capnp::tests::can_build_to_owned ... ok
[INFO] [stdout] test cell::config::tests::parse_node_config_yaml_ser_deser ... ok
[INFO] [stdout] test dir::tests::test_copy_directory ... ok
[INFO] [stdout] test cell::node::tests::local_node_from_directory ... ok
[INFO] [stdout] test dir::scoped::tests::test_list ... ok
[INFO] [stdout] test framing::compound::tests::can_build_to_owned ... ok
[INFO] [stdout] test framing::compound::tests::can_build_and_read ... ok
[INFO] [stdout] test framing::sized::tests::can_build_and_read_sized_inner ... ok
[INFO] [stdout] test cell::node::tests::local_node_from_generated_config ... ok
[INFO] [stdout] test framing::multihash::tests::different_hashes ... ok
[INFO] [stdout] test framing::sized::tests::can_build_and_read_unsized_inner ... ok
[INFO] [stdout] test cell::node::tests::node_equality ... ok
[INFO] [stdout] test framing::sized::tests::can_build_to_owned ... ok
[INFO] [stdout] test framing::multihash::tests::can_build_to_owned ... ok
[INFO] [stdout] test framing::multihash::tests::can_build_and_read_multihash ... ok
[INFO] [stdout] test framing::padded::tests::can_build_and_read ... ok
[INFO] [stdout] test framing::sized::tests::frame_reader_iterator ... ok
[INFO] [stdout] test framing::padded::tests::can_build_to_owned ... ok
[INFO] [stdout] test framing::capnp::tests::can_build_and_read ... ok
[INFO] [stdout] test framing::sized::tests::frame_slice_iterator ... ok
[INFO] [stdout] test framing::sized::tests::from_next_offset ... ok
[INFO] [stdout] test framing::sized::tests::invalid_from_next_offset ... ok
[INFO] [stdout] test futures::owned_spawn::tests::propagate_spawned_result ... ok
[INFO] [stdout] test sec::hash::tests::multihash_from_reader ... ok
[INFO] [stdout] test sec::hash::tests::test_to_multihash ... ok
[INFO] [stdout] test futures::batching_stream::tests::should_batch_items ... ok
[INFO] [stdout] test sec::keys::tests::ed25519_keypair_encode_decode ... ok
[INFO] [stdout] test sec::keys::tests::ed25519_public_key_base58_encode_decode ... ok
[INFO] [stdout] test sec::keys::tests::ed25519_public_key_encode_decode ... ok
[INFO] [stdout] test sec::hash::tests::bs58_encode_decode ... ok
[INFO] [stdout] test sec::hash::tests::multihash_file ... ok
[INFO] [stdout] test simple_store::json_disk_store::test::test_not_dir ... ok
[INFO] [stdout] test sec::keys::tests::ed25519_keypair_base58_encode_decode ... ok
[INFO] [stdout] test sec::keys::tests::signature_and_verification ... ok
[INFO] [stdout] test simple_store::json_disk_store::test::test_write_read ... ok
[INFO] [stdout] test time::clock::tests::chrono_datetime ... ok
[INFO] [stdout] test time::clock::tests::fixed_mocked_clock ... ok
[INFO] [stdout] test time::clock::tests::non_mocked_clock ... ok
[INFO] [stdout] test time::clock::tests::thread_safety ... ok
[INFO] [stdout] test time::clock::tests::unfixed_mocked_clock ... ok
[INFO] [stdout] test time::consistent_timestamp::tests::consistent_time_to_chrono ... ok
[INFO] [stdout] test time::consistent_timestamp::tests::consistent_time_to_duration ... ok
[INFO] [stdout] test time::consistent_timestamp::tests::test_consistent_time_serialize ... ok
[INFO] [stdout] test time::tests::timestamp_millis ... ok
[INFO] [stdout] test time::tests::timestamp_parts ... ok
[INFO] [stdout] test utils::backoff::tests::basic_case ... ok
[INFO] [stdout] test cell::cell_nodes::tests::nodes_quorum ... ok
[INFO] [stdout] test utils::handle_set::tests::handle_have_unique_ids ... ok
[INFO] [stdout] test utils::handle_set::tests::set_dropped ... ok
[INFO] [stdout] test sec::auth_token::tests::token_validity ... ok
[INFO] [stdout] test utils::path::tests::test_clean_path ... ok
[INFO] [stdout] test utils::path::tests::to_absolute_path ... ok
[INFO] [stdout] test time::clock::tests::consistent_time_collision ... ok
[INFO] [stdout] test utils::path::tests::to_relative_path ... ok
[INFO] [stdout] test utils::range::test::test_find_gaps ... ok
[INFO] [stdout] test time::clock::tests::fixed_consistent_time ... ok
[INFO] [stdout] test sec::auth_token::tests::token_encoding ... ok
[INFO] [stdout] test time::clock::tests::fixed_future_consistent_time ... ok
[INFO] [stdout] test cell::cell_nodes::tests::nodes_add_get ... ok
[INFO] [stdout] test utils::handle_set::tests::on_all_handles_dropped ... ok
[INFO] [stdout] test utils::handle_set::tests::set_started ... ok
[INFO] [stdout] test sec::auth_token::tests::token_expiration ... ok
[INFO] [stdout] test cell::cell::tests::test_save_load_directory ... ok
[INFO] [stdout] test cell::node::tests::node_cell_config ... ok
[INFO] [stdout] test cell::cell::tests::test_load_inlined_cell_apps ... ok
[INFO] [stdout] test cell::config::tests::parse_node_config_example_yaml_file ... FAILED
[INFO] [stdout] test time::atomic_instant::tests::test_atomic_instant ... ok
[INFO] [stdout] test futures::owned_spawn::tests::spawn_set_cleanup ... ok
[INFO] [stdout] test futures::owned_spawn::tests::owner_drop_cancels_spawned ... ok
[INFO] [stdout] 
[INFO] [stdout] failures:
[INFO] [stdout] 
[INFO] [stdout] ---- cell::config::tests::parse_node_config_example_yaml_file stdout ----
[INFO] [stdout] thread 'cell::config::tests::parse_node_config_example_yaml_file' panicked at 'Couldn't find test fixtures file from root: "examples/node" (cur_dir="/opt/rustwide/workdir")', src/tests_utils.rs:144:5
[INFO] [stdout] stack backtrace:
[INFO] [stdout]    0:     0x557ba00373aa - std::backtrace_rs::backtrace::libunwind::trace::ha9053a9a07ca49cb
[INFO] [stdout]                                at /rustc/84c898d65adf2f39a5a98507f1fe0ce10a2b8dbc/library/std/src/../../backtrace/src/backtrace/libunwind.rs:93:5
[INFO] [stdout]    1:     0x557ba00373aa - std::backtrace_rs::backtrace::trace_unsynchronized::h9c2852a457ad564e
[INFO] [stdout]                                at /rustc/84c898d65adf2f39a5a98507f1fe0ce10a2b8dbc/library/std/src/../../backtrace/src/backtrace/mod.rs:66:5
[INFO] [stdout]    2:     0x557ba00373aa - std::sys_common::backtrace::_print_fmt::h457936fbfaa0070f
[INFO] [stdout]                                at /rustc/84c898d65adf2f39a5a98507f1fe0ce10a2b8dbc/library/std/src/sys_common/backtrace.rs:65:5
[INFO] [stdout]    3:     0x557ba00373aa - <std::sys_common::backtrace::_print::DisplayBacktrace as core::fmt::Display>::fmt::h5779d7bf7f70cb0c
[INFO] [stdout]                                at /rustc/84c898d65adf2f39a5a98507f1fe0ce10a2b8dbc/library/std/src/sys_common/backtrace.rs:44:22
[INFO] [stdout]    4:     0x557ba0061a1e - core::fmt::write::h5a4baaff1bcd3eb5
[INFO] [stdout]                                at /rustc/84c898d65adf2f39a5a98507f1fe0ce10a2b8dbc/library/core/src/fmt/mod.rs:1232:17
[INFO] [stdout]    5:     0x557ba0033c05 - std::io::Write::write_fmt::h478f79c628ef31d1
[INFO] [stdout]                                at /rustc/84c898d65adf2f39a5a98507f1fe0ce10a2b8dbc/library/std/src/io/mod.rs:1684:15
[INFO] [stdout]    6:     0x557ba0037175 - std::sys_common::backtrace::_print::h5fcdc36060f177e8
[INFO] [stdout]                                at /rustc/84c898d65adf2f39a5a98507f1fe0ce10a2b8dbc/library/std/src/sys_common/backtrace.rs:47:5
[INFO] [stdout]    7:     0x557ba0037175 - std::sys_common::backtrace::print::h54ca9458b876c8bf
[INFO] [stdout]                                at /rustc/84c898d65adf2f39a5a98507f1fe0ce10a2b8dbc/library/std/src/sys_common/backtrace.rs:34:9
[INFO] [stdout]    8:     0x557ba0038f3f - std::panicking::default_hook::{{closure}}::hbe471161c7664ed6
[INFO] [stdout]                                at /rustc/84c898d65adf2f39a5a98507f1fe0ce10a2b8dbc/library/std/src/panicking.rs:271:22
[INFO] [stdout]    9:     0x557ba0038bff - std::panicking::default_hook::ha3500da57aa4ac4f
[INFO] [stdout]                                at /rustc/84c898d65adf2f39a5a98507f1fe0ce10a2b8dbc/library/std/src/panicking.rs:287:9
[INFO] [stdout]   10:     0x557b9fa76877 - <alloc::boxed::Box<F,A> as core::ops::function::Fn<Args>>::call::hdf1b89dd137ece34
[INFO] [stdout]                                at /rustc/84c898d65adf2f39a5a98507f1fe0ce10a2b8dbc/library/alloc/src/boxed.rs:2001:9
[INFO] [stdout]   11:     0x557b9fa76877 - test::test_main::{{closure}}::h9081a79f20e75698
[INFO] [stdout]                                at /rustc/84c898d65adf2f39a5a98507f1fe0ce10a2b8dbc/library/test/src/lib.rs:135:21
[INFO] [stdout]   12:     0x557ba003966d - <alloc::boxed::Box<F,A> as core::ops::function::Fn<Args>>::call::h6507bddc3eebb4a5
[INFO] [stdout]                                at /rustc/84c898d65adf2f39a5a98507f1fe0ce10a2b8dbc/library/alloc/src/boxed.rs:2001:9
[INFO] [stdout]   13:     0x557ba003966d - std::panicking::rust_panic_with_hook::h50c09d000dc561d2
[INFO] [stdout]                                at /rustc/84c898d65adf2f39a5a98507f1fe0ce10a2b8dbc/library/std/src/panicking.rs:696:13
[INFO] [stdout]   14:     0x557ba00393e9 - std::panicking::begin_panic_handler::{{closure}}::h9e2b2176e00e0d9c
[INFO] [stdout]                                at /rustc/84c898d65adf2f39a5a98507f1fe0ce10a2b8dbc/library/std/src/panicking.rs:583:13
[INFO] [stdout]   15:     0x557ba0037816 - std::sys_common::backtrace::__rust_end_short_backtrace::h5739b8e512c09d02
[INFO] [stdout]                                at /rustc/84c898d65adf2f39a5a98507f1fe0ce10a2b8dbc/library/std/src/sys_common/backtrace.rs:150:18
[INFO] [stdout]   16:     0x557ba00390f2 - rust_begin_unwind
[INFO] [stdout]                                at /rustc/84c898d65adf2f39a5a98507f1fe0ce10a2b8dbc/library/std/src/panicking.rs:579:5
[INFO] [stdout]   17:     0x557b9f80b703 - core::panicking::panic_fmt::hf33a1475b4dc5c3e
[INFO] [stdout]                                at /rustc/84c898d65adf2f39a5a98507f1fe0ce10a2b8dbc/library/core/src/panicking.rs:64:14
[INFO] [stdout]   18:     0x557b9f97c7c1 - exocore_core::tests_utils::find_test_fixture::hd185b998ed80170e
[INFO] [stdout]                                at /opt/rustwide/workdir/src/tests_utils.rs:144:5
[INFO] [stdout]   19:     0x557b9f980990 - exocore_core::cell::config::tests::parse_node_config_example_yaml_file::h6253bd9bac82c5a3
[INFO] [stdout]                                at /opt/rustwide/workdir/src/cell/config.rs:382:25
[INFO] [stdout]   20:     0x557b9f980957 - exocore_core::cell::config::tests::parse_node_config_example_yaml_file::{{closure}}::hc63862f6f9c1fbed
[INFO] [stdout]                                at /opt/rustwide/workdir/src/cell/config.rs:381:49
[INFO] [stdout]   21:     0x557b9f9086f5 - core::ops::function::FnOnce::call_once::h90cca349f320e827
[INFO] [stdout]                                at /rustc/84c898d65adf2f39a5a98507f1fe0ce10a2b8dbc/library/core/src/ops/function.rs:250:5
[INFO] [stdout]   22:     0x557b9fa7bc5f - core::ops::function::FnOnce::call_once::h7d969581be7d0075
[INFO] [stdout]                                at /rustc/84c898d65adf2f39a5a98507f1fe0ce10a2b8dbc/library/core/src/ops/function.rs:250:5
[INFO] [stdout]   23:     0x557b9fa7bc5f - test::__rust_begin_short_backtrace::hca25a52684e56655
[INFO] [stdout]                                at /rustc/84c898d65adf2f39a5a98507f1fe0ce10a2b8dbc/library/test/src/lib.rs:656:18
[INFO] [stdout]   24:     0x557b9fa4d27c - test::run_test::{{closure}}::ha8ac744c4af1a4bb
[INFO] [stdout]                                at /rustc/84c898d65adf2f39a5a98507f1fe0ce10a2b8dbc/library/test/src/lib.rs:647:30
[INFO] [stdout]   25:     0x557b9fa4d27c - core::ops::function::FnOnce::call_once{{vtable.shim}}::h7b411a9ed45bdecf
[INFO] [stdout]                                at /rustc/84c898d65adf2f39a5a98507f1fe0ce10a2b8dbc/library/core/src/ops/function.rs:250:5
[INFO] [stdout]   26:     0x557b9fa7ac26 - <alloc::boxed::Box<F,A> as core::ops::function::FnOnce<Args>>::call_once::hd05328869a8ed200
[INFO] [stdout]                                at /rustc/84c898d65adf2f39a5a98507f1fe0ce10a2b8dbc/library/alloc/src/boxed.rs:1987:9
[INFO] [stdout]   27:     0x557b9fa7ac26 - <core::panic::unwind_safe::AssertUnwindSafe<F> as core::ops::function::FnOnce<()>>::call_once::h0c601ce20bd5b2be
[INFO] [stdout]                                at /rustc/84c898d65adf2f39a5a98507f1fe0ce10a2b8dbc/library/core/src/panic/unwind_safe.rs:271:9
[INFO] [stdout]   28:     0x557b9fa7ac26 - std::panicking::try::do_call::ha4be5c164fe30854
[INFO] [stdout]                                at /rustc/84c898d65adf2f39a5a98507f1fe0ce10a2b8dbc/library/std/src/panicking.rs:487:40
[INFO] [stdout]   29:     0x557b9fa7ac26 - std::panicking::try::h604546f3609af05f
[INFO] [stdout]                                at /rustc/84c898d65adf2f39a5a98507f1fe0ce10a2b8dbc/library/std/src/panicking.rs:451:19
[INFO] [stdout]   30:     0x557b9fa7ac26 - std::panic::catch_unwind::h5bfa8afe44c9c2f9
[INFO] [stdout]                                at /rustc/84c898d65adf2f39a5a98507f1fe0ce10a2b8dbc/library/std/src/panic.rs:140:14
[INFO] [stdout]   31:     0x557b9fa7ac26 - test::run_test_in_process::hd50dee55dd63e6aa
[INFO] [stdout]                                at /rustc/84c898d65adf2f39a5a98507f1fe0ce10a2b8dbc/library/test/src/lib.rs:679:27
[INFO] [stdout]   32:     0x557b9fa7ac26 - test::run_test::run_test_inner::{{closure}}::h4aa0f433aa85cea8
[INFO] [stdout]                                at /rustc/84c898d65adf2f39a5a98507f1fe0ce10a2b8dbc/library/test/src/lib.rs:573:39
[INFO] [stdout]   33:     0x557b9fa478f1 - test::run_test::run_test_inner::{{closure}}::had56431adf24b4d6
[INFO] [stdout]                                at /rustc/84c898d65adf2f39a5a98507f1fe0ce10a2b8dbc/library/test/src/lib.rs:600:37
[INFO] [stdout]   34:     0x557b9fa478f1 - std::sys_common::backtrace::__rust_begin_short_backtrace::ha8d9890e0c73bf13
[INFO] [stdout]                                at /rustc/84c898d65adf2f39a5a98507f1fe0ce10a2b8dbc/library/std/src/sys_common/backtrace.rs:134:18
[INFO] [stdout]   35:     0x557b9fa4d30b - std::thread::Builder::spawn_unchecked_::{{closure}}::{{closure}}::h251832bcb4a95327
[INFO] [stdout]                                at /rustc/84c898d65adf2f39a5a98507f1fe0ce10a2b8dbc/library/std/src/thread/mod.rs:560:17
[INFO] [stdout]   36:     0x557b9fa4d30b - <core::panic::unwind_safe::AssertUnwindSafe<F> as core::ops::function::FnOnce<()>>::call_once::h8fdff598fa414831
[INFO] [stdout]                                at /rustc/84c898d65adf2f39a5a98507f1fe0ce10a2b8dbc/library/core/src/panic/unwind_safe.rs:271:9
[INFO] [stdout]   37:     0x557b9fa4d30b - std::panicking::try::do_call::h455dd2f7764a950f
[INFO] [stdout]                                at /rustc/84c898d65adf2f39a5a98507f1fe0ce10a2b8dbc/library/std/src/panicking.rs:487:40
[INFO] [stdout]   38:     0x557b9fa4d30b - std::panicking::try::had6f23b7b73ae72a
[INFO] [stdout]                                at /rustc/84c898d65adf2f39a5a98507f1fe0ce10a2b8dbc/library/std/src/panicking.rs:451:19
[INFO] [stdout]   39:     0x557b9fa4d30b - std::panic::catch_unwind::ha6a5ca3915b4dad0
[INFO] [stdout]                                at /rustc/84c898d65adf2f39a5a98507f1fe0ce10a2b8dbc/library/std/src/panic.rs:140:14
[INFO] [stdout]   40:     0x557b9fa4d30b - std::thread::Builder::spawn_unchecked_::{{closure}}::h883b72ef75da6231
[INFO] [stdout]                                at /rustc/84c898d65adf2f39a5a98507f1fe0ce10a2b8dbc/library/std/src/thread/mod.rs:559:30
[INFO] [stdout]   41:     0x557b9fa4d30b - core::ops::function::FnOnce::call_once{{vtable.shim}}::hb7dff73dc8bd2ccb
[INFO] [stdout]                                at /rustc/84c898d65adf2f39a5a98507f1fe0ce10a2b8dbc/library/core/src/ops/function.rs:250:5
[INFO] [stdout]   42:     0x557ba003e693 - <alloc::boxed::Box<F,A> as core::ops::function::FnOnce<Args>>::call_once::h39990b24eedef2ab
[INFO] [stdout]                                at /rustc/84c898d65adf2f39a5a98507f1fe0ce10a2b8dbc/library/alloc/src/boxed.rs:1987:9
[INFO] [stdout]   43:     0x557ba003e693 - <alloc::boxed::Box<F,A> as core::ops::function::FnOnce<Args>>::call_once::h01a027258444143b
[INFO] [stdout]                                at /rustc/84c898d65adf2f39a5a98507f1fe0ce10a2b8dbc/library/alloc/src/boxed.rs:1987:9
[INFO] [stdout]   44:     0x557ba003e693 - std::sys::unix::thread::Thread::new::thread_start::ha4f1cdd9c25884ba
[INFO] [stdout]                                at /rustc/84c898d65adf2f39a5a98507f1fe0ce10a2b8dbc/library/std/src/sys/unix/thread.rs:108:17
[INFO] [stdout]   45:     0x7fd5be4a7b43 - <unknown>
[INFO] [stdout]   46:     0x7fd5be538bb4 - __clone
[INFO] [stdout]   47:                0x0 - <unknown>
[INFO] [stdout] 
[INFO] [stdout] 
[INFO] [stdout] failures:
[INFO] [stdout]     cell::config::tests::parse_node_config_example_yaml_file
[INFO] [stdout] 
[INFO] [stdout] test result: FAILED. 89 passed; 1 failed; 0 ignored; 0 measured; 0 filtered out; finished in 0.22s
[INFO] [stdout] 
[INFO] [stderr] error: test failed, to rerun pass `--lib`
[INFO] running `Command { std: "docker" "inspect" "e1d461f459205755e2c677e50b730b93f65c9880078eff3a7f3885f3984d103c", kill_on_drop: false }`
[INFO] running `Command { std: "docker" "rm" "-f" "e1d461f459205755e2c677e50b730b93f65c9880078eff3a7f3885f3984d103c", kill_on_drop: false }`
[INFO] [stdout] e1d461f459205755e2c677e50b730b93f65c9880078eff3a7f3885f3984d103c
