[INFO] fetching crate exc-core 0.5.3...
[INFO] testing exc-core-0.5.3 against 1.69.0 for beta-1.70-1
[INFO] extracting crate exc-core 0.5.3 into /workspace/builds/worker-5-tc1/source
[INFO] validating manifest of crates.io crate exc-core 0.5.3 on toolchain 1.69.0
[INFO] running `Command { std: CARGO_HOME="/workspace/cargo-home" RUSTUP_HOME="/workspace/rustup-home" "/workspace/cargo-home/bin/cargo" "+1.69.0" "metadata" "--manifest-path" "Cargo.toml" "--no-deps", kill_on_drop: false }`
[INFO] started tweaking crates.io crate exc-core 0.5.3
[INFO] finished tweaking crates.io crate exc-core 0.5.3
[INFO] tweaked toml for crates.io crate exc-core 0.5.3 written to /workspace/builds/worker-5-tc1/source/Cargo.toml
[INFO] running `Command { std: CARGO_HOME="/workspace/cargo-home" RUSTUP_HOME="/workspace/rustup-home" __CARGO_TEST_CHANNEL_OVERRIDE_DO_NOT_USE_THIS="nightly" "/workspace/cargo-home/bin/cargo" "+1.69.0" "generate-lockfile" "--manifest-path" "Cargo.toml" "-Zno-index-update", kill_on_drop: false }`
[INFO] running `Command { std: CARGO_HOME="/workspace/cargo-home" RUSTUP_HOME="/workspace/rustup-home" "/workspace/cargo-home/bin/cargo" "+1.69.0" "fetch" "--manifest-path" "Cargo.toml", kill_on_drop: false }`
[INFO] [stderr]  Downloading crates ...
[INFO] [stderr]   Downloaded positions v0.1.8
[INFO] [stderr]   Downloaded indicator v0.3.4
[INFO] running `Command { std: "docker" "create" "-v" "/var/lib/crater-agent-workspace/builds/worker-5-tc1/target:/opt/rustwide/target:rw,Z" "-v" "/var/lib/crater-agent-workspace/builds/worker-5-tc1/source:/opt/rustwide/workdir:ro,Z" "-v" "/var/lib/crater-agent-workspace/cargo-home:/opt/rustwide/cargo-home:ro,Z" "-v" "/var/lib/crater-agent-workspace/rustup-home:/opt/rustwide/rustup-home:ro,Z" "-e" "SOURCE_DIR=/opt/rustwide/workdir" "-e" "CARGO_TARGET_DIR=/opt/rustwide/target" "-e" "CARGO_HOME=/opt/rustwide/cargo-home" "-e" "RUSTUP_HOME=/opt/rustwide/rustup-home" "-w" "/opt/rustwide/workdir" "-m" "1610612736" "--user" "0:0" "--network" "none" "ghcr.io/rust-lang/crates-build-env/linux@sha256:5ff2268d62e97bff2cde7d5815dd6ed5b47097566f13b8d0ca110b04b60e07ed" "/opt/rustwide/cargo-home/bin/cargo" "+1.69.0" "metadata" "--no-deps" "--format-version=1", kill_on_drop: false }`
[INFO] [stdout] 5167df0df24ff5929519ed15dbaca0d1cdd070d221d4398aa3a4bf4580f5994c
[INFO] running `Command { std: "docker" "start" "-a" "5167df0df24ff5929519ed15dbaca0d1cdd070d221d4398aa3a4bf4580f5994c", kill_on_drop: false }`
[INFO] running `Command { std: "docker" "inspect" "5167df0df24ff5929519ed15dbaca0d1cdd070d221d4398aa3a4bf4580f5994c", kill_on_drop: false }`
[INFO] running `Command { std: "docker" "rm" "-f" "5167df0df24ff5929519ed15dbaca0d1cdd070d221d4398aa3a4bf4580f5994c", kill_on_drop: false }`
[INFO] [stdout] 5167df0df24ff5929519ed15dbaca0d1cdd070d221d4398aa3a4bf4580f5994c
[INFO] running `Command { std: "docker" "create" "-v" "/var/lib/crater-agent-workspace/builds/worker-5-tc1/target:/opt/rustwide/target:rw,Z" "-v" "/var/lib/crater-agent-workspace/builds/worker-5-tc1/source:/opt/rustwide/workdir:ro,Z" "-v" "/var/lib/crater-agent-workspace/cargo-home:/opt/rustwide/cargo-home:ro,Z" "-v" "/var/lib/crater-agent-workspace/rustup-home:/opt/rustwide/rustup-home:ro,Z" "-e" "SOURCE_DIR=/opt/rustwide/workdir" "-e" "CARGO_TARGET_DIR=/opt/rustwide/target" "-e" "CARGO_INCREMENTAL=0" "-e" "RUST_BACKTRACE=full" "-e" "RUSTFLAGS=--cap-lints=warn" "-e" "RUSTDOCFLAGS=--cap-lints=warn" "-e" "CARGO_HOME=/opt/rustwide/cargo-home" "-e" "RUSTUP_HOME=/opt/rustwide/rustup-home" "-w" "/opt/rustwide/workdir" "-m" "1610612736" "--user" "0:0" "--network" "none" "ghcr.io/rust-lang/crates-build-env/linux@sha256:5ff2268d62e97bff2cde7d5815dd6ed5b47097566f13b8d0ca110b04b60e07ed" "/opt/rustwide/cargo-home/bin/cargo" "+1.69.0" "build" "--frozen" "--message-format=json", kill_on_drop: false }`
[INFO] [stdout] 7f4460e671f047ff4679a20ca0be98d61eb778c6e37c110a8b89a08a5ff155ba
[INFO] running `Command { std: "docker" "start" "-a" "7f4460e671f047ff4679a20ca0be98d61eb778c6e37c110a8b89a08a5ff155ba", kill_on_drop: false }`
[INFO] [stderr]    Compiling libc v0.2.142
[INFO] [stderr]    Compiling log v0.4.17
[INFO] [stderr]    Compiling futures-core v0.3.28
[INFO] [stderr]    Compiling cc v1.0.79
[INFO] [stderr]    Compiling bytes v1.4.0
[INFO] [stderr]    Compiling once_cell v1.17.1
[INFO] [stderr]    Compiling memchr v2.5.0
[INFO] [stderr]    Compiling futures-channel v0.3.28
[INFO] [stderr]    Compiling futures-sink v0.3.28
[INFO] [stderr]    Compiling slab v0.4.8
[INFO] [stderr]    Compiling futures-task v0.3.28
[INFO] [stderr]    Compiling tokio v1.28.0
[INFO] [stderr]    Compiling futures-util v0.3.28
[INFO] [stderr]    Compiling syn v2.0.15
[INFO] [stderr]    Compiling futures-io v0.3.28
[INFO] [stderr]    Compiling itoa v1.0.6
[INFO] [stderr]    Compiling pin-utils v0.1.0
[INFO] [stderr]    Compiling serde_derive v1.0.160
[INFO] [stderr]    Compiling openssl v0.10.52
[INFO] [stderr]    Compiling serde v1.0.160
[INFO] [stderr]    Compiling native-tls v0.2.11
[INFO] [stderr]    Compiling syn v1.0.109
[INFO] [stderr]    Compiling httparse v1.8.0
[INFO] [stderr]    Compiling tinyvec_macros v0.1.1
[INFO] [stderr]    Compiling fnv v1.0.7
[INFO] [stderr]    Compiling tinyvec v1.6.0
[INFO] [stderr]    Compiling thiserror v1.0.40
[INFO] [stderr]    Compiling openssl-probe v0.1.5
[INFO] [stderr]    Compiling crypto-common v0.1.6
[INFO] [stderr]    Compiling http v0.2.9
[INFO] [stderr]    Compiling tracing-core v0.1.30
[INFO] [stderr]    Compiling num-traits v0.2.15
[INFO] [stderr]    Compiling unicode-bidi v0.3.13
[INFO] [stderr]    Compiling percent-encoding v2.2.0
[INFO] [stderr]    Compiling digest v0.10.6
[INFO] [stderr]    Compiling indexmap v1.9.3
[INFO] [stderr]    Compiling form_urlencoded v1.1.0
[INFO] [stderr]    Compiling time-core v0.1.0
[INFO] [stderr]    Compiling try-lock v0.2.4
[INFO] [stderr]    Compiling tower-service v0.3.2
[INFO] [stderr]    Compiling time-macros v0.2.8
[INFO] [stderr]    Compiling want v0.3.0
[INFO] [stderr]    Compiling sha-1 v0.10.1
[INFO] [stderr]    Compiling hashbrown v0.12.3
[INFO] [stderr]    Compiling utf-8 v0.7.6
[INFO] [stderr]    Compiling rust_decimal v1.29.1
[INFO] [stderr]    Compiling anyhow v1.0.71
[INFO] [stderr]    Compiling openssl-sys v0.9.87
[INFO] [stderr]    Compiling arrayvec v0.7.2
[INFO] [stderr]    Compiling httpdate v1.0.2
[INFO] [stderr]    Compiling tower-layer v0.3.2
[INFO] [stderr]    Compiling http-body v0.4.5
[INFO] [stderr]    Compiling unicode-normalization v0.1.22
[INFO] [stderr]    Compiling convert_case v0.4.0
[INFO] [stderr]    Compiling humantime v2.1.0
[INFO] [stderr]    Compiling either v1.8.1
[INFO] [stderr]    Compiling mio v0.8.6
[INFO] [stderr]    Compiling socket2 v0.4.9
[INFO] [stderr]    Compiling getrandom v0.2.9
[INFO] [stderr]    Compiling rand_core v0.6.4
[INFO] [stderr]    Compiling idna v0.3.0
[INFO] [stderr]    Compiling rand_chacha v0.3.1
[INFO] [stderr]    Compiling rand v0.8.5
[INFO] [stderr]    Compiling url v2.3.1
[INFO] [stderr]    Compiling futures-macro v0.3.28
[INFO] [stderr]    Compiling openssl-macros v0.1.1
[INFO] [stderr]    Compiling thiserror-impl v1.0.40
[INFO] [stderr]    Compiling tracing-attributes v0.1.24
[INFO] [stderr]    Compiling async-stream-impl v0.3.5
[INFO] [stderr]    Compiling async-stream v0.3.5
[INFO] [stderr]    Compiling pin-project-internal v1.0.12
[INFO] [stderr]    Compiling derive_more v0.99.17
[INFO] [stderr]    Compiling tokio-util v0.7.8
[INFO] [stderr]    Compiling tokio-stream v0.1.14
[INFO] [stderr]    Compiling tracing v0.1.37
[INFO] [stderr]    Compiling pin-project v1.0.12
[INFO] [stderr]    Compiling tokio-native-tls v0.3.1
[INFO] [stderr]    Compiling tungstenite v0.17.3
[INFO] [stderr]    Compiling futures-executor v0.3.28
[INFO] [stderr]    Compiling hyper v0.14.26
[INFO] [stderr]    Compiling tower v0.4.13
[INFO] [stderr]    Compiling futures v0.3.28
[INFO] [stderr]    Compiling tokio-tungstenite v0.17.2
[INFO] [stderr]    Compiling time v0.3.20
[INFO] [stderr]    Compiling positions v0.1.8
[INFO] [stderr]    Compiling hyper-tls v0.5.0
[INFO] [stderr]    Compiling indicator v0.3.4
[INFO] [stderr]    Compiling exc-core v0.5.3 (/opt/rustwide/workdir)
[INFO] [stderr]     Finished dev [unoptimized + debuginfo] target(s) in 23.04s
[INFO] running `Command { std: "docker" "inspect" "7f4460e671f047ff4679a20ca0be98d61eb778c6e37c110a8b89a08a5ff155ba", kill_on_drop: false }`
[INFO] running `Command { std: "docker" "rm" "-f" "7f4460e671f047ff4679a20ca0be98d61eb778c6e37c110a8b89a08a5ff155ba", kill_on_drop: false }`
[INFO] [stdout] 7f4460e671f047ff4679a20ca0be98d61eb778c6e37c110a8b89a08a5ff155ba
[INFO] running `Command { std: "docker" "create" "-v" "/var/lib/crater-agent-workspace/builds/worker-5-tc1/target:/opt/rustwide/target:rw,Z" "-v" "/var/lib/crater-agent-workspace/builds/worker-5-tc1/source:/opt/rustwide/workdir:ro,Z" "-v" "/var/lib/crater-agent-workspace/cargo-home:/opt/rustwide/cargo-home:ro,Z" "-v" "/var/lib/crater-agent-workspace/rustup-home:/opt/rustwide/rustup-home:ro,Z" "-e" "SOURCE_DIR=/opt/rustwide/workdir" "-e" "CARGO_TARGET_DIR=/opt/rustwide/target" "-e" "CARGO_INCREMENTAL=0" "-e" "RUST_BACKTRACE=full" "-e" "RUSTFLAGS=--cap-lints=warn" "-e" "RUSTDOCFLAGS=--cap-lints=warn" "-e" "CARGO_HOME=/opt/rustwide/cargo-home" "-e" "RUSTUP_HOME=/opt/rustwide/rustup-home" "-w" "/opt/rustwide/workdir" "-m" "1610612736" "--user" "0:0" "--network" "none" "ghcr.io/rust-lang/crates-build-env/linux@sha256:5ff2268d62e97bff2cde7d5815dd6ed5b47097566f13b8d0ca110b04b60e07ed" "/opt/rustwide/cargo-home/bin/cargo" "+1.69.0" "test" "--frozen" "--no-run" "--message-format=json", kill_on_drop: false }`
[INFO] [stdout] 0de36a782e9e410e9f2c4e562b259d698b8c26c7c492c953352eec0841117413
[INFO] running `Command { std: "docker" "start" "-a" "0de36a782e9e410e9f2c4e562b259d698b8c26c7c492c953352eec0841117413", kill_on_drop: false }`
[INFO] [stderr]     Blocking waiting for file lock on package cache
[INFO] [stderr]     Blocking waiting for file lock on package cache
[INFO] [stderr]    Compiling exc-core v0.5.3 (/opt/rustwide/workdir)
[INFO] [stderr]     Finished test [unoptimized + debuginfo] target(s) in 6.48s
[INFO] running `Command { std: "docker" "inspect" "0de36a782e9e410e9f2c4e562b259d698b8c26c7c492c953352eec0841117413", kill_on_drop: false }`
[INFO] running `Command { std: "docker" "rm" "-f" "0de36a782e9e410e9f2c4e562b259d698b8c26c7c492c953352eec0841117413", kill_on_drop: false }`
[INFO] [stdout] 0de36a782e9e410e9f2c4e562b259d698b8c26c7c492c953352eec0841117413
[INFO] running `Command { std: "docker" "create" "-v" "/var/lib/crater-agent-workspace/builds/worker-5-tc1/target:/opt/rustwide/target:rw,Z" "-v" "/var/lib/crater-agent-workspace/builds/worker-5-tc1/source:/opt/rustwide/workdir:ro,Z" "-v" "/var/lib/crater-agent-workspace/cargo-home:/opt/rustwide/cargo-home:ro,Z" "-v" "/var/lib/crater-agent-workspace/rustup-home:/opt/rustwide/rustup-home:ro,Z" "-e" "SOURCE_DIR=/opt/rustwide/workdir" "-e" "CARGO_TARGET_DIR=/opt/rustwide/target" "-e" "CARGO_INCREMENTAL=0" "-e" "RUST_BACKTRACE=full" "-e" "RUSTFLAGS=--cap-lints=warn" "-e" "RUSTDOCFLAGS=--cap-lints=warn" "-e" "CARGO_HOME=/opt/rustwide/cargo-home" "-e" "RUSTUP_HOME=/opt/rustwide/rustup-home" "-w" "/opt/rustwide/workdir" "-m" "1610612736" "--user" "0:0" "--network" "none" "ghcr.io/rust-lang/crates-build-env/linux@sha256:5ff2268d62e97bff2cde7d5815dd6ed5b47097566f13b8d0ca110b04b60e07ed" "/opt/rustwide/cargo-home/bin/cargo" "+1.69.0" "test" "--frozen", kill_on_drop: false }`
[INFO] [stdout] ad7b783cd1b7b6b48adc64dc8a7d52037047782252bb032755889d5568973dce
[INFO] running `Command { std: "docker" "start" "-a" "ad7b783cd1b7b6b48adc64dc8a7d52037047782252bb032755889d5568973dce", kill_on_drop: false }`
[INFO] [stderr]     Blocking waiting for file lock on package cache
[INFO] [stderr]     Finished test [unoptimized + debuginfo] target(s) in 0.23s
[INFO] [stderr]      Running unittests src/lib.rs (/opt/rustwide/target/debug/deps/exc_core-d629e3d36d571e02)
[INFO] [stdout] 
[INFO] [stdout] running 5 tests
[INFO] [stdout] test util::test::test_year_included_2 ... ok
[INFO] [stdout] test util::test::test_month_excluded ... ok
[INFO] [stdout] test util::test::test_year_included ... ok
[INFO] [stdout] test util::test::test_year_excluded ... ok
[INFO] [stdout] test util::test::test_month_included ... ok
[INFO] [stdout] 
[INFO] [stdout] test result: ok. 5 passed; 0 failed; 0 ignored; 0 measured; 0 filtered out; finished in 0.00s
[INFO] [stdout] 
[INFO] [stderr]    Doc-tests exc-core
[INFO] [stdout] 
[INFO] [stdout] running 4 tests
[INFO] [stdout] test src/util.rs - util::trunc (line 14) ... FAILED
[INFO] [stdout] test src/util.rs - util::PeriodExt::iterate (line 220) ... FAILED
[INFO] [stdout] test src/util.rs - util::PeriodExt::iterate (line 173) ... FAILED
[INFO] [stdout] test src/util.rs - util::PeriodExt::iterate (line 196) ... FAILED
[INFO] [stderr] error: doctest failed, to rerun pass `--doc`
[INFO] [stdout] 
[INFO] [stdout] failures:
[INFO] [stdout] 
[INFO] [stdout] ---- src/util.rs - util::trunc (line 14) stdout ----
[INFO] [stdout] error[E0433]: failed to resolve: use of undeclared crate or module `exc`
[INFO] [stdout]  --> src/util.rs:15:5
[INFO] [stdout]   |
[INFO] [stdout] 3 | use exc::util::trunc;
[INFO] [stdout]   |     ^^^ use of undeclared crate or module `exc`
[INFO] [stdout] 
[INFO] [stdout] error: aborting due to previous error
[INFO] [stdout] 
[INFO] [stdout] For more information about this error, try `rustc --explain E0433`.
[INFO] [stdout] Couldn't compile the test.
[INFO] [stdout] ---- src/util.rs - util::PeriodExt::iterate (line 220) stdout ----
[INFO] [stdout] error[E0433]: failed to resolve: use of undeclared crate or module `exc`
[INFO] [stdout]  --> src/util.rs:222:5
[INFO] [stdout]   |
[INFO] [stdout] 4 | use exc::util::PeriodExt;
[INFO] [stdout]   |     ^^^ use of undeclared crate or module `exc`
[INFO] [stdout] 
[INFO] [stdout] error[E0599]: no method named `iterate` found for struct `indicator::Period` in the current scope
[INFO] [stdout]  --> src/util.rs:227:6
[INFO] [stdout]   |
[INFO] [stdout] 8 |   let tss = period
[INFO] [stdout]   |  ___________-
[INFO] [stdout] 9 | |     .iterate(datetime!(2022-04-25 00:00:00 +08:00)..=datetime!(2022-05-30 00:00:00 +08:00))
[INFO] [stdout]   | |     -^^^^^^^ method not found in `Period`
[INFO] [stdout]   | |_____|
[INFO] [stdout]   | 
[INFO] [stdout] 
[INFO] [stdout] error: aborting due to 2 previous errors
[INFO] [stdout] 
[INFO] [stdout] Some errors have detailed explanations: E0433, E0599.
[INFO] [stdout] For more information about an error, try `rustc --explain E0433`.
[INFO] [stdout] Couldn't compile the test.
[INFO] [stdout] ---- src/util.rs - util::PeriodExt::iterate (line 173) stdout ----
[INFO] [stdout] error[E0433]: failed to resolve: use of undeclared crate or module `exc`
[INFO] [stdout]  --> src/util.rs:175:5
[INFO] [stdout]   |
[INFO] [stdout] 4 | use exc::util::PeriodExt;
[INFO] [stdout]   |     ^^^ use of undeclared crate or module `exc`
[INFO] [stdout] 
[INFO] [stdout] error[E0599]: no method named `iterate` found for struct `indicator::Period` in the current scope
[INFO] [stdout]  --> src/util.rs:180:6
[INFO] [stdout]   |
[INFO] [stdout] 8 |   let tss = period
[INFO] [stdout]   |  ___________-
[INFO] [stdout] 9 | |     .iterate(datetime!(2022-05-01 12:31:59 +08:00)..datetime!(2022-06-01 11:56:49 +08:00))
[INFO] [stdout]   | |     -^^^^^^^ method not found in `Period`
[INFO] [stdout]   | |_____|
[INFO] [stdout]   | 
[INFO] [stdout] 
[INFO] [stdout] error: aborting due to 2 previous errors
[INFO] [stdout] 
[INFO] [stdout] Some errors have detailed explanations: E0433, E0599.
[INFO] [stdout] For more information about an error, try `rustc --explain E0433`.
[INFO] [stdout] Couldn't compile the test.
[INFO] [stdout] ---- src/util.rs - util::PeriodExt::iterate (line 196) stdout ----
[INFO] [stdout] error[E0433]: failed to resolve: use of undeclared crate or module `exc`
[INFO] [stdout]  --> src/util.rs:198:5
[INFO] [stdout]   |
[INFO] [stdout] 4 | use exc::util::PeriodExt;
[INFO] [stdout]   |     ^^^ use of undeclared crate or module `exc`
[INFO] [stdout] 
[INFO] [stdout] error[E0599]: no method named `iterate` found for struct `indicator::Period` in the current scope
[INFO] [stdout]  --> src/util.rs:203:6
[INFO] [stdout]   |
[INFO] [stdout] 8 |   let tss = period
[INFO] [stdout]   |  ___________-
[INFO] [stdout] 9 | |     .iterate(datetime!(2022-05-01 12:31:59 +08:00)..=datetime!(2022-06-01 11:56:49 +08:00))
[INFO] [stdout]   | |     -^^^^^^^ method not found in `Period`
[INFO] [stdout]   | |_____|
[INFO] [stdout]   | 
[INFO] [stdout] 
[INFO] [stdout] error: aborting due to 2 previous errors
[INFO] [stdout] 
[INFO] [stdout] Some errors have detailed explanations: E0433, E0599.
[INFO] [stdout] For more information about an error, try `rustc --explain E0433`.
[INFO] [stdout] Couldn't compile the test.
[INFO] [stdout] 
[INFO] [stdout] failures:
[INFO] [stdout]     src/util.rs - util::PeriodExt::iterate (line 173)
[INFO] [stdout]     src/util.rs - util::PeriodExt::iterate (line 196)
[INFO] [stdout]     src/util.rs - util::PeriodExt::iterate (line 220)
[INFO] [stdout]     src/util.rs - util::trunc (line 14)
[INFO] [stdout] 
[INFO] [stdout] test result: FAILED. 0 passed; 4 failed; 0 ignored; 0 measured; 0 filtered out; finished in 0.09s
[INFO] [stdout] 
[INFO] running `Command { std: "docker" "inspect" "ad7b783cd1b7b6b48adc64dc8a7d52037047782252bb032755889d5568973dce", kill_on_drop: false }`
[INFO] running `Command { std: "docker" "rm" "-f" "ad7b783cd1b7b6b48adc64dc8a7d52037047782252bb032755889d5568973dce", kill_on_drop: false }`
[INFO] [stdout] ad7b783cd1b7b6b48adc64dc8a7d52037047782252bb032755889d5568973dce
