[INFO] fetching crate evm-disassembler 0.2.0...
[INFO] testing evm-disassembler-0.2.0 against 1.69.0 for beta-1.70-1
[INFO] extracting crate evm-disassembler 0.2.0 into /workspace/builds/worker-2-tc1/source
[INFO] validating manifest of crates.io crate evm-disassembler 0.2.0 on toolchain 1.69.0
[INFO] running `Command { std: CARGO_HOME="/workspace/cargo-home" RUSTUP_HOME="/workspace/rustup-home" "/workspace/cargo-home/bin/cargo" "+1.69.0" "metadata" "--manifest-path" "Cargo.toml" "--no-deps", kill_on_drop: false }`
[INFO] started tweaking crates.io crate evm-disassembler 0.2.0
[INFO] finished tweaking crates.io crate evm-disassembler 0.2.0
[INFO] tweaked toml for crates.io crate evm-disassembler 0.2.0 written to /workspace/builds/worker-2-tc1/source/Cargo.toml
[INFO] running `Command { std: CARGO_HOME="/workspace/cargo-home" RUSTUP_HOME="/workspace/rustup-home" __CARGO_TEST_CHANNEL_OVERRIDE_DO_NOT_USE_THIS="nightly" "/workspace/cargo-home/bin/cargo" "+1.69.0" "generate-lockfile" "--manifest-path" "Cargo.toml" "-Zno-index-update", kill_on_drop: false }`
[INFO] running `Command { std: CARGO_HOME="/workspace/cargo-home" RUSTUP_HOME="/workspace/rustup-home" "/workspace/cargo-home/bin/cargo" "+1.69.0" "fetch" "--manifest-path" "Cargo.toml", kill_on_drop: false }`
[INFO] [stderr]  Downloading crates ...
[INFO] [stderr]   Downloaded ethers v2.0.4
[INFO] [stderr]   Downloaded dialoguer v0.8.0
[INFO] [stderr]   Downloaded solang-parser v0.2.4
[INFO] [stderr]   Downloaded rlp v0.5.2
[INFO] [stderr]   Downloaded indicatif v0.16.2
[INFO] [stderr]   Downloaded ethers-core v2.0.4
[INFO] [stderr]   Downloaded ethers-etherscan v2.0.4
[INFO] [stderr]   Downloaded coins-bip32 v0.8.3
[INFO] [stderr]   Downloaded ethers-signers v2.0.4
[INFO] [stderr]   Downloaded parity-scale-codec-derive v3.1.4
[INFO] [stderr]   Downloaded bech32 v0.7.3
[INFO] [stderr]   Downloaded num_enum_derive v0.6.1
[INFO] [stderr]   Downloaded ethbloom v0.13.0
[INFO] [stderr]   Downloaded scale-info-derive v2.6.0
[INFO] [stderr]   Downloaded eth-keystore v0.5.0
[INFO] [stderr]   Downloaded ethers-contract v2.0.4
[INFO] [stderr]   Downloaded ethers-middleware v2.0.4
[INFO] [stderr]   Downloaded impl-serde v0.4.0
[INFO] [stderr]   Downloaded scale-info v2.6.0
[INFO] [stderr]   Downloaded rstest v0.16.0
[INFO] [stderr]   Downloaded coins-bip39 v0.8.6
[INFO] [stderr]   Downloaded coins-core v0.8.3
[INFO] [stderr]   Downloaded ripemd v0.1.3
[INFO] [stderr]   Downloaded k256 v0.13.1
[INFO] [stderr]   Downloaded rfc6979 v0.4.0
[INFO] [stderr]   Downloaded impl-rlp v0.3.0
[INFO] [stderr]   Downloaded fixed-hash v0.8.0
[INFO] [stderr]   Downloaded open-fastrlp-derive v0.1.1
[INFO] [stderr]   Downloaded ethereum-types v0.14.1
[INFO] [stderr]   Downloaded ecdsa v0.16.6
[INFO] [stderr]   Downloaded prettyplease v0.2.4
[INFO] [stderr]   Downloaded impl-codec v0.6.0
[INFO] [stderr]   Downloaded parity-scale-codec v3.4.0
[INFO] [stderr]   Downloaded enr v0.8.1
[INFO] [stderr]   Downloaded ethers-solc v2.0.4
[INFO] [stderr]   Downloaded primitive-types v0.12.1
[INFO] [stderr]   Downloaded ethers-addressbook v2.0.4
[INFO] [stderr]   Downloaded rstest_macros v0.16.0
[INFO] [stderr]   Downloaded ethers-contract-derive v2.0.4
[INFO] [stderr]   Downloaded futures-locks v0.7.1
[INFO] [stderr]   Downloaded svm-rs v0.2.22
[INFO] [stderr]   Downloaded num_enum v0.6.1
[INFO] [stderr]   Downloaded auto_impl v1.0.1
[INFO] [stderr]   Downloaded ethers-contract-abigen v2.0.4
[INFO] [stderr]   Downloaded ethabi v18.0.0
[INFO] [stderr]   Downloaded hashers v1.0.1
[INFO] [stderr]   Downloaded ethers-providers v2.0.4
[INFO] [stderr]   Downloaded open-fastrlp v0.1.4
[INFO] [stderr]   Downloaded rlp-derive v0.1.0
[INFO] running `Command { std: "docker" "create" "-v" "/var/lib/crater-agent-workspace/builds/worker-2-tc1/target:/opt/rustwide/target:rw,Z" "-v" "/var/lib/crater-agent-workspace/builds/worker-2-tc1/source:/opt/rustwide/workdir:ro,Z" "-v" "/var/lib/crater-agent-workspace/cargo-home:/opt/rustwide/cargo-home:ro,Z" "-v" "/var/lib/crater-agent-workspace/rustup-home:/opt/rustwide/rustup-home:ro,Z" "-e" "SOURCE_DIR=/opt/rustwide/workdir" "-e" "CARGO_TARGET_DIR=/opt/rustwide/target" "-e" "CARGO_HOME=/opt/rustwide/cargo-home" "-e" "RUSTUP_HOME=/opt/rustwide/rustup-home" "-w" "/opt/rustwide/workdir" "-m" "1610612736" "--user" "0:0" "--network" "none" "ghcr.io/rust-lang/crates-build-env/linux@sha256:5ff2268d62e97bff2cde7d5815dd6ed5b47097566f13b8d0ca110b04b60e07ed" "/opt/rustwide/cargo-home/bin/cargo" "+1.69.0" "metadata" "--no-deps" "--format-version=1", kill_on_drop: false }`
[INFO] [stdout] d07855b1add0b0369e6d752576bbad3e3ef07f3aff7c49b905452653f25eb60c
[INFO] running `Command { std: "docker" "start" "-a" "d07855b1add0b0369e6d752576bbad3e3ef07f3aff7c49b905452653f25eb60c", kill_on_drop: false }`
[INFO] running `Command { std: "docker" "inspect" "d07855b1add0b0369e6d752576bbad3e3ef07f3aff7c49b905452653f25eb60c", kill_on_drop: false }`
[INFO] running `Command { std: "docker" "rm" "-f" "d07855b1add0b0369e6d752576bbad3e3ef07f3aff7c49b905452653f25eb60c", kill_on_drop: false }`
[INFO] [stdout] d07855b1add0b0369e6d752576bbad3e3ef07f3aff7c49b905452653f25eb60c
[INFO] running `Command { std: "docker" "create" "-v" "/var/lib/crater-agent-workspace/builds/worker-2-tc1/target:/opt/rustwide/target:rw,Z" "-v" "/var/lib/crater-agent-workspace/builds/worker-2-tc1/source:/opt/rustwide/workdir:ro,Z" "-v" "/var/lib/crater-agent-workspace/cargo-home:/opt/rustwide/cargo-home:ro,Z" "-v" "/var/lib/crater-agent-workspace/rustup-home:/opt/rustwide/rustup-home:ro,Z" "-e" "SOURCE_DIR=/opt/rustwide/workdir" "-e" "CARGO_TARGET_DIR=/opt/rustwide/target" "-e" "CARGO_INCREMENTAL=0" "-e" "RUST_BACKTRACE=full" "-e" "RUSTFLAGS=--cap-lints=warn" "-e" "RUSTDOCFLAGS=--cap-lints=warn" "-e" "CARGO_HOME=/opt/rustwide/cargo-home" "-e" "RUSTUP_HOME=/opt/rustwide/rustup-home" "-w" "/opt/rustwide/workdir" "-m" "1610612736" "--user" "0:0" "--network" "none" "ghcr.io/rust-lang/crates-build-env/linux@sha256:5ff2268d62e97bff2cde7d5815dd6ed5b47097566f13b8d0ca110b04b60e07ed" "/opt/rustwide/cargo-home/bin/cargo" "+1.69.0" "build" "--frozen" "--message-format=json", kill_on_drop: false }`
[INFO] [stdout] 02814bdca118e58421e091d51161214460f35d0d7acb20dd846658cb17edbc8a
[INFO] running `Command { std: "docker" "start" "-a" "02814bdca118e58421e091d51161214460f35d0d7acb20dd846658cb17edbc8a", kill_on_drop: false }`
[INFO] [stderr]     Blocking waiting for file lock on package cache
[INFO] [stderr]     Blocking waiting for file lock on package cache
[INFO] [stderr]    Compiling eyre v0.6.8
[INFO] [stderr]    Compiling indenter v0.3.3
[INFO] [stderr]    Compiling hex v0.4.3
[INFO] [stderr]    Compiling evm-disassembler v0.2.0 (/opt/rustwide/workdir)
[INFO] [stderr]     Finished dev [unoptimized + debuginfo] target(s) in 1.90s
[INFO] running `Command { std: "docker" "inspect" "02814bdca118e58421e091d51161214460f35d0d7acb20dd846658cb17edbc8a", kill_on_drop: false }`
[INFO] running `Command { std: "docker" "rm" "-f" "02814bdca118e58421e091d51161214460f35d0d7acb20dd846658cb17edbc8a", kill_on_drop: false }`
[INFO] [stdout] 02814bdca118e58421e091d51161214460f35d0d7acb20dd846658cb17edbc8a
[INFO] running `Command { std: "docker" "create" "-v" "/var/lib/crater-agent-workspace/builds/worker-2-tc1/target:/opt/rustwide/target:rw,Z" "-v" "/var/lib/crater-agent-workspace/builds/worker-2-tc1/source:/opt/rustwide/workdir:ro,Z" "-v" "/var/lib/crater-agent-workspace/cargo-home:/opt/rustwide/cargo-home:ro,Z" "-v" "/var/lib/crater-agent-workspace/rustup-home:/opt/rustwide/rustup-home:ro,Z" "-e" "SOURCE_DIR=/opt/rustwide/workdir" "-e" "CARGO_TARGET_DIR=/opt/rustwide/target" "-e" "CARGO_INCREMENTAL=0" "-e" "RUST_BACKTRACE=full" "-e" "RUSTFLAGS=--cap-lints=warn" "-e" "RUSTDOCFLAGS=--cap-lints=warn" "-e" "CARGO_HOME=/opt/rustwide/cargo-home" "-e" "RUSTUP_HOME=/opt/rustwide/rustup-home" "-w" "/opt/rustwide/workdir" "-m" "1610612736" "--user" "0:0" "--network" "none" "ghcr.io/rust-lang/crates-build-env/linux@sha256:5ff2268d62e97bff2cde7d5815dd6ed5b47097566f13b8d0ca110b04b60e07ed" "/opt/rustwide/cargo-home/bin/cargo" "+1.69.0" "test" "--frozen" "--no-run" "--message-format=json", kill_on_drop: false }`
[INFO] [stdout] 5c995cdec33eb376434de698b5f4c40a6972e74bb75d87c1851251f44fe6499f
[INFO] running `Command { std: "docker" "start" "-a" "5c995cdec33eb376434de698b5f4c40a6972e74bb75d87c1851251f44fe6499f", kill_on_drop: false }`
[INFO] [stderr]    Compiling proc-macro2 v1.0.56
[INFO] [stderr]    Compiling unicode-ident v1.0.8
[INFO] [stderr]    Compiling serde_derive v1.0.160
[INFO] [stderr]    Compiling syn v1.0.109
[INFO] [stderr]    Compiling typenum v1.16.0
[INFO] [stderr]    Compiling serde v1.0.160
[INFO] [stderr]    Compiling const-oid v0.9.2
[INFO] [stderr]    Compiling subtle v2.4.1
[INFO] [stderr]    Compiling zeroize v1.6.0
[INFO] [stderr]    Compiling quote v1.0.26
[INFO] [stderr]    Compiling generic-array v0.14.7
[INFO] [stderr]    Compiling winnow v0.4.4
[INFO] [stderr]    Compiling crunchy v0.2.2
[INFO] [stderr]    Compiling rand_chacha v0.3.1
[INFO] [stderr]    Compiling rustc-hex v2.1.0
[INFO] [stderr]    Compiling value-bag v1.0.0-alpha.9
[INFO] [stderr]    Compiling byte-slice-cast v1.2.2
[INFO] [stderr]    Compiling cpufeatures v0.2.7
[INFO] [stderr]    Compiling log v0.4.17
[INFO] [stderr]    Compiling static_assertions v1.1.0
[INFO] [stderr]    Compiling linux-raw-sys v0.3.6
[INFO] [stderr]    Compiling base16ct v0.2.0
[INFO] [stderr]    Compiling ff v0.13.0
[INFO] [stderr]    Compiling lock_api v0.4.9
[INFO] [stderr]    Compiling parking_lot_core v0.9.7
[INFO] [stderr]    Compiling semver v1.0.17
[INFO] [stderr]    Compiling group v0.13.0
[INFO] [stderr]    Compiling smallvec v1.10.0
[INFO] [stderr]    Compiling rand v0.8.5
[INFO] [stderr]    Compiling futures-io v0.3.28
[INFO] [stderr]    Compiling fastrand v1.9.0
[INFO] [stderr]    Compiling crossbeam-utils v0.8.15
[INFO] [stderr]    Compiling der v0.7.5
[INFO] [stderr]    Compiling proc-macro-error-attr v1.0.4
[INFO] [stderr]    Compiling tiny-keccak v2.0.2
[INFO] [stderr]    Compiling proc-macro-error v1.0.4
[INFO] [stderr]    Compiling camino v1.1.4
[INFO] [stderr]    Compiling futures-task v0.3.28
[INFO] [stderr]    Compiling syn v2.0.15
[INFO] [stderr]    Compiling parking_lot v0.12.1
[INFO] [stderr]    Compiling io-lifetimes v1.0.10
[INFO] [stderr]    Compiling unicode-xid v0.2.4
[INFO] [stderr]    Compiling rustix v0.37.18
[INFO] [stderr]    Compiling tokio v1.28.0
[INFO] [stderr]    Compiling serde_json v1.0.96
[INFO] [stderr]    Compiling futures-util v0.3.28
[INFO] [stderr]    Compiling fixed-hash v0.8.0
[INFO] [stderr]    Compiling crypto-common v0.1.6
[INFO] [stderr]    Compiling block-buffer v0.10.4
[INFO] [stderr]    Compiling crypto-bigint v0.5.2
[INFO] [stderr]    Compiling signal-hook-registry v1.4.1
[INFO] [stderr]    Compiling uint v0.9.5
[INFO] [stderr]    Compiling wasm-bindgen-shared v0.2.84
[INFO] [stderr]    Compiling digest v0.10.6
[INFO] [stderr]    Compiling chrono v0.4.24
[INFO] [stderr]    Compiling spki v0.7.1
[INFO] [stderr]    Compiling sec1 v0.7.2
[INFO] [stderr]    Compiling hmac v0.12.1
[INFO] [stderr]    Compiling sha2 v0.10.6
[INFO] [stderr]    Compiling pkcs8 v0.10.2
[INFO] [stderr]    Compiling sha3 v0.10.7
[INFO] [stderr]    Compiling signature v2.1.0
[INFO] [stderr]    Compiling dirs-sys-next v0.1.2
[INFO] [stderr]    Compiling rfc6979 v0.4.0
[INFO] [stderr]    Compiling byteorder v1.4.3
[INFO] [stderr]    Compiling dirs-next v2.0.0
[INFO] [stderr]    Compiling memoffset v0.8.0
[INFO] [stderr]    Compiling bumpalo v3.12.1
[INFO] [stderr]    Compiling term v0.7.0
[INFO] [stderr]    Compiling phf_shared v0.10.0
[INFO] [stderr]    Compiling crossbeam-epoch v0.9.14
[INFO] [stderr]    Compiling fixedbitset v0.4.2
[INFO] [stderr]    Compiling precomputed-hash v0.1.1
[INFO] [stderr]    Compiling bit-vec v0.6.3
[INFO] [stderr]    Compiling new_debug_unreachable v1.0.4
[INFO] [stderr]    Compiling itertools v0.10.5
[INFO] [stderr]    Compiling string_cache v0.8.7
[INFO] [stderr]    Compiling petgraph v0.6.3
[INFO] [stderr]    Compiling ascii-canvas v3.0.0
[INFO] [stderr]    Compiling phf_shared v0.11.1
[INFO] [stderr]    Compiling bit-set v0.5.3
[INFO] [stderr]    Compiling elliptic-curve v0.13.4
[INFO] [stderr]    Compiling ena v0.14.2
[INFO] [stderr]    Compiling lalrpop-util v0.19.12
[INFO] [stderr]    Compiling diff v0.1.13
[INFO] [stderr]    Compiling ecdsa v0.16.6
[INFO] [stderr]    Compiling regex-syntax v0.6.29
[INFO] [stderr]    Compiling wasm-bindgen v0.2.84
[INFO] [stderr]    Compiling phf_generator v0.11.1
[INFO] [stderr]    Compiling inout v0.1.3
[INFO] [stderr]    Compiling prettyplease v0.2.4
[INFO] [stderr]    Compiling rayon-core v1.11.0
[INFO] [stderr]    Compiling k256 v0.13.1
[INFO] [stderr]    Compiling cipher v0.4.4
[INFO] [stderr]    Compiling crossbeam-deque v0.8.3
[INFO] [stderr]    Compiling digest v0.9.0
[INFO] [stderr]    Compiling block-buffer v0.9.0
[INFO] [stderr]    Compiling crossbeam-channel v0.5.8
[INFO] [stderr]    Compiling dunce v1.0.4
[INFO] [stderr]    Compiling sha2 v0.9.9
[INFO] [stderr]    Compiling tempfile v3.5.0
[INFO] [stderr]    Compiling is-terminal v0.4.7
[INFO] [stderr]    Compiling base64 v0.13.1
[INFO] [stderr]    Compiling event-listener v2.5.3
[INFO] [stderr]    Compiling bs58 v0.4.0
[INFO] [stderr]    Compiling Inflector v0.11.4
[INFO] [stderr]    Compiling md-5 v0.10.5
[INFO] [stderr]    Compiling sha1 v0.10.5
[INFO] [stderr]    Compiling ripemd v0.1.3
[INFO] [stderr]    Compiling concurrent-queue v2.2.0
[INFO] [stderr]    Compiling glob v0.3.1
[INFO] [stderr]    Compiling send_wrapper v0.4.0
[INFO] [stderr]    Compiling home v0.5.5
[INFO] [stderr]    Compiling utf-8 v0.7.6
[INFO] [stderr]    Compiling parking v2.1.0
[INFO] [stderr]    Compiling bech32 v0.7.3
[INFO] [stderr]    Compiling path-slash v0.2.1
[INFO] [stderr]    Compiling waker-fn v1.1.0
[INFO] [stderr]    Compiling async-lock v2.7.0
[INFO] [stderr]    Compiling lalrpop v0.19.12
[INFO] [stderr]    Compiling rayon v1.7.0
[INFO] [stderr]    Compiling futures-lite v1.13.0
[INFO] [stderr]    Compiling salsa20 v0.10.2
[INFO] [stderr]    Compiling pbkdf2 v0.11.0
[INFO] [stderr]    Compiling fxhash v0.2.1
[INFO] [stderr]    Compiling polling v2.8.0
[INFO] [stderr]    Compiling radium v0.3.0
[INFO] [stderr]    Compiling hashers v1.0.1
[INFO] [stderr]    Compiling scrypt v0.10.0
[INFO] [stderr]    Compiling aes v0.8.2
[INFO] [stderr]    Compiling wasm-bindgen-backend v0.2.84
[INFO] [stderr]    Compiling bitvec v0.17.4
[INFO] [stderr]    Compiling ctr v0.9.2
[INFO] [stderr]    Compiling pbkdf2 v0.12.1
[INFO] [stderr]    Compiling async-io v1.13.0
[INFO] [stderr]    Compiling async-task v4.4.0
[INFO] [stderr]    Compiling async-channel v1.8.0
[INFO] [stderr]    Compiling atomic-waker v1.1.1
[INFO] [stderr]    Compiling futures-locks v0.7.1
[INFO] [stderr]    Compiling async-executor v1.5.1
[INFO] [stderr]    Compiling thiserror-impl v1.0.40
[INFO] [stderr]    Compiling tracing-attributes v0.1.24
[INFO] [stderr]    Compiling futures-macro v0.3.28
[INFO] [stderr]    Compiling tokio-macros v2.1.0
[INFO] [stderr]    Compiling wasm-bindgen-macro-support v0.2.84
[INFO] [stderr]    Compiling async-trait v0.1.68
[INFO] [stderr]    Compiling impl-trait-for-tuples v0.2.2
[INFO] [stderr]    Compiling rlp-derive v0.1.0
[INFO] [stderr]    Compiling ctor v0.1.26
[INFO] [stderr]    Compiling derive_more v0.99.17
[INFO] [stderr]    Compiling auto_impl v1.0.1
[INFO] [stderr]    Compiling strum_macros v0.24.3
[INFO] [stderr]    Compiling thiserror v1.0.40
[INFO] [stderr]    Compiling phf_macros v0.11.1
[INFO] [stderr]    Compiling pin-project-internal v1.0.12
[INFO] [stderr]    Compiling async-attributes v1.1.2
[INFO] [stderr]    Compiling wasm-bindgen-macro v0.2.84
[INFO] [stderr]    Compiling tracing v0.1.37
[INFO] [stderr]    Compiling mio v0.8.6
[INFO] [stderr]    Compiling rustls v0.20.8
[INFO] [stderr]    Compiling want v0.3.0
[INFO] [stderr]    Compiling phf v0.11.1
[INFO] [stderr]    Compiling blocking v1.3.1
[INFO] [stderr]    Compiling kv-log-macro v1.0.7
[INFO] [stderr]    Compiling js-sys v0.3.61
[INFO] [stderr]    Compiling pin-project v1.0.12
[INFO] [stderr]    Compiling tracing-futures v0.2.5
[INFO] [stderr]    Compiling strum v0.24.1
[INFO] [stderr]    Compiling async-global-executor v2.3.1
[INFO] [stderr]    Compiling async-std v1.12.0
[INFO] [stderr]    Compiling futures-executor v0.3.28
[INFO] [stderr]    Compiling futures v0.3.28
[INFO] [stderr]    Compiling gloo-timers v0.2.6
[INFO] [stderr]    Compiling futures-timer v3.0.2
[INFO] [stderr]    Compiling bytes v1.4.0
[INFO] [stderr]    Compiling impl-serde v0.4.0
[INFO] [stderr]    Compiling cargo-platform v0.1.2
[INFO] [stderr]    Compiling serde_urlencoded v0.7.1
[INFO] [stderr]    Compiling serde_spanned v0.6.1
[INFO] [stderr]    Compiling toml_datetime v0.6.1
[INFO] [stderr]    Compiling coins-core v0.8.3
[INFO] [stderr]    Compiling bincode v1.3.3
[INFO] [stderr]    Compiling uuid v0.8.2
[INFO] [stderr]    Compiling toml_edit v0.19.8
[INFO] [stderr]    Compiling rlp v0.5.2
[INFO] [stderr]    Compiling http v0.2.9
[INFO] [stderr]    Compiling solang-parser v0.2.4
[INFO] [stderr]    Compiling rustc_version v0.4.0
[INFO] [stderr]    Compiling coins-bip32 v0.8.3
[INFO] [stderr]    Compiling impl-rlp v0.3.0
[INFO] [stderr]    Compiling enr v0.8.1
[INFO] [stderr]    Compiling open-fastrlp-derive v0.1.1
[INFO] [stderr]    Compiling rstest_macros v0.16.0
[INFO] [stderr]    Compiling cargo_metadata v0.15.4
[INFO] [stderr]    Compiling eth-keystore v0.5.0
[INFO] [stderr]    Compiling coins-bip39 v0.8.6
[INFO] [stderr]    Compiling http-body v0.4.5
[INFO] [stderr]    Compiling tungstenite v0.18.0
[INFO] [stderr]    Compiling toml v0.7.3
[INFO] [stderr]    Compiling proc-macro-crate v1.3.1
[INFO] [stderr]    Compiling parity-scale-codec-derive v3.1.4
[INFO] [stderr]    Compiling scale-info-derive v2.6.0
[INFO] [stderr]    Compiling num_enum_derive v0.6.1
[INFO] [stderr]    Compiling rstest v0.16.0
[INFO] [stderr]    Compiling tokio-util v0.7.8
[INFO] [stderr]    Compiling tokio-rustls v0.23.4
[INFO] [stderr]    Compiling tokio-tungstenite v0.18.0
[INFO] [stderr]    Compiling h2 v0.3.18
[INFO] [stderr]    Compiling num_enum v0.6.1
[INFO] [stderr]    Compiling parity-scale-codec v3.4.0
[INFO] [stderr]    Compiling scale-info v2.6.0
[INFO] [stderr]    Compiling impl-codec v0.6.0
[INFO] [stderr]    Compiling primitive-types v0.12.1
[INFO] [stderr]    Compiling ethbloom v0.13.0
[INFO] [stderr]    Compiling hyper v0.14.26
[INFO] [stderr]    Compiling ethereum-types v0.14.1
[INFO] [stderr]    Compiling ethabi v18.0.0
[INFO] [stderr]    Compiling open-fastrlp v0.1.4
[INFO] [stderr]    Compiling ethers-core v2.0.4
[INFO] [stderr]    Compiling hyper-rustls v0.23.2
[INFO] [stderr]    Compiling reqwest v0.11.17
[INFO] [stderr]    Compiling ethers-providers v2.0.4
[INFO] [stderr]    Compiling ethers-signers v2.0.4
[INFO] [stderr]    Compiling ethers-addressbook v2.0.4
[INFO] [stderr]    Compiling ethers-contract-abigen v2.0.4
[INFO] [stderr]    Compiling ethers-contract-derive v2.0.4
[INFO] [stderr]    Compiling ethers-solc v2.0.4
[INFO] [stderr]    Compiling ethers-etherscan v2.0.4
[INFO] [stderr]    Compiling ethers-contract v2.0.4
[INFO] [stderr]    Compiling ethers-middleware v2.0.4
[INFO] [stderr]    Compiling ethers v2.0.4
[INFO] [stderr]    Compiling evm-disassembler v0.2.0 (/opt/rustwide/workdir)
[INFO] [stdout] warning: function `pad_word` is never used
[INFO] [stdout]  --> src/test_utils.rs:3:8
[INFO] [stdout]   |
[INFO] [stdout] 3 | pub fn pad_word(input: &str) -> [u8; 32] {
[INFO] [stdout]   |        ^^^^^^^^
[INFO] [stdout]   |
[INFO] [stdout]   = note: `#[warn(dead_code)]` on by default
[INFO] [stdout] 
[INFO] [stdout] 
[INFO] [stdout] warning: function `encode_op` is never used
[INFO] [stdout]   --> src/test_utils.rs:10:8
[INFO] [stdout]    |
[INFO] [stdout] 10 | pub fn encode_op(opcode: &str, stack_input: Vec<[u8; 32]>) -> String {
[INFO] [stdout]    |        ^^^^^^^^^
[INFO] [stdout] 
[INFO] [stdout] 
[INFO] [stdout] warning: 2 warnings emitted
[INFO] [stdout] 
[INFO] [stdout] 
[INFO] [stderr]     Finished test [unoptimized + debuginfo] target(s) in 1m 39s
[INFO] running `Command { std: "docker" "inspect" "5c995cdec33eb376434de698b5f4c40a6972e74bb75d87c1851251f44fe6499f", kill_on_drop: false }`
[INFO] running `Command { std: "docker" "rm" "-f" "5c995cdec33eb376434de698b5f4c40a6972e74bb75d87c1851251f44fe6499f", kill_on_drop: false }`
[INFO] [stdout] 5c995cdec33eb376434de698b5f4c40a6972e74bb75d87c1851251f44fe6499f
[INFO] running `Command { std: "docker" "create" "-v" "/var/lib/crater-agent-workspace/builds/worker-2-tc1/target:/opt/rustwide/target:rw,Z" "-v" "/var/lib/crater-agent-workspace/builds/worker-2-tc1/source:/opt/rustwide/workdir:ro,Z" "-v" "/var/lib/crater-agent-workspace/cargo-home:/opt/rustwide/cargo-home:ro,Z" "-v" "/var/lib/crater-agent-workspace/rustup-home:/opt/rustwide/rustup-home:ro,Z" "-e" "SOURCE_DIR=/opt/rustwide/workdir" "-e" "CARGO_TARGET_DIR=/opt/rustwide/target" "-e" "CARGO_INCREMENTAL=0" "-e" "RUST_BACKTRACE=full" "-e" "RUSTFLAGS=--cap-lints=warn" "-e" "RUSTDOCFLAGS=--cap-lints=warn" "-e" "CARGO_HOME=/opt/rustwide/cargo-home" "-e" "RUSTUP_HOME=/opt/rustwide/rustup-home" "-w" "/opt/rustwide/workdir" "-m" "1610612736" "--user" "0:0" "--network" "none" "ghcr.io/rust-lang/crates-build-env/linux@sha256:5ff2268d62e97bff2cde7d5815dd6ed5b47097566f13b8d0ca110b04b60e07ed" "/opt/rustwide/cargo-home/bin/cargo" "+1.69.0" "test" "--frozen", kill_on_drop: false }`
[INFO] [stdout] 8807129736aac69679c49679ae97d966047dc640107d0a80802c18a34437d740
[INFO] running `Command { std: "docker" "start" "-a" "8807129736aac69679c49679ae97d966047dc640107d0a80802c18a34437d740", kill_on_drop: false }`
[INFO] [stderr] warning: function `pad_word` is never used
[INFO] [stderr]  --> src/test_utils.rs:3:8
[INFO] [stderr]   |
[INFO] [stderr] 3 | pub fn pad_word(input: &str) -> [u8; 32] {
[INFO] [stderr]   |        ^^^^^^^^
[INFO] [stderr]   |
[INFO] [stderr]   = note: `#[warn(dead_code)]` on by default
[INFO] [stderr] 
[INFO] [stderr] warning: function `encode_op` is never used
[INFO] [stderr]   --> src/test_utils.rs:10:8
[INFO] [stderr]    |
[INFO] [stderr] 10 | pub fn encode_op(opcode: &str, stack_input: Vec<[u8; 32]>) -> String {
[INFO] [stderr]    |        ^^^^^^^^^
[INFO] [stderr] 
[INFO] [stderr] warning: `evm-disassembler` (lib test) generated 2 warnings
[INFO] [stderr]     Finished test [unoptimized + debuginfo] target(s) in 0.60s
[INFO] [stderr]      Running unittests src/lib.rs (/opt/rustwide/target/debug/deps/evm_disassembler-1b0a596ff650ea39)
[INFO] [stdout] 
[INFO] [stdout] running 18 tests
[INFO] [stdout] test tests::decode_preamble ... ok
[INFO] [stdout] test tests::decode_preamble_from_bytes ... ok
[INFO] [stdout] test tests::decode_single_op::case_01 ... ok
[INFO] [stdout] test tests::decode_single_op::case_02 ... ok
[INFO] [stdout] test tests::decode_single_op::case_03 ... ok
[INFO] [stdout] test tests::decode_single_op::case_04 ... ok
[INFO] [stdout] test tests::decode_single_op::case_06 ... ok
[INFO] [stdout] test tests::decode_single_op::case_05 ... ok
[INFO] [stdout] test tests::decode_single_op::case_07 ... ok
[INFO] [stdout] test tests::decode_single_op::case_08 ... ok
[INFO] [stdout] test tests::decode_stop_and_add ... ok
[INFO] [stdout] test tests::decode_single_op::case_10 ... ok
[INFO] [stdout] test tests::decode_single_op::case_09 ... ok
[INFO] [stdout] test tests::decode_code_from_file::case_1 ... ok
[INFO] [stdout] test tests::decode_code_from_rpc_provider::case_1 ... FAILED
[INFO] [stdout] test tests::decode_code_from_file::case_3 ... ok
[INFO] [stdout] test tests::decode_code_from_file::case_2 ... ok
[INFO] [stdout] test tests::decode_code_from_file::case_4 ... ok
[INFO] [stdout] 
[INFO] [stdout] failures:
[INFO] [stdout] 
[INFO] [stdout] ---- tests::decode_code_from_rpc_provider::case_1 stdout ----
[INFO] [stdout] thread 'tests::decode_code_from_rpc_provider::case_1' panicked at 'No RPC URL provided', src/test_utils.rs:32:9
[INFO] [stdout] stack backtrace:
[INFO] [stdout]    0:     0x56200e85f94a - std::backtrace_rs::backtrace::libunwind::trace::ha9053a9a07ca49cb
[INFO] [stdout]                                at /rustc/84c898d65adf2f39a5a98507f1fe0ce10a2b8dbc/library/std/src/../../backtrace/src/backtrace/libunwind.rs:93:5
[INFO] [stdout]    1:     0x56200e85f94a - std::backtrace_rs::backtrace::trace_unsynchronized::h9c2852a457ad564e
[INFO] [stdout]                                at /rustc/84c898d65adf2f39a5a98507f1fe0ce10a2b8dbc/library/std/src/../../backtrace/src/backtrace/mod.rs:66:5
[INFO] [stdout]    2:     0x56200e85f94a - std::sys_common::backtrace::_print_fmt::h457936fbfaa0070f
[INFO] [stdout]                                at /rustc/84c898d65adf2f39a5a98507f1fe0ce10a2b8dbc/library/std/src/sys_common/backtrace.rs:65:5
[INFO] [stdout]    3:     0x56200e85f94a - <std::sys_common::backtrace::_print::DisplayBacktrace as core::fmt::Display>::fmt::h5779d7bf7f70cb0c
[INFO] [stdout]                                at /rustc/84c898d65adf2f39a5a98507f1fe0ce10a2b8dbc/library/std/src/sys_common/backtrace.rs:44:22
[INFO] [stdout]    4:     0x56200e88640e - core::fmt::write::h5a4baaff1bcd3eb5
[INFO] [stdout]                                at /rustc/84c898d65adf2f39a5a98507f1fe0ce10a2b8dbc/library/core/src/fmt/mod.rs:1232:17
[INFO] [stdout]    5:     0x56200e85c1f5 - std::io::Write::write_fmt::h478f79c628ef31d1
[INFO] [stdout]                                at /rustc/84c898d65adf2f39a5a98507f1fe0ce10a2b8dbc/library/std/src/io/mod.rs:1684:15
[INFO] [stdout]    6:     0x56200e85f715 - std::sys_common::backtrace::_print::h5fcdc36060f177e8
[INFO] [stdout]                                at /rustc/84c898d65adf2f39a5a98507f1fe0ce10a2b8dbc/library/std/src/sys_common/backtrace.rs:47:5
[INFO] [stdout]    7:     0x56200e85f715 - std::sys_common::backtrace::print::h54ca9458b876c8bf
[INFO] [stdout]                                at /rustc/84c898d65adf2f39a5a98507f1fe0ce10a2b8dbc/library/std/src/sys_common/backtrace.rs:34:9
[INFO] [stdout]    8:     0x56200e8614df - std::panicking::default_hook::{{closure}}::hbe471161c7664ed6
[INFO] [stdout]                                at /rustc/84c898d65adf2f39a5a98507f1fe0ce10a2b8dbc/library/std/src/panicking.rs:271:22
[INFO] [stdout]    9:     0x56200e86119f - std::panicking::default_hook::ha3500da57aa4ac4f
[INFO] [stdout]                                at /rustc/84c898d65adf2f39a5a98507f1fe0ce10a2b8dbc/library/std/src/panicking.rs:287:9
[INFO] [stdout]   10:     0x56200e23a8d7 - <alloc::boxed::Box<F,A> as core::ops::function::Fn<Args>>::call::hdf1b89dd137ece34
[INFO] [stdout]                                at /rustc/84c898d65adf2f39a5a98507f1fe0ce10a2b8dbc/library/alloc/src/boxed.rs:2001:9
[INFO] [stdout]   11:     0x56200e23a8d7 - test::test_main::{{closure}}::h9081a79f20e75698
[INFO] [stdout]                                at /rustc/84c898d65adf2f39a5a98507f1fe0ce10a2b8dbc/library/test/src/lib.rs:135:21
[INFO] [stdout]   12:     0x56200e861c0d - <alloc::boxed::Box<F,A> as core::ops::function::Fn<Args>>::call::h6507bddc3eebb4a5
[INFO] [stdout]                                at /rustc/84c898d65adf2f39a5a98507f1fe0ce10a2b8dbc/library/alloc/src/boxed.rs:2001:9
[INFO] [stdout]   13:     0x56200e861c0d - std::panicking::rust_panic_with_hook::h50c09d000dc561d2
[INFO] [stdout]                                at /rustc/84c898d65adf2f39a5a98507f1fe0ce10a2b8dbc/library/std/src/panicking.rs:696:13
[INFO] [stdout]   14:     0x56200e861942 - std::panicking::begin_panic_handler::{{closure}}::h9e2b2176e00e0d9c
[INFO] [stdout]                                at /rustc/84c898d65adf2f39a5a98507f1fe0ce10a2b8dbc/library/std/src/panicking.rs:581:13
[INFO] [stdout]   15:     0x56200e85fdb6 - std::sys_common::backtrace::__rust_end_short_backtrace::h5739b8e512c09d02
[INFO] [stdout]                                at /rustc/84c898d65adf2f39a5a98507f1fe0ce10a2b8dbc/library/std/src/sys_common/backtrace.rs:150:18
[INFO] [stdout]   16:     0x56200e861692 - rust_begin_unwind
[INFO] [stdout]                                at /rustc/84c898d65adf2f39a5a98507f1fe0ce10a2b8dbc/library/std/src/panicking.rs:579:5
[INFO] [stdout]   17:     0x56200e1e02d3 - core::panicking::panic_fmt::hf33a1475b4dc5c3e
[INFO] [stdout]                                at /rustc/84c898d65adf2f39a5a98507f1fe0ce10a2b8dbc/library/core/src/panicking.rs:64:14
[INFO] [stdout]   18:     0x56200e1f240c - evm_disassembler::test_utils::get_provider::h5596c55dc7588854
[INFO] [stdout]                                at /opt/rustwide/workdir/src/test_utils.rs:32:9
[INFO] [stdout]   19:     0x56200e1f1fd2 - evm_disassembler::test_utils::get_contract_code::{{closure}}::h2d65519567cc48ca
[INFO] [stdout]                                at /opt/rustwide/workdir/src/test_utils.rs:19:20
[INFO] [stdout]   20:     0x56200e1f47c8 - evm_disassembler::tests::decode_code_from_rpc_provider::{{closure}}::h367133d4ce8b457e
[INFO] [stdout]                                at /opt/rustwide/workdir/src/lib.rs:139:46
[INFO] [stdout]   21:     0x56200e1f5069 - evm_disassembler::tests::decode_code_from_rpc_provider::case_1::{{closure}}::h7bd5826eca4f3265
[INFO] [stdout]                                at /opt/rustwide/workdir/src/lib.rs:131:5
[INFO] [stdout]   22:     0x56200e20a798 - <core::pin::Pin<P> as core::future::future::Future>::poll::hb39df6f561cee2f7
[INFO] [stdout]                                at /rustc/84c898d65adf2f39a5a98507f1fe0ce10a2b8dbc/library/core/src/future/future.rs:125:9
[INFO] [stdout]   23:     0x56200e20a6cb - <core::pin::Pin<P> as core::future::future::Future>::poll::h58f79ab647f73064
[INFO] [stdout]                                at /rustc/84c898d65adf2f39a5a98507f1fe0ce10a2b8dbc/library/core/src/future/future.rs:125:9
[INFO] [stdout]   24:     0x56200e20a574 - tokio::runtime::scheduler::current_thread::CoreGuard::block_on::{{closure}}::{{closure}}::{{closure}}::h91613c741c782bb2
[INFO] [stdout]                                at /opt/rustwide/cargo-home/registry/src/github.com-1ecc6299db9ec823/tokio-1.28.0/src/runtime/scheduler/current_thread.rs:541:57
[INFO] [stdout]   25:     0x56200e20a4b1 - tokio::runtime::coop::with_budget::h60187549a94f9bf2
[INFO] [stdout]                                at /opt/rustwide/cargo-home/registry/src/github.com-1ecc6299db9ec823/tokio-1.28.0/src/runtime/coop.rs:107:5
[INFO] [stdout]   26:     0x56200e20a4b1 - tokio::runtime::coop::budget::h62b57a46540accb7
[INFO] [stdout]                                at /opt/rustwide/cargo-home/registry/src/github.com-1ecc6299db9ec823/tokio-1.28.0/src/runtime/coop.rs:73:5
[INFO] [stdout]   27:     0x56200e20a4b1 - tokio::runtime::scheduler::current_thread::CoreGuard::block_on::{{closure}}::{{closure}}::h6e691f26731a378a
[INFO] [stdout]                                at /opt/rustwide/cargo-home/registry/src/github.com-1ecc6299db9ec823/tokio-1.28.0/src/runtime/scheduler/current_thread.rs:541:25
[INFO] [stdout]   28:     0x56200e208d8e - tokio::runtime::scheduler::current_thread::Context::enter::h7d85b1274308e03f
[INFO] [stdout]                                at /opt/rustwide/cargo-home/registry/src/github.com-1ecc6299db9ec823/tokio-1.28.0/src/runtime/scheduler/current_thread.rs:350:19
[INFO] [stdout]   29:     0x56200e209b5a - tokio::runtime::scheduler::current_thread::CoreGuard::block_on::{{closure}}::hc2a9a0a57035a8ad
[INFO] [stdout]                                at /opt/rustwide/cargo-home/registry/src/github.com-1ecc6299db9ec823/tokio-1.28.0/src/runtime/scheduler/current_thread.rs:540:36
[INFO] [stdout]   30:     0x56200e20984b - tokio::runtime::scheduler::current_thread::CoreGuard::enter::{{closure}}::h91019871e15744b3
[INFO] [stdout]                                at /opt/rustwide/cargo-home/registry/src/github.com-1ecc6299db9ec823/tokio-1.28.0/src/runtime/scheduler/current_thread.rs:615:57
[INFO] [stdout]   31:     0x56200e1ed3e8 - tokio::macros::scoped_tls::ScopedKey<T>::set::h32d12f4b2b63a5f6
[INFO] [stdout]                                at /opt/rustwide/cargo-home/registry/src/github.com-1ecc6299db9ec823/tokio-1.28.0/src/macros/scoped_tls.rs:61:9
[INFO] [stdout]   32:     0x56200e2095e6 - tokio::runtime::scheduler::current_thread::CoreGuard::enter::hc8a7e8eebc8afd44
[INFO] [stdout]                                at /opt/rustwide/cargo-home/registry/src/github.com-1ecc6299db9ec823/tokio-1.28.0/src/runtime/scheduler/current_thread.rs:615:27
[INFO] [stdout]   33:     0x56200e20987d - tokio::runtime::scheduler::current_thread::CoreGuard::block_on::h12a3365f025007f1
[INFO] [stdout]                                at /opt/rustwide/cargo-home/registry/src/github.com-1ecc6299db9ec823/tokio-1.28.0/src/runtime/scheduler/current_thread.rs:530:19
[INFO] [stdout]   34:     0x56200e20883d - tokio::runtime::scheduler::current_thread::CurrentThread::block_on::h5faf7fd4fec0db3a
[INFO] [stdout]                                at /opt/rustwide/cargo-home/registry/src/github.com-1ecc6299db9ec823/tokio-1.28.0/src/runtime/scheduler/current_thread.rs:154:24
[INFO] [stdout]   35:     0x56200e1edfb5 - tokio::runtime::runtime::Runtime::block_on::h45b158f03ce84d0a
[INFO] [stdout]                                at /opt/rustwide/cargo-home/registry/src/github.com-1ecc6299db9ec823/tokio-1.28.0/src/runtime/runtime.rs:302:47
[INFO] [stdout]   36:     0x56200e1f4d40 - evm_disassembler::tests::decode_code_from_rpc_provider::case_1::h3980bf195e88bf5c
[INFO] [stdout]                                at /opt/rustwide/workdir/src/lib.rs:131:5
[INFO] [stdout]   37:     0x56200e1f4bb7 - evm_disassembler::tests::decode_code_from_rpc_provider::case_1::{{closure}}::hc0d45fe92f022792
[INFO] [stdout]                                at /opt/rustwide/workdir/src/lib.rs:131:5
[INFO] [stdout]   38:     0x56200e206685 - core::ops::function::FnOnce::call_once::h2987ae681ec11ecf
[INFO] [stdout]                                at /rustc/84c898d65adf2f39a5a98507f1fe0ce10a2b8dbc/library/core/src/ops/function.rs:250:5
[INFO] [stdout]   39:     0x56200e23fcbf - core::ops::function::FnOnce::call_once::h7d969581be7d0075
[INFO] [stdout]                                at /rustc/84c898d65adf2f39a5a98507f1fe0ce10a2b8dbc/library/core/src/ops/function.rs:250:5
[INFO] [stdout]   40:     0x56200e23fcbf - test::__rust_begin_short_backtrace::hca25a52684e56655
[INFO] [stdout]                                at /rustc/84c898d65adf2f39a5a98507f1fe0ce10a2b8dbc/library/test/src/lib.rs:656:18
[INFO] [stdout]   41:     0x56200e2112dc - test::run_test::{{closure}}::ha8ac744c4af1a4bb
[INFO] [stdout]                                at /rustc/84c898d65adf2f39a5a98507f1fe0ce10a2b8dbc/library/test/src/lib.rs:647:30
[INFO] [stdout]   42:     0x56200e2112dc - core::ops::function::FnOnce::call_once{{vtable.shim}}::h7b411a9ed45bdecf
[INFO] [stdout]                                at /rustc/84c898d65adf2f39a5a98507f1fe0ce10a2b8dbc/library/core/src/ops/function.rs:250:5
[INFO] [stdout]   43:     0x56200e23ec86 - <alloc::boxed::Box<F,A> as core::ops::function::FnOnce<Args>>::call_once::hd05328869a8ed200
[INFO] [stdout]                                at /rustc/84c898d65adf2f39a5a98507f1fe0ce10a2b8dbc/library/alloc/src/boxed.rs:1987:9
[INFO] [stdout]   44:     0x56200e23ec86 - <core::panic::unwind_safe::AssertUnwindSafe<F> as core::ops::function::FnOnce<()>>::call_once::h0c601ce20bd5b2be
[INFO] [stdout]                                at /rustc/84c898d65adf2f39a5a98507f1fe0ce10a2b8dbc/library/core/src/panic/unwind_safe.rs:271:9
[INFO] [stdout]   45:     0x56200e23ec86 - std::panicking::try::do_call::ha4be5c164fe30854
[INFO] [stdout]                                at /rustc/84c898d65adf2f39a5a98507f1fe0ce10a2b8dbc/library/std/src/panicking.rs:487:40
[INFO] [stdout]   46:     0x56200e23ec86 - std::panicking::try::h604546f3609af05f
[INFO] [stdout]                                at /rustc/84c898d65adf2f39a5a98507f1fe0ce10a2b8dbc/library/std/src/panicking.rs:451:19
[INFO] [stdout]   47:     0x56200e23ec86 - std::panic::catch_unwind::h5bfa8afe44c9c2f9
[INFO] [stdout]                                at /rustc/84c898d65adf2f39a5a98507f1fe0ce10a2b8dbc/library/std/src/panic.rs:140:14
[INFO] [stdout]   48:     0x56200e23ec86 - test::run_test_in_process::hd50dee55dd63e6aa
[INFO] [stdout]                                at /rustc/84c898d65adf2f39a5a98507f1fe0ce10a2b8dbc/library/test/src/lib.rs:679:27
[INFO] [stdout]   49:     0x56200e23ec86 - test::run_test::run_test_inner::{{closure}}::h4aa0f433aa85cea8
[INFO] [stdout]                                at /rustc/84c898d65adf2f39a5a98507f1fe0ce10a2b8dbc/library/test/src/lib.rs:573:39
[INFO] [stdout]   50:     0x56200e20b951 - test::run_test::run_test_inner::{{closure}}::had56431adf24b4d6
[INFO] [stdout]                                at /rustc/84c898d65adf2f39a5a98507f1fe0ce10a2b8dbc/library/test/src/lib.rs:600:37
[INFO] [stdout]   51:     0x56200e20b951 - std::sys_common::backtrace::__rust_begin_short_backtrace::ha8d9890e0c73bf13
[INFO] [stdout]                                at /rustc/84c898d65adf2f39a5a98507f1fe0ce10a2b8dbc/library/std/src/sys_common/backtrace.rs:134:18
[INFO] [stdout]   52:     0x56200e21136b - std::thread::Builder::spawn_unchecked_::{{closure}}::{{closure}}::h251832bcb4a95327
[INFO] [stdout]                                at /rustc/84c898d65adf2f39a5a98507f1fe0ce10a2b8dbc/library/std/src/thread/mod.rs:560:17
[INFO] [stdout]   53:     0x56200e21136b - <core::panic::unwind_safe::AssertUnwindSafe<F> as core::ops::function::FnOnce<()>>::call_once::h8fdff598fa414831
[INFO] [stdout]                                at /rustc/84c898d65adf2f39a5a98507f1fe0ce10a2b8dbc/library/core/src/panic/unwind_safe.rs:271:9
[INFO] [stdout]   54:     0x56200e21136b - std::panicking::try::do_call::h455dd2f7764a950f
[INFO] [stdout]                                at /rustc/84c898d65adf2f39a5a98507f1fe0ce10a2b8dbc/library/std/src/panicking.rs:487:40
[INFO] [stdout]   55:     0x56200e21136b - std::panicking::try::had6f23b7b73ae72a
[INFO] [stdout]                                at /rustc/84c898d65adf2f39a5a98507f1fe0ce10a2b8dbc/library/std/src/panicking.rs:451:19
[INFO] [stdout]   56:     0x56200e21136b - std::panic::catch_unwind::ha6a5ca3915b4dad0
[INFO] [stdout]                                at /rustc/84c898d65adf2f39a5a98507f1fe0ce10a2b8dbc/library/std/src/panic.rs:140:14
[INFO] [stdout]   57:     0x56200e21136b - std::thread::Builder::spawn_unchecked_::{{closure}}::h883b72ef75da6231
[INFO] [stdout]                                at /rustc/84c898d65adf2f39a5a98507f1fe0ce10a2b8dbc/library/std/src/thread/mod.rs:559:30
[INFO] [stdout]   58:     0x56200e21136b - core::ops::function::FnOnce::call_once{{vtable.shim}}::hb7dff73dc8bd2ccb
[INFO] [stdout]                                at /rustc/84c898d65adf2f39a5a98507f1fe0ce10a2b8dbc/library/core/src/ops/function.rs:250:5
[INFO] [stdout]   59:     0x56200e866083 - <alloc::boxed::Box<F,A> as core::ops::function::FnOnce<Args>>::call_once::h39990b24eedef2ab
[INFO] [stdout]                                at /rustc/84c898d65adf2f39a5a98507f1fe0ce10a2b8dbc/library/alloc/src/boxed.rs:1987:9
[INFO] [stdout]   60:     0x56200e866083 - <alloc::boxed::Box<F,A> as core::ops::function::FnOnce<Args>>::call_once::h01a027258444143b
[INFO] [stdout]                                at /rustc/84c898d65adf2f39a5a98507f1fe0ce10a2b8dbc/library/alloc/src/boxed.rs:1987:9
[INFO] [stdout]   61:     0x56200e866083 - std::sys::unix::thread::Thread::new::thread_start::ha4f1cdd9c25884ba
[INFO] [stdout]                                at /rustc/84c898d65adf2f39a5a98507f1fe0ce10a2b8dbc/library/std/src/sys/unix/thread.rs:108:17
[INFO] [stdout]   62:     0x7f06d87b1b43 - <unknown>
[INFO] [stdout]   63:     0x7f06d8842bb4 - __clone
[INFO] [stdout]   64:                0x0 - <unknown>
[INFO] [stdout] 
[INFO] [stdout] 
[INFO] [stdout] failures:
[INFO] [stdout]     tests::decode_code_from_rpc_provider::case_1
[INFO] [stdout] 
[INFO] [stdout] test result: FAILED. 17 passed; 1 failed; 0 ignored; 0 measured; 0 filtered out; finished in 14.04s
[INFO] [stdout] 
[INFO] [stderr] error: test failed, to rerun pass `--lib`
[INFO] running `Command { std: "docker" "inspect" "8807129736aac69679c49679ae97d966047dc640107d0a80802c18a34437d740", kill_on_drop: false }`
[INFO] running `Command { std: "docker" "rm" "-f" "8807129736aac69679c49679ae97d966047dc640107d0a80802c18a34437d740", kill_on_drop: false }`
[INFO] [stdout] 8807129736aac69679c49679ae97d966047dc640107d0a80802c18a34437d740
