[INFO] fetching crate ethers-iqkms 0.0.1...
[INFO] testing ethers-iqkms-0.0.1 against 1.69.0 for beta-1.70-1
[INFO] extracting crate ethers-iqkms 0.0.1 into /workspace/builds/worker-7-tc1/source
[INFO] validating manifest of crates.io crate ethers-iqkms 0.0.1 on toolchain 1.69.0
[INFO] running `Command { std: CARGO_HOME="/workspace/cargo-home" RUSTUP_HOME="/workspace/rustup-home" "/workspace/cargo-home/bin/cargo" "+1.69.0" "metadata" "--manifest-path" "Cargo.toml" "--no-deps", kill_on_drop: false }`
[INFO] started tweaking crates.io crate ethers-iqkms 0.0.1
[INFO] finished tweaking crates.io crate ethers-iqkms 0.0.1
[INFO] tweaked toml for crates.io crate ethers-iqkms 0.0.1 written to /workspace/builds/worker-7-tc1/source/Cargo.toml
[INFO] running `Command { std: CARGO_HOME="/workspace/cargo-home" RUSTUP_HOME="/workspace/rustup-home" __CARGO_TEST_CHANNEL_OVERRIDE_DO_NOT_USE_THIS="nightly" "/workspace/cargo-home/bin/cargo" "+1.69.0" "generate-lockfile" "--manifest-path" "Cargo.toml" "-Zno-index-update", kill_on_drop: false }`
[INFO] running `Command { std: CARGO_HOME="/workspace/cargo-home" RUSTUP_HOME="/workspace/rustup-home" "/workspace/cargo-home/bin/cargo" "+1.69.0" "fetch" "--manifest-path" "Cargo.toml", kill_on_drop: false }`
[INFO] [stderr]  Downloading crates ...
[INFO] [stderr]   Downloaded ethbloom v0.12.1
[INFO] [stderr]   Downloaded primitive-types v0.11.1
[INFO] [stderr]   Downloaded ethereum-types v0.13.1
[INFO] [stderr]   Downloaded ethers-signers v1.0.2
[INFO] [stderr]   Downloaded ethers-core v1.0.2
[INFO] [stderr]   Downloaded coins-core v0.7.0
[INFO] [stderr]   Downloaded impl-codec v0.6.0
[INFO] [stderr]   Downloaded ethereum-types v0.14.1
[INFO] [stderr]   Downloaded fixed-hash v0.8.0
[INFO] [stderr]   Downloaded primitive-types v0.12.1
[INFO] [stderr]   Downloaded eth-keystore v0.5.0
[INFO] [stderr]   Downloaded open-fastrlp v0.1.4
[INFO] [stderr]   Downloaded ethbloom v0.13.0
[INFO] [stderr]   Downloaded impl-serde v0.4.0
[INFO] [stderr]   Downloaded ethabi v18.0.0
[INFO] [stderr]   Downloaded auto_impl v1.0.1
[INFO] [stderr]   Downloaded open-fastrlp-derive v0.1.1
[INFO] [stderr]   Downloaded coins-bip32 v0.7.0
[INFO] [stderr]   Downloaded coins-bip39 v0.7.0
[INFO] [stderr]   Downloaded salsa20 v0.10.2
[INFO] [stderr]   Downloaded scrypt v0.10.0
[INFO] [stderr]   Downloaded iqkms v0.0.1
[INFO] [stderr]   Downloaded iqkms-proto v0.0.1
[INFO] [stderr]   Downloaded iq-crypto v0.0.1
[INFO] [stderr]   Downloaded iqkms-types v0.0.1
[INFO] running `Command { std: "docker" "create" "-v" "/var/lib/crater-agent-workspace/builds/worker-7-tc1/target:/opt/rustwide/target:rw,Z" "-v" "/var/lib/crater-agent-workspace/builds/worker-7-tc1/source:/opt/rustwide/workdir:ro,Z" "-v" "/var/lib/crater-agent-workspace/cargo-home:/opt/rustwide/cargo-home:ro,Z" "-v" "/var/lib/crater-agent-workspace/rustup-home:/opt/rustwide/rustup-home:ro,Z" "-e" "SOURCE_DIR=/opt/rustwide/workdir" "-e" "CARGO_TARGET_DIR=/opt/rustwide/target" "-e" "CARGO_HOME=/opt/rustwide/cargo-home" "-e" "RUSTUP_HOME=/opt/rustwide/rustup-home" "-w" "/opt/rustwide/workdir" "-m" "1610612736" "--user" "0:0" "--network" "none" "ghcr.io/rust-lang/crates-build-env/linux@sha256:5ff2268d62e97bff2cde7d5815dd6ed5b47097566f13b8d0ca110b04b60e07ed" "/opt/rustwide/cargo-home/bin/cargo" "+1.69.0" "metadata" "--no-deps" "--format-version=1", kill_on_drop: false }`
[INFO] [stdout] 2b6affb1f579f1a7da6d555870c7f2508bcffa8460a6d109cddfe71547e045c8
[INFO] running `Command { std: "docker" "start" "-a" "2b6affb1f579f1a7da6d555870c7f2508bcffa8460a6d109cddfe71547e045c8", kill_on_drop: false }`
[INFO] running `Command { std: "docker" "inspect" "2b6affb1f579f1a7da6d555870c7f2508bcffa8460a6d109cddfe71547e045c8", kill_on_drop: false }`
[INFO] running `Command { std: "docker" "rm" "-f" "2b6affb1f579f1a7da6d555870c7f2508bcffa8460a6d109cddfe71547e045c8", kill_on_drop: false }`
[INFO] [stdout] 2b6affb1f579f1a7da6d555870c7f2508bcffa8460a6d109cddfe71547e045c8
[INFO] running `Command { std: "docker" "create" "-v" "/var/lib/crater-agent-workspace/builds/worker-7-tc1/target:/opt/rustwide/target:rw,Z" "-v" "/var/lib/crater-agent-workspace/builds/worker-7-tc1/source:/opt/rustwide/workdir:ro,Z" "-v" "/var/lib/crater-agent-workspace/cargo-home:/opt/rustwide/cargo-home:ro,Z" "-v" "/var/lib/crater-agent-workspace/rustup-home:/opt/rustwide/rustup-home:ro,Z" "-e" "SOURCE_DIR=/opt/rustwide/workdir" "-e" "CARGO_TARGET_DIR=/opt/rustwide/target" "-e" "CARGO_INCREMENTAL=0" "-e" "RUST_BACKTRACE=full" "-e" "RUSTFLAGS=--cap-lints=warn" "-e" "RUSTDOCFLAGS=--cap-lints=warn" "-e" "CARGO_HOME=/opt/rustwide/cargo-home" "-e" "RUSTUP_HOME=/opt/rustwide/rustup-home" "-w" "/opt/rustwide/workdir" "-m" "1610612736" "--user" "0:0" "--network" "none" "ghcr.io/rust-lang/crates-build-env/linux@sha256:5ff2268d62e97bff2cde7d5815dd6ed5b47097566f13b8d0ca110b04b60e07ed" "/opt/rustwide/cargo-home/bin/cargo" "+1.69.0" "build" "--frozen" "--message-format=json", kill_on_drop: false }`
[INFO] [stdout] 8beb690e783b620000093cc4e3e77a273ce678c0ea2150d9860e80d679c77715
[INFO] running `Command { std: "docker" "start" "-a" "8beb690e783b620000093cc4e3e77a273ce678c0ea2150d9860e80d679c77715", kill_on_drop: false }`
[INFO] [stderr]    Compiling proc-macro2 v1.0.56
[INFO] [stderr]    Compiling unicode-ident v1.0.8
[INFO] [stderr]    Compiling typenum v1.16.0
[INFO] [stderr]    Compiling serde v1.0.160
[INFO] [stderr]    Compiling syn v1.0.109
[INFO] [stderr]    Compiling generic-array v0.14.7
[INFO] [stderr]    Compiling indexmap v1.9.3
[INFO] [stderr]    Compiling subtle v2.4.1
[INFO] [stderr]    Compiling hashbrown v0.12.3
[INFO] [stderr]    Compiling once_cell v1.17.1
[INFO] [stderr]    Compiling log v0.4.17
[INFO] [stderr]    Compiling pin-project-lite v0.2.9
[INFO] [stderr]    Compiling base64ct v1.6.0
[INFO] [stderr]    Compiling crunchy v0.2.2
[INFO] [stderr]    Compiling zeroize v1.6.0
[INFO] [stderr]    Compiling rustc-hex v2.1.0
[INFO] [stderr]    Compiling quote v1.0.26
[INFO] [stderr]    Compiling rand v0.8.5
[INFO] [stderr]    Compiling hex v0.4.3
[INFO] [stderr]    Compiling futures-core v0.3.28
[INFO] [stderr]    Compiling syn v2.0.15
[INFO] [stderr]    Compiling winnow v0.4.4
[INFO] [stderr]    Compiling cpufeatures v0.2.7
[INFO] [stderr]    Compiling const-oid v0.9.2
[INFO] [stderr]    Compiling parking_lot_core v0.9.7
[INFO] [stderr]    Compiling tokio v1.28.0
[INFO] [stderr]    Compiling der v0.6.1
[INFO] [stderr]    Compiling either v1.8.1
[INFO] [stderr]    Compiling parking_lot v0.12.1
[INFO] [stderr]    Compiling mio v0.8.6
[INFO] [stderr]    Compiling socket2 v0.4.9
[INFO] [stderr]    Compiling crypto-common v0.1.6
[INFO] [stderr]    Compiling block-buffer v0.10.4
[INFO] [stderr]    Compiling digest v0.10.6
[INFO] [stderr]    Compiling signal-hook-registry v1.4.1
[INFO] [stderr]    Compiling spki v0.6.0
[INFO] [stderr]    Compiling keccak v0.1.3
[INFO] [stderr]    Compiling hmac v0.12.1
[INFO] [stderr]    Compiling sha2 v0.10.6
[INFO] [stderr]    Compiling toml_edit v0.19.8
[INFO] [stderr]    Compiling tiny-keccak v2.0.2
[INFO] [stderr]    Compiling bytes v1.4.0
[INFO] [stderr]    Compiling sha3 v0.10.7
[INFO] [stderr]    Compiling pkcs8 v0.9.0
[INFO] [stderr]    Compiling crypto-bigint v0.4.9
[INFO] [stderr]    Compiling itertools v0.10.5
[INFO] [stderr]    Compiling anyhow v1.0.71
[INFO] [stderr]    Compiling tracing-core v0.1.30
[INFO] [stderr]    Compiling ff v0.12.1
[INFO] [stderr]    Compiling base16ct v0.1.1
[INFO] [stderr]    Compiling group v0.12.1
[INFO] [stderr]    Compiling sec1 v0.3.0
[INFO] [stderr]    Compiling futures-task v0.3.28
[INFO] [stderr]    Compiling libc v0.2.142
[INFO] [stderr]    Compiling uint v0.9.5
[INFO] [stderr]    Compiling slab v0.4.8
[INFO] [stderr]    Compiling pin-utils v0.1.0
[INFO] [stderr]    Compiling proc-macro-crate v1.3.1
[INFO] [stderr]    Compiling byte-slice-cast v1.2.2
[INFO] [stderr]    Compiling arrayvec v0.7.2
[INFO] [stderr]    Compiling futures-util v0.3.28
[INFO] [stderr]    Compiling elliptic-curve v0.12.3
[INFO] [stderr]    Compiling rfc6979 v0.3.1
[INFO] [stderr]    Compiling signature v1.6.4
[INFO] [stderr]    Compiling futures-sink v0.3.28
[INFO] [stderr]    Compiling generic-array v0.12.4
[INFO] [stderr]    Compiling ecdsa v0.14.8
[INFO] [stderr]    Compiling linux-raw-sys v0.3.6
[INFO] [stderr]    Compiling byte-tools v0.3.1
[INFO] [stderr]    Compiling io-lifetimes v1.0.10
[INFO] [stderr]    Compiling tower-service v0.3.2
[INFO] [stderr]    Compiling k256 v0.11.6
[INFO] [stderr]    Compiling block-padding v0.1.5
[INFO] [stderr]    Compiling inout v0.1.3
[INFO] [stderr]    Compiling fixed-hash v0.8.0
[INFO] [stderr]    Compiling fastrand v1.9.0
[INFO] [stderr]    Compiling try-lock v0.2.4
[INFO] [stderr]    Compiling rustix v0.37.18
[INFO] [stderr]    Compiling regex-syntax v0.7.1
[INFO] [stderr]    Compiling fixedbitset v0.4.2
[INFO] [stderr]    Compiling want v0.3.0
[INFO] [stderr]    Compiling petgraph v0.6.3
[INFO] [stderr]    Compiling cipher v0.4.4
[INFO] [stderr]    Compiling block-buffer v0.7.3
[INFO] [stderr]    Compiling futures-channel v0.3.28
[INFO] [stderr]    Compiling httparse v1.8.0
[INFO] [stderr]    Compiling prettyplease v0.1.25
[INFO] [stderr]    Compiling which v4.4.0
[INFO] [stderr]    Compiling serde_derive v1.0.160
[INFO] [stderr]    Compiling tokio-macros v2.1.0
[INFO] [stderr]    Compiling tracing-attributes v0.1.24
[INFO] [stderr]    Compiling thiserror-impl v1.0.40
[INFO] [stderr]    Compiling regex v1.8.1
[INFO] [stderr]    Compiling impl-trait-for-tuples v0.2.2
[INFO] [stderr]    Compiling prost-derive v0.11.9
[INFO] [stderr]    Compiling parity-scale-codec-derive v3.1.4
[INFO] [stderr]    Compiling derive_more v0.99.17
[INFO] [stderr]    Compiling tracing v0.1.37
[INFO] [stderr]    Compiling scale-info-derive v2.6.0
[INFO] [stderr]    Compiling pin-project-internal v1.0.12
[INFO] [stderr]    Compiling thiserror v1.0.40
[INFO] [stderr]    Compiling tempfile v3.5.0
[INFO] [stderr]    Compiling async-trait v0.1.68
[INFO] [stderr]    Compiling prost v0.11.9
[INFO] [stderr]    Compiling digest v0.8.1
[INFO] [stderr]    Compiling num-traits v0.2.15
[INFO] [stderr]    Compiling fake-simd v0.1.2
[INFO] [stderr]    Compiling multimap v0.8.3
[INFO] [stderr]    Compiling tower-layer v0.3.2
[INFO] [stderr]    Compiling prost-types v0.11.9
[INFO] [stderr]    Compiling httpdate v1.0.2
[INFO] [stderr]    Compiling opaque-debug v0.2.3
[INFO] [stderr]    Compiling sha2 v0.8.2
[INFO] [stderr]    Compiling pin-project v1.0.12
[INFO] [stderr]    Compiling proc-macro-error-attr v1.0.4
[INFO] [stderr]    Compiling fixed-hash v0.7.0
[INFO] [stderr]    Compiling password-hash v0.4.2
[INFO] [stderr]    Compiling num-integer v0.1.45
[INFO] [stderr]    Compiling base58 v0.1.0
[INFO] [stderr]    Compiling mime v0.3.17
[INFO] [stderr]    Compiling proc-macro-error v1.0.4
[INFO] [stderr]    Compiling prost-build v0.11.9
[INFO] [stderr]    Compiling base58check v0.1.0
[INFO] [stderr]    Compiling pbkdf2 v0.11.0
[INFO] [stderr]    Compiling async-stream-impl v0.3.5
[INFO] [stderr]    Compiling aho-corasick v1.0.1
[INFO] [stderr]    Compiling blake2 v0.10.6
[INFO] [stderr]    Compiling tonic-build v0.8.4
[INFO] [stderr]    Compiling ripemd v0.1.3
[INFO] [stderr]    Compiling sync_wrapper v0.1.2
[INFO] [stderr]    Compiling matchit v0.7.0
[INFO] [stderr]    Compiling base64 v0.12.3
[INFO] [stderr]    Compiling percent-encoding v2.2.0
[INFO] [stderr]    Compiling bech32 v0.7.3
[INFO] [stderr]    Compiling async-stream v0.3.5
[INFO] [stderr]    Compiling iqkms-proto v0.0.1
[INFO] [stderr]    Compiling auto_impl v1.0.1
[INFO] [stderr]    Compiling parity-scale-codec v3.4.0
[INFO] [stderr]    Compiling impl-serde v0.4.0
[INFO] [stderr]    Compiling serde_json v1.0.96
[INFO] [stderr]    Compiling http v0.2.9
[INFO] [stderr]    Compiling rlp v0.5.2
[INFO] [stderr]    Compiling scale-info v2.6.0
[INFO] [stderr]    Compiling impl-codec v0.6.0
[INFO] [stderr]    Compiling impl-rlp v0.3.0
[INFO] [stderr]    Compiling coins-core v0.7.0
[INFO] [stderr]    Compiling http-body v0.4.5
[INFO] [stderr]    Compiling primitive-types v0.12.1
[INFO] [stderr]    Compiling ethbloom v0.13.0
[INFO] [stderr]    Compiling axum-core v0.3.4
[INFO] [stderr]    Compiling bincode v1.3.3
[INFO] [stderr]    Compiling primitive-types v0.11.1
[INFO] [stderr]    Compiling ethbloom v0.12.1
[INFO] [stderr]    Compiling tracing-futures v0.2.5
[INFO] [stderr]    Compiling open-fastrlp-derive v0.1.1
[INFO] [stderr]    Compiling strum_macros v0.24.3
[INFO] [stderr]    Compiling salsa20 v0.10.2
[INFO] [stderr]    Compiling ethereum-types v0.14.1
[INFO] [stderr]    Compiling radium v0.3.0
[INFO] [stderr]    Compiling base64 v0.13.1
[INFO] [stderr]    Compiling bs58 v0.4.0
[INFO] [stderr]    Compiling unicode-segmentation v1.10.1
[INFO] [stderr]    Compiling coins-bip32 v0.7.0
[INFO] [stderr]    Compiling bitvec v0.17.4
[INFO] [stderr]    Compiling open-fastrlp v0.1.4
[INFO] [stderr]    Compiling tokio-util v0.7.8
[INFO] [stderr]    Compiling tokio-io-timeout v1.2.0
[INFO] [stderr]    Compiling tokio-stream v0.1.14
[INFO] [stderr]    Compiling strum v0.24.1
[INFO] [stderr]    Compiling convert_case v0.6.0
[INFO] [stderr]    Compiling ethabi v18.0.0
[INFO] [stderr]    Compiling ethereum-types v0.13.1
[INFO] [stderr]    Compiling scrypt v0.10.0
[INFO] [stderr]    Compiling h2 v0.3.18
[INFO] [stderr]    Compiling tower v0.4.13
[INFO] [stderr]    Compiling uuid v0.8.2
[INFO] [stderr]    Compiling chrono v0.4.24
[INFO] [stderr]    Compiling rlp-derive v0.1.0
[INFO] [stderr]    Compiling aes v0.8.2
[INFO] [stderr]    Compiling ctr v0.9.2
[INFO] [stderr]    Compiling iq-crypto v0.0.1
[INFO] [stderr]    Compiling unicode-xid v0.2.4
[INFO] [stderr]    Compiling iqkms-types v0.0.1
[INFO] [stderr]    Compiling eth-keystore v0.5.0
[INFO] [stderr]    Compiling coins-bip39 v0.7.0
[INFO] [stderr]    Compiling ethers-core v1.0.2
[INFO] [stderr]    Compiling hyper v0.14.26
[INFO] [stderr]    Compiling axum v0.6.17
[INFO] [stderr]    Compiling hyper-timeout v0.4.1
[INFO] [stderr]    Compiling ethers-signers v1.0.2
[INFO] [stderr]    Compiling tonic v0.8.3
[INFO] [stderr]    Compiling iqkms v0.0.1
[INFO] [stderr]    Compiling ethers-iqkms v0.0.1 (/opt/rustwide/workdir)
[INFO] [stdout] error[E0053]: method `address` has an incompatible type for trait
[INFO] [stdout]    --> src/lib.rs:136:26
[INFO] [stdout]     |
[INFO] [stdout] 136 |     fn address(&self) -> H160 {
[INFO] [stdout]     |                          ^^^^
[INFO] [stdout]     |                          |
[INFO] [stdout]     |                          expected `ethers_core::types::H160`, found `iqkms::iqkms_types::ethereum::H160`
[INFO] [stdout]     |                          help: change the output type to match the trait: `ethers_core::types::H160`
[INFO] [stdout]     |
[INFO] [stdout]     = note: expected signature `fn(&IqkmsSigner) -> ethers_core::types::H160`
[INFO] [stdout]                found signature `fn(&IqkmsSigner) -> iqkms::iqkms_types::ethereum::H160`
[INFO] [stdout] 
[INFO] [stdout] 
[INFO] [stdout] error[E0308]: mismatched types
[INFO] [stdout]   --> src/lib.rs:98:16
[INFO] [stdout]    |
[INFO] [stdout] 98 |             r: U256::from_big_endian(&signature.r),
[INFO] [stdout]    |                ^^^^^^^^^^^^^^^^^^^^^^^^^^^^^^^^^^^ expected `ethers_core::types::U256`, found `iqkms::iqkms_types::ethereum::U256`
[INFO] [stdout]    |
[INFO] [stdout]    = note: `iqkms::iqkms_types::ethereum::U256` and `ethers_core::types::U256` have similar names, but are actually distinct types
[INFO] [stdout] note: `iqkms::iqkms_types::ethereum::U256` is defined in crate `primitive_types`
[INFO] [stdout]   --> /opt/rustwide/cargo-home/registry/src/github.com-1ecc6299db9ec823/primitive-types-0.11.1/src/lib.rs:38:1
[INFO] [stdout]    |
[INFO] [stdout] 38 | / construct_uint! {
[INFO] [stdout] 39 | |     /// 256-bit unsigned integer.
[INFO] [stdout] 40 | |     #[cfg_attr(feature = "scale-info", derive(TypeInfo))]
[INFO] [stdout] 41 | |     pub struct U256(4);
[INFO] [stdout] 42 | | }
[INFO] [stdout]    | |_^
[INFO] [stdout] note: `ethers_core::types::U256` is defined in crate `primitive_types`
[INFO] [stdout]   --> /opt/rustwide/cargo-home/registry/src/github.com-1ecc6299db9ec823/primitive-types-0.12.1/src/lib.rs:38:1
[INFO] [stdout]    |
[INFO] [stdout] 38 | / construct_uint! {
[INFO] [stdout] 39 | |     /// 256-bit unsigned integer.
[INFO] [stdout] 40 | |     #[cfg_attr(feature = "scale-info", derive(TypeInfo))]
[INFO] [stdout] 41 | |     pub struct U256(4);
[INFO] [stdout] 42 | | }
[INFO] [stdout]    | |_^
[INFO] [stdout]    = note: perhaps two different versions of crate `primitive_types` are being used?
[INFO] [stdout]    = note: this error originates in the macro `$crate::construct_uint` which comes from the expansion of the macro `construct_uint` (in Nightly builds, run with -Z macro-backtrace for more info)
[INFO] [stdout] 
[INFO] [stdout] 
[INFO] [stdout] error[E0308]: mismatched types
[INFO] [stdout]   --> src/lib.rs:99:16
[INFO] [stdout]    |
[INFO] [stdout] 99 |             s: U256::from_big_endian(&signature.s),
[INFO] [stdout]    |                ^^^^^^^^^^^^^^^^^^^^^^^^^^^^^^^^^^^ expected `ethers_core::types::U256`, found `iqkms::iqkms_types::ethereum::U256`
[INFO] [stdout]    |
[INFO] [stdout]    = note: `iqkms::iqkms_types::ethereum::U256` and `ethers_core::types::U256` have similar names, but are actually distinct types
[INFO] [stdout] note: `iqkms::iqkms_types::ethereum::U256` is defined in crate `primitive_types`
[INFO] [stdout]   --> /opt/rustwide/cargo-home/registry/src/github.com-1ecc6299db9ec823/primitive-types-0.11.1/src/lib.rs:38:1
[INFO] [stdout]    |
[INFO] [stdout] 38 | / construct_uint! {
[INFO] [stdout] 39 | |     /// 256-bit unsigned integer.
[INFO] [stdout] 40 | |     #[cfg_attr(feature = "scale-info", derive(TypeInfo))]
[INFO] [stdout] 41 | |     pub struct U256(4);
[INFO] [stdout] 42 | | }
[INFO] [stdout]    | |_^
[INFO] [stdout] note: `ethers_core::types::U256` is defined in crate `primitive_types`
[INFO] [stdout]   --> /opt/rustwide/cargo-home/registry/src/github.com-1ecc6299db9ec823/primitive-types-0.12.1/src/lib.rs:38:1
[INFO] [stdout]    |
[INFO] [stdout] 38 | / construct_uint! {
[INFO] [stdout] 39 | |     /// 256-bit unsigned integer.
[INFO] [stdout] 40 | |     #[cfg_attr(feature = "scale-info", derive(TypeInfo))]
[INFO] [stdout] 41 | |     pub struct U256(4);
[INFO] [stdout] 42 | | }
[INFO] [stdout]    | |_^
[INFO] [stdout]    = note: perhaps two different versions of crate `primitive_types` are being used?
[INFO] [stdout]    = note: this error originates in the macro `$crate::construct_uint` which comes from the expansion of the macro `construct_uint` (in Nightly builds, run with -Z macro-backtrace for more info)
[INFO] [stdout] 
[INFO] [stdout] 
[INFO] [stdout] error: aborting due to 3 previous errors
[INFO] [stdout] 
[INFO] [stdout] 
[INFO] [stdout] Some errors have detailed explanations: E0053, E0308.
[INFO] [stdout] 
[INFO] [stdout] For more information about an error, try `rustc --explain E0053`.
[INFO] [stdout] 
[INFO] [stderr] error: could not compile `ethers-iqkms` due to 4 previous errors
[INFO] [stderr] warning: build failed, waiting for other jobs to finish...
[INFO] running `Command { std: "docker" "inspect" "8beb690e783b620000093cc4e3e77a273ce678c0ea2150d9860e80d679c77715", kill_on_drop: false }`
[INFO] running `Command { std: "docker" "rm" "-f" "8beb690e783b620000093cc4e3e77a273ce678c0ea2150d9860e80d679c77715", kill_on_drop: false }`
[INFO] [stdout] 8beb690e783b620000093cc4e3e77a273ce678c0ea2150d9860e80d679c77715
