[INFO] fetching crate ethers-fixed-hash 0.8.0...
[INFO] testing ethers-fixed-hash-0.8.0 against 1.69.0 for beta-1.70-1
[INFO] extracting crate ethers-fixed-hash 0.8.0 into /workspace/builds/worker-3-tc1/source
[INFO] validating manifest of crates.io crate ethers-fixed-hash 0.8.0 on toolchain 1.69.0
[INFO] running `Command { std: CARGO_HOME="/workspace/cargo-home" RUSTUP_HOME="/workspace/rustup-home" "/workspace/cargo-home/bin/cargo" "+1.69.0" "metadata" "--manifest-path" "Cargo.toml" "--no-deps", kill_on_drop: false }`
[INFO] started tweaking crates.io crate ethers-fixed-hash 0.8.0
[INFO] finished tweaking crates.io crate ethers-fixed-hash 0.8.0
[INFO] tweaked toml for crates.io crate ethers-fixed-hash 0.8.0 written to /workspace/builds/worker-3-tc1/source/Cargo.toml
[INFO] running `Command { std: CARGO_HOME="/workspace/cargo-home" RUSTUP_HOME="/workspace/rustup-home" __CARGO_TEST_CHANNEL_OVERRIDE_DO_NOT_USE_THIS="nightly" "/workspace/cargo-home/bin/cargo" "+1.69.0" "generate-lockfile" "--manifest-path" "Cargo.toml" "-Zno-index-update", kill_on_drop: false }`
[INFO] running `Command { std: CARGO_HOME="/workspace/cargo-home" RUSTUP_HOME="/workspace/rustup-home" "/workspace/cargo-home/bin/cargo" "+1.69.0" "fetch" "--manifest-path" "Cargo.toml", kill_on_drop: false }`
[INFO] [stderr]     Blocking waiting for file lock on package cache
[INFO] [stderr]  Downloading crates ...
[INFO] [stderr]   Downloaded quickcheck v1.0.3
[INFO] running `Command { std: "docker" "create" "-v" "/var/lib/crater-agent-workspace/builds/worker-3-tc1/target:/opt/rustwide/target:rw,Z" "-v" "/var/lib/crater-agent-workspace/builds/worker-3-tc1/source:/opt/rustwide/workdir:ro,Z" "-v" "/var/lib/crater-agent-workspace/cargo-home:/opt/rustwide/cargo-home:ro,Z" "-v" "/var/lib/crater-agent-workspace/rustup-home:/opt/rustwide/rustup-home:ro,Z" "-e" "SOURCE_DIR=/opt/rustwide/workdir" "-e" "CARGO_TARGET_DIR=/opt/rustwide/target" "-e" "CARGO_HOME=/opt/rustwide/cargo-home" "-e" "RUSTUP_HOME=/opt/rustwide/rustup-home" "-w" "/opt/rustwide/workdir" "-m" "1610612736" "--user" "0:0" "--network" "none" "ghcr.io/rust-lang/crates-build-env/linux@sha256:97d61d7686bf65f8ecb15491ab51835e82dc9176a96a831f143a431b191fc501" "/opt/rustwide/cargo-home/bin/cargo" "+1.69.0" "metadata" "--no-deps" "--format-version=1", kill_on_drop: false }`
[INFO] [stdout] 31084439be6472274ab5f1f16828e550e71a42c5178640513e3210e637208139
[INFO] running `Command { std: "docker" "start" "-a" "31084439be6472274ab5f1f16828e550e71a42c5178640513e3210e637208139", kill_on_drop: false }`
[INFO] running `Command { std: "docker" "inspect" "31084439be6472274ab5f1f16828e550e71a42c5178640513e3210e637208139", kill_on_drop: false }`
[INFO] running `Command { std: "docker" "rm" "-f" "31084439be6472274ab5f1f16828e550e71a42c5178640513e3210e637208139", kill_on_drop: false }`
[INFO] [stdout] 31084439be6472274ab5f1f16828e550e71a42c5178640513e3210e637208139
[INFO] running `Command { std: "docker" "create" "-v" "/var/lib/crater-agent-workspace/builds/worker-3-tc1/target:/opt/rustwide/target:rw,Z" "-v" "/var/lib/crater-agent-workspace/builds/worker-3-tc1/source:/opt/rustwide/workdir:ro,Z" "-v" "/var/lib/crater-agent-workspace/cargo-home:/opt/rustwide/cargo-home:ro,Z" "-v" "/var/lib/crater-agent-workspace/rustup-home:/opt/rustwide/rustup-home:ro,Z" "-e" "SOURCE_DIR=/opt/rustwide/workdir" "-e" "CARGO_TARGET_DIR=/opt/rustwide/target" "-e" "CARGO_INCREMENTAL=0" "-e" "RUST_BACKTRACE=full" "-e" "RUSTFLAGS=--cap-lints=warn" "-e" "RUSTDOCFLAGS=--cap-lints=warn" "-e" "CARGO_HOME=/opt/rustwide/cargo-home" "-e" "RUSTUP_HOME=/opt/rustwide/rustup-home" "-w" "/opt/rustwide/workdir" "-m" "1610612736" "--user" "0:0" "--network" "none" "ghcr.io/rust-lang/crates-build-env/linux@sha256:97d61d7686bf65f8ecb15491ab51835e82dc9176a96a831f143a431b191fc501" "/opt/rustwide/cargo-home/bin/cargo" "+1.69.0" "build" "--frozen" "--message-format=json", kill_on_drop: false }`
[INFO] [stdout] b1b0348089e9c3b7811ceec1909ccac26104f0383c46882e7a4b5bed4e4c597f
[INFO] running `Command { std: "docker" "start" "-a" "b1b0348089e9c3b7811ceec1909ccac26104f0383c46882e7a4b5bed4e4c597f", kill_on_drop: false }`
[INFO] [stderr]    Compiling libc v0.2.142
[INFO] [stderr]    Compiling ppv-lite86 v0.2.17
[INFO] [stderr]    Compiling static_assertions v1.1.0
[INFO] [stderr]    Compiling byteorder v1.4.3
[INFO] [stderr]    Compiling rustc-hex v2.1.0
[INFO] [stderr]    Compiling getrandom v0.2.9
[INFO] [stderr]    Compiling rand_core v0.6.4
[INFO] [stderr]    Compiling rand_chacha v0.3.1
[INFO] [stderr]    Compiling rand v0.8.5
[INFO] [stderr]    Compiling ethers-fixed-hash v0.8.0 (/opt/rustwide/workdir)
[INFO] [stderr]     Finished dev [unoptimized + debuginfo] target(s) in 2.57s
[INFO] running `Command { std: "docker" "inspect" "b1b0348089e9c3b7811ceec1909ccac26104f0383c46882e7a4b5bed4e4c597f", kill_on_drop: false }`
[INFO] running `Command { std: "docker" "rm" "-f" "b1b0348089e9c3b7811ceec1909ccac26104f0383c46882e7a4b5bed4e4c597f", kill_on_drop: false }`
[INFO] [stdout] b1b0348089e9c3b7811ceec1909ccac26104f0383c46882e7a4b5bed4e4c597f
[INFO] running `Command { std: "docker" "create" "-v" "/var/lib/crater-agent-workspace/builds/worker-3-tc1/target:/opt/rustwide/target:rw,Z" "-v" "/var/lib/crater-agent-workspace/builds/worker-3-tc1/source:/opt/rustwide/workdir:ro,Z" "-v" "/var/lib/crater-agent-workspace/cargo-home:/opt/rustwide/cargo-home:ro,Z" "-v" "/var/lib/crater-agent-workspace/rustup-home:/opt/rustwide/rustup-home:ro,Z" "-e" "SOURCE_DIR=/opt/rustwide/workdir" "-e" "CARGO_TARGET_DIR=/opt/rustwide/target" "-e" "CARGO_INCREMENTAL=0" "-e" "RUST_BACKTRACE=full" "-e" "RUSTFLAGS=--cap-lints=warn" "-e" "RUSTDOCFLAGS=--cap-lints=warn" "-e" "CARGO_HOME=/opt/rustwide/cargo-home" "-e" "RUSTUP_HOME=/opt/rustwide/rustup-home" "-w" "/opt/rustwide/workdir" "-m" "1610612736" "--user" "0:0" "--network" "none" "ghcr.io/rust-lang/crates-build-env/linux@sha256:97d61d7686bf65f8ecb15491ab51835e82dc9176a96a831f143a431b191fc501" "/opt/rustwide/cargo-home/bin/cargo" "+1.69.0" "test" "--frozen" "--no-run" "--message-format=json", kill_on_drop: false }`
[INFO] [stdout] 79ae76b91940f5f8286a37fdf8a4a90a8c2915ddd36087a17fd855ae4397e36b
[INFO] running `Command { std: "docker" "start" "-a" "79ae76b91940f5f8286a37fdf8a4a90a8c2915ddd36087a17fd855ae4397e36b", kill_on_drop: false }`
[INFO] [stderr]    Compiling crossbeam-utils v0.8.15
[INFO] [stderr]    Compiling memoffset v0.8.0
[INFO] [stderr]    Compiling crossbeam-epoch v0.9.14
[INFO] [stderr]    Compiling serde v1.0.160
[INFO] [stderr]    Compiling num-traits v0.2.15
[INFO] [stderr]    Compiling indexmap v1.9.3
[INFO] [stderr]    Compiling either v1.8.1
[INFO] [stderr]    Compiling rayon-core v1.11.0
[INFO] [stderr]    Compiling serde_json v1.0.96
[INFO] [stderr]    Compiling num_cpus v1.15.0
[INFO] [stderr]    Compiling plotters-backend v0.3.4
[INFO] [stderr]    Compiling ciborium-io v0.2.0
[INFO] [stderr]    Compiling itoa v1.0.6
[INFO] [stderr]    Compiling half v1.8.2
[INFO] [stderr]    Compiling os_str_bytes v6.5.0
[INFO] [stderr]    Compiling crossbeam-channel v0.5.8
[INFO] [stderr]    Compiling ryu v1.0.13
[INFO] [stderr]    Compiling clap_lex v0.2.4
[INFO] [stderr]    Compiling crossbeam-deque v0.8.3
[INFO] [stderr]    Compiling ciborium-ll v0.2.0
[INFO] [stderr]    Compiling plotters-svg v0.3.3
[INFO] [stderr]    Compiling itertools v0.10.5
[INFO] [stderr]    Compiling cast v0.3.0
[INFO] [stderr]    Compiling textwrap v0.16.0
[INFO] [stderr]    Compiling regex-syntax v0.7.1
[INFO] [stderr]    Compiling walkdir v2.3.3
[INFO] [stderr]    Compiling atty v0.2.14
[INFO] [stderr]    Compiling clap v3.2.25
[INFO] [stderr]    Compiling rayon v1.7.0
[INFO] [stderr]    Compiling plotters v0.3.4
[INFO] [stderr]    Compiling anes v0.1.6
[INFO] [stderr]    Compiling criterion-plot v0.5.0
[INFO] [stderr]    Compiling regex v1.8.1
[INFO] [stderr]    Compiling oorandom v11.1.3
[INFO] [stderr]    Compiling rand_xorshift v0.3.0
[INFO] [stderr]    Compiling ciborium v0.2.0
[INFO] [stderr]    Compiling tinytemplate v1.2.1
[INFO] [stderr]    Compiling criterion v0.4.0
[INFO] [stderr]    Compiling ethers-fixed-hash v0.8.0 (/opt/rustwide/workdir)
[INFO] [stderr]     Finished test [unoptimized + debuginfo] target(s) in 15.67s
[INFO] running `Command { std: "docker" "inspect" "79ae76b91940f5f8286a37fdf8a4a90a8c2915ddd36087a17fd855ae4397e36b", kill_on_drop: false }`
[INFO] running `Command { std: "docker" "rm" "-f" "79ae76b91940f5f8286a37fdf8a4a90a8c2915ddd36087a17fd855ae4397e36b", kill_on_drop: false }`
[INFO] [stdout] 79ae76b91940f5f8286a37fdf8a4a90a8c2915ddd36087a17fd855ae4397e36b
[INFO] running `Command { std: "docker" "create" "-v" "/var/lib/crater-agent-workspace/builds/worker-3-tc1/target:/opt/rustwide/target:rw,Z" "-v" "/var/lib/crater-agent-workspace/builds/worker-3-tc1/source:/opt/rustwide/workdir:ro,Z" "-v" "/var/lib/crater-agent-workspace/cargo-home:/opt/rustwide/cargo-home:ro,Z" "-v" "/var/lib/crater-agent-workspace/rustup-home:/opt/rustwide/rustup-home:ro,Z" "-e" "SOURCE_DIR=/opt/rustwide/workdir" "-e" "CARGO_TARGET_DIR=/opt/rustwide/target" "-e" "CARGO_INCREMENTAL=0" "-e" "RUST_BACKTRACE=full" "-e" "RUSTFLAGS=--cap-lints=warn" "-e" "RUSTDOCFLAGS=--cap-lints=warn" "-e" "CARGO_HOME=/opt/rustwide/cargo-home" "-e" "RUSTUP_HOME=/opt/rustwide/rustup-home" "-w" "/opt/rustwide/workdir" "-m" "1610612736" "--user" "0:0" "--network" "none" "ghcr.io/rust-lang/crates-build-env/linux@sha256:97d61d7686bf65f8ecb15491ab51835e82dc9176a96a831f143a431b191fc501" "/opt/rustwide/cargo-home/bin/cargo" "+1.69.0" "test" "--frozen", kill_on_drop: false }`
[INFO] [stdout] 1afcbdc413c8f54a37f01575c95dd612b06921228ad96fb6e68e70ca77fbf016
[INFO] running `Command { std: "docker" "start" "-a" "1afcbdc413c8f54a37f01575c95dd612b06921228ad96fb6e68e70ca77fbf016", kill_on_drop: false }`
[INFO] [stderr]     Finished test [unoptimized + debuginfo] target(s) in 0.07s
[INFO] [stderr]      Running unittests src/lib.rs (/opt/rustwide/target/debug/deps/ethers_fixed_hash-9849fb95feaa9d23)
[INFO] [stdout] 
[INFO] [stdout] running 35 tests
[INFO] [stdout] test tests::covers::simple ... ok
[INFO] [stdout] test tests::assign_from_slice::zeros_to_ones ... ok
[INFO] [stdout] test tests::display_and_debug ... ok
[INFO] [stdout] test tests::covers::zero_covers_zero ... ok
[INFO] [stdout] test tests::from_h160_to_h256 ... ok
[INFO] [stdout] test tests::from_h256_to_h160_lossless ... ok
[INFO] [stdout] test tests::from_low_u64::equal_size ... ok
[INFO] [stdout] test tests::covers::complex_covers ... ok
[INFO] [stdout] test tests::covers::ones_covers_ones ... ok
[INFO] [stdout] test tests::as_bytes ... ok
[INFO] [stdout] test tests::from_h256_to_h160_lossy ... ok
[INFO] [stdout] test tests::covers::complex_uncovers ... ok
[INFO] [stdout] test tests::from_slice::simple ... ok
[INFO] [stdout] test tests::from_low_u64::larger_size ... ok
[INFO] [stdout] test tests::from_str::empty_str ... ok
[INFO] [stdout] test tests::from_low_u64::smaller_size ... ok
[INFO] [stdout] test tests::from_str::valid ... ok
[INFO] [stdout] test tests::is_zero::all_false ... ok
[INFO] [stdout] test tests::from_slice::fail_too_few_elems - should panic ... ok
[INFO] [stdout] test tests::assign_from_slice::fail_too_many_elems - should panic ... ok
[INFO] [stdout] test tests::from_str::invalid_digits ... ok
[INFO] [stdout] test tests::from_str::too_many_digits ... ok
[INFO] [stdout] test tests::len_bytes ... ok
[INFO] [stdout] test tests::assign_from_slice::fail_too_few_elems - should panic ... ok
[INFO] [stdout] test tests::from_slice::fail_too_many_elems - should panic ... ok
[INFO] [stdout] test tests::is_zero::all_true ... ok
[INFO] [stdout] test tests::rand::random ... ok
[INFO] [stdout] test tests::repeat_byte::patterns ... ok
[INFO] [stdout] test tests::to_low_u64::equal_size ... ok
[INFO] [stdout] test tests::repeat_byte::zero ... ok
[INFO] [stdout] test tests::to_low_u64::larger_size ... ok
[INFO] [stdout] test tests::ops::bitxor ... ok
[INFO] [stdout] test tests::ops::bitor ... ok
[INFO] [stdout] test tests::to_low_u64::smaller_size ... ok
[INFO] [stdout] test tests::ops::bitand ... ok
[INFO] [stdout] 
[INFO] [stdout] test result: ok. 35 passed; 0 failed; 0 ignored; 0 measured; 0 filtered out; finished in 0.06s
[INFO] [stdout] 
[INFO] [stderr]    Doc-tests ethers-fixed-hash
[INFO] [stdout] 
[INFO] [stdout] running 4 tests
[INFO] [stdout] test src/hash.rs - hash::construct_fixed_hash (line 36) ... FAILED
[INFO] [stdout] test src/hash.rs - hash::construct_fixed_hash (line 24) ... FAILED
[INFO] [stdout] test src/hash.rs - hash::impl_fixed_hash_conversions (line 781) ... FAILED
[INFO] [stdout] test src/hash.rs - hash::construct_fixed_hash (line 15) ... FAILED
[INFO] [stdout] 
[INFO] [stdout] failures:
[INFO] [stdout] 
[INFO] [stdout] ---- src/hash.rs - hash::construct_fixed_hash (line 36) stdout ----
[INFO] [stdout] error[E0432]: unresolved import `fixed_hash`
[INFO] [stdout]  --> src/hash.rs:37:5
[INFO] [stdout]   |
[INFO] [stdout] 3 | use fixed_hash::construct_fixed_hash;
[INFO] [stdout]   |     ^^^^^^^^^^ use of undeclared crate or module `fixed_hash`
[INFO] [stdout] 
[INFO] [stdout] error: cannot determine resolution for the macro `construct_fixed_hash`
[INFO] [stdout]  --> src/hash.rs:38:1
[INFO] [stdout]   |
[INFO] [stdout] 4 | construct_fixed_hash!{ struct H512(64); }
[INFO] [stdout]   | ^^^^^^^^^^^^^^^^^^^^
[INFO] [stdout]   |
[INFO] [stdout]   = note: import resolution is stuck, try simplifying macro imports
[INFO] [stdout] 
[INFO] [stdout] error[E0412]: cannot find type `H512` in this scope
[INFO] [stdout]  --> src/hash.rs:39:32
[INFO] [stdout]   |
[INFO] [stdout] 5 | assert_eq!(std::mem::size_of::<H512>(), 64);
[INFO] [stdout]   |                                ^^^^ not found in this scope
[INFO] [stdout]   |
[INFO] [stdout] help: you might be missing a type parameter
[INFO] [stdout]   |
[INFO] [stdout] 2 | fn main() { #[allow(non_snake_case)] fn _doctest_main_src_hash_rs_36_0<H512>() {
[INFO] [stdout]   |                                                                       ++++++
[INFO] [stdout] 
[INFO] [stdout] error: aborting due to 3 previous errors
[INFO] [stdout] 
[INFO] [stdout] Some errors have detailed explanations: E0412, E0432.
[INFO] [stdout] For more information about an error, try `rustc --explain E0412`.
[INFO] [stdout] Couldn't compile the test.
[INFO] [stdout] ---- src/hash.rs - hash::construct_fixed_hash (line 24) stdout ----
[INFO] [stdout] error[E0432]: unresolved import `fixed_hash`
[INFO] [stdout]  --> src/hash.rs:25:5
[INFO] [stdout]   |
[INFO] [stdout] 3 | use fixed_hash::construct_fixed_hash;
[INFO] [stdout]   |     ^^^^^^^^^^ use of undeclared crate or module `fixed_hash`
[INFO] [stdout] 
[INFO] [stdout] error: cannot determine resolution for the macro `construct_fixed_hash`
[INFO] [stdout]  --> src/hash.rs:26:1
[INFO] [stdout]   |
[INFO] [stdout] 4 | construct_fixed_hash!{
[INFO] [stdout]   | ^^^^^^^^^^^^^^^^^^^^
[INFO] [stdout]   |
[INFO] [stdout]   = note: import resolution is stuck, try simplifying macro imports
[INFO] [stdout] 
[INFO] [stdout] error[E0412]: cannot find type `H160` in this scope
[INFO] [stdout]  --> src/hash.rs:31:32
[INFO] [stdout]   |
[INFO] [stdout] 9 | assert_eq!(std::mem::size_of::<H160>(), 20);
[INFO] [stdout]   |                                ^^^^ not found in this scope
[INFO] [stdout]   |
[INFO] [stdout] help: you might be missing a type parameter
[INFO] [stdout]   |
[INFO] [stdout] 2 | fn main() { #[allow(non_snake_case)] fn _doctest_main_src_hash_rs_24_0<H160>() {
[INFO] [stdout]   |                                                                       ++++++
[INFO] [stdout] 
[INFO] [stdout] error: aborting due to 3 previous errors
[INFO] [stdout] 
[INFO] [stdout] Some errors have detailed explanations: E0412, E0432.
[INFO] [stdout] For more information about an error, try `rustc --explain E0412`.
[INFO] [stdout] Couldn't compile the test.
[INFO] [stdout] ---- src/hash.rs - hash::impl_fixed_hash_conversions (line 781) stdout ----
[INFO] [stdout] error[E0432]: unresolved import `fixed_hash`
[INFO] [stdout]  --> src/hash.rs:782:5
[INFO] [stdout]   |
[INFO] [stdout] 3 | use fixed_hash::{construct_fixed_hash, impl_fixed_hash_conversions};
[INFO] [stdout]   |     ^^^^^^^^^^ use of undeclared crate or module `fixed_hash`
[INFO] [stdout] 
[INFO] [stdout] error: cannot determine resolution for the macro `construct_fixed_hash`
[INFO] [stdout]  --> src/hash.rs:783:1
[INFO] [stdout]   |
[INFO] [stdout] 4 | construct_fixed_hash!{ struct H160(20); }
[INFO] [stdout]   | ^^^^^^^^^^^^^^^^^^^^
[INFO] [stdout]   |
[INFO] [stdout]   = note: import resolution is stuck, try simplifying macro imports
[INFO] [stdout] 
[INFO] [stdout] error: cannot determine resolution for the macro `construct_fixed_hash`
[INFO] [stdout]  --> src/hash.rs:784:1
[INFO] [stdout]   |
[INFO] [stdout] 5 | construct_fixed_hash!{ struct H256(32); }
[INFO] [stdout]   | ^^^^^^^^^^^^^^^^^^^^
[INFO] [stdout]   |
[INFO] [stdout]   = note: import resolution is stuck, try simplifying macro imports
[INFO] [stdout] 
[INFO] [stdout] error: cannot determine resolution for the macro `impl_fixed_hash_conversions`
[INFO] [stdout]  --> src/hash.rs:785:1
[INFO] [stdout]   |
[INFO] [stdout] 6 | impl_fixed_hash_conversions!(H256, H160);
[INFO] [stdout]   | ^^^^^^^^^^^^^^^^^^^^^^^^^^^
[INFO] [stdout]   |
[INFO] [stdout]   = note: import resolution is stuck, try simplifying macro imports
[INFO] [stdout] 
[INFO] [stdout] error[E0433]: failed to resolve: use of undeclared type `H256`
[INFO] [stdout]  --> src/hash.rs:787:12
[INFO] [stdout]   |
[INFO] [stdout] 8 | assert_eq!(H256::from(H160::zero()), H256::zero());
[INFO] [stdout]   |            ^^^^ use of undeclared type `H256`
[INFO] [stdout] 
[INFO] [stdout] error[E0433]: failed to resolve: use of undeclared type `H160`
[INFO] [stdout]  --> src/hash.rs:787:23
[INFO] [stdout]   |
[INFO] [stdout] 8 | assert_eq!(H256::from(H160::zero()), H256::zero());
[INFO] [stdout]   |                       ^^^^ use of undeclared type `H160`
[INFO] [stdout] 
[INFO] [stdout] error[E0433]: failed to resolve: use of undeclared type `H256`
[INFO] [stdout]  --> src/hash.rs:787:38
[INFO] [stdout]   |
[INFO] [stdout] 8 | assert_eq!(H256::from(H160::zero()), H256::zero());
[INFO] [stdout]   |                                      ^^^^ use of undeclared type `H256`
[INFO] [stdout] 
[INFO] [stdout] error[E0433]: failed to resolve: use of undeclared type `H160`
[INFO] [stdout]  --> src/hash.rs:788:12
[INFO] [stdout]   |
[INFO] [stdout] 9 | assert_eq!(H160::from(H256::zero()), H160::zero());
[INFO] [stdout]   |            ^^^^ use of undeclared type `H160`
[INFO] [stdout] 
[INFO] [stdout] error[E0433]: failed to resolve: use of undeclared type `H256`
[INFO] [stdout]  --> src/hash.rs:788:23
[INFO] [stdout]   |
[INFO] [stdout] 9 | assert_eq!(H160::from(H256::zero()), H160::zero());
[INFO] [stdout]   |                       ^^^^ use of undeclared type `H256`
[INFO] [stdout] 
[INFO] [stdout] error[E0433]: failed to resolve: use of undeclared type `H160`
[INFO] [stdout]  --> src/hash.rs:788:38
[INFO] [stdout]   |
[INFO] [stdout] 9 | assert_eq!(H160::from(H256::zero()), H160::zero());
[INFO] [stdout]   |                                      ^^^^ use of undeclared type `H160`
[INFO] [stdout] 
[INFO] [stdout] error: aborting due to 10 previous errors
[INFO] [stdout] 
[INFO] [stdout] Some errors have detailed explanations: E0432, E0433.
[INFO] [stdout] For more information about an error, try `rustc --explain E0432`.
[INFO] [stdout] Couldn't compile the test.
[INFO] [stdout] ---- src/hash.rs - hash::construct_fixed_hash (line 15) stdout ----
[INFO] [stdout] error[E0432]: unresolved import `fixed_hash`
[INFO] [stdout]  --> src/hash.rs:16:5
[INFO] [stdout]   |
[INFO] [stdout] 3 | use fixed_hash::construct_fixed_hash;
[INFO] [stdout]   |     ^^^^^^^^^^ use of undeclared crate or module `fixed_hash`
[INFO] [stdout] 
[INFO] [stdout] error: cannot determine resolution for the macro `construct_fixed_hash`
[INFO] [stdout]  --> src/hash.rs:18:1
[INFO] [stdout]   |
[INFO] [stdout] 5 | construct_fixed_hash!{ pub struct H256(32); }
[INFO] [stdout]   | ^^^^^^^^^^^^^^^^^^^^
[INFO] [stdout]   |
[INFO] [stdout]   = note: import resolution is stuck, try simplifying macro imports
[INFO] [stdout] 
[INFO] [stdout] error[E0412]: cannot find type `H256` in this scope
[INFO] [stdout]  --> src/hash.rs:19:32
[INFO] [stdout]   |
[INFO] [stdout] 6 | assert_eq!(std::mem::size_of::<H256>(), 32);
[INFO] [stdout]   |                                ^^^^ not found in this scope
[INFO] [stdout]   |
[INFO] [stdout] help: you might be missing a type parameter
[INFO] [stdout]   |
[INFO] [stdout] 2 | fn main() { #[allow(non_snake_case)] fn _doctest_main_src_hash_rs_15_0<H256>() {
[INFO] [stdout]   |                                                                       ++++++
[INFO] [stdout] 
[INFO] [stdout] error: aborting due to 3 previous errors
[INFO] [stdout] 
[INFO] [stdout] Some errors have detailed explanations: E0412, E0432.
[INFO] [stdout] For more information about an error, try `rustc --explain E0412`.
[INFO] [stdout] Couldn't compile the test.
[INFO] [stdout] 
[INFO] [stdout] failures:
[INFO] [stdout]     src/hash.rs - hash::construct_fixed_hash (line 15)
[INFO] [stdout]     src/hash.rs - hash::construct_fixed_hash (line 24)
[INFO] [stdout]     src/hash.rs - hash::construct_fixed_hash (line 36)
[INFO] [stdout]     src/hash.rs - hash::impl_fixed_hash_conversions (line 781)
[INFO] [stdout] 
[INFO] [stdout] test result: FAILED. 0 passed; 4 failed; 0 ignored; 0 measured; 0 filtered out; finished in 0.16s
[INFO] [stdout] 
[INFO] [stderr] error: doctest failed, to rerun pass `--doc`
[INFO] running `Command { std: "docker" "inspect" "1afcbdc413c8f54a37f01575c95dd612b06921228ad96fb6e68e70ca77fbf016", kill_on_drop: false }`
[INFO] running `Command { std: "docker" "rm" "-f" "1afcbdc413c8f54a37f01575c95dd612b06921228ad96fb6e68e70ca77fbf016", kill_on_drop: false }`
[INFO] [stdout] 1afcbdc413c8f54a37f01575c95dd612b06921228ad96fb6e68e70ca77fbf016
