[INFO] fetching crate ethers-derive-eip712 2.0.2...
[INFO] testing ethers-derive-eip712-2.0.2 against 1.69.0 for beta-1.70-1
[INFO] extracting crate ethers-derive-eip712 2.0.2 into /workspace/builds/worker-5-tc1/source
[INFO] validating manifest of crates.io crate ethers-derive-eip712 2.0.2 on toolchain 1.69.0
[INFO] running `Command { std: CARGO_HOME="/workspace/cargo-home" RUSTUP_HOME="/workspace/rustup-home" "/workspace/cargo-home/bin/cargo" "+1.69.0" "metadata" "--manifest-path" "Cargo.toml" "--no-deps", kill_on_drop: false }`
[INFO] started tweaking crates.io crate ethers-derive-eip712 2.0.2
[INFO] finished tweaking crates.io crate ethers-derive-eip712 2.0.2
[INFO] tweaked toml for crates.io crate ethers-derive-eip712 2.0.2 written to /workspace/builds/worker-5-tc1/source/Cargo.toml
[INFO] running `Command { std: CARGO_HOME="/workspace/cargo-home" RUSTUP_HOME="/workspace/rustup-home" __CARGO_TEST_CHANNEL_OVERRIDE_DO_NOT_USE_THIS="nightly" "/workspace/cargo-home/bin/cargo" "+1.69.0" "generate-lockfile" "--manifest-path" "Cargo.toml" "-Zno-index-update", kill_on_drop: false }`
[INFO] running `Command { std: CARGO_HOME="/workspace/cargo-home" RUSTUP_HOME="/workspace/rustup-home" "/workspace/cargo-home/bin/cargo" "+1.69.0" "fetch" "--manifest-path" "Cargo.toml", kill_on_drop: false }`
[INFO] [stderr]  Downloading crates ...
[INFO] [stderr]   Downloaded scale-info-derive v2.6.0
[INFO] [stderr]   Downloaded scale-info v2.6.0
[INFO] [stderr]   Downloaded primitive-types v0.12.1
[INFO] [stderr]   Downloaded parity-scale-codec-derive v3.1.4
[INFO] [stderr]   Downloaded open-fastrlp v0.1.4
[INFO] [stderr]   Downloaded parity-scale-codec v3.4.0
[INFO] [stderr]   Downloaded auto_impl v1.0.1
[INFO] [stderr]   Downloaded k256 v0.13.1
[INFO] [stderr]   Downloaded der v0.7.5
[INFO] [stderr]   Downloaded ethabi v18.0.0
[INFO] [stderr]   Downloaded ethers-contract-derive v2.0.4
[INFO] [stderr]   Downloaded crypto-bigint v0.5.2
[INFO] [stderr]   Downloaded ethers-contract-abigen v2.0.4
[INFO] [stderr]   Downloaded num_enum v0.6.1
[INFO] [stderr]   Downloaded fixed-hash v0.8.0
[INFO] [stderr]   Downloaded impl-serde v0.4.0
[INFO] [stderr]   Downloaded num_enum_derive v0.6.1
[INFO] [stderr]   Downloaded ethereum-types v0.14.1
[INFO] [stderr]   Downloaded open-fastrlp-derive v0.1.1
[INFO] [stderr]   Downloaded ethbloom v0.13.0
[INFO] [stderr]   Downloaded rlp-derive v0.1.0
[INFO] [stderr]   Downloaded ethers-core v2.0.4
[INFO] [stderr]   Downloaded impl-codec v0.6.0
[INFO] running `Command { std: "docker" "create" "-v" "/var/lib/crater-agent-workspace/builds/worker-5-tc1/target:/opt/rustwide/target:rw,Z" "-v" "/var/lib/crater-agent-workspace/builds/worker-5-tc1/source:/opt/rustwide/workdir:ro,Z" "-v" "/var/lib/crater-agent-workspace/cargo-home:/opt/rustwide/cargo-home:ro,Z" "-v" "/var/lib/crater-agent-workspace/rustup-home:/opt/rustwide/rustup-home:ro,Z" "-e" "SOURCE_DIR=/opt/rustwide/workdir" "-e" "CARGO_TARGET_DIR=/opt/rustwide/target" "-e" "CARGO_HOME=/opt/rustwide/cargo-home" "-e" "RUSTUP_HOME=/opt/rustwide/rustup-home" "-w" "/opt/rustwide/workdir" "-m" "1610612736" "--user" "0:0" "--network" "none" "ghcr.io/rust-lang/crates-build-env/linux@sha256:5ff2268d62e97bff2cde7d5815dd6ed5b47097566f13b8d0ca110b04b60e07ed" "/opt/rustwide/cargo-home/bin/cargo" "+1.69.0" "metadata" "--no-deps" "--format-version=1", kill_on_drop: false }`
[INFO] [stdout] e2ee831b51118324bbe5bf878deca0e972a7b0dc0622a5565aa850af4dff5f70
[INFO] running `Command { std: "docker" "start" "-a" "e2ee831b51118324bbe5bf878deca0e972a7b0dc0622a5565aa850af4dff5f70", kill_on_drop: false }`
[INFO] running `Command { std: "docker" "inspect" "e2ee831b51118324bbe5bf878deca0e972a7b0dc0622a5565aa850af4dff5f70", kill_on_drop: false }`
[INFO] running `Command { std: "docker" "rm" "-f" "e2ee831b51118324bbe5bf878deca0e972a7b0dc0622a5565aa850af4dff5f70", kill_on_drop: false }`
[INFO] [stdout] e2ee831b51118324bbe5bf878deca0e972a7b0dc0622a5565aa850af4dff5f70
[INFO] running `Command { std: "docker" "create" "-v" "/var/lib/crater-agent-workspace/builds/worker-5-tc1/target:/opt/rustwide/target:rw,Z" "-v" "/var/lib/crater-agent-workspace/builds/worker-5-tc1/source:/opt/rustwide/workdir:ro,Z" "-v" "/var/lib/crater-agent-workspace/cargo-home:/opt/rustwide/cargo-home:ro,Z" "-v" "/var/lib/crater-agent-workspace/rustup-home:/opt/rustwide/rustup-home:ro,Z" "-e" "SOURCE_DIR=/opt/rustwide/workdir" "-e" "CARGO_TARGET_DIR=/opt/rustwide/target" "-e" "CARGO_INCREMENTAL=0" "-e" "RUST_BACKTRACE=full" "-e" "RUSTFLAGS=--cap-lints=warn" "-e" "RUSTDOCFLAGS=--cap-lints=warn" "-e" "CARGO_HOME=/opt/rustwide/cargo-home" "-e" "RUSTUP_HOME=/opt/rustwide/rustup-home" "-w" "/opt/rustwide/workdir" "-m" "1610612736" "--user" "0:0" "--network" "none" "ghcr.io/rust-lang/crates-build-env/linux@sha256:5ff2268d62e97bff2cde7d5815dd6ed5b47097566f13b8d0ca110b04b60e07ed" "/opt/rustwide/cargo-home/bin/cargo" "+1.69.0" "build" "--frozen" "--message-format=json", kill_on_drop: false }`
[INFO] [stdout] 1ba053fcd30ce849d40ac3894a5e2cdadd1f2493538a30fdec6f05119774ecc0
[INFO] running `Command { std: "docker" "start" "-a" "1ba053fcd30ce849d40ac3894a5e2cdadd1f2493538a30fdec6f05119774ecc0", kill_on_drop: false }`
[INFO] [stderr]    Compiling syn v1.0.109
[INFO] [stderr]    Compiling cfg-if v1.0.0
[INFO] [stderr]    Compiling serde v1.0.160
[INFO] [stderr]    Compiling zeroize v1.6.0
[INFO] [stderr]    Compiling hashbrown v0.12.3
[INFO] [stderr]    Compiling toml_datetime v0.6.1
[INFO] [stderr]    Compiling subtle v2.4.1
[INFO] [stderr]    Compiling winnow v0.4.4
[INFO] [stderr]    Compiling libc v0.2.142
[INFO] [stderr]    Compiling indexmap v1.9.3
[INFO] [stderr]    Compiling generic-array v0.14.7
[INFO] [stderr]    Compiling typenum v1.16.0
[INFO] [stderr]    Compiling once_cell v1.17.1
[INFO] [stderr]    Compiling const-oid v0.9.2
[INFO] [stderr]    Compiling crunchy v0.2.2
[INFO] [stderr]    Compiling syn v2.0.15
[INFO] [stderr]    Compiling rustc-hex v2.1.0
[INFO] [stderr]    Compiling byte-slice-cast v1.2.2
[INFO] [stderr]    Compiling ppv-lite86 v0.2.17
[INFO] [stderr]    Compiling arrayvec v0.7.2
[INFO] [stderr]    Compiling byteorder v1.4.3
[INFO] [stderr]    Compiling static_assertions v1.1.0
[INFO] [stderr]    Compiling tiny-keccak v2.0.2
[INFO] [stderr]    Compiling proc-macro-error-attr v1.0.4
[INFO] [stderr]    Compiling hex v0.4.3
[INFO] [stderr]    Compiling der v0.7.5
[INFO] [stderr]    Compiling proc-macro-error v1.0.4
[INFO] [stderr]    Compiling base16ct v0.2.0
[INFO] [stderr]    Compiling thiserror v1.0.40
[INFO] [stderr]    Compiling serde_json v1.0.96
[INFO] [stderr]    Compiling rustversion v1.0.12
[INFO] [stderr]    Compiling uint v0.9.5
[INFO] [stderr]    Compiling io-lifetimes v1.0.10
[INFO] [stderr]    Compiling num-traits v0.2.15
[INFO] [stderr]    Compiling ryu v1.0.13
[INFO] [stderr]    Compiling camino v1.1.4
[INFO] [stderr]    Compiling semver v1.0.17
[INFO] [stderr]    Compiling itoa v1.0.6
[INFO] [stderr]    Compiling rustix v0.37.18
[INFO] [stderr]    Compiling num-integer v0.1.45
[INFO] [stderr]    Compiling aho-corasick v1.0.1
[INFO] [stderr]    Compiling cpufeatures v0.2.7
[INFO] [stderr]    Compiling bitflags v1.3.2
[INFO] [stderr]    Compiling linux-raw-sys v0.3.6
[INFO] [stderr]    Compiling keccak v0.1.3
[INFO] [stderr]    Compiling regex-syntax v0.7.1
[INFO] [stderr]    Compiling fastrand v1.9.0
[INFO] [stderr]    Compiling unicode-xid v0.2.4
[INFO] [stderr]    Compiling getrandom v0.2.9
[INFO] [stderr]    Compiling crypto-common v0.1.6
[INFO] [stderr]    Compiling rand_core v0.6.4
[INFO] [stderr]    Compiling block-buffer v0.10.4
[INFO] [stderr]    Compiling sec1 v0.7.2
[INFO] [stderr]    Compiling digest v0.10.6
[INFO] [stderr]    Compiling rand_chacha v0.3.1
[INFO] [stderr]    Compiling ff v0.13.0
[INFO] [stderr]    Compiling crypto-bigint v0.5.2
[INFO] [stderr]    Compiling toml_edit v0.19.8
[INFO] [stderr]    Compiling group v0.13.0
[INFO] [stderr]    Compiling hmac v0.12.1
[INFO] [stderr]    Compiling signature v2.1.0
[INFO] [stderr]    Compiling sha2 v0.10.6
[INFO] [stderr]    Compiling sha3 v0.10.7
[INFO] [stderr]    Compiling rand v0.8.5
[INFO] [stderr]    Compiling rfc6979 v0.4.0
[INFO] [stderr]    Compiling chrono v0.4.24
[INFO] [stderr]    Compiling serde_derive v1.0.160
[INFO] [stderr]    Compiling thiserror-impl v1.0.40
[INFO] [stderr]    Compiling elliptic-curve v0.13.4
[INFO] [stderr]    Compiling fixed-hash v0.8.0
[INFO] [stderr]    Compiling ecdsa v0.16.6
[INFO] [stderr]    Compiling regex v1.8.1
[INFO] [stderr]    Compiling proc-macro-crate v1.3.1
[INFO] [stderr]    Compiling k256 v0.13.1
[INFO] [stderr]    Compiling tempfile v3.5.0
[INFO] [stderr]    Compiling num_enum_derive v0.6.1
[INFO] [stderr]    Compiling num_enum v0.6.1
[INFO] [stderr]    Compiling impl-trait-for-tuples v0.2.2
[INFO] [stderr]    Compiling parity-scale-codec-derive v3.1.4
[INFO] [stderr]    Compiling rlp-derive v0.1.0
[INFO] [stderr]    Compiling scale-info-derive v2.6.0
[INFO] [stderr]    Compiling derive_more v0.99.17
[INFO] [stderr]    Compiling auto_impl v1.0.1
[INFO] [stderr]    Compiling strum_macros v0.24.3
[INFO] [stderr]    Compiling strum v0.24.1
[INFO] [stderr]    Compiling bytes v1.4.0
[INFO] [stderr]    Compiling parity-scale-codec v3.4.0
[INFO] [stderr]    Compiling impl-serde v0.4.0
[INFO] [stderr]    Compiling cargo-platform v0.1.2
[INFO] [stderr]    Compiling rlp v0.5.2
[INFO] [stderr]    Compiling open-fastrlp-derive v0.1.1
[INFO] [stderr]    Compiling impl-rlp v0.3.0
[INFO] [stderr]    Compiling impl-codec v0.6.0
[INFO] [stderr]    Compiling scale-info v2.6.0
[INFO] [stderr]    Compiling cargo_metadata v0.15.4
[INFO] [stderr]    Compiling ethbloom v0.13.0
[INFO] [stderr]    Compiling primitive-types v0.12.1
[INFO] [stderr]    Compiling ethereum-types v0.14.1
[INFO] [stderr]    Compiling ethabi v18.0.0
[INFO] [stderr]    Compiling open-fastrlp v0.1.4
[INFO] [stderr]    Compiling ethers-core v2.0.4
[INFO] [stderr]    Compiling ethers-derive-eip712 v2.0.2 (/opt/rustwide/workdir)
[INFO] [stdout] error[E0425]: cannot find function `parse_fields` in module `eip712`
[INFO] [stdout]    --> src/lib.rs:104:39
[INFO] [stdout]     |
[INFO] [stdout] 104 |     let parsed_fields = match eip712::parse_fields(ast) {
[INFO] [stdout]     |                                       ^^^^^^^^^^^^ not found in `eip712`
[INFO] [stdout] 
[INFO] [stdout] 
[INFO] [stdout] error[E0277]: the trait bound `EIP712Domain: From<&DeriveInput>` is not satisfied
[INFO] [stdout]   --> src/lib.rs:86:55
[INFO] [stdout]    |
[INFO] [stdout] 86 |     let domain = match eip712::EIP712Domain::try_from(ast) {
[INFO] [stdout]    |                        ------------------------------ ^^^ the trait `From<&DeriveInput>` is not implemented for `EIP712Domain`
[INFO] [stdout]    |                        |
[INFO] [stdout]    |                        required by a bound introduced by this call
[INFO] [stdout]    |
[INFO] [stdout]    = note: required for `&DeriveInput` to implement `Into<EIP712Domain>`
[INFO] [stdout]    = note: required for `EIP712Domain` to implement `TryFrom<&DeriveInput>`
[INFO] [stdout] 
[INFO] [stdout] 
[INFO] [stdout] error[E0277]: the trait bound `proc_macro::TokenStream: From<Infallible>` is not satisfied
[INFO] [stdout]   --> src/lib.rs:88:44
[INFO] [stdout]    |
[INFO] [stdout] 88 |         Err(e) => return TokenStream::from(e),
[INFO] [stdout]    |                          ----------------- ^ the trait `From<Infallible>` is not implemented for `proc_macro::TokenStream`
[INFO] [stdout]    |                          |
[INFO] [stdout]    |                          required by a bound introduced by this call
[INFO] [stdout]    |
[INFO] [stdout]    = help: the following other types implement trait `From<T>`:
[INFO] [stdout]              <proc_macro::TokenStream as From<TokenStream2>>
[INFO] [stdout]              <proc_macro::TokenStream as From<proc_macro2::fallback::TokenStream>>
[INFO] [stdout]              <proc_macro::TokenStream as From<proc_macro2::imp::TokenStream>>
[INFO] [stdout]              <proc_macro::TokenStream as From<proc_macro::TokenTree>>
[INFO] [stdout] 
[INFO] [stdout] 
[INFO] [stdout] error[E0277]: the size for values of type `[(std::string::String, ParamType)]` cannot be known at compilation time
[INFO] [stdout]    --> src/lib.rs:104:9
[INFO] [stdout]     |
[INFO] [stdout] 104 |     let parsed_fields = match eip712::parse_fields(ast) {
[INFO] [stdout]     |         ^^^^^^^^^^^^^ doesn't have a size known at compile-time
[INFO] [stdout]     |
[INFO] [stdout]     = help: the trait `Sized` is not implemented for `[(std::string::String, ParamType)]`
[INFO] [stdout]     = note: all local variables must have a statically known size
[INFO] [stdout]     = help: unsized locals are gated as an unstable feature
[INFO] [stdout] 
[INFO] [stdout] 
[INFO] [stdout] error[E0277]: the size for values of type `[(std::string::String, ParamType)]` cannot be known at compilation time
[INFO] [stdout]    --> src/lib.rs:105:12
[INFO] [stdout]     |
[INFO] [stdout] 105 |         Ok(fields) => fields,
[INFO] [stdout]     |            ^^^^^^ doesn't have a size known at compile-time
[INFO] [stdout]     |
[INFO] [stdout]     = help: the trait `Sized` is not implemented for `[(std::string::String, ParamType)]`
[INFO] [stdout]     = note: all local variables must have a statically known size
[INFO] [stdout]     = help: unsized locals are gated as an unstable feature
[INFO] [stdout] 
[INFO] [stdout] 
[INFO] [stdout] error[E0277]: the size for values of type `[(std::string::String, ParamType)]` cannot be known at compilation time
[INFO] [stdout]    --> src/lib.rs:105:9
[INFO] [stdout]     |
[INFO] [stdout] 105 |         Ok(fields) => fields,
[INFO] [stdout]     |         ^^^^^^^^^^ doesn't have a size known at compile-time
[INFO] [stdout]     |
[INFO] [stdout]     = help: the trait `Sized` is not implemented for `[(std::string::String, ParamType)]`
[INFO] [stdout] note: required by a bound in `Ok`
[INFO] [stdout]    --> /rustc/84c898d65adf2f39a5a98507f1fe0ce10a2b8dbc/library/core/src/result.rs:507:5
[INFO] [stdout] 
[INFO] [stdout] 
[INFO] [stdout] error[E0277]: the trait bound `EIP712Domain: From<&DeriveInput>` is not satisfied
[INFO] [stdout]   --> src/lib.rs:86:24
[INFO] [stdout]    |
[INFO] [stdout] 86 |     let domain = match eip712::EIP712Domain::try_from(ast) {
[INFO] [stdout]    |                        ^^^^^^^^^^^^^^^^^^^^^^^^^^^^^^ the trait `From<&DeriveInput>` is not implemented for `EIP712Domain`
[INFO] [stdout]    |
[INFO] [stdout]    = note: required for `&DeriveInput` to implement `Into<EIP712Domain>`
[INFO] [stdout]    = note: required for `EIP712Domain` to implement `TryFrom<&DeriveInput>`
[INFO] [stdout] 
[INFO] [stdout] 
[INFO] [stdout] error: aborting due to 7 previous errors
[INFO] [stdout] 
[INFO] [stdout] 
[INFO] [stdout] Some errors have detailed explanations: E0277, E0425.
[INFO] [stdout] 
[INFO] [stdout] For more information about an error, try `rustc --explain E0277`.
[INFO] [stdout] 
[INFO] [stderr] error: could not compile `ethers-derive-eip712` due to 8 previous errors
[INFO] running `Command { std: "docker" "inspect" "1ba053fcd30ce849d40ac3894a5e2cdadd1f2493538a30fdec6f05119774ecc0", kill_on_drop: false }`
[INFO] running `Command { std: "docker" "rm" "-f" "1ba053fcd30ce849d40ac3894a5e2cdadd1f2493538a30fdec6f05119774ecc0", kill_on_drop: false }`
[INFO] [stdout] 1ba053fcd30ce849d40ac3894a5e2cdadd1f2493538a30fdec6f05119774ecc0
