[INFO] fetching crate ethane 1.0.2...
[INFO] testing ethane-1.0.2 against 1.69.0 for beta-1.70-1
[INFO] extracting crate ethane 1.0.2 into /workspace/builds/worker-4-tc1/source
[INFO] validating manifest of crates.io crate ethane 1.0.2 on toolchain 1.69.0
[INFO] running `Command { std: CARGO_HOME="/workspace/cargo-home" RUSTUP_HOME="/workspace/rustup-home" "/workspace/cargo-home/bin/cargo" "+1.69.0" "metadata" "--manifest-path" "Cargo.toml" "--no-deps", kill_on_drop: false }`
[INFO] started tweaking crates.io crate ethane 1.0.2
[INFO] finished tweaking crates.io crate ethane 1.0.2
[INFO] tweaked toml for crates.io crate ethane 1.0.2 written to /workspace/builds/worker-4-tc1/source/Cargo.toml
[INFO] running `Command { std: CARGO_HOME="/workspace/cargo-home" RUSTUP_HOME="/workspace/rustup-home" __CARGO_TEST_CHANNEL_OVERRIDE_DO_NOT_USE_THIS="nightly" "/workspace/cargo-home/bin/cargo" "+1.69.0" "generate-lockfile" "--manifest-path" "Cargo.toml" "-Zno-index-update", kill_on_drop: false }`
[INFO] running `Command { std: CARGO_HOME="/workspace/cargo-home" RUSTUP_HOME="/workspace/rustup-home" "/workspace/cargo-home/bin/cargo" "+1.69.0" "fetch" "--manifest-path" "Cargo.toml", kill_on_drop: false }`
[INFO] [stderr]  Downloading crates ...
[INFO] [stderr]   Downloaded ethane-types v1.0.2
[INFO] [stderr]   Downloaded input_buffer v0.4.0
[INFO] [stderr]   Downloaded tungstenite v0.13.0
[INFO] [stderr]   Downloaded ethane-abi v1.0.2
[INFO] running `Command { std: "docker" "create" "-v" "/var/lib/crater-agent-workspace/builds/worker-4-tc1/target:/opt/rustwide/target:rw,Z" "-v" "/var/lib/crater-agent-workspace/builds/worker-4-tc1/source:/opt/rustwide/workdir:ro,Z" "-v" "/var/lib/crater-agent-workspace/cargo-home:/opt/rustwide/cargo-home:ro,Z" "-v" "/var/lib/crater-agent-workspace/rustup-home:/opt/rustwide/rustup-home:ro,Z" "-e" "SOURCE_DIR=/opt/rustwide/workdir" "-e" "CARGO_TARGET_DIR=/opt/rustwide/target" "-e" "CARGO_HOME=/opt/rustwide/cargo-home" "-e" "RUSTUP_HOME=/opt/rustwide/rustup-home" "-w" "/opt/rustwide/workdir" "-m" "1610612736" "--user" "0:0" "--network" "none" "ghcr.io/rust-lang/crates-build-env/linux@sha256:5ff2268d62e97bff2cde7d5815dd6ed5b47097566f13b8d0ca110b04b60e07ed" "/opt/rustwide/cargo-home/bin/cargo" "+1.69.0" "metadata" "--no-deps" "--format-version=1", kill_on_drop: false }`
[INFO] [stdout] b741dfd0e43fab14417ab263db45e9dd4c1d5cd820e7b23865abcf21c6a17245
[INFO] running `Command { std: "docker" "start" "-a" "b741dfd0e43fab14417ab263db45e9dd4c1d5cd820e7b23865abcf21c6a17245", kill_on_drop: false }`
[INFO] running `Command { std: "docker" "inspect" "b741dfd0e43fab14417ab263db45e9dd4c1d5cd820e7b23865abcf21c6a17245", kill_on_drop: false }`
[INFO] running `Command { std: "docker" "rm" "-f" "b741dfd0e43fab14417ab263db45e9dd4c1d5cd820e7b23865abcf21c6a17245", kill_on_drop: false }`
[INFO] [stdout] b741dfd0e43fab14417ab263db45e9dd4c1d5cd820e7b23865abcf21c6a17245
[INFO] running `Command { std: "docker" "create" "-v" "/var/lib/crater-agent-workspace/builds/worker-4-tc1/target:/opt/rustwide/target:rw,Z" "-v" "/var/lib/crater-agent-workspace/builds/worker-4-tc1/source:/opt/rustwide/workdir:ro,Z" "-v" "/var/lib/crater-agent-workspace/cargo-home:/opt/rustwide/cargo-home:ro,Z" "-v" "/var/lib/crater-agent-workspace/rustup-home:/opt/rustwide/rustup-home:ro,Z" "-e" "SOURCE_DIR=/opt/rustwide/workdir" "-e" "CARGO_TARGET_DIR=/opt/rustwide/target" "-e" "CARGO_INCREMENTAL=0" "-e" "RUST_BACKTRACE=full" "-e" "RUSTFLAGS=--cap-lints=warn" "-e" "RUSTDOCFLAGS=--cap-lints=warn" "-e" "CARGO_HOME=/opt/rustwide/cargo-home" "-e" "RUSTUP_HOME=/opt/rustwide/rustup-home" "-w" "/opt/rustwide/workdir" "-m" "1610612736" "--user" "0:0" "--network" "none" "ghcr.io/rust-lang/crates-build-env/linux@sha256:5ff2268d62e97bff2cde7d5815dd6ed5b47097566f13b8d0ca110b04b60e07ed" "/opt/rustwide/cargo-home/bin/cargo" "+1.69.0" "build" "--frozen" "--message-format=json", kill_on_drop: false }`
[INFO] [stdout] dc4a0af2fa9b01b5be5a100d9e6a826a1fc760e4ccb29b1de205c457aea7705d
[INFO] running `Command { std: "docker" "start" "-a" "dc4a0af2fa9b01b5be5a100d9e6a826a1fc760e4ccb29b1de205c457aea7705d", kill_on_drop: false }`
[INFO] [stderr]    Compiling libc v0.2.142
[INFO] [stderr]    Compiling tokio v1.28.0
[INFO] [stderr]    Compiling ring v0.16.20
[INFO] [stderr]    Compiling generic-array v0.14.7
[INFO] [stderr]    Compiling futures-util v0.3.28
[INFO] [stderr]    Compiling untrusted v0.7.1
[INFO] [stderr]    Compiling spin v0.5.2
[INFO] [stderr]    Compiling serde v1.0.160
[INFO] [stderr]    Compiling openssl-macros v0.1.1
[INFO] [stderr]    Compiling futures-channel v0.3.28
[INFO] [stderr]    Compiling futures-io v0.3.28
[INFO] [stderr]    Compiling crunchy v0.2.2
[INFO] [stderr]    Compiling tiny-keccak v2.0.2
[INFO] [stderr]    Compiling digest v0.9.0
[INFO] [stderr]    Compiling block-buffer v0.9.0
[INFO] [stderr]    Compiling url v2.3.1
[INFO] [stderr]    Compiling cpufeatures v0.2.7
[INFO] [stderr]    Compiling opaque-debug v0.3.0
[INFO] [stderr]    Compiling thiserror v1.0.40
[INFO] [stderr]    Compiling sha-1 v0.9.8
[INFO] [stderr]    Compiling input_buffer v0.4.0
[INFO] [stderr]    Compiling utf-8 v0.7.6
[INFO] [stderr]    Compiling byteorder v1.4.3
[INFO] [stderr]    Compiling num_cpus v1.15.0
[INFO] [stderr]    Compiling socket2 v0.4.9
[INFO] [stderr]    Compiling mio v0.8.6
[INFO] [stderr]    Compiling openssl-sys v0.9.87
[INFO] [stderr]    Compiling getrandom v0.2.9
[INFO] [stderr]    Compiling rand_core v0.6.4
[INFO] [stderr]    Compiling rand_chacha v0.3.1
[INFO] [stderr]    Compiling rand v0.8.5
[INFO] [stderr]    Compiling openssl v0.10.52
[INFO] [stderr]    Compiling webpki v0.21.4
[INFO] [stderr]    Compiling sct v0.6.1
[INFO] [stderr]    Compiling ethane-types v1.0.2
[INFO] [stderr]    Compiling serde_urlencoded v0.7.1
[INFO] [stderr]    Compiling rustls v0.19.1
[INFO] [stderr]    Compiling webpki-roots v0.21.1
[INFO] [stderr]    Compiling serde_json v1.0.96
[INFO] [stderr]    Compiling ethane-abi v1.0.2
[INFO] [stderr]    Compiling tungstenite v0.13.0
[INFO] [stderr]    Compiling native-tls v0.2.11
[INFO] [stderr]    Compiling tokio-util v0.7.8
[INFO] [stderr]    Compiling tokio-native-tls v0.3.1
[INFO] [stderr]    Compiling h2 v0.3.18
[INFO] [stderr]    Compiling hyper v0.14.26
[INFO] [stderr]    Compiling hyper-tls v0.5.0
[INFO] [stderr]    Compiling reqwest v0.11.17
[INFO] [stderr]    Compiling ethane v1.0.2 (/opt/rustwide/workdir)
[INFO] [stderr]     Finished dev [unoptimized + debuginfo] target(s) in 13.16s
[INFO] running `Command { std: "docker" "inspect" "dc4a0af2fa9b01b5be5a100d9e6a826a1fc760e4ccb29b1de205c457aea7705d", kill_on_drop: false }`
[INFO] running `Command { std: "docker" "rm" "-f" "dc4a0af2fa9b01b5be5a100d9e6a826a1fc760e4ccb29b1de205c457aea7705d", kill_on_drop: false }`
[INFO] [stdout] dc4a0af2fa9b01b5be5a100d9e6a826a1fc760e4ccb29b1de205c457aea7705d
[INFO] running `Command { std: "docker" "create" "-v" "/var/lib/crater-agent-workspace/builds/worker-4-tc1/target:/opt/rustwide/target:rw,Z" "-v" "/var/lib/crater-agent-workspace/builds/worker-4-tc1/source:/opt/rustwide/workdir:ro,Z" "-v" "/var/lib/crater-agent-workspace/cargo-home:/opt/rustwide/cargo-home:ro,Z" "-v" "/var/lib/crater-agent-workspace/rustup-home:/opt/rustwide/rustup-home:ro,Z" "-e" "SOURCE_DIR=/opt/rustwide/workdir" "-e" "CARGO_TARGET_DIR=/opt/rustwide/target" "-e" "CARGO_INCREMENTAL=0" "-e" "RUST_BACKTRACE=full" "-e" "RUSTFLAGS=--cap-lints=warn" "-e" "RUSTDOCFLAGS=--cap-lints=warn" "-e" "CARGO_HOME=/opt/rustwide/cargo-home" "-e" "RUSTUP_HOME=/opt/rustwide/rustup-home" "-w" "/opt/rustwide/workdir" "-m" "1610612736" "--user" "0:0" "--network" "none" "ghcr.io/rust-lang/crates-build-env/linux@sha256:5ff2268d62e97bff2cde7d5815dd6ed5b47097566f13b8d0ca110b04b60e07ed" "/opt/rustwide/cargo-home/bin/cargo" "+1.69.0" "test" "--frozen" "--no-run" "--message-format=json", kill_on_drop: false }`
[INFO] [stdout] 9a7602bb19651bb3400bb6a247370376c357fe78155e00d06e41610ef202f8e8
[INFO] running `Command { std: "docker" "start" "-a" "9a7602bb19651bb3400bb6a247370376c357fe78155e00d06e41610ef202f8e8", kill_on_drop: false }`
[INFO] [stderr]    Compiling ethane v1.0.2 (/opt/rustwide/workdir)
[INFO] [stdout] error[E0432]: unresolved import `test_helper`
[INFO] [stdout]  --> tests/web3.rs:5:5
[INFO] [stdout]   |
[INFO] [stdout] 5 | use test_helper::*;
[INFO] [stdout]   |     ^^^^^^^^^^^ use of undeclared crate or module `test_helper`
[INFO] [stdout] 
[INFO] [stdout] 
[INFO] [stdout] error[E0432]: unresolved import `test_helper`
[INFO] [stdout]  --> tests/net.rs:4:5
[INFO] [stdout]   |
[INFO] [stdout] 4 | use test_helper::*;
[INFO] [stdout]   |     ^^^^^^^^^^^ use of undeclared crate or module `test_helper`
[INFO] [stdout] 
[INFO] [stdout] 
[INFO] [stdout] error[E0432]: unresolved import `test_helper`
[INFO] [stdout]  --> tests/txpool.rs:4:5
[INFO] [stdout]   |
[INFO] [stdout] 4 | use test_helper::*;
[INFO] [stdout]   |     ^^^^^^^^^^^ use of undeclared crate or module `test_helper`
[INFO] [stdout] 
[INFO] [stdout] 
[INFO] [stdout] error[E0425]: cannot find value `KECCAK_HASH_OF_EMPTY_STRING` in this scope
[INFO] [stdout]   --> tests/web3.rs:21:35
[INFO] [stdout]    |
[INFO] [stdout] 21 |     let expected = H256::try_from(KECCAK_HASH_OF_EMPTY_STRING).unwrap();
[INFO] [stdout]    |                                   ^^^^^^^^^^^^^^^^^^^^^^^^^^^ not found in this scope
[INFO] [stdout] 
[INFO] [stdout] 
[INFO] [stdout] error[E0433]: failed to resolve: use of undeclared type `ConnectionWrapper`
[INFO] [stdout]  --> tests/web3.rs:9:22
[INFO] [stdout]   |
[INFO] [stdout] 9 |     let mut client = ConnectionWrapper::new_from_env(None);
[INFO] [stdout]   |                      ^^^^^^^^^^^^^^^^^ use of undeclared type `ConnectionWrapper`
[INFO] [stdout] 
[INFO] [stdout] 
[INFO] [stdout] error[E0433]: failed to resolve: use of undeclared type `ConnectionWrapper`
[INFO] [stdout]  --> tests/net.rs:8:22
[INFO] [stdout]   |
[INFO] [stdout] 8 |     let mut client = ConnectionWrapper::new_from_env(None);
[INFO] [stdout]   |                      ^^^^^^^^^^^^^^^^^ use of undeclared type `ConnectionWrapper`
[INFO] [stdout] 
[INFO] [stdout] 
[INFO] [stdout] error[E0432]: unresolved import `test_helper`
[INFO] [stdout]  --> tests/eth.rs:6:5
[INFO] [stdout]   |
[INFO] [stdout] 6 | use test_helper::*;
[INFO] [stdout]   |     ^^^^^^^^^^^ use of undeclared crate or module `test_helper`
[INFO] [stdout] 
[INFO] [stdout] 
[INFO] [stdout] error[E0433]: failed to resolve: use of undeclared type `ConnectionWrapper`
[INFO] [stdout]  --> tests/txpool.rs:9:22
[INFO] [stdout]   |
[INFO] [stdout] 9 |     let mut client = ConnectionWrapper::new_from_env(None);
[INFO] [stdout]   |                      ^^^^^^^^^^^^^^^^^ use of undeclared type `ConnectionWrapper`
[INFO] [stdout] 
[INFO] [stdout] 
[INFO] [stdout] error[E0432]: unresolved import `ethane::contract::Caller`
[INFO] [stdout]  --> tests/contract.rs:1:46
[INFO] [stdout]   |
[INFO] [stdout] 1 | use ethane::contract::{CallOpts, CallResult, Caller};
[INFO] [stdout]   |                                              ^^^^^^ no `Caller` in `contract`
[INFO] [stdout] 
[INFO] [stdout] 
[INFO] [stdout] error[E0432]: unresolved imports `ethane::Connection`, `ethane::Http`
[INFO] [stdout]  --> tests/contract.rs:3:14
[INFO] [stdout]   |
[INFO] [stdout] 3 | use ethane::{Connection, Http};
[INFO] [stdout]   |              ^^^^^^^^^^  ^^^^ no `Http` in the root
[INFO] [stdout]   |              |
[INFO] [stdout]   |              no `Connection` in the root
[INFO] [stdout]   |              help: a similar name exists in the module (notice the capitalization): `connection`
[INFO] [stdout]   |
[INFO] [stdout]   = help: consider importing this variant instead:
[INFO] [stdout]           tungstenite::Error::Http
[INFO] [stdout] 
[INFO] [stdout] 
[INFO] [stdout] error[E0432]: unresolved import `test_helper`
[INFO] [stdout]  --> tests/contract.rs:7:5
[INFO] [stdout]   |
[INFO] [stdout] 7 | use test_helper::{
[INFO] [stdout]   |     ^^^^^^^^^^^ use of undeclared crate or module `test_helper`
[INFO] [stdout] 
[INFO] [stdout] 
[INFO] [stdout] error[E0432]: unresolved import `test_helper`
[INFO] [stdout]   --> tests/sub.rs:12:5
[INFO] [stdout]    |
[INFO] [stdout] 12 | use test_helper::*;
[INFO] [stdout]    |     ^^^^^^^^^^^ use of undeclared crate or module `test_helper`
[INFO] [stdout] 
[INFO] [stdout] 
[INFO] [stdout] error: aborting due to 3 previous errors
[INFO] [stdout] 
[INFO] [stdout] 
[INFO] [stdout] For more information about this error, try `rustc --explain E0432`.
[INFO] [stdout] 
[INFO] [stderr] error: could not compile `ethane` due to 4 previous errors
[INFO] [stderr] warning: build failed, waiting for other jobs to finish...
[INFO] [stdout] error[E0425]: cannot find function `rpc_call_test_some` in this scope
[INFO] [stdout]   --> tests/txpool.rs:10:5
[INFO] [stdout]    |
[INFO] [stdout] 10 |     rpc_call_test_some(&mut client, rpc::txpool_status())
[INFO] [stdout]    |     ^^^^^^^^^^^^^^^^^^ not found in this scope
[INFO] [stdout] 
[INFO] [stdout] 
[INFO] [stdout] error[E0425]: cannot find function `rpc_call_test_expected` in this scope
[INFO] [stdout]  --> tests/net.rs:9:5
[INFO] [stdout]   |
[INFO] [stdout] 9 |     rpc_call_test_expected(&mut client, rpc::net_version(), String::from("1337"));
[INFO] [stdout]   |     ^^^^^^^^^^^^^^^^^^^^^^ not found in this scope
[INFO] [stdout] 
[INFO] [stdout] 
[INFO] [stdout] error[E0425]: cannot find function `rpc_call_test_expected` in this scope
[INFO] [stdout]   --> tests/web3.rs:10:5
[INFO] [stdout]    |
[INFO] [stdout] 10 |     rpc_call_test_expected(
[INFO] [stdout]    |     ^^^^^^^^^^^^^^^^^^^^^^ not found in this scope
[INFO] [stdout] 
[INFO] [stdout] 
[INFO] [stdout] error[E0433]: failed to resolve: use of undeclared type `ConnectionWrapper`
[INFO] [stdout]   --> tests/net.rs:15:22
[INFO] [stdout]    |
[INFO] [stdout] 15 |     let mut client = ConnectionWrapper::new_from_env(None);
[INFO] [stdout]    |                      ^^^^^^^^^^^^^^^^^ use of undeclared type `ConnectionWrapper`
[INFO] [stdout] 
[INFO] [stdout] 
[INFO] [stdout] error[E0433]: failed to resolve: use of undeclared type `ConnectionWrapper`
[INFO] [stdout]   --> tests/web3.rs:19:22
[INFO] [stdout]    |
[INFO] [stdout] 19 |     let mut client = ConnectionWrapper::new_from_env(None);
[INFO] [stdout]    |                      ^^^^^^^^^^^^^^^^^ use of undeclared type `ConnectionWrapper`
[INFO] [stdout] 
[INFO] [stdout] 
[INFO] [stdout] error[E0425]: cannot find function `rpc_call_test_expected` in this scope
[INFO] [stdout]   --> tests/net.rs:16:5
[INFO] [stdout]    |
[INFO] [stdout] 16 |     rpc_call_test_expected(&mut client, rpc::net_peer_count(), U64::zero());
[INFO] [stdout]    |     ^^^^^^^^^^^^^^^^^^^^^^ not found in this scope
[INFO] [stdout] 
[INFO] [stdout] 
[INFO] [stdout] error[E0433]: failed to resolve: use of undeclared type `ConnectionWrapper`
[INFO] [stdout]   --> tests/net.rs:21:22
[INFO] [stdout]    |
[INFO] [stdout] 21 |     let mut client = ConnectionWrapper::new_from_env(None);
[INFO] [stdout]    |                      ^^^^^^^^^^^^^^^^^ use of undeclared type `ConnectionWrapper`
[INFO] [stdout] 
[INFO] [stdout] 
[INFO] [stdout] error[E0425]: cannot find function `rpc_call_test_expected` in this scope
[INFO] [stdout]   --> tests/net.rs:22:5
[INFO] [stdout]    |
[INFO] [stdout] 22 |     rpc_call_test_expected(&mut client, rpc::net_listening(), true);
[INFO] [stdout]    |     ^^^^^^^^^^^^^^^^^^^^^^ not found in this scope
[INFO] [stdout] 
[INFO] [stdout] 
[INFO] [stdout] error[E0425]: cannot find function `rpc_call_test_expected` in this scope
[INFO] [stdout]   --> tests/web3.rs:22:5
[INFO] [stdout]    |
[INFO] [stdout] 22 |     rpc_call_test_expected(&mut client, rpc::web3_sha3(empty), expected);
[INFO] [stdout]    |     ^^^^^^^^^^^^^^^^^^^^^^ not found in this scope
[INFO] [stdout] 
[INFO] [stdout] 
[INFO] [stdout] error: aborting due to 6 previous errors
[INFO] [stdout] 
[INFO] [stdout] 
[INFO] [stdout] error: aborting due to 7 previous errors
[INFO] [stdout] 
[INFO] [stdout] 
[INFO] [stdout] Some errors have detailed explanations: E0425, E0432, E0433.
[INFO] [stdout] 
[INFO] [stdout] For more information about an error, try `rustc --explain E0425`.
[INFO] [stdout] 
[INFO] [stdout] error[E0433]: failed to resolve: use of undeclared type `ConnectionWrapper`
[INFO] [stdout]   --> tests/txpool.rs:16:22
[INFO] [stdout]    |
[INFO] [stdout] 16 |     let mut client = ConnectionWrapper::new_from_env(None);
[INFO] [stdout]    |                      ^^^^^^^^^^^^^^^^^ use of undeclared type `ConnectionWrapper`
[INFO] [stdout] 
[INFO] [stdout] 
[INFO] [stdout] error[E0425]: cannot find function `create_account` in this scope
[INFO] [stdout]   --> tests/txpool.rs:18:15
[INFO] [stdout]    |
[INFO] [stdout] 18 |         from: create_account(&mut client).1,
[INFO] [stdout]    |               ^^^^^^^^^^^^^^ not found in this scope
[INFO] [stdout] 
[INFO] [stdout] 
[INFO] [stdout] Some errors have detailed explanations: E0425, E0432, E0433.
[INFO] [stdout] 
[INFO] [stdout] For more information about an error, try `rustc --explain E0425`.
[INFO] [stdout] 
[INFO] [stdout] error[E0425]: cannot find function `create_account` in this scope
[INFO] [stdout]   --> tests/txpool.rs:19:18
[INFO] [stdout]    |
[INFO] [stdout] 19 |         to: Some(create_account(&mut client).1),
[INFO] [stdout]    |                  ^^^^^^^^^^^^^^ not found in this scope
[INFO] [stdout] 
[INFO] [stdout] 
[INFO] [stdout] error[E0425]: cannot find function `rpc_call_test_some` in this scope
[INFO] [stdout]   --> tests/txpool.rs:28:5
[INFO] [stdout]    |
[INFO] [stdout] 28 |     rpc_call_test_some(&mut client, rpc::txpool_content());
[INFO] [stdout]    |     ^^^^^^^^^^^^^^^^^^ not found in this scope
[INFO] [stdout] 
[INFO] [stdout] 
[INFO] [stdout] error[E0432]: unresolved import `test_helper`
[INFO] [stdout]  --> tests/personal.rs:5:5
[INFO] [stdout]   |
[INFO] [stdout] 5 | use test_helper::*;
[INFO] [stdout]   |     ^^^^^^^^^^^ use of undeclared crate or module `test_helper`
[INFO] [stdout] 
[INFO] [stdout] 
[INFO] [stderr] error: could not compile `ethane` due to 8 previous errors
[INFO] [stderr] error: could not compile `ethane` due to 7 previous errors
[INFO] [stdout] error[E0433]: failed to resolve: use of undeclared type `ConnectionWrapper`
[INFO] [stdout]   --> tests/txpool.rs:34:22
[INFO] [stdout]    |
[INFO] [stdout] 34 |     let mut client = ConnectionWrapper::new_from_env(None);
[INFO] [stdout]    |                      ^^^^^^^^^^^^^^^^^ use of undeclared type `ConnectionWrapper`
[INFO] [stdout] 
[INFO] [stdout] 
[INFO] [stdout] error[E0425]: cannot find function `create_account` in this scope
[INFO] [stdout]   --> tests/txpool.rs:36:15
[INFO] [stdout]    |
[INFO] [stdout] 36 |         from: create_account(&mut client).1,
[INFO] [stdout]    |               ^^^^^^^^^^^^^^ not found in this scope
[INFO] [stdout] 
[INFO] [stdout] 
[INFO] [stdout] error[E0425]: cannot find function `create_account` in this scope
[INFO] [stdout]   --> tests/txpool.rs:37:18
[INFO] [stdout]    |
[INFO] [stdout] 37 |         to: Some(create_account(&mut client).1),
[INFO] [stdout]    |                  ^^^^^^^^^^^^^^ not found in this scope
[INFO] [stdout] 
[INFO] [stdout] 
[INFO] [stdout] error[E0425]: cannot find value `TEST_CONTRACT_PATH` in this scope
[INFO] [stdout]   --> tests/sub.rs:68:20
[INFO] [stdout]    |
[INFO] [stdout] 68 |         &Path::new(TEST_CONTRACT_PATH),
[INFO] [stdout]    |                    ^^^^^^^^^^^^^^^^^^ not found in this scope
[INFO] [stdout] 
[INFO] [stdout] 
[INFO] [stdout] error[E0425]: cannot find value `TEST_CONTRACT_NAME` in this scope
[INFO] [stdout]   --> tests/sub.rs:69:9
[INFO] [stdout]    |
[INFO] [stdout] 69 |         TEST_CONTRACT_NAME,
[INFO] [stdout]    |         ^^^^^^^^^^^^^^^^^^ not found in this scope
[INFO] [stdout] 
[INFO] [stdout] 
[INFO] [stdout] error[E0433]: failed to resolve: use of undeclared type `ConnectionWrapper`
[INFO] [stdout]   --> tests/sub.rs:17:22
[INFO] [stdout]    |
[INFO] [stdout] 17 |     let mut client = ConnectionWrapper::new_from_env(None);
[INFO] [stdout]    |                      ^^^^^^^^^^^^^^^^^ use of undeclared type `ConnectionWrapper`
[INFO] [stdout] 
[INFO] [stdout] 
[INFO] [stdout] error[E0425]: cannot find function `rpc_call_test_some` in this scope
[INFO] [stdout]   --> tests/txpool.rs:46:5
[INFO] [stdout]    |
[INFO] [stdout] 46 |     rpc_call_test_some(&mut client, rpc::txpool_inspect());
[INFO] [stdout]    |     ^^^^^^^^^^^^^^^^^^ not found in this scope
[INFO] [stdout] 
[INFO] [stdout] 
[INFO] [stdout] error: aborting due to 11 previous errors
[INFO] [stdout] 
[INFO] [stdout] 
[INFO] [stdout] Some errors have detailed explanations: E0425, E0432, E0433.
[INFO] [stdout] 
[INFO] [stdout] For more information about an error, try `rustc --explain E0425`.
[INFO] [stdout] 
[INFO] [stdout] error[E0425]: cannot find function `create_account` in this scope
[INFO] [stdout]   --> tests/sub.rs:22:19
[INFO] [stdout]    |
[INFO] [stdout] 22 |             from: create_account(&mut client).1,
[INFO] [stdout]    |                   ^^^^^^^^^^^^^^ not found in this scope
[INFO] [stdout] 
[INFO] [stdout] 
[INFO] [stderr] error: could not compile `ethane` due to 12 previous errors
[INFO] [stdout] error[E0425]: cannot find function `create_account` in this scope
[INFO] [stdout]   --> tests/sub.rs:23:22
[INFO] [stdout]    |
[INFO] [stdout] 23 |             to: Some(create_account(&mut client).1),
[INFO] [stdout]    |                      ^^^^^^^^^^^^^^ not found in this scope
[INFO] [stdout] 
[INFO] [stdout] 
[INFO] [stdout] error[E0425]: cannot find function `wait_for_transaction` in this scope
[INFO] [stdout]   --> tests/sub.rs:28:9
[INFO] [stdout]    |
[INFO] [stdout] 28 |         wait_for_transaction(&mut client, tx_hash);
[INFO] [stdout]    |         ^^^^^^^^^^^^^^^^^^^^ not found in this scope
[INFO] [stdout] 
[INFO] [stdout] 
[INFO] [stdout] error[E0433]: failed to resolve: use of undeclared type `ConnectionWrapper`
[INFO] [stdout]   --> tests/sub.rs:39:22
[INFO] [stdout]    |
[INFO] [stdout] 39 |     let mut client = ConnectionWrapper::new_from_env(None);
[INFO] [stdout]    |                      ^^^^^^^^^^^^^^^^^ use of undeclared type `ConnectionWrapper`
[INFO] [stdout] 
[INFO] [stdout] 
[INFO] [stdout] error[E0425]: cannot find function `create_account` in this scope
[INFO] [stdout]   --> tests/sub.rs:46:19
[INFO] [stdout]    |
[INFO] [stdout] 46 |             from: create_account(&mut client).1,
[INFO] [stdout]    |                   ^^^^^^^^^^^^^^ not found in this scope
[INFO] [stdout] 
[INFO] [stdout] 
[INFO] [stdout] error[E0425]: cannot find function `create_account` in this scope
[INFO] [stdout]   --> tests/sub.rs:47:22
[INFO] [stdout]    |
[INFO] [stdout] 47 |             to: Some(create_account(&mut client).1),
[INFO] [stdout]    |                      ^^^^^^^^^^^^^^ not found in this scope
[INFO] [stdout] 
[INFO] [stdout] 
[INFO] [stdout] error[E0425]: cannot find function `wait_for_transaction` in this scope
[INFO] [stdout]   --> tests/sub.rs:52:9
[INFO] [stdout]    |
[INFO] [stdout] 52 |         wait_for_transaction(&mut client, tx_hash);
[INFO] [stdout]    |         ^^^^^^^^^^^^^^^^^^^^ not found in this scope
[INFO] [stdout] 
[INFO] [stdout] 
[INFO] [stdout] error[E0433]: failed to resolve: use of undeclared type `ConnectionWrapper`
[INFO] [stdout]   --> tests/sub.rs:63:22
[INFO] [stdout]    |
[INFO] [stdout] 63 |     let mut client = ConnectionWrapper::new_from_env(None);
[INFO] [stdout]    |                      ^^^^^^^^^^^^^^^^^ use of undeclared type `ConnectionWrapper`
[INFO] [stdout] 
[INFO] [stdout] 
[INFO] [stdout] error[E0425]: cannot find function `create_account` in this scope
[INFO] [stdout]   --> tests/sub.rs:64:19
[INFO] [stdout]    |
[INFO] [stdout] 64 |     let address = create_account(&mut client).1;
[INFO] [stdout]    |                   ^^^^^^^^^^^^^^ not found in this scope
[INFO] [stdout] 
[INFO] [stdout] 
[INFO] [stdout] error[E0425]: cannot find function `deploy_contract` in this scope
[INFO] [stdout]   --> tests/sub.rs:65:33
[INFO] [stdout]    |
[INFO] [stdout] 65 |     let (contract_address, _) = deploy_contract(
[INFO] [stdout]    |                                 ^^^^^^^^^^^^^^^ not found in this scope
[INFO] [stdout] 
[INFO] [stdout] 
[INFO] [stdout] error[E0425]: cannot find function `keccak` in this scope
[INFO] [stdout]   --> tests/sub.rs:72:17
[INFO] [stdout]    |
[INFO] [stdout] 72 |     let topic = keccak(b"Solution(uint256)");
[INFO] [stdout]    |                 ^^^^^^ not found in this scope
[INFO] [stdout] 
[INFO] [stdout] 
[INFO] [stdout] error[E0425]: cannot find value `ACCOUNTS_PASSWORD` in this scope
[INFO] [stdout]   --> tests/personal.rs:32:60
[INFO] [stdout]    |
[INFO] [stdout] 32 |         rpc::personal_unlock_account(address, String::from(ACCOUNTS_PASSWORD), None),
[INFO] [stdout]    |                                                            ^^^^^^^^^^^^^^^^^ not found in this scope
[INFO] [stdout] 
[INFO] [stdout] 
[INFO] [stdout] error[E0425]: cannot find value `ACCOUNTS_PASSWORD` in this scope
[INFO] [stdout]   --> tests/personal.rs:51:48
[INFO] [stdout]    |
[INFO] [stdout] 51 |         rpc::personal_new_account(String::from(ACCOUNTS_PASSWORD)),
[INFO] [stdout]    |                                                ^^^^^^^^^^^^^^^^^ not found in this scope
[INFO] [stdout] 
[INFO] [stdout] 
[INFO] [stdout] error[E0425]: cannot find value `ACCOUNTS_PASSWORD` in this scope
[INFO] [stdout]   --> tests/personal.rs:66:57
[INFO] [stdout]    |
[INFO] [stdout] 66 |         rpc::personal_send_transaction(tx, String::from(ACCOUNTS_PASSWORD)),
[INFO] [stdout]    |                                                         ^^^^^^^^^^^^^^^^^ not found in this scope
[INFO] [stdout] 
[INFO] [stdout] 
[INFO] [stdout] error[E0425]: cannot find value `FIX_SECRET` in this scope
[INFO] [stdout]   --> tests/personal.rs:73:68
[INFO] [stdout]    |
[INFO] [stdout] 73 |     let address = match import_account(&mut client, H256::try_from(FIX_SECRET).unwrap()) {
[INFO] [stdout]    |                                                                    ^^^^^^^^^^ not found in this scope
[INFO] [stdout] 
[INFO] [stdout] 
[INFO] [stdout] error[E0425]: cannot find value `ACCOUNTS_PASSWORD` in this scope
[INFO] [stdout]   --> tests/personal.rs:86:59
[INFO] [stdout]    |
[INFO] [stdout] 86 |         rpc::personal_sign(message, address, String::from(ACCOUNTS_PASSWORD)),
[INFO] [stdout]    |                                                           ^^^^^^^^^^^^^^^^^ not found in this scope
[INFO] [stdout] 
[INFO] [stdout] 
[INFO] [stdout] error[E0425]: cannot find value `FIX_ADDRESS` in this scope
[INFO] [stdout]    --> tests/personal.rs:103:27
[INFO] [stdout]     |
[INFO] [stdout] 103 |         Address::try_from(FIX_ADDRESS).unwrap(),
[INFO] [stdout]     |                           ^^^^^^^^^^^ not found in this scope
[INFO] [stdout] 
[INFO] [stdout] 
[INFO] [stdout] error[E0433]: failed to resolve: use of undeclared type `ConnectionWrapper`
[INFO] [stdout]  --> tests/personal.rs:9:22
[INFO] [stdout]   |
[INFO] [stdout] 9 |     let mut client = ConnectionWrapper::new_from_env(None);
[INFO] [stdout]   |                      ^^^^^^^^^^^^^^^^^ use of undeclared type `ConnectionWrapper`
[INFO] [stdout] 
[INFO] [stdout] 
[INFO] [stdout] error[E0425]: cannot find function `keccak` in this scope
[INFO] [stdout]   --> tests/sub.rs:81:15
[INFO] [stdout]    |
[INFO] [stdout] 81 |     let out = keccak(b"set_pos0()");
[INFO] [stdout]    |               ^^^^^^ not found in this scope
[INFO] [stdout] 
[INFO] [stdout] 
[INFO] [stdout] error[E0425]: cannot find function `create_account` in this scope
[INFO] [stdout]   --> tests/sub.rs:85:19
[INFO] [stdout]    |
[INFO] [stdout] 85 |             from: create_account(&mut client).1,
[INFO] [stdout]    |                   ^^^^^^^^^^^^^^ not found in this scope
[INFO] [stdout] 
[INFO] [stdout] 
[INFO] [stdout] error[E0425]: cannot find function `wait_for_transaction` in this scope
[INFO] [stdout]   --> tests/sub.rs:91:9
[INFO] [stdout]    |
[INFO] [stdout] 91 |         wait_for_transaction(&mut client, tx_hash);
[INFO] [stdout]    |         ^^^^^^^^^^^^^^^^^^^^ not found in this scope
[INFO] [stdout] 
[INFO] [stdout] 
[INFO] [stdout] error[E0433]: failed to resolve: use of undeclared type `ConnectionWrapper`
[INFO] [stdout]    --> tests/sub.rs:104:22
[INFO] [stdout]     |
[INFO] [stdout] 104 |     let mut client = ConnectionWrapper::new_from_env(None);
[INFO] [stdout]     |                      ^^^^^^^^^^^^^^^^^ use of undeclared type `ConnectionWrapper`
[INFO] [stdout] 
[INFO] [stdout] 
[INFO] [stdout] error[E0425]: cannot find function `rpc_call_test_some` in this scope
[INFO] [stdout]   --> tests/personal.rs:10:5
[INFO] [stdout]    |
[INFO] [stdout] 10 |     rpc_call_test_some(&mut client, rpc::personal_list_accounts());
[INFO] [stdout]    |     ^^^^^^^^^^^^^^^^^^ not found in this scope
[INFO] [stdout] 
[INFO] [stdout] 
[INFO] [stdout] error: aborting due to 19 previous errors
[INFO] [stdout] 
[INFO] [stdout] 
[INFO] [stdout] Some errors have detailed explanations: E0425, E0432, E0433.
[INFO] [stdout] 
[INFO] [stdout] For more information about an error, try `rustc --explain E0425`.
[INFO] [stdout] 
[INFO] [stdout] error[E0433]: failed to resolve: use of undeclared type `ConnectionWrapper`
[INFO] [stdout]   --> tests/personal.rs:15:22
[INFO] [stdout]    |
[INFO] [stdout] 15 |     let mut client = ConnectionWrapper::new_from_env(None);
[INFO] [stdout]    |                      ^^^^^^^^^^^^^^^^^ use of undeclared type `ConnectionWrapper`
[INFO] [stdout] 
[INFO] [stdout] 
[INFO] [stdout] error[E0425]: cannot find function `create_secret` in this scope
[INFO] [stdout]   --> tests/personal.rs:16:18
[INFO] [stdout]    |
[INFO] [stdout] 16 |     let secret = create_secret();
[INFO] [stdout]    |                  ^^^^^^^^^^^^^ not found in this scope
[INFO] [stdout] 
[INFO] [stdout] 
[INFO] [stderr] error: could not compile `ethane` due to 20 previous errors
[INFO] [stdout] error[E0425]: cannot find function `rpc_call_test_some` in this scope
[INFO] [stdout]   --> tests/personal.rs:18:5
[INFO] [stdout]    |
[INFO] [stdout] 18 |     rpc_call_test_some(
[INFO] [stdout]    |     ^^^^^^^^^^^^^^^^^^ not found in this scope
[INFO] [stdout] 
[INFO] [stdout] 
[INFO] [stdout] error[E0433]: failed to resolve: use of undeclared type `ConnectionWrapper`
[INFO] [stdout]   --> tests/personal.rs:26:22
[INFO] [stdout]    |
[INFO] [stdout] 26 |     let mut client = ConnectionWrapper::new_from_env(None);
[INFO] [stdout]    |                      ^^^^^^^^^^^^^^^^^ use of undeclared type `ConnectionWrapper`
[INFO] [stdout] 
[INFO] [stdout] 
[INFO] [stdout] error[E0425]: cannot find function `create_secret` in this scope
[INFO] [stdout]   --> tests/personal.rs:27:18
[INFO] [stdout]    |
[INFO] [stdout] 27 |     let secret = create_secret();
[INFO] [stdout]    |                  ^^^^^^^^^^^^^ not found in this scope
[INFO] [stdout] 
[INFO] [stdout] 
[INFO] [stdout] error[E0425]: cannot find function `import_account` in this scope
[INFO] [stdout]   --> tests/personal.rs:28:19
[INFO] [stdout]    |
[INFO] [stdout] 28 |     let address = import_account(&mut client, secret).unwrap();
[INFO] [stdout]    |                   ^^^^^^^^^^^^^^ not found in this scope
[INFO] [stdout] 
[INFO] [stdout] 
[INFO] [stdout] error[E0425]: cannot find function `rpc_call_test_expected` in this scope
[INFO] [stdout]   --> tests/personal.rs:30:5
[INFO] [stdout]    |
[INFO] [stdout] 30 |     rpc_call_test_expected(
[INFO] [stdout]    |     ^^^^^^^^^^^^^^^^^^^^^^ not found in this scope
[INFO] [stdout] 
[INFO] [stdout] 
[INFO] [stdout] error[E0433]: failed to resolve: use of undeclared type `ConnectionWrapper`
[INFO] [stdout]   --> tests/personal.rs:39:22
[INFO] [stdout]    |
[INFO] [stdout] 39 |     let mut client = ConnectionWrapper::new_from_env(None);
[INFO] [stdout]    |                      ^^^^^^^^^^^^^^^^^ use of undeclared type `ConnectionWrapper`
[INFO] [stdout] 
[INFO] [stdout] 
[INFO] [stdout] error[E0425]: cannot find function `create_secret` in this scope
[INFO] [stdout]   --> tests/personal.rs:40:18
[INFO] [stdout]    |
[INFO] [stdout] 40 |     let secret = create_secret();
[INFO] [stdout]    |                  ^^^^^^^^^^^^^ not found in this scope
[INFO] [stdout] 
[INFO] [stdout] 
[INFO] [stdout] error[E0425]: cannot find function `import_account` in this scope
[INFO] [stdout]   --> tests/personal.rs:41:19
[INFO] [stdout]    |
[INFO] [stdout] 41 |     let address = import_account(&mut client, secret).unwrap();
[INFO] [stdout]    |                   ^^^^^^^^^^^^^^ not found in this scope
[INFO] [stdout] 
[INFO] [stdout] 
[INFO] [stdout] error[E0425]: cannot find function `unlock_account` in this scope
[INFO] [stdout]   --> tests/personal.rs:42:5
[INFO] [stdout]    |
[INFO] [stdout] 42 |     unlock_account(&mut client, address);
[INFO] [stdout]    |     ^^^^^^^^^^^^^^ not found in this scope
[INFO] [stdout] 
[INFO] [stdout] 
[INFO] [stdout] error[E0425]: cannot find function `rpc_call_test_expected` in this scope
[INFO] [stdout]   --> tests/personal.rs:43:5
[INFO] [stdout]    |
[INFO] [stdout] 43 |     rpc_call_test_expected(&mut client, rpc::personal_lock_account(address), true);
[INFO] [stdout]    |     ^^^^^^^^^^^^^^^^^^^^^^ not found in this scope
[INFO] [stdout] 
[INFO] [stdout] 
[INFO] [stdout] error[E0433]: failed to resolve: use of undeclared type `ConnectionWrapper`
[INFO] [stdout]   --> tests/personal.rs:48:22
[INFO] [stdout]    |
[INFO] [stdout] 48 |     let mut client = ConnectionWrapper::new_from_env(None);
[INFO] [stdout]    |                      ^^^^^^^^^^^^^^^^^ use of undeclared type `ConnectionWrapper`
[INFO] [stdout] 
[INFO] [stdout] 
[INFO] [stdout] error[E0425]: cannot find function `rpc_call_test_some` in this scope
[INFO] [stdout]   --> tests/personal.rs:49:5
[INFO] [stdout]    |
[INFO] [stdout] 49 |     rpc_call_test_some(
[INFO] [stdout]    |     ^^^^^^^^^^^^^^^^^^ not found in this scope
[INFO] [stdout] 
[INFO] [stdout] 
[INFO] [stdout] error[E0433]: failed to resolve: use of undeclared type `ConnectionWrapper`
[INFO] [stdout]   --> tests/personal.rs:57:22
[INFO] [stdout]    |
[INFO] [stdout] 57 |     let mut client = ConnectionWrapper::new_from_env(None);
[INFO] [stdout]    |                      ^^^^^^^^^^^^^^^^^ use of undeclared type `ConnectionWrapper`
[INFO] [stdout] 
[INFO] [stdout] 
[INFO] [stdout] error[E0425]: cannot find function `create_account` in this scope
[INFO] [stdout]   --> tests/personal.rs:58:30
[INFO] [stdout]    |
[INFO] [stdout] 58 |     let (_secret, address) = create_account(&mut client);
[INFO] [stdout]    |                              ^^^^^^^^^^^^^^ not found in this scope
[INFO] [stdout] 
[INFO] [stdout] 
[INFO] [stdout] error[E0425]: cannot find function `create_account` in this scope
[INFO] [stdout]   --> tests/personal.rs:61:18
[INFO] [stdout]    |
[INFO] [stdout] 61 |         to: Some(create_account(&mut client).1),
[INFO] [stdout]    |                  ^^^^^^^^^^^^^^ not found in this scope
[INFO] [stdout] 
[INFO] [stdout] 
[INFO] [stdout] error[E0425]: cannot find function `rpc_call_test_some` in this scope
[INFO] [stdout]   --> tests/personal.rs:64:5
[INFO] [stdout]    |
[INFO] [stdout] 64 |     rpc_call_test_some(
[INFO] [stdout]    |     ^^^^^^^^^^^^^^^^^^ not found in this scope
[INFO] [stdout] 
[INFO] [stdout] 
[INFO] [stdout] error[E0433]: failed to resolve: use of undeclared type `ConnectionWrapper`
[INFO] [stdout]   --> tests/personal.rs:72:22
[INFO] [stdout]    |
[INFO] [stdout] 72 |     let mut client = ConnectionWrapper::new_from_env(None);
[INFO] [stdout]    |                      ^^^^^^^^^^^^^^^^^ use of undeclared type `ConnectionWrapper`
[INFO] [stdout] 
[INFO] [stdout] 
[INFO] [stdout] error[E0425]: cannot find function `import_account` in this scope
[INFO] [stdout]   --> tests/personal.rs:73:25
[INFO] [stdout]    |
[INFO] [stdout] 73 |     let address = match import_account(&mut client, H256::try_from(FIX_SECRET).unwrap()) {
[INFO] [stdout]    |                         ^^^^^^^^^^^^^^ not found in this scope
[INFO] [stdout] 
[INFO] [stdout] 
[INFO] [stdout] error[E0425]: cannot find function `rpc_call_test_expected` in this scope
[INFO] [stdout]   --> tests/personal.rs:84:5
[INFO] [stdout]    |
[INFO] [stdout] 84 |     rpc_call_test_expected(
[INFO] [stdout]    |     ^^^^^^^^^^^^^^^^^^^^^^ not found in this scope
[INFO] [stdout] 
[INFO] [stdout] 
[INFO] [stdout] error[E0433]: failed to resolve: use of undeclared type `ConnectionWrapper`
[INFO] [stdout]   --> tests/personal.rs:93:22
[INFO] [stdout]    |
[INFO] [stdout] 93 |     let mut client = ConnectionWrapper::new_from_env(None);
[INFO] [stdout]    |                      ^^^^^^^^^^^^^^^^^ use of undeclared type `ConnectionWrapper`
[INFO] [stdout] 
[INFO] [stdout] 
[INFO] [stdout] error[E0425]: cannot find function `rpc_call_test_expected` in this scope
[INFO] [stdout]    --> tests/personal.rs:100:5
[INFO] [stdout]     |
[INFO] [stdout] 100 |     rpc_call_test_expected(
[INFO] [stdout]     |     ^^^^^^^^^^^^^^^^^^^^^^ not found in this scope
[INFO] [stdout] 
[INFO] [stdout] 
[INFO] [stdout] error: aborting due to 32 previous errors
[INFO] [stdout] 
[INFO] [stdout] 
[INFO] [stdout] Some errors have detailed explanations: E0425, E0432, E0433.
[INFO] [stdout] 
[INFO] [stdout] For more information about an error, try `rustc --explain E0425`.
[INFO] [stdout] 
[INFO] [stderr] error: could not compile `ethane` due to 33 previous errors
[INFO] [stdout] error[E0425]: cannot find value `TEST_CONTRACT_PATH` in this scope
[INFO] [stdout]    --> tests/eth.rs:124:20
[INFO] [stdout]     |
[INFO] [stdout] 124 |         &Path::new(TEST_CONTRACT_PATH),
[INFO] [stdout]     |                    ^^^^^^^^^^^^^^^^^^ not found in this scope
[INFO] [stdout] 
[INFO] [stdout] 
[INFO] [stdout] error[E0425]: cannot find value `TEST_CONTRACT_NAME` in this scope
[INFO] [stdout]    --> tests/eth.rs:125:9
[INFO] [stdout]     |
[INFO] [stdout] 125 |         TEST_CONTRACT_NAME,
[INFO] [stdout]     |         ^^^^^^^^^^^^^^^^^^ not found in this scope
[INFO] [stdout] 
[INFO] [stdout] 
[INFO] [stdout] error[E0425]: cannot find value `TEST_ERC20_PATH` in this scope
[INFO] [stdout]    --> tests/eth.rs:207:20
[INFO] [stdout]     |
[INFO] [stdout] 207 |         &Path::new(TEST_ERC20_PATH),
[INFO] [stdout]     |                    ^^^^^^^^^^^^^^^ not found in this scope
[INFO] [stdout] 
[INFO] [stdout] 
[INFO] [stdout] error[E0425]: cannot find value `TEST_ERC20_NAME` in this scope
[INFO] [stdout]    --> tests/eth.rs:208:9
[INFO] [stdout]     |
[INFO] [stdout] 208 |         TEST_ERC20_NAME,
[INFO] [stdout]     |         ^^^^^^^^^^^^^^^ not found in this scope
[INFO] [stdout] 
[INFO] [stdout] 
[INFO] [stdout] error[E0425]: cannot find value `TEST_CONTRACT_PATH` in this scope
[INFO] [stdout]    --> tests/eth.rs:392:20
[INFO] [stdout]     |
[INFO] [stdout] 392 |         &Path::new(TEST_CONTRACT_PATH),
[INFO] [stdout]     |                    ^^^^^^^^^^^^^^^^^^ not found in this scope
[INFO] [stdout] 
[INFO] [stdout] 
[INFO] [stdout] error[E0425]: cannot find value `TEST_CONTRACT_NAME` in this scope
[INFO] [stdout]    --> tests/eth.rs:393:9
[INFO] [stdout]     |
[INFO] [stdout] 393 |         TEST_CONTRACT_NAME,
[INFO] [stdout]     |         ^^^^^^^^^^^^^^^^^^ not found in this scope
[INFO] [stdout] 
[INFO] [stdout] 
[INFO] [stdout] error[E0425]: cannot find value `FIX_SECRET` in this scope
[INFO] [stdout]    --> tests/eth.rs:405:68
[INFO] [stdout]     |
[INFO] [stdout] 405 |     let address = match import_account(&mut client, H256::try_from(FIX_SECRET).unwrap()) {
[INFO] [stdout]     |                                                                    ^^^^^^^^^^ not found in this scope
[INFO] [stdout] 
[INFO] [stdout] 
[INFO] [stdout] error[E0425]: cannot find value `ACCOUNTS_PASSWORD` in this scope
[INFO] [stdout]    --> tests/eth.rs:419:26
[INFO] [stdout]     |
[INFO] [stdout] 419 |             String::from(ACCOUNTS_PASSWORD),
[INFO] [stdout]     |                          ^^^^^^^^^^^^^^^^^ not found in this scope
[INFO] [stdout] 
[INFO] [stdout] 
[INFO] [stdout] error[E0425]: cannot find value `TEST_CONTRACT_PATH` in this scope
[INFO] [stdout]    --> tests/eth.rs:475:20
[INFO] [stdout]     |
[INFO] [stdout] 475 |         &Path::new(TEST_CONTRACT_PATH),
[INFO] [stdout]     |                    ^^^^^^^^^^^^^^^^^^ not found in this scope
[INFO] [stdout] 
[INFO] [stdout] 
[INFO] [stdout] error[E0425]: cannot find value `TEST_CONTRACT_NAME` in this scope
[INFO] [stdout]    --> tests/eth.rs:476:9
[INFO] [stdout]     |
[INFO] [stdout] 476 |         TEST_CONTRACT_NAME,
[INFO] [stdout]     |         ^^^^^^^^^^^^^^^^^^ not found in this scope
[INFO] [stdout] 
[INFO] [stdout] 
[INFO] [stdout] error[E0425]: cannot find value `TEST_CONTRACT_PATH` in this scope
[INFO] [stdout]    --> tests/eth.rs:669:20
[INFO] [stdout]     |
[INFO] [stdout] 669 |         &Path::new(TEST_CONTRACT_PATH),
[INFO] [stdout]     |                    ^^^^^^^^^^^^^^^^^^ not found in this scope
[INFO] [stdout] 
[INFO] [stdout] 
[INFO] [stdout] error[E0425]: cannot find value `TEST_CONTRACT_NAME` in this scope
[INFO] [stdout]    --> tests/eth.rs:670:9
[INFO] [stdout]     |
[INFO] [stdout] 670 |         TEST_CONTRACT_NAME,
[INFO] [stdout]     |         ^^^^^^^^^^^^^^^^^^ not found in this scope
[INFO] [stdout] 
[INFO] [stdout] 
[INFO] [stdout] error[E0425]: cannot find value `TEST_CONTRACT_PATH` in this scope
[INFO] [stdout]    --> tests/eth.rs:710:20
[INFO] [stdout]     |
[INFO] [stdout] 710 |         &Path::new(TEST_CONTRACT_PATH),
[INFO] [stdout]     |                    ^^^^^^^^^^^^^^^^^^ not found in this scope
[INFO] [stdout] 
[INFO] [stdout] 
[INFO] [stdout] error[E0425]: cannot find value `TEST_CONTRACT_NAME` in this scope
[INFO] [stdout]    --> tests/eth.rs:711:9
[INFO] [stdout]     |
[INFO] [stdout] 711 |         TEST_CONTRACT_NAME,
[INFO] [stdout]     |         ^^^^^^^^^^^^^^^^^^ not found in this scope
[INFO] [stdout] 
[INFO] [stdout] 
[INFO] [stdout] error[E0425]: cannot find value `TEST_CONTRACT_PATH` in this scope
[INFO] [stdout]    --> tests/eth.rs:757:20
[INFO] [stdout]     |
[INFO] [stdout] 757 |         &Path::new(TEST_CONTRACT_PATH),
[INFO] [stdout]     |                    ^^^^^^^^^^^^^^^^^^ not found in this scope
[INFO] [stdout] 
[INFO] [stdout] 
[INFO] [stdout] error[E0425]: cannot find value `TEST_CONTRACT_NAME` in this scope
[INFO] [stdout]    --> tests/eth.rs:758:9
[INFO] [stdout]     |
[INFO] [stdout] 758 |         TEST_CONTRACT_NAME,
[INFO] [stdout]     |         ^^^^^^^^^^^^^^^^^^ not found in this scope
[INFO] [stdout] 
[INFO] [stdout] 
[INFO] [stdout] error[E0425]: cannot find value `TEST_CONTRACT_PATH` in this scope
[INFO] [stdout]    --> tests/eth.rs:808:20
[INFO] [stdout]     |
[INFO] [stdout] 808 |         &Path::new(TEST_CONTRACT_PATH),
[INFO] [stdout]     |                    ^^^^^^^^^^^^^^^^^^ not found in this scope
[INFO] [stdout] 
[INFO] [stdout] 
[INFO] [stdout] error[E0425]: cannot find value `TEST_CONTRACT_NAME` in this scope
[INFO] [stdout]    --> tests/eth.rs:809:9
[INFO] [stdout]     |
[INFO] [stdout] 809 |         TEST_CONTRACT_NAME,
[INFO] [stdout]     |         ^^^^^^^^^^^^^^^^^^ not found in this scope
[INFO] [stdout] 
[INFO] [stdout] 
[INFO] [stdout] error[E0433]: failed to resolve: use of undeclared type `ConnectionWrapper`
[INFO] [stdout]   --> tests/eth.rs:14:22
[INFO] [stdout]    |
[INFO] [stdout] 14 |     let mut client = ConnectionWrapper::new_from_env(None);
[INFO] [stdout]    |                      ^^^^^^^^^^^^^^^^^ use of undeclared type `ConnectionWrapper`
[INFO] [stdout] 
[INFO] [stdout] 
[INFO] [stdout] error[E0425]: cannot find function `rpc_call_test_expected` in this scope
[INFO] [stdout]   --> tests/eth.rs:15:5
[INFO] [stdout]    |
[INFO] [stdout] 15 |     rpc_call_test_expected(
[INFO] [stdout]    |     ^^^^^^^^^^^^^^^^^^^^^^ not found in this scope
[INFO] [stdout] 
[INFO] [stdout] 
[INFO] [stdout] error[E0433]: failed to resolve: use of undeclared type `ConnectionWrapper`
[INFO] [stdout]   --> tests/eth.rs:24:22
[INFO] [stdout]    |
[INFO] [stdout] 24 |     let mut client = ConnectionWrapper::new_from_env(None);
[INFO] [stdout]    |                      ^^^^^^^^^^^^^^^^^ use of undeclared type `ConnectionWrapper`
[INFO] [stdout] 
[INFO] [stdout] 
[INFO] [stdout] error[E0425]: cannot find function `rpc_call_test_expected` in this scope
[INFO] [stdout]   --> tests/eth.rs:25:5
[INFO] [stdout]    |
[INFO] [stdout] 25 |     rpc_call_test_expected(&mut client, rpc::eth_syncing(), SyncInfo::NotSyncing(false));
[INFO] [stdout]    |     ^^^^^^^^^^^^^^^^^^^^^^ not found in this scope
[INFO] [stdout] 
[INFO] [stdout] 
[INFO] [stdout] error[E0433]: failed to resolve: use of undeclared type `ConnectionWrapper`
[INFO] [stdout]   --> tests/eth.rs:30:22
[INFO] [stdout]    |
[INFO] [stdout] 30 |     let mut client = ConnectionWrapper::new_from_env(None);
[INFO] [stdout]    |                      ^^^^^^^^^^^^^^^^^ use of undeclared type `ConnectionWrapper`
[INFO] [stdout] 
[INFO] [stdout] 
[INFO] [stdout] error[E0425]: cannot find function `rpc_call_test_expected` in this scope
[INFO] [stdout]   --> tests/eth.rs:31:5
[INFO] [stdout]    |
[INFO] [stdout] 31 |     rpc_call_test_expected(
[INFO] [stdout]    |     ^^^^^^^^^^^^^^^^^^^^^^ not found in this scope
[INFO] [stdout] 
[INFO] [stdout] 
[INFO] [stdout] error[E0433]: failed to resolve: use of undeclared type `ConnectionWrapper`
[INFO] [stdout]   --> tests/eth.rs:40:22
[INFO] [stdout]    |
[INFO] [stdout] 40 |     let mut client = ConnectionWrapper::new_from_env(None);
[INFO] [stdout]    |                      ^^^^^^^^^^^^^^^^^ use of undeclared type `ConnectionWrapper`
[INFO] [stdout] 
[INFO] [stdout] 
[INFO] [stdout] error[E0425]: cannot find function `rpc_call_test_expected` in this scope
[INFO] [stdout]   --> tests/eth.rs:41:5
[INFO] [stdout]    |
[INFO] [stdout] 41 |     rpc_call_test_expected(&mut client, rpc::eth_mining(), true);
[INFO] [stdout]    |     ^^^^^^^^^^^^^^^^^^^^^^ not found in this scope
[INFO] [stdout] 
[INFO] [stdout] 
[INFO] [stdout] error[E0433]: failed to resolve: use of undeclared type `ConnectionWrapper`
[INFO] [stdout]   --> tests/eth.rs:46:22
[INFO] [stdout]    |
[INFO] [stdout] 46 |     let mut client = ConnectionWrapper::new_from_env(None);
[INFO] [stdout]    |                      ^^^^^^^^^^^^^^^^^ use of undeclared type `ConnectionWrapper`
[INFO] [stdout] 
[INFO] [stdout] 
[INFO] [stdout] error[E0425]: cannot find function `rpc_call_test_expected` in this scope
[INFO] [stdout]   --> tests/eth.rs:47:5
[INFO] [stdout]    |
[INFO] [stdout] 47 |     rpc_call_test_expected(&mut client, rpc::eth_hashrate(), U256::zero());
[INFO] [stdout]    |     ^^^^^^^^^^^^^^^^^^^^^^ not found in this scope
[INFO] [stdout] 
[INFO] [stdout] 
[INFO] [stdout] error[E0433]: failed to resolve: use of undeclared type `ConnectionWrapper`
[INFO] [stdout]   --> tests/eth.rs:52:22
[INFO] [stdout]    |
[INFO] [stdout] 52 |     let mut client = ConnectionWrapper::new_from_env(None);
[INFO] [stdout]    |                      ^^^^^^^^^^^^^^^^^ use of undeclared type `ConnectionWrapper`
[INFO] [stdout] 
[INFO] [stdout] 
[INFO] [stdout] error[E0425]: cannot find function `rpc_call_test_expected` in this scope
[INFO] [stdout]   --> tests/eth.rs:53:5
[INFO] [stdout]    |
[INFO] [stdout] 53 |     rpc_call_test_expected(
[INFO] [stdout]    |     ^^^^^^^^^^^^^^^^^^^^^^ not found in this scope
[INFO] [stdout] 
[INFO] [stdout] 
[INFO] [stdout] error[E0433]: failed to resolve: use of undeclared type `ConnectionWrapper`
[INFO] [stdout]   --> tests/eth.rs:62:22
[INFO] [stdout]    |
[INFO] [stdout] 62 |     let mut client = ConnectionWrapper::new_from_env(None);
[INFO] [stdout]    |                      ^^^^^^^^^^^^^^^^^ use of undeclared type `ConnectionWrapper`
[INFO] [stdout] 
[INFO] [stdout] 
[INFO] [stdout] error[E0425]: cannot find function `rpc_call_with_return` in this scope
[INFO] [stdout]   --> tests/eth.rs:63:20
[INFO] [stdout]    |
[INFO] [stdout] 63 |     let accounts = rpc_call_with_return(&mut client, rpc::eth_accounts());
[INFO] [stdout]    |                    ^^^^^^^^^^^^^^^^^^^^ not found in this scope
[INFO] [stdout] 
[INFO] [stdout] 
[INFO] [stdout] error[E0433]: failed to resolve: use of undeclared type `ConnectionWrapper`
[INFO] [stdout]   --> tests/eth.rs:72:22
[INFO] [stdout]    |
[INFO] [stdout] 72 |     let mut client = ConnectionWrapper::new_from_env(None);
[INFO] [stdout]    |                      ^^^^^^^^^^^^^^^^^ use of undeclared type `ConnectionWrapper`
[INFO] [stdout] 
[INFO] [stdout] 
[INFO] [stdout] error[E0425]: cannot find function `rpc_call_with_return` in this scope
[INFO] [stdout]   --> tests/eth.rs:73:24
[INFO] [stdout]    |
[INFO] [stdout] 73 |     let block_number = rpc_call_with_return(&mut client, rpc::eth_block_number());
[INFO] [stdout]    |                        ^^^^^^^^^^^^^^^^^^^^ not found in this scope
[INFO] [stdout] 
[INFO] [stdout] 
[INFO] [stdout] error[E0433]: failed to resolve: use of undeclared type `ConnectionWrapper`
[INFO] [stdout]   --> tests/eth.rs:81:22
[INFO] [stdout]    |
[INFO] [stdout] 81 |     let mut client = ConnectionWrapper::new_from_env(None);
[INFO] [stdout]    |                      ^^^^^^^^^^^^^^^^^ use of undeclared type `ConnectionWrapper`
[INFO] [stdout] 
[INFO] [stdout] 
[INFO] [stdout] error[E0425]: cannot find function `rpc_call_with_return` in this scope
[INFO] [stdout]   --> tests/eth.rs:82:19
[INFO] [stdout]    |
[INFO] [stdout] 82 |     let balance = rpc_call_with_return(
[INFO] [stdout]    |                   ^^^^^^^^^^^^^^^^^^^^ not found in this scope
[INFO] [stdout] 
[INFO] [stdout] 
[INFO] [stdout] error[E0433]: failed to resolve: use of undeclared type `ConnectionWrapper`
[INFO] [stdout]   --> tests/eth.rs:96:22
[INFO] [stdout]    |
[INFO] [stdout] 96 |     let mut client = ConnectionWrapper::new_from_env(None);
[INFO] [stdout]    |                      ^^^^^^^^^^^^^^^^^ use of undeclared type `ConnectionWrapper`
[INFO] [stdout] 
[INFO] [stdout] 
[INFO] [stdout] error[E0425]: cannot find function `rpc_call_with_return` in this scope
[INFO] [stdout]    --> tests/eth.rs:104:19
[INFO] [stdout]     |
[INFO] [stdout] 104 |     let tx_hash = rpc_call_with_return(&mut client, rpc::eth_send_transaction(transaction));
[INFO] [stdout]     |                   ^^^^^^^^^^^^^^^^^^^^ not found in this scope
[INFO] [stdout] 
[INFO] [stdout] 
[INFO] [stdout] error[E0425]: cannot find function `wait_for_transaction` in this scope
[INFO] [stdout]    --> tests/eth.rs:105:5
[INFO] [stdout]     |
[INFO] [stdout] 105 |     wait_for_transaction(&mut client, tx_hash);
[INFO] [stdout]     |     ^^^^^^^^^^^^^^^^^^^^ not found in this scope
[INFO] [stdout] 
[INFO] [stdout] 
[INFO] [stdout] error[E0425]: cannot find function `rpc_call_with_return` in this scope
[INFO] [stdout]    --> tests/eth.rs:108:9
[INFO] [stdout]     |
[INFO] [stdout] 108 |         rpc_call_with_return(&mut client, rpc::eth_get_transaction_receipt(tx_hash)).unwrap();
[INFO] [stdout]     |         ^^^^^^^^^^^^^^^^^^^^ not found in this scope
[INFO] [stdout] 
[INFO] [stdout] 
[INFO] [stdout] error[E0425]: cannot find function `rpc_call_with_return` in this scope
[INFO] [stdout]    --> tests/eth.rs:109:14
[INFO] [stdout]     |
[INFO] [stdout] 109 |     let tx = rpc_call_with_return(&mut client, rpc::eth_get_transaction_by_hash(tx_hash));
[INFO] [stdout]     |              ^^^^^^^^^^^^^^^^^^^^ not found in this scope
[INFO] [stdout] 
[INFO] [stdout] 
[INFO] [stdout] error[E0433]: failed to resolve: use of undeclared type `ConnectionWrapper`
[INFO] [stdout]    --> tests/eth.rs:121:22
[INFO] [stdout]     |
[INFO] [stdout] 121 |     let mut client = ConnectionWrapper::new_from_env(None);
[INFO] [stdout]     |                      ^^^^^^^^^^^^^^^^^ use of undeclared type `ConnectionWrapper`
[INFO] [stdout] 
[INFO] [stdout] 
[INFO] [stdout] error[E0425]: cannot find function `unlock_account` in this scope
[INFO] [stdout]    --> tests/eth.rs:122:5
[INFO] [stdout]     |
[INFO] [stdout] 122 |     unlock_account(&mut client, Address::try_from(ADDRESS1).unwrap());
[INFO] [stdout]     |     ^^^^^^^^^^^^^^ not found in this scope
[INFO] [stdout] 
[INFO] [stdout] 
[INFO] [stdout] error[E0425]: cannot find function `compile_contract` in this scope
[INFO] [stdout]    --> tests/eth.rs:123:19
[INFO] [stdout]     |
[INFO] [stdout] 123 |     let bin = bin(compile_contract(
[INFO] [stdout]     |                   ^^^^^^^^^^^^^^^^ not found in this scope
[INFO] [stdout] 
[INFO] [stdout] 
[INFO] [stdout] error[E0425]: cannot find function `bin` in this scope
[INFO] [stdout]    --> tests/eth.rs:123:15
[INFO] [stdout]     |
[INFO] [stdout] 123 |     let bin = bin(compile_contract(
[INFO] [stdout]     |               ^^^ not found in this scope
[INFO] [stdout] 
[INFO] [stdout] 
[INFO] [stdout] error[E0425]: cannot find function `rpc_call_with_return` in this scope
[INFO] [stdout]    --> tests/eth.rs:134:19
[INFO] [stdout]     |
[INFO] [stdout] 134 |     let tx_hash = rpc_call_with_return(&mut client, rpc::eth_send_transaction(transaction));
[INFO] [stdout]     |                   ^^^^^^^^^^^^^^^^^^^^ not found in this scope
[INFO] [stdout] 
[INFO] [stdout] 
[INFO] [stdout] error[E0425]: cannot find function `wait_for_transaction` in this scope
[INFO] [stdout]    --> tests/eth.rs:135:5
[INFO] [stdout]     |
[INFO] [stdout] 135 |     wait_for_transaction(&mut client, tx_hash);
[INFO] [stdout]     |     ^^^^^^^^^^^^^^^^^^^^ not found in this scope
[INFO] [stdout] 
[INFO] [stdout] 
[INFO] [stdout] error[E0425]: cannot find function `rpc_call_with_return` in this scope
[INFO] [stdout]    --> tests/eth.rs:138:9
[INFO] [stdout]     |
[INFO] [stdout] 138 |         rpc_call_with_return(&mut client, rpc::eth_get_transaction_receipt(tx_hash)).unwrap();
[INFO] [stdout]     |         ^^^^^^^^^^^^^^^^^^^^ not found in this scope
[INFO] [stdout] 
[INFO] [stdout] 
[INFO] [stdout] error[E0425]: cannot find function `rpc_call_with_return` in this scope
[INFO] [stdout]    --> tests/eth.rs:139:14
[INFO] [stdout]     |
[INFO] [stdout] 139 |     let tx = rpc_call_with_return(&mut client, rpc::eth_get_transaction_by_hash(tx_hash));
[INFO] [stdout]     |              ^^^^^^^^^^^^^^^^^^^^ not found in this scope
[INFO] [stdout] 
[INFO] [stdout] 
[INFO] [stdout] error[E0433]: failed to resolve: use of undeclared type `ConnectionWrapper`
[INFO] [stdout]    --> tests/eth.rs:152:22
[INFO] [stdout]     |
[INFO] [stdout] 152 |     let mut client = ConnectionWrapper::new_from_env(None);
[INFO] [stdout]     |                      ^^^^^^^^^^^^^^^^^ use of undeclared type `ConnectionWrapper`
[INFO] [stdout] 
[INFO] [stdout] 
[INFO] [stdout] error[E0425]: cannot find function `rpc_call_with_return` in this scope
[INFO] [stdout]    --> tests/eth.rs:160:14
[INFO] [stdout]     |
[INFO] [stdout] 160 |     let tx = rpc_call_with_return(
[INFO] [stdout]     |              ^^^^^^^^^^^^^^^^^^^^ not found in this scope
[INFO] [stdout] 
[INFO] [stdout] 
[INFO] [stdout] error[E0433]: failed to resolve: use of undeclared type `ConnectionWrapper`
[INFO] [stdout]    --> tests/eth.rs:172:22
[INFO] [stdout]     |
[INFO] [stdout] 172 |     let mut client = ConnectionWrapper::new_from_env(None);
[INFO] [stdout]     |                      ^^^^^^^^^^^^^^^^^ use of undeclared type `ConnectionWrapper`
[INFO] [stdout] 
[INFO] [stdout] 
[INFO] [stdout] error[E0425]: cannot find function `unlock_account` in this scope
[INFO] [stdout]    --> tests/eth.rs:173:5
[INFO] [stdout]     |
[INFO] [stdout] 173 |     unlock_account(&mut client, Address::try_from(ADDRESS2).unwrap());
[INFO] [stdout]     |     ^^^^^^^^^^^^^^ not found in this scope
[INFO] [stdout] 
[INFO] [stdout] 
[INFO] [stdout] error[E0425]: cannot find function `prefund_account` in this scope
[INFO] [stdout]    --> tests/eth.rs:174:5
[INFO] [stdout]     |
[INFO] [stdout] 174 |     prefund_account(&mut client, Address::try_from(ADDRESS2).unwrap());
[INFO] [stdout]     |     ^^^^^^^^^^^^^^^ not found in this scope
[INFO] [stdout] 
[INFO] [stdout] 
[INFO] [stdout] error[E0425]: cannot find function `wait_for_transaction` in this scope
[INFO] [stdout]    --> tests/eth.rs:182:5
[INFO] [stdout]     |
[INFO] [stdout] 182 |     wait_for_transaction(&mut client, tx_hash);
[INFO] [stdout]     |     ^^^^^^^^^^^^^^^^^^^^ not found in this scope
[INFO] [stdout] 
[INFO] [stdout] 
[INFO] [stdout] error[E0425]: cannot find function `rpc_call_with_return` in this scope
[INFO] [stdout]    --> tests/eth.rs:184:9
[INFO] [stdout]     |
[INFO] [stdout] 184 |         rpc_call_with_return(&mut client, rpc::eth_get_transaction_receipt(tx_hash)).unwrap();
[INFO] [stdout]     |         ^^^^^^^^^^^^^^^^^^^^ not found in this scope
[INFO] [stdout] 
[INFO] [stdout] 
[INFO] [stdout] error[E0433]: failed to resolve: use of undeclared type `ConnectionWrapper`
[INFO] [stdout]    --> tests/eth.rs:200:22
[INFO] [stdout]     |
[INFO] [stdout] 200 |     let mut client = ConnectionWrapper::new_from_env(None);
[INFO] [stdout]     |                      ^^^^^^^^^^^^^^^^^ use of undeclared type `ConnectionWrapper`
[INFO] [stdout] 
[INFO] [stdout] 
[INFO] [stdout] error[E0425]: cannot find function `unlock_account` in this scope
[INFO] [stdout]    --> tests/eth.rs:201:5
[INFO] [stdout]     |
[INFO] [stdout] 201 |     unlock_account(&mut client, Address::try_from(ADDRESS2).unwrap());
[INFO] [stdout]     |     ^^^^^^^^^^^^^^ not found in this scope
[INFO] [stdout] 
[INFO] [stdout] 
[INFO] [stdout] error[E0425]: cannot find function `prefund_account` in this scope
[INFO] [stdout]    --> tests/eth.rs:202:5
[INFO] [stdout]     |
[INFO] [stdout] 202 |     prefund_account(&mut client, Address::try_from(ADDRESS2).unwrap());
[INFO] [stdout]     |     ^^^^^^^^^^^^^^^ not found in this scope
[INFO] [stdout] 
[INFO] [stdout] 
[INFO] [stdout] error[E0425]: cannot find function `deploy_contract` in this scope
[INFO] [stdout]    --> tests/eth.rs:204:33
[INFO] [stdout]     |
[INFO] [stdout] 204 |     let (contract_address, _) = deploy_contract(
[INFO] [stdout]     |                                 ^^^^^^^^^^^^^^^ not found in this scope
[INFO] [stdout] 
[INFO] [stdout] 
[INFO] [stdout] error[E0425]: cannot find function `rpc_call_test_expected` in this scope
[INFO] [stdout]    --> tests/eth.rs:210:5
[INFO] [stdout]     |
[INFO] [stdout] 210 |     rpc_call_test_expected(
[INFO] [stdout]     |     ^^^^^^^^^^^^^^^^^^^^^^ not found in this scope
[INFO] [stdout] 
[INFO] [stdout] 
[INFO] [stdout] error[E0433]: failed to resolve: use of undeclared type `ConnectionWrapper`
[INFO] [stdout]    --> tests/eth.rs:223:22
[INFO] [stdout]     |
[INFO] [stdout] 223 |     let mut client = ConnectionWrapper::new_from_env(None);
[INFO] [stdout]     |                      ^^^^^^^^^^^^^^^^^ use of undeclared type `ConnectionWrapper`
[INFO] [stdout] 
[INFO] [stdout] 
[INFO] [stdout] error[E0425]: cannot find function `create_account` in this scope
[INFO] [stdout]    --> tests/eth.rs:224:18
[INFO] [stdout]     |
[INFO] [stdout] 224 |     let sender = create_account(&mut client).1;
[INFO] [stdout]     |                  ^^^^^^^^^^^^^^ not found in this scope
[INFO] [stdout] 
[INFO] [stdout] 
[INFO] [stdout] error[E0425]: cannot find function `prefund_account` in this scope
[INFO] [stdout]    --> tests/eth.rs:225:5
[INFO] [stdout]     |
[INFO] [stdout] 225 |     prefund_account(&mut client, sender);
[INFO] [stdout]     |     ^^^^^^^^^^^^^^^ not found in this scope
[INFO] [stdout] 
[INFO] [stdout] 
[INFO] [stdout] error[E0425]: cannot find function `simulate_transaction` in this scope
[INFO] [stdout]    --> tests/eth.rs:226:5
[INFO] [stdout]     |
[INFO] [stdout] 226 |     simulate_transaction(&mut client, sender, ADDRESS1, U256::zero());
[INFO] [stdout]     |     ^^^^^^^^^^^^^^^^^^^^ not found in this scope
[INFO] [stdout] 
[INFO] [stdout] 
[INFO] [stdout] error[E0425]: cannot find function `simulate_transaction` in this scope
[INFO] [stdout]    --> tests/eth.rs:227:5
[INFO] [stdout]     |
[INFO] [stdout] 227 |     simulate_transaction(&mut client, sender, ADDRESS1, U256::zero());
[INFO] [stdout]     |     ^^^^^^^^^^^^^^^^^^^^ not found in this scope
[INFO] [stdout] 
[INFO] [stdout] 
[INFO] [stdout] error[E0425]: cannot find function `simulate_transaction` in this scope
[INFO] [stdout]    --> tests/eth.rs:228:5
[INFO] [stdout]     |
[INFO] [stdout] 228 |     simulate_transaction(&mut client, sender, ADDRESS1, U256::zero());
[INFO] [stdout]     |     ^^^^^^^^^^^^^^^^^^^^ not found in this scope
[INFO] [stdout] 
[INFO] [stdout] 
[INFO] [stdout] error[E0425]: cannot find function `rpc_call_test_expected` in this scope
[INFO] [stdout]    --> tests/eth.rs:230:5
[INFO] [stdout]     |
[INFO] [stdout] 230 |     rpc_call_test_expected(
[INFO] [stdout]     |     ^^^^^^^^^^^^^^^^^^^^^^ not found in this scope
[INFO] [stdout] 
[INFO] [stdout] 
[INFO] [stdout] error[E0433]: failed to resolve: use of undeclared type `ConnectionWrapper`
[INFO] [stdout]    --> tests/eth.rs:240:22
[INFO] [stdout]     |
[INFO] [stdout] 240 |     let mut client = ConnectionWrapper::new_from_env(None);
[INFO] [stdout]     |                      ^^^^^^^^^^^^^^^^^ use of undeclared type `ConnectionWrapper`
[INFO] [stdout] 
[INFO] [stdout] 
[INFO] [stdout] error[E0425]: cannot find function `unlock_account` in this scope
[INFO] [stdout]    --> tests/eth.rs:241:5
[INFO] [stdout]     |
[INFO] [stdout] 241 |     unlock_account(&mut client, Address::try_from(ADDRESS2).unwrap());
[INFO] [stdout]     |     ^^^^^^^^^^^^^^ not found in this scope
[INFO] [stdout] 
[INFO] [stdout] 
[INFO] [stdout] error[E0425]: cannot find function `prefund_account` in this scope
[INFO] [stdout]    --> tests/eth.rs:242:5
[INFO] [stdout]     |
[INFO] [stdout] 242 |     prefund_account(&mut client, Address::try_from(ADDRESS2).unwrap());
[INFO] [stdout]     |     ^^^^^^^^^^^^^^^ not found in this scope
[INFO] [stdout] 
[INFO] [stdout] 
[INFO] [stdout] error[E0425]: cannot find function `simulate_transaction` in this scope
[INFO] [stdout]    --> tests/eth.rs:243:5
[INFO] [stdout]     |
[INFO] [stdout] 243 |     simulate_transaction(
[INFO] [stdout]     |     ^^^^^^^^^^^^^^^^^^^^ not found in this scope
[INFO] [stdout] 
[INFO] [stdout] 
[INFO] [stdout] error[E0425]: cannot find function `rpc_call_with_return` in this scope
[INFO] [stdout]    --> tests/eth.rs:250:9
[INFO] [stdout]     |
[INFO] [stdout] 250 |         rpc_call_with_return(&mut client, rpc::eth_get_block_by_number(None, true)).unwrap();
[INFO] [stdout]     |         ^^^^^^^^^^^^^^^^^^^^ not found in this scope
[INFO] [stdout] 
[INFO] [stdout] 
[INFO] [stdout] error[E0433]: failed to resolve: use of undeclared type `ConnectionWrapper`
[INFO] [stdout]    --> tests/eth.rs:258:22
[INFO] [stdout]     |
[INFO] [stdout] 258 |     let mut client = ConnectionWrapper::new_from_env(None);
[INFO] [stdout]     |                      ^^^^^^^^^^^^^^^^^ use of undeclared type `ConnectionWrapper`
[INFO] [stdout] 
[INFO] [stdout] 
[INFO] [stdout] error[E0425]: cannot find function `unlock_account` in this scope
[INFO] [stdout]    --> tests/eth.rs:259:5
[INFO] [stdout]     |
[INFO] [stdout] 259 |     unlock_account(&mut client, Address::try_from(ADDRESS2).unwrap());
[INFO] [stdout]     |     ^^^^^^^^^^^^^^ not found in this scope
[INFO] [stdout] 
[INFO] [stdout] 
[INFO] [stdout] error[E0425]: cannot find function `prefund_account` in this scope
[INFO] [stdout]    --> tests/eth.rs:260:5
[INFO] [stdout]     |
[INFO] [stdout] 260 |     prefund_account(&mut client, Address::try_from(ADDRESS2).unwrap());
[INFO] [stdout]     |     ^^^^^^^^^^^^^^^ not found in this scope
[INFO] [stdout] 
[INFO] [stdout] 
[INFO] [stdout] error[E0425]: cannot find function `simulate_transaction` in this scope
[INFO] [stdout]    --> tests/eth.rs:261:5
[INFO] [stdout]     |
[INFO] [stdout] 261 |     simulate_transaction(
[INFO] [stdout]     |     ^^^^^^^^^^^^^^^^^^^^ not found in this scope
[INFO] [stdout] 
[INFO] [stdout] 
[INFO] [stdout] error[E0425]: cannot find function `rpc_call_with_return` in this scope
[INFO] [stdout]    --> tests/eth.rs:268:9
[INFO] [stdout]     |
[INFO] [stdout] 268 |         rpc_call_with_return(&mut client, rpc::eth_get_block_by_number(None, false)).unwrap();
[INFO] [stdout]     |         ^^^^^^^^^^^^^^^^^^^^ not found in this scope
[INFO] [stdout] 
[INFO] [stdout] 
[INFO] [stdout] error[E0433]: failed to resolve: use of undeclared type `ConnectionWrapper`
[INFO] [stdout]    --> tests/eth.rs:275:22
[INFO] [stdout]     |
[INFO] [stdout] 275 |     let mut client = ConnectionWrapper::new_from_env(None);
[INFO] [stdout]     |                      ^^^^^^^^^^^^^^^^^ use of undeclared type `ConnectionWrapper`
[INFO] [stdout] 
[INFO] [stdout] 
[INFO] [stdout] error[E0425]: cannot find function `unlock_account` in this scope
[INFO] [stdout]    --> tests/eth.rs:276:5
[INFO] [stdout]     |
[INFO] [stdout] 276 |     unlock_account(&mut client, Address::try_from(ADDRESS2).unwrap());
[INFO] [stdout]     |     ^^^^^^^^^^^^^^ not found in this scope
[INFO] [stdout] 
[INFO] [stdout] 
[INFO] [stdout] error[E0425]: cannot find function `prefund_account` in this scope
[INFO] [stdout]    --> tests/eth.rs:277:5
[INFO] [stdout]     |
[INFO] [stdout] 277 |     prefund_account(&mut client, Address::try_from(ADDRESS2).unwrap());
[INFO] [stdout]     |     ^^^^^^^^^^^^^^^ not found in this scope
[INFO] [stdout] 
[INFO] [stdout] 
[INFO] [stdout] error[E0425]: cannot find function `simulate_transaction` in this scope
[INFO] [stdout]    --> tests/eth.rs:278:5
[INFO] [stdout]     |
[INFO] [stdout] 278 |     simulate_transaction(
[INFO] [stdout]     |     ^^^^^^^^^^^^^^^^^^^^ not found in this scope
[INFO] [stdout] 
[INFO] [stdout] 
[INFO] [stdout] error[E0425]: cannot find function `rpc_call_test_expected` in this scope
[INFO] [stdout]    --> tests/eth.rs:284:5
[INFO] [stdout]     |
[INFO] [stdout] 284 |     rpc_call_test_expected(
[INFO] [stdout]     |     ^^^^^^^^^^^^^^^^^^^^^^ not found in this scope
[INFO] [stdout] 
[INFO] [stdout] 
[INFO] [stdout] error[E0433]: failed to resolve: use of undeclared type `ConnectionWrapper`
[INFO] [stdout]    --> tests/eth.rs:298:22
[INFO] [stdout]     |
[INFO] [stdout] 298 |     let mut client = ConnectionWrapper::new_from_env(None);
[INFO] [stdout]     |                      ^^^^^^^^^^^^^^^^^ use of undeclared type `ConnectionWrapper`
[INFO] [stdout] 
[INFO] [stdout] 
[INFO] [stdout] error[E0425]: cannot find function `unlock_account` in this scope
[INFO] [stdout]    --> tests/eth.rs:299:5
[INFO] [stdout]     |
[INFO] [stdout] 299 |     unlock_account(&mut client, Address::try_from(ADDRESS2).unwrap());
[INFO] [stdout]     |     ^^^^^^^^^^^^^^ not found in this scope
[INFO] [stdout] 
[INFO] [stdout] 
[INFO] [stdout] error[E0425]: cannot find function `prefund_account` in this scope
[INFO] [stdout]    --> tests/eth.rs:300:5
[INFO] [stdout]     |
[INFO] [stdout] 300 |     prefund_account(&mut client, Address::try_from(ADDRESS2).unwrap());
[INFO] [stdout]     |     ^^^^^^^^^^^^^^^ not found in this scope
[INFO] [stdout] 
[INFO] [stdout] 
[INFO] [stdout] error[E0425]: cannot find function `simulate_transaction` in this scope
[INFO] [stdout]    --> tests/eth.rs:301:5
[INFO] [stdout]     |
[INFO] [stdout] 301 |     simulate_transaction(
[INFO] [stdout]     |     ^^^^^^^^^^^^^^^^^^^^ not found in this scope
[INFO] [stdout] 
[INFO] [stdout] 
[INFO] [stdout] error[E0425]: cannot find function `rpc_call_test_expected` in this scope
[INFO] [stdout]    --> tests/eth.rs:310:5
[INFO] [stdout]     |
[INFO] [stdout] 310 |     rpc_call_test_expected(
[INFO] [stdout]     |     ^^^^^^^^^^^^^^^^^^^^^^ not found in this scope
[INFO] [stdout] 
[INFO] [stdout] 
[INFO] [stdout] error[E0433]: failed to resolve: use of undeclared type `ConnectionWrapper`
[INFO] [stdout]    --> tests/eth.rs:319:22
[INFO] [stdout]     |
[INFO] [stdout] 319 |     let mut client = ConnectionWrapper::new_from_env(None);
[INFO] [stdout]     |                      ^^^^^^^^^^^^^^^^^ use of undeclared type `ConnectionWrapper`
[INFO] [stdout] 
[INFO] [stdout] 
[INFO] [stdout] error[E0425]: cannot find function `unlock_account` in this scope
[INFO] [stdout]    --> tests/eth.rs:320:5
[INFO] [stdout]     |
[INFO] [stdout] 320 |     unlock_account(&mut client, Address::try_from(ADDRESS2).unwrap());
[INFO] [stdout]     |     ^^^^^^^^^^^^^^ not found in this scope
[INFO] [stdout] 
[INFO] [stdout] 
[INFO] [stdout] error[E0425]: cannot find function `prefund_account` in this scope
[INFO] [stdout]    --> tests/eth.rs:321:5
[INFO] [stdout]     |
[INFO] [stdout] 321 |     prefund_account(&mut client, Address::try_from(ADDRESS2).unwrap());
[INFO] [stdout]     |     ^^^^^^^^^^^^^^^ not found in this scope
[INFO] [stdout] 
[INFO] [stdout] 
[INFO] [stdout] error[E0425]: cannot find function `simulate_transaction` in this scope
[INFO] [stdout]    --> tests/eth.rs:322:5
[INFO] [stdout]     |
[INFO] [stdout] 322 |     simulate_transaction(
[INFO] [stdout]     |     ^^^^^^^^^^^^^^^^^^^^ not found in this scope
[INFO] [stdout] 
[INFO] [stdout] 
[INFO] [stdout] error[E0425]: cannot find function `rpc_call_test_some` in this scope
[INFO] [stdout]    --> tests/eth.rs:328:5
[INFO] [stdout]     |
[INFO] [stdout] 328 |     rpc_call_test_some(
[INFO] [stdout]     |     ^^^^^^^^^^^^^^^^^^ not found in this scope
[INFO] [stdout] 
[INFO] [stdout] 
[INFO] [stdout] error[E0433]: failed to resolve: use of undeclared type `ConnectionWrapper`
[INFO] [stdout]    --> tests/eth.rs:337:22
[INFO] [stdout]     |
[INFO] [stdout] 337 |     let mut client = ConnectionWrapper::new_from_env(None);
[INFO] [stdout]     |                      ^^^^^^^^^^^^^^^^^ use of undeclared type `ConnectionWrapper`
[INFO] [stdout] 
[INFO] [stdout] 
[INFO] [stdout] error[E0425]: cannot find function `unlock_account` in this scope
[INFO] [stdout]    --> tests/eth.rs:338:5
[INFO] [stdout]     |
[INFO] [stdout] 338 |     unlock_account(&mut client, Address::try_from(ADDRESS2).unwrap());
[INFO] [stdout]     |     ^^^^^^^^^^^^^^ not found in this scope
[INFO] [stdout] 
[INFO] [stdout] 
[INFO] [stdout] error[E0425]: cannot find function `prefund_account` in this scope
[INFO] [stdout]    --> tests/eth.rs:339:5
[INFO] [stdout]     |
[INFO] [stdout] 339 |     prefund_account(&mut client, Address::try_from(ADDRESS2).unwrap());
[INFO] [stdout]     |     ^^^^^^^^^^^^^^^ not found in this scope
[INFO] [stdout] 
[INFO] [stdout] 
[INFO] [stdout] error[E0425]: cannot find function `simulate_transaction` in this scope
[INFO] [stdout]    --> tests/eth.rs:340:5
[INFO] [stdout]     |
[INFO] [stdout] 340 |     simulate_transaction(
[INFO] [stdout]     |     ^^^^^^^^^^^^^^^^^^^^ not found in this scope
[INFO] [stdout] 
[INFO] [stdout] 
[INFO] [stdout] error[E0425]: cannot find function `rpc_call_test_expected` in this scope
[INFO] [stdout]    --> tests/eth.rs:349:5
[INFO] [stdout]     |
[INFO] [stdout] 349 |     rpc_call_test_expected(
[INFO] [stdout]     |     ^^^^^^^^^^^^^^^^^^^^^^ not found in this scope
[INFO] [stdout] 
[INFO] [stdout] 
[INFO] [stdout] error[E0433]: failed to resolve: use of undeclared type `ConnectionWrapper`
[INFO] [stdout]    --> tests/eth.rs:358:22
[INFO] [stdout]     |
[INFO] [stdout] 358 |     let mut client = ConnectionWrapper::new_from_env(None);
[INFO] [stdout]     |                      ^^^^^^^^^^^^^^^^^ use of undeclared type `ConnectionWrapper`
[INFO] [stdout] 
[INFO] [stdout] 
[INFO] [stdout] error[E0425]: cannot find function `unlock_account` in this scope
[INFO] [stdout]    --> tests/eth.rs:359:5
[INFO] [stdout]     |
[INFO] [stdout] 359 |     unlock_account(&mut client, Address::try_from(ADDRESS2).unwrap());
[INFO] [stdout]     |     ^^^^^^^^^^^^^^ not found in this scope
[INFO] [stdout] 
[INFO] [stdout] 
[INFO] [stdout] error[E0425]: cannot find function `prefund_account` in this scope
[INFO] [stdout]    --> tests/eth.rs:360:5
[INFO] [stdout]     |
[INFO] [stdout] 360 |     prefund_account(&mut client, Address::try_from(ADDRESS2).unwrap());
[INFO] [stdout]     |     ^^^^^^^^^^^^^^^ not found in this scope
[INFO] [stdout] 
[INFO] [stdout] 
[INFO] [stdout] error[E0425]: cannot find function `simulate_transaction` in this scope
[INFO] [stdout]    --> tests/eth.rs:361:5
[INFO] [stdout]     |
[INFO] [stdout] 361 |     simulate_transaction(
[INFO] [stdout]     |     ^^^^^^^^^^^^^^^^^^^^ not found in this scope
[INFO] [stdout] 
[INFO] [stdout] 
[INFO] [stdout] error[E0425]: cannot find function `rpc_call_test_expected` in this scope
[INFO] [stdout]    --> tests/eth.rs:367:5
[INFO] [stdout]     |
[INFO] [stdout] 367 |     rpc_call_test_expected(
[INFO] [stdout]     |     ^^^^^^^^^^^^^^^^^^^^^^ not found in this scope
[INFO] [stdout] 
[INFO] [stdout] 
[INFO] [stdout] error[E0433]: failed to resolve: use of undeclared type `ConnectionWrapper`
[INFO] [stdout]    --> tests/eth.rs:376:22
[INFO] [stdout]     |
[INFO] [stdout] 376 |     let mut client = ConnectionWrapper::new_from_env(None);
[INFO] [stdout]     |                      ^^^^^^^^^^^^^^^^^ use of undeclared type `ConnectionWrapper`
[INFO] [stdout] 
[INFO] [stdout] 
[INFO] [stdout] error[E0425]: cannot find function `create_account` in this scope
[INFO] [stdout]    --> tests/eth.rs:377:24
[INFO] [stdout]     |
[INFO] [stdout] 377 |     let (_, address) = create_account(&mut client);
[INFO] [stdout]     |                        ^^^^^^^^^^^^^^ not found in this scope
[INFO] [stdout] 
[INFO] [stdout] 
[INFO] [stdout] error[E0425]: cannot find function `rpc_call_test_expected` in this scope
[INFO] [stdout]    --> tests/eth.rs:378:5
[INFO] [stdout]     |
[INFO] [stdout] 378 |     rpc_call_test_expected(
[INFO] [stdout]     |     ^^^^^^^^^^^^^^^^^^^^^^ not found in this scope
[INFO] [stdout] 
[INFO] [stdout] 
[INFO] [stdout] error[E0433]: failed to resolve: use of undeclared type `ConnectionWrapper`
[INFO] [stdout]    --> tests/eth.rs:387:22
[INFO] [stdout]     |
[INFO] [stdout] 387 |     let mut client = ConnectionWrapper::new_from_env(None);
[INFO] [stdout]     |                      ^^^^^^^^^^^^^^^^^ use of undeclared type `ConnectionWrapper`
[INFO] [stdout] 
[INFO] [stdout] 
[INFO] [stdout] error[E0425]: cannot find function `deploy_contract` in this scope
[INFO] [stdout]    --> tests/eth.rs:389:33
[INFO] [stdout]     |
[INFO] [stdout] 389 |     let (contract_address, _) = deploy_contract(
[INFO] [stdout]     |                                 ^^^^^^^^^^^^^^^ not found in this scope
[INFO] [stdout] 
[INFO] [stdout] 
[INFO] [stdout] error[E0425]: cannot find function `rpc_call_with_return` in this scope
[INFO] [stdout]    --> tests/eth.rs:395:16
[INFO] [stdout]     |
[INFO] [stdout] 395 |     let code = rpc_call_with_return(&mut client, rpc::eth_get_code(contract_address, None));
[INFO] [stdout]     |                ^^^^^^^^^^^^^^^^^^^^ not found in this scope
[INFO] [stdout] 
[INFO] [stdout] 
[INFO] [stdout] error[E0433]: failed to resolve: use of undeclared type `ConnectionWrapper`
[INFO] [stdout]    --> tests/eth.rs:404:22
[INFO] [stdout]     |
[INFO] [stdout] 404 |     let mut client = ConnectionWrapper::new_from_env(None);
[INFO] [stdout]     |                      ^^^^^^^^^^^^^^^^^ use of undeclared type `ConnectionWrapper`
[INFO] [stdout] 
[INFO] [stdout] 
[INFO] [stdout] error[E0425]: cannot find function `import_account` in this scope
[INFO] [stdout]    --> tests/eth.rs:405:25
[INFO] [stdout]     |
[INFO] [stdout] 405 |     let address = match import_account(&mut client, H256::try_from(FIX_SECRET).unwrap()) {
[INFO] [stdout]     |                         ^^^^^^^^^^^^^^ not found in this scope
[INFO] [stdout] 
[INFO] [stdout] 
[INFO] [stdout] error[E0425]: cannot find function `rpc_call_test_expected` in this scope
[INFO] [stdout]    --> tests/eth.rs:424:5
[INFO] [stdout]     |
[INFO] [stdout] 424 |     rpc_call_test_expected(
[INFO] [stdout]     |     ^^^^^^^^^^^^^^^^^^^^^^ not found in this scope
[INFO] [stdout] 
[INFO] [stdout] 
[INFO] [stdout] error[E0433]: failed to resolve: use of undeclared type `ConnectionWrapper`
[INFO] [stdout]    --> tests/eth.rs:439:22
[INFO] [stdout]     |
[INFO] [stdout] 439 |     let mut client = ConnectionWrapper::new_from_env(None);
[INFO] [stdout]     |                      ^^^^^^^^^^^^^^^^^ use of undeclared type `ConnectionWrapper`
[INFO] [stdout] 
[INFO] [stdout] 
[INFO] [stdout] error[E0425]: cannot find function `create_account` in this scope
[INFO] [stdout]    --> tests/eth.rs:441:15
[INFO] [stdout]     |
[INFO] [stdout] 441 |         from: create_account(&mut client).1,
[INFO] [stdout]     |               ^^^^^^^^^^^^^^ not found in this scope
[INFO] [stdout] 
[INFO] [stdout] 
[INFO] [stdout] error[E0425]: cannot find function `create_account` in this scope
[INFO] [stdout]    --> tests/eth.rs:442:18
[INFO] [stdout]     |
[INFO] [stdout] 442 |         to: Some(create_account(&mut client).1),
[INFO] [stdout]     |                  ^^^^^^^^^^^^^^ not found in this scope
[INFO] [stdout] 
[INFO] [stdout] 
[INFO] [stdout] error[E0425]: cannot find function `rpc_call_test_some` in this scope
[INFO] [stdout]    --> tests/eth.rs:449:5
[INFO] [stdout]     |
[INFO] [stdout] 449 |     rpc_call_test_some(&mut client, rpc::eth_sign_transaction(transaction));
[INFO] [stdout]     |     ^^^^^^^^^^^^^^^^^^ not found in this scope
[INFO] [stdout] 
[INFO] [stdout] 
[INFO] [stdout] error[E0433]: failed to resolve: use of undeclared type `ConnectionWrapper`
[INFO] [stdout]    --> tests/eth.rs:454:22
[INFO] [stdout]     |
[INFO] [stdout] 454 |     let mut client = ConnectionWrapper::new_from_env(None);
[INFO] [stdout]     |                      ^^^^^^^^^^^^^^^^^ use of undeclared type `ConnectionWrapper`
[INFO] [stdout] 
[INFO] [stdout] 
[INFO] [stdout] error[E0425]: cannot find function `create_account` in this scope
[INFO] [stdout]    --> tests/eth.rs:456:15
[INFO] [stdout]     |
[INFO] [stdout] 456 |         from: create_account(&mut client).1,
[INFO] [stdout]     |               ^^^^^^^^^^^^^^ not found in this scope
[INFO] [stdout] 
[INFO] [stdout] 
[INFO] [stdout] error[E0425]: cannot find function `create_account` in this scope
[INFO] [stdout]    --> tests/eth.rs:457:18
[INFO] [stdout]     |
[INFO] [stdout] 457 |         to: Some(create_account(&mut client).1),
[INFO] [stdout]     |                  ^^^^^^^^^^^^^^ not found in this scope
[INFO] [stdout] 
[INFO] [stdout] 
[INFO] [stdout] error[E0425]: cannot find function `rpc_call_test_some` in this scope
[INFO] [stdout]    --> tests/eth.rs:465:5
[INFO] [stdout]     |
[INFO] [stdout] 465 |     rpc_call_test_some(&mut client, rpc::eth_send_raw_transaction(raw_tx.raw));
[INFO] [stdout]     |     ^^^^^^^^^^^^^^^^^^ not found in this scope
[INFO] [stdout] 
[INFO] [stdout] 
[INFO] [stdout] error[E0433]: failed to resolve: use of undeclared type `ConnectionWrapper`
[INFO] [stdout]    --> tests/eth.rs:470:22
[INFO] [stdout]     |
[INFO] [stdout] 470 |     let mut client = ConnectionWrapper::new_from_env(None);
[INFO] [stdout]     |                      ^^^^^^^^^^^^^^^^^ use of undeclared type `ConnectionWrapper`
[INFO] [stdout] 
[INFO] [stdout] 
[INFO] [stdout] error[E0425]: cannot find function `create_account` in this scope
[INFO] [stdout]    --> tests/eth.rs:471:19
[INFO] [stdout]     |
[INFO] [stdout] 471 |     let address = create_account(&mut client).1;
[INFO] [stdout]     |                   ^^^^^^^^^^^^^^ not found in this scope
[INFO] [stdout] 
[INFO] [stdout] 
[INFO] [stdout] error[E0425]: cannot find function `deploy_contract` in this scope
[INFO] [stdout]    --> tests/eth.rs:472:33
[INFO] [stdout]     |
[INFO] [stdout] 472 |     let (contract_address, _) = deploy_contract(
[INFO] [stdout]     |                                 ^^^^^^^^^^^^^^^ not found in this scope
[INFO] [stdout] 
[INFO] [stdout] 
[INFO] [stdout] error[E0425]: cannot find function `keccak` in this scope
[INFO] [stdout]    --> tests/eth.rs:478:15
[INFO] [stdout]     |
[INFO] [stdout] 478 |     let out = keccak(b"solution()");
[INFO] [stdout]     |               ^^^^^^ not found in this scope
[INFO] [stdout] 
[INFO] [stdout] 
[INFO] [stdout] error[E0425]: cannot find function `rpc_call_test_expected` in this scope
[INFO] [stdout]    --> tests/eth.rs:487:5
[INFO] [stdout]     |
[INFO] [stdout] 487 |     rpc_call_test_expected(
[INFO] [stdout]     |     ^^^^^^^^^^^^^^^^^^^^^^ not found in this scope
[INFO] [stdout] 
[INFO] [stdout] 
[INFO] [stdout] error[E0433]: failed to resolve: use of undeclared type `ConnectionWrapper`
[INFO] [stdout]    --> tests/eth.rs:496:22
[INFO] [stdout]     |
[INFO] [stdout] 496 |     let mut client = ConnectionWrapper::new_from_env(None);
[INFO] [stdout]     |                      ^^^^^^^^^^^^^^^^^ use of undeclared type `ConnectionWrapper`
[INFO] [stdout] 
[INFO] [stdout] 
[INFO] [stdout] error[E0425]: cannot find function `create_account` in this scope
[INFO] [stdout]    --> tests/eth.rs:498:20
[INFO] [stdout]     |
[INFO] [stdout] 498 |         from: Some(create_account(&mut client).1),
[INFO] [stdout]     |                    ^^^^^^^^^^^^^^ not found in this scope
[INFO] [stdout] 
[INFO] [stdout] 
[INFO] [stdout] error[E0425]: cannot find function `create_account` in this scope
[INFO] [stdout]    --> tests/eth.rs:499:18
[INFO] [stdout]     |
[INFO] [stdout] 499 |         to: Some(create_account(&mut client).1),
[INFO] [stdout]     |                  ^^^^^^^^^^^^^^ not found in this scope
[INFO] [stdout] 
[INFO] [stdout] 
[INFO] [stdout] error[E0425]: cannot find function `rpc_call_test_expected` in this scope
[INFO] [stdout]    --> tests/eth.rs:503:5
[INFO] [stdout]     |
[INFO] [stdout] 503 |     rpc_call_test_expected(
[INFO] [stdout]     |     ^^^^^^^^^^^^^^^^^^^^^^ not found in this scope
[INFO] [stdout] 
[INFO] [stdout] 
[INFO] [stdout] error[E0433]: failed to resolve: use of undeclared type `ConnectionWrapper`
[INFO] [stdout]    --> tests/eth.rs:512:22
[INFO] [stdout]     |
[INFO] [stdout] 512 |     let mut client = ConnectionWrapper::new_from_env(None);
[INFO] [stdout]     |                      ^^^^^^^^^^^^^^^^^ use of undeclared type `ConnectionWrapper`
[INFO] [stdout] 
[INFO] [stdout] 
[INFO] [stdout] error[E0425]: cannot find function `simulate_transaction` in this scope
[INFO] [stdout]    --> tests/eth.rs:513:5
[INFO] [stdout]     |
[INFO] [stdout] 513 |     simulate_transaction(
[INFO] [stdout]     |     ^^^^^^^^^^^^^^^^^^^^ not found in this scope
[INFO] [stdout] 
[INFO] [stdout] 
[INFO] [stdout] error[E0425]: cannot find function `rpc_call_with_return` in this scope
[INFO] [stdout]    --> tests/eth.rs:522:17
[INFO] [stdout]     |
[INFO] [stdout] 522 |     let block = rpc_call_with_return(
[INFO] [stdout]     |                 ^^^^^^^^^^^^^^^^^^^^ not found in this scope
[INFO] [stdout] 
[INFO] [stdout] 
[INFO] [stdout] error[E0433]: failed to resolve: use of undeclared type `ConnectionWrapper`
[INFO] [stdout]    --> tests/eth.rs:546:22
[INFO] [stdout]     |
[INFO] [stdout] 546 |     let mut client = ConnectionWrapper::new_from_env(None);
[INFO] [stdout]     |                      ^^^^^^^^^^^^^^^^^ use of undeclared type `ConnectionWrapper`
[INFO] [stdout] 
[INFO] [stdout] 
[INFO] [stdout] error[E0425]: cannot find function `unlock_account` in this scope
[INFO] [stdout]    --> tests/eth.rs:547:5
[INFO] [stdout]     |
[INFO] [stdout] 547 |     unlock_account(&mut client, Address::try_from(ADDRESS2).unwrap());
[INFO] [stdout]     |     ^^^^^^^^^^^^^^ not found in this scope
[INFO] [stdout] 
[INFO] [stdout] 
[INFO] [stdout] error[E0425]: cannot find function `prefund_account` in this scope
[INFO] [stdout]    --> tests/eth.rs:548:5
[INFO] [stdout]     |
[INFO] [stdout] 548 |     prefund_account(&mut client, Address::try_from(ADDRESS2).unwrap());
[INFO] [stdout]     |     ^^^^^^^^^^^^^^^ not found in this scope
[INFO] [stdout] 
[INFO] [stdout] 
[INFO] [stdout] error[E0425]: cannot find function `simulate_transaction` in this scope
[INFO] [stdout]    --> tests/eth.rs:549:5
[INFO] [stdout]     |
[INFO] [stdout] 549 |     simulate_transaction(
[INFO] [stdout]     |     ^^^^^^^^^^^^^^^^^^^^ not found in this scope
[INFO] [stdout] 
[INFO] [stdout] 
[INFO] [stdout] error[E0425]: cannot find function `rpc_call_with_return` in this scope
[INFO] [stdout]    --> tests/eth.rs:559:14
[INFO] [stdout]     |
[INFO] [stdout] 559 |     let tx = rpc_call_with_return(
[INFO] [stdout]     |              ^^^^^^^^^^^^^^^^^^^^ not found in this scope
[INFO] [stdout] 
[INFO] [stdout] 
[INFO] [stdout] error[E0433]: failed to resolve: use of undeclared type `ConnectionWrapper`
[INFO] [stdout]    --> tests/eth.rs:572:22
[INFO] [stdout]     |
[INFO] [stdout] 572 |     let mut client = ConnectionWrapper::new_from_env(None);
[INFO] [stdout]     |                      ^^^^^^^^^^^^^^^^^ use of undeclared type `ConnectionWrapper`
[INFO] [stdout] 
[INFO] [stdout] 
[INFO] [stdout] error[E0425]: cannot find function `simulate_transaction` in this scope
[INFO] [stdout]    --> tests/eth.rs:574:5
[INFO] [stdout]     |
[INFO] [stdout] 574 |     simulate_transaction(
[INFO] [stdout]     |     ^^^^^^^^^^^^^^^^^^^^ not found in this scope
[INFO] [stdout] 
[INFO] [stdout] 
[INFO] [stdout] error[E0425]: cannot find function `rpc_call_with_return` in this scope
[INFO] [stdout]    --> tests/eth.rs:581:14
[INFO] [stdout]     |
[INFO] [stdout] 581 |     let tx = rpc_call_with_return(
[INFO] [stdout]     |              ^^^^^^^^^^^^^^^^^^^^ not found in this scope
[INFO] [stdout] 
[INFO] [stdout] 
[INFO] [stdout] error[E0433]: failed to resolve: use of undeclared type `ConnectionWrapper`
[INFO] [stdout]    --> tests/eth.rs:592:22
[INFO] [stdout]     |
[INFO] [stdout] 592 |     let mut client = ConnectionWrapper::new_from_env(None);
[INFO] [stdout]     |                      ^^^^^^^^^^^^^^^^^ use of undeclared type `ConnectionWrapper`
[INFO] [stdout] 
[INFO] [stdout] 
[INFO] [stdout] error[E0425]: cannot find function `simulate_transaction` in this scope
[INFO] [stdout]    --> tests/eth.rs:594:5
[INFO] [stdout]     |
[INFO] [stdout] 594 |     simulate_transaction(
[INFO] [stdout]     |     ^^^^^^^^^^^^^^^^^^^^ not found in this scope
[INFO] [stdout] 
[INFO] [stdout] 
[INFO] [stdout] error[E0425]: cannot find function `rpc_call_test_expected` in this scope
[INFO] [stdout]    --> tests/eth.rs:605:5
[INFO] [stdout]     |
[INFO] [stdout] 605 |     rpc_call_test_expected(
[INFO] [stdout]     |     ^^^^^^^^^^^^^^^^^^^^^^ not found in this scope
[INFO] [stdout] 
[INFO] [stdout] 
[INFO] [stdout] error[E0433]: failed to resolve: use of undeclared type `ConnectionWrapper`
[INFO] [stdout]    --> tests/eth.rs:614:22
[INFO] [stdout]     |
[INFO] [stdout] 614 |     let mut client = ConnectionWrapper::new_from_env(None);
[INFO] [stdout]     |                      ^^^^^^^^^^^^^^^^^ use of undeclared type `ConnectionWrapper`
[INFO] [stdout] 
[INFO] [stdout] 
[INFO] [stdout] error[E0425]: cannot find function `create_account` in this scope
[INFO] [stdout]    --> tests/eth.rs:616:15
[INFO] [stdout]     |
[INFO] [stdout] 616 |         from: create_account(&mut client).1,
[INFO] [stdout]     |               ^^^^^^^^^^^^^^ not found in this scope
[INFO] [stdout] 
[INFO] [stdout] 
[INFO] [stdout] error[E0425]: cannot find function `create_account` in this scope
[INFO] [stdout]    --> tests/eth.rs:617:18
[INFO] [stdout]     |
[INFO] [stdout] 617 |         to: Some(create_account(&mut client).1),
[INFO] [stdout]     |                  ^^^^^^^^^^^^^^ not found in this scope
[INFO] [stdout] 
[INFO] [stdout] 
[INFO] [stdout] error[E0425]: cannot find function `wait_for_transaction` in this scope
[INFO] [stdout]    --> tests/eth.rs:622:5
[INFO] [stdout]     |
[INFO] [stdout] 622 |     wait_for_transaction(&mut client, tx_hash);
[INFO] [stdout]     |     ^^^^^^^^^^^^^^^^^^^^ not found in this scope
[INFO] [stdout] 
[INFO] [stdout] 
[INFO] [stdout] error[E0425]: cannot find function `rpc_call_test_expected` in this scope
[INFO] [stdout]    --> tests/eth.rs:623:5
[INFO] [stdout]     |
[INFO] [stdout] 623 |     rpc_call_test_expected(
[INFO] [stdout]     |     ^^^^^^^^^^^^^^^^^^^^^^ not found in this scope
[INFO] [stdout] 
[INFO] [stdout] 
[INFO] [stdout] error[E0433]: failed to resolve: use of undeclared type `ConnectionWrapper`
[INFO] [stdout]    --> tests/eth.rs:664:22
[INFO] [stdout]     |
[INFO] [stdout] 664 |     let mut client = ConnectionWrapper::new_from_env(None);
[INFO] [stdout]     |                      ^^^^^^^^^^^^^^^^^ use of undeclared type `ConnectionWrapper`
[INFO] [stdout] 
[INFO] [stdout] 
[INFO] [stdout] error[E0425]: cannot find function `create_account` in this scope
[INFO] [stdout]    --> tests/eth.rs:665:19
[INFO] [stdout]     |
[INFO] [stdout] 665 |     let address = create_account(&mut client).1;
[INFO] [stdout]     |                   ^^^^^^^^^^^^^^ not found in this scope
[INFO] [stdout] 
[INFO] [stdout] 
[INFO] [stdout] error[E0425]: cannot find function `deploy_contract` in this scope
[INFO] [stdout]    --> tests/eth.rs:666:33
[INFO] [stdout]     |
[INFO] [stdout] 666 |     let (contract_address, _) = deploy_contract(
[INFO] [stdout]     |                                 ^^^^^^^^^^^^^^^ not found in this scope
[INFO] [stdout] 
[INFO] [stdout] 
[INFO] [stdout] error[E0425]: cannot find function `keccak` in this scope
[INFO] [stdout]    --> tests/eth.rs:672:17
[INFO] [stdout]     |
[INFO] [stdout] 672 |     let topic = keccak(b"Solution(uint256)");
[INFO] [stdout]     |                 ^^^^^^ not found in this scope
[INFO] [stdout] 
[INFO] [stdout] 
[INFO] [stdout] error[E0425]: cannot find function `rpc_call_test_some` in this scope
[INFO] [stdout]    --> tests/eth.rs:681:5
[INFO] [stdout]     |
[INFO] [stdout] 681 |     rpc_call_test_some(&mut client, rpc::eth_new_filter(filter));
[INFO] [stdout]     |     ^^^^^^^^^^^^^^^^^^ not found in this scope
[INFO] [stdout] 
[INFO] [stdout] 
[INFO] [stdout] error[E0433]: failed to resolve: use of undeclared type `ConnectionWrapper`
[INFO] [stdout]    --> tests/eth.rs:686:22
[INFO] [stdout]     |
[INFO] [stdout] 686 |     let mut client = ConnectionWrapper::new_from_env(None);
[INFO] [stdout]     |                      ^^^^^^^^^^^^^^^^^ use of undeclared type `ConnectionWrapper`
[INFO] [stdout] 
[INFO] [stdout] 
[INFO] [stdout] error[E0425]: cannot find function `rpc_call_test_some` in this scope
[INFO] [stdout]    --> tests/eth.rs:687:5
[INFO] [stdout]     |
[INFO] [stdout] 687 |     rpc_call_test_some(&mut client, rpc::eth_new_block_filter());
[INFO] [stdout]     |     ^^^^^^^^^^^^^^^^^^ not found in this scope
[INFO] [stdout] 
[INFO] [stdout] 
[INFO] [stdout] error[E0433]: failed to resolve: use of undeclared type `ConnectionWrapper`
[INFO] [stdout]    --> tests/eth.rs:692:22
[INFO] [stdout]     |
[INFO] [stdout] 692 |     let mut client = ConnectionWrapper::new_from_env(None);
[INFO] [stdout]     |                      ^^^^^^^^^^^^^^^^^ use of undeclared type `ConnectionWrapper`
[INFO] [stdout] 
[INFO] [stdout] 
[INFO] [stdout] error[E0425]: cannot find function `rpc_call_test_some` in this scope
[INFO] [stdout]    --> tests/eth.rs:693:5
[INFO] [stdout]     |
[INFO] [stdout] 693 |     rpc_call_test_some(&mut client, rpc::eth_new_pending_transaction_filter());
[INFO] [stdout]     |     ^^^^^^^^^^^^^^^^^^ not found in this scope
[INFO] [stdout] 
[INFO] [stdout] 
[INFO] [stdout] error[E0433]: failed to resolve: use of undeclared type `ConnectionWrapper`
[INFO] [stdout]    --> tests/eth.rs:698:22
[INFO] [stdout]     |
[INFO] [stdout] 698 |     let mut client = ConnectionWrapper::new_from_env(None);
[INFO] [stdout]     |                      ^^^^^^^^^^^^^^^^^ use of undeclared type `ConnectionWrapper`
[INFO] [stdout] 
[INFO] [stdout] 
[INFO] [stdout] error[E0425]: cannot find function `rpc_call_test_expected` in this scope
[INFO] [stdout]    --> tests/eth.rs:700:5
[INFO] [stdout]     |
[INFO] [stdout] 700 |     rpc_call_test_expected(&mut client, rpc::eth_uninstall_filter(filter_id), true);
[INFO] [stdout]     |     ^^^^^^^^^^^^^^^^^^^^^^ not found in this scope
[INFO] [stdout] 
[INFO] [stdout] 
[INFO] [stdout] error[E0433]: failed to resolve: use of undeclared type `ConnectionWrapper`
[INFO] [stdout]    --> tests/eth.rs:705:22
[INFO] [stdout]     |
[INFO] [stdout] 705 |     let mut client = ConnectionWrapper::new_from_env(None);
[INFO] [stdout]     |                      ^^^^^^^^^^^^^^^^^ use of undeclared type `ConnectionWrapper`
[INFO] [stdout] 
[INFO] [stdout] 
[INFO] [stdout] error[E0425]: cannot find function `create_account` in this scope
[INFO] [stdout]    --> tests/eth.rs:706:19
[INFO] [stdout]     |
[INFO] [stdout] 706 |     let address = create_account(&mut client).1;
[INFO] [stdout]     |                   ^^^^^^^^^^^^^^ not found in this scope
[INFO] [stdout] 
[INFO] [stdout] 
[INFO] [stdout] error[E0425]: cannot find function `deploy_contract` in this scope
[INFO] [stdout]    --> tests/eth.rs:707:33
[INFO] [stdout]     |
[INFO] [stdout] 707 |     let (contract_address, _) = deploy_contract(
[INFO] [stdout]     |                                 ^^^^^^^^^^^^^^^ not found in this scope
[INFO] [stdout] 
[INFO] [stdout] 
[INFO] [stdout] error[E0425]: cannot find function `keccak` in this scope
[INFO] [stdout]    --> tests/eth.rs:713:17
[INFO] [stdout]     |
[INFO] [stdout] 713 |     let topic = keccak(b"Solution(uint256)");
[INFO] [stdout]     |                 ^^^^^^ not found in this scope
[INFO] [stdout] 
[INFO] [stdout] 
[INFO] [stdout] error[E0425]: cannot find function `keccak` in this scope
[INFO] [stdout]    --> tests/eth.rs:723:15
[INFO] [stdout]     |
[INFO] [stdout] 723 |     let out = keccak(b"set_pos0()");
[INFO] [stdout]     |               ^^^^^^ not found in this scope
[INFO] [stdout] 
[INFO] [stdout] 
[INFO] [stdout] error[E0425]: cannot find function `create_account` in this scope
[INFO] [stdout]    --> tests/eth.rs:725:15
[INFO] [stdout]     |
[INFO] [stdout] 725 |         from: create_account(&mut client).1,
[INFO] [stdout]     |               ^^^^^^^^^^^^^^ not found in this scope
[INFO] [stdout] 
[INFO] [stdout] 
[INFO] [stdout] error[E0425]: cannot find function `wait_for_transaction` in this scope
[INFO] [stdout]    --> tests/eth.rs:731:5
[INFO] [stdout]     |
[INFO] [stdout] 731 |     wait_for_transaction(&mut client, tx_hash);
[INFO] [stdout]     |     ^^^^^^^^^^^^^^^^^^^^ not found in this scope
[INFO] [stdout] 
[INFO] [stdout] 
[INFO] [stdout] error[E0425]: cannot find function `rpc_call_test_some` in this scope
[INFO] [stdout]    --> tests/eth.rs:732:5
[INFO] [stdout]     |
[INFO] [stdout] 732 |     rpc_call_test_some(&mut client, rpc::eth_get_filter_changes(filter_id));
[INFO] [stdout]     |     ^^^^^^^^^^^^^^^^^^ not found in this scope
[INFO] [stdout] 
[INFO] [stdout] 
[INFO] [stdout] error[E0433]: failed to resolve: use of undeclared type `ConnectionWrapper`
[INFO] [stdout]    --> tests/eth.rs:737:22
[INFO] [stdout]     |
[INFO] [stdout] 737 |     let mut client = ConnectionWrapper::new_from_env(None);
[INFO] [stdout]     |                      ^^^^^^^^^^^^^^^^^ use of undeclared type `ConnectionWrapper`
[INFO] [stdout] 
[INFO] [stdout] 
[INFO] [stdout] error[E0425]: cannot find function `create_account` in this scope
[INFO] [stdout]    --> tests/eth.rs:739:15
[INFO] [stdout]     |
[INFO] [stdout] 739 |         from: create_account(&mut client).1,
[INFO] [stdout]     |               ^^^^^^^^^^^^^^ not found in this scope
[INFO] [stdout] 
[INFO] [stdout] 
[INFO] [stdout] error[E0425]: cannot find function `create_account` in this scope
[INFO] [stdout]    --> tests/eth.rs:740:18
[INFO] [stdout]     |
[INFO] [stdout] 740 |         to: Some(create_account(&mut client).1),
[INFO] [stdout]     |                  ^^^^^^^^^^^^^^ not found in this scope
[INFO] [stdout] 
[INFO] [stdout] 
[INFO] [stdout] error[E0425]: cannot find function `wait_for_transaction` in this scope
[INFO] [stdout]    --> tests/eth.rs:746:5
[INFO] [stdout]     |
[INFO] [stdout] 746 |     wait_for_transaction(&mut client, tx_hash);
[INFO] [stdout]     |     ^^^^^^^^^^^^^^^^^^^^ not found in this scope
[INFO] [stdout] 
[INFO] [stdout] 
[INFO] [stdout] error[E0425]: cannot find function `rpc_call_test_some` in this scope
[INFO] [stdout]    --> tests/eth.rs:747:5
[INFO] [stdout]     |
[INFO] [stdout] 747 |     rpc_call_test_some(&mut client, rpc::eth_get_filter_changes(filter_id));
[INFO] [stdout]     |     ^^^^^^^^^^^^^^^^^^ not found in this scope
[INFO] [stdout] 
[INFO] [stdout] 
[INFO] [stdout] error[E0433]: failed to resolve: use of undeclared type `ConnectionWrapper`
[INFO] [stdout]    --> tests/eth.rs:752:22
[INFO] [stdout]     |
[INFO] [stdout] 752 |     let mut client = ConnectionWrapper::new_from_env(None);
[INFO] [stdout]     |                      ^^^^^^^^^^^^^^^^^ use of undeclared type `ConnectionWrapper`
[INFO] [stdout] 
[INFO] [stdout] 
[INFO] [stdout] error[E0425]: cannot find function `create_account` in this scope
[INFO] [stdout]    --> tests/eth.rs:753:19
[INFO] [stdout]     |
[INFO] [stdout] 753 |     let address = create_account(&mut client).1;
[INFO] [stdout]     |                   ^^^^^^^^^^^^^^ not found in this scope
[INFO] [stdout] 
[INFO] [stdout] 
[INFO] [stdout] error[E0425]: cannot find function `deploy_contract` in this scope
[INFO] [stdout]    --> tests/eth.rs:754:33
[INFO] [stdout]     |
[INFO] [stdout] 754 |     let (contract_address, _) = deploy_contract(
[INFO] [stdout]     |                                 ^^^^^^^^^^^^^^^ not found in this scope
[INFO] [stdout] 
[INFO] [stdout] 
[INFO] [stdout] error[E0425]: cannot find function `keccak` in this scope
[INFO] [stdout]    --> tests/eth.rs:760:17
[INFO] [stdout]     |
[INFO] [stdout] 760 |     let topic = keccak(b"Solution(uint256)");
[INFO] [stdout]     |                 ^^^^^^ not found in this scope
[INFO] [stdout] 
[INFO] [stdout] 
[INFO] [stdout] error[E0425]: cannot find function `keccak` in this scope
[INFO] [stdout]    --> tests/eth.rs:770:15
[INFO] [stdout]     |
[INFO] [stdout] 770 |     let out = keccak(b"set_pos0()");
[INFO] [stdout]     |               ^^^^^^ not found in this scope
[INFO] [stdout] 
[INFO] [stdout] 
[INFO] [stdout] error[E0425]: cannot find function `create_account` in this scope
[INFO] [stdout]    --> tests/eth.rs:772:15
[INFO] [stdout]     |
[INFO] [stdout] 772 |         from: create_account(&mut client).1,
[INFO] [stdout]     |               ^^^^^^^^^^^^^^ not found in this scope
[INFO] [stdout] 
[INFO] [stdout] 
[INFO] [stdout] error[E0425]: cannot find function `wait_for_transaction` in this scope
[INFO] [stdout]    --> tests/eth.rs:778:5
[INFO] [stdout]     |
[INFO] [stdout] 778 |     wait_for_transaction(&mut client, tx_hash);
[INFO] [stdout]     |     ^^^^^^^^^^^^^^^^^^^^ not found in this scope
[INFO] [stdout] 
[INFO] [stdout] 
[INFO] [stdout] error[E0425]: cannot find function `rpc_call_test_some` in this scope
[INFO] [stdout]    --> tests/eth.rs:779:5
[INFO] [stdout]     |
[INFO] [stdout] 779 |     rpc_call_test_some(&mut client, rpc::eth_get_filter_logs(filter_id));
[INFO] [stdout]     |     ^^^^^^^^^^^^^^^^^^ not found in this scope
[INFO] [stdout] 
[INFO] [stdout] 
[INFO] [stdout] error[E0433]: failed to resolve: use of undeclared type `ConnectionWrapper`
[INFO] [stdout]    --> tests/eth.rs:787:22
[INFO] [stdout]     |
[INFO] [stdout] 787 |     let mut client = ConnectionWrapper::new_from_env(None);
[INFO] [stdout]     |                      ^^^^^^^^^^^^^^^^^ use of undeclared type `ConnectionWrapper`
[INFO] [stdout] 
[INFO] [stdout] 
[INFO] [stdout] error[E0425]: cannot find function `create_account` in this scope
[INFO] [stdout]    --> tests/eth.rs:789:15
[INFO] [stdout]     |
[INFO] [stdout] 789 |         from: create_account(&mut client).1,
[INFO] [stdout]     |               ^^^^^^^^^^^^^^ not found in this scope
[INFO] [stdout] 
[INFO] [stdout] 
[INFO] [stdout] error[E0425]: cannot find function `create_account` in this scope
[INFO] [stdout]    --> tests/eth.rs:790:18
[INFO] [stdout]     |
[INFO] [stdout] 790 |         to: Some(create_account(&mut client).1),
[INFO] [stdout]     |                  ^^^^^^^^^^^^^^ not found in this scope
[INFO] [stdout] 
[INFO] [stdout] 
[INFO] [stdout] error[E0425]: cannot find function `wait_for_transaction` in this scope
[INFO] [stdout]    --> tests/eth.rs:796:5
[INFO] [stdout]     |
[INFO] [stdout] 796 |     wait_for_transaction(&mut client, tx_hash);
[INFO] [stdout]     |     ^^^^^^^^^^^^^^^^^^^^ not found in this scope
[INFO] [stdout] 
[INFO] [stdout] 
[INFO] [stdout] error[E0425]: cannot find function `rpc_call_test_some` in this scope
[INFO] [stdout]    --> tests/eth.rs:797:5
[INFO] [stdout]     |
[INFO] [stdout] 797 |     rpc_call_test_some(&mut client, rpc::eth_get_filter_logs(filter_id));
[INFO] [stdout]     |     ^^^^^^^^^^^^^^^^^^ not found in this scope
[INFO] [stdout] 
[INFO] [stdout] 
[INFO] [stdout] error[E0433]: failed to resolve: use of undeclared type `ConnectionWrapper`
[INFO] [stdout]    --> tests/eth.rs:803:22
[INFO] [stdout]     |
[INFO] [stdout] 803 |     let mut client = ConnectionWrapper::new_from_env(None);
[INFO] [stdout]     |                      ^^^^^^^^^^^^^^^^^ use of undeclared type `ConnectionWrapper`
[INFO] [stdout] 
[INFO] [stdout] 
[INFO] [stdout] error[E0425]: cannot find function `create_account` in this scope
[INFO] [stdout]    --> tests/eth.rs:804:19
[INFO] [stdout]     |
[INFO] [stdout] 804 |     let address = create_account(&mut client).1;
[INFO] [stdout]     |                   ^^^^^^^^^^^^^^ not found in this scope
[INFO] [stdout] 
[INFO] [stdout] 
[INFO] [stdout] error[E0425]: cannot find function `deploy_contract` in this scope
[INFO] [stdout]    --> tests/eth.rs:805:33
[INFO] [stdout]     |
[INFO] [stdout] 805 |     let (contract_address, _) = deploy_contract(
[INFO] [stdout]     |                                 ^^^^^^^^^^^^^^^ not found in this scope
[INFO] [stdout] 
[INFO] [stdout] 
[INFO] [stdout] error[E0425]: cannot find function `keccak` in this scope
[INFO] [stdout]    --> tests/eth.rs:811:17
[INFO] [stdout]     |
[INFO] [stdout] 811 |     let topic = keccak(b"Solution(uint256)");
[INFO] [stdout]     |                 ^^^^^^ not found in this scope
[INFO] [stdout] 
[INFO] [stdout] 
[INFO] [stdout] error[E0425]: cannot find function `keccak` in this scope
[INFO] [stdout]    --> tests/eth.rs:820:15
[INFO] [stdout]     |
[INFO] [stdout] 820 |     let out = keccak(b"set_pos0()");
[INFO] [stdout]     |               ^^^^^^ not found in this scope
[INFO] [stdout] 
[INFO] [stdout] 
[INFO] [stdout] error[E0425]: cannot find function `create_account` in this scope
[INFO] [stdout]    --> tests/eth.rs:822:15
[INFO] [stdout]     |
[INFO] [stdout] 822 |         from: create_account(&mut client).1,
[INFO] [stdout]     |               ^^^^^^^^^^^^^^ not found in this scope
[INFO] [stdout] 
[INFO] [stdout] 
[INFO] [stdout] error[E0425]: cannot find function `wait_for_transaction` in this scope
[INFO] [stdout]    --> tests/eth.rs:828:5
[INFO] [stdout]     |
[INFO] [stdout] 828 |     wait_for_transaction(&mut client, tx_hash);
[INFO] [stdout]     |     ^^^^^^^^^^^^^^^^^^^^ not found in this scope
[INFO] [stdout] 
[INFO] [stdout] 
[INFO] [stdout] error[E0425]: cannot find function `rpc_call_test_some` in this scope
[INFO] [stdout]    --> tests/eth.rs:829:5
[INFO] [stdout]     |
[INFO] [stdout] 829 |     rpc_call_test_some(&mut client, rpc::eth_get_logs(filter));
[INFO] [stdout]     |     ^^^^^^^^^^^^^^^^^^ not found in this scope
[INFO] [stdout] 
[INFO] [stdout] 
[INFO] [stdout] error: aborting due to 194 previous errors
[INFO] [stdout] 
[INFO] [stdout] 
[INFO] [stdout] Some errors have detailed explanations: E0425, E0432, E0433.
[INFO] [stdout] 
[INFO] [stdout] For more information about an error, try `rustc --explain E0425`.
[INFO] [stdout] 
[INFO] [stderr] error: could not compile `ethane` due to 195 previous errors
[INFO] running `Command { std: "docker" "inspect" "9a7602bb19651bb3400bb6a247370376c357fe78155e00d06e41610ef202f8e8", kill_on_drop: false }`
[INFO] running `Command { std: "docker" "rm" "-f" "9a7602bb19651bb3400bb6a247370376c357fe78155e00d06e41610ef202f8e8", kill_on_drop: false }`
[INFO] [stdout] 9a7602bb19651bb3400bb6a247370376c357fe78155e00d06e41610ef202f8e8
