[INFO] fetching crate eternal 0.3.2...
[INFO] testing eternal-0.3.2 against 1.69.0 for beta-1.70-1
[INFO] extracting crate eternal 0.3.2 into /workspace/builds/worker-6-tc1/source
[INFO] validating manifest of crates.io crate eternal 0.3.2 on toolchain 1.69.0
[INFO] running `Command { std: CARGO_HOME="/workspace/cargo-home" RUSTUP_HOME="/workspace/rustup-home" "/workspace/cargo-home/bin/cargo" "+1.69.0" "metadata" "--manifest-path" "Cargo.toml" "--no-deps", kill_on_drop: false }`
[INFO] started tweaking crates.io crate eternal 0.3.2
[INFO] finished tweaking crates.io crate eternal 0.3.2
[INFO] tweaked toml for crates.io crate eternal 0.3.2 written to /workspace/builds/worker-6-tc1/source/Cargo.toml
[INFO] running `Command { std: CARGO_HOME="/workspace/cargo-home" RUSTUP_HOME="/workspace/rustup-home" __CARGO_TEST_CHANNEL_OVERRIDE_DO_NOT_USE_THIS="nightly" "/workspace/cargo-home/bin/cargo" "+1.69.0" "generate-lockfile" "--manifest-path" "Cargo.toml" "-Zno-index-update", kill_on_drop: false }`
[INFO] running `Command { std: CARGO_HOME="/workspace/cargo-home" RUSTUP_HOME="/workspace/rustup-home" "/workspace/cargo-home/bin/cargo" "+1.69.0" "fetch" "--manifest-path" "Cargo.toml", kill_on_drop: false }`
[INFO] [stderr]  Downloading crates ...
[INFO] [stderr]   Downloaded arc-swap v0.4.8
[INFO] [stderr]   Downloaded eternal-macro v0.2.1
[INFO] [stderr]   Downloaded kayrx-macro v0.2.1
[INFO] [stderr]   Downloaded webpki-roots v0.17.0
[INFO] [stderr]   Downloaded kayrx v0.6.2
[INFO] running `Command { std: "docker" "create" "-v" "/var/lib/crater-agent-workspace/builds/worker-6-tc1/target:/opt/rustwide/target:rw,Z" "-v" "/var/lib/crater-agent-workspace/builds/worker-6-tc1/source:/opt/rustwide/workdir:ro,Z" "-v" "/var/lib/crater-agent-workspace/cargo-home:/opt/rustwide/cargo-home:ro,Z" "-v" "/var/lib/crater-agent-workspace/rustup-home:/opt/rustwide/rustup-home:ro,Z" "-e" "SOURCE_DIR=/opt/rustwide/workdir" "-e" "CARGO_TARGET_DIR=/opt/rustwide/target" "-e" "CARGO_HOME=/opt/rustwide/cargo-home" "-e" "RUSTUP_HOME=/opt/rustwide/rustup-home" "-w" "/opt/rustwide/workdir" "-m" "1610612736" "--user" "0:0" "--network" "none" "ghcr.io/rust-lang/crates-build-env/linux@sha256:5ff2268d62e97bff2cde7d5815dd6ed5b47097566f13b8d0ca110b04b60e07ed" "/opt/rustwide/cargo-home/bin/cargo" "+1.69.0" "metadata" "--no-deps" "--format-version=1", kill_on_drop: false }`
[INFO] [stdout] bf63259b4e3f73d07d4c6372e50f61d04b9196dc8b060b605ab639dd13161aa9
[INFO] running `Command { std: "docker" "start" "-a" "bf63259b4e3f73d07d4c6372e50f61d04b9196dc8b060b605ab639dd13161aa9", kill_on_drop: false }`
[INFO] running `Command { std: "docker" "inspect" "bf63259b4e3f73d07d4c6372e50f61d04b9196dc8b060b605ab639dd13161aa9", kill_on_drop: false }`
[INFO] running `Command { std: "docker" "rm" "-f" "bf63259b4e3f73d07d4c6372e50f61d04b9196dc8b060b605ab639dd13161aa9", kill_on_drop: false }`
[INFO] [stdout] bf63259b4e3f73d07d4c6372e50f61d04b9196dc8b060b605ab639dd13161aa9
[INFO] running `Command { std: "docker" "create" "-v" "/var/lib/crater-agent-workspace/builds/worker-6-tc1/target:/opt/rustwide/target:rw,Z" "-v" "/var/lib/crater-agent-workspace/builds/worker-6-tc1/source:/opt/rustwide/workdir:ro,Z" "-v" "/var/lib/crater-agent-workspace/cargo-home:/opt/rustwide/cargo-home:ro,Z" "-v" "/var/lib/crater-agent-workspace/rustup-home:/opt/rustwide/rustup-home:ro,Z" "-e" "SOURCE_DIR=/opt/rustwide/workdir" "-e" "CARGO_TARGET_DIR=/opt/rustwide/target" "-e" "CARGO_INCREMENTAL=0" "-e" "RUST_BACKTRACE=full" "-e" "RUSTFLAGS=--cap-lints=warn" "-e" "RUSTDOCFLAGS=--cap-lints=warn" "-e" "CARGO_HOME=/opt/rustwide/cargo-home" "-e" "RUSTUP_HOME=/opt/rustwide/rustup-home" "-w" "/opt/rustwide/workdir" "-m" "1610612736" "--user" "0:0" "--network" "none" "ghcr.io/rust-lang/crates-build-env/linux@sha256:5ff2268d62e97bff2cde7d5815dd6ed5b47097566f13b8d0ca110b04b60e07ed" "/opt/rustwide/cargo-home/bin/cargo" "+1.69.0" "build" "--frozen" "--message-format=json", kill_on_drop: false }`
[INFO] [stdout] eb5fa4120040df76a3fd83d7371cc0219b8e17b3c49fe6394234a844c9ae67b2
[INFO] running `Command { std: "docker" "start" "-a" "eb5fa4120040df76a3fd83d7371cc0219b8e17b3c49fe6394234a844c9ae67b2", kill_on_drop: false }`
[INFO] [stderr]     Blocking waiting for file lock on package cache
[INFO] [stderr]    Compiling libc v0.2.142
[INFO] [stderr]    Compiling syn v1.0.109
[INFO] [stderr]    Compiling cfg-if v0.1.10
[INFO] [stderr]    Compiling futures-task v0.3.28
[INFO] [stderr]    Compiling syn v2.0.15
[INFO] [stderr]    Compiling futures-channel v0.3.28
[INFO] [stderr]    Compiling getrandom v0.1.16
[INFO] [stderr]    Compiling futures-util v0.3.28
[INFO] [stderr]    Compiling ring v0.16.20
[INFO] [stderr]    Compiling futures-io v0.3.28
[INFO] [stderr]    Compiling backtrace v0.3.67
[INFO] [stderr]    Compiling spin v0.5.2
[INFO] [stderr]    Compiling gimli v0.27.2
[INFO] [stderr]    Compiling untrusted v0.7.1
[INFO] [stderr]    Compiling failure_derive v0.1.8
[INFO] [stderr]    Compiling unicode-xid v0.2.4
[INFO] [stderr]    Compiling miniz_oxide v0.6.2
[INFO] [stderr]    Compiling object v0.30.3
[INFO] [stderr]    Compiling pin-project-internal v0.4.30
[INFO] [stderr]    Compiling pin-project-lite v0.1.12
[INFO] [stderr]    Compiling net2 v0.2.38
[INFO] [stderr]    Compiling iovec v0.1.4
[INFO] [stderr]    Compiling mio v0.6.23
[INFO] [stderr]    Compiling rand_core v0.5.1
[INFO] [stderr]    Compiling async-trait v0.1.68
[INFO] [stderr]    Compiling bytes v0.5.6
[INFO] [stderr]    Compiling rustc-demangle v0.1.23
[INFO] [stderr]    Compiling rand_chacha v0.2.2
[INFO] [stderr]    Compiling brotli-sys v0.3.2
[INFO] [stderr]    Compiling matches v0.1.10
[INFO] [stderr]    Compiling heck v0.4.1
[INFO] [stderr]    Compiling addr2line v0.19.0
[INFO] [stderr]    Compiling match_cfg v0.1.0
[INFO] [stderr]    Compiling hostname v0.3.1
[INFO] [stderr]    Compiling idna v0.2.3
[INFO] [stderr]    Compiling rand v0.7.3
[INFO] [stderr]    Compiling tokio v0.2.25
[INFO] [stderr]    Compiling webpki v0.21.4
[INFO] [stderr]    Compiling socket2 v0.3.19
[INFO] [stderr]    Compiling quick-error v1.2.3
[INFO] [stderr]    Compiling lock_api v0.3.4
[INFO] [stderr]    Compiling synstructure v0.12.6
[INFO] [stderr]    Compiling resolv-conf v0.6.3
[INFO] [stderr]    Compiling lru-cache v0.1.2
[INFO] [stderr]    Compiling indexmap v1.9.3
[INFO] [stderr]    Compiling sct v0.6.1
[INFO] [stderr]    Compiling base64 v0.10.1
[INFO] [stderr]    Compiling parking_lot_core v0.7.3
[INFO] [stderr]    Compiling futures-macro v0.3.28
[INFO] [stderr]    Compiling serde_derive v1.0.160
[INFO] [stderr]    Compiling mio-uds v0.6.8
[INFO] [stderr]    Compiling time v0.1.45
[INFO] [stderr]    Compiling num_cpus v1.15.0
[INFO] [stderr]    Compiling miniz_oxide v0.7.1
[INFO] [stderr]    Compiling itoa v0.4.8
[INFO] [stderr]    Compiling arc-swap v0.4.8
[INFO] [stderr]    Compiling sha1_smol v1.0.0
[INFO] [stderr]    Compiling convert_case v0.4.0
[INFO] [stderr]    Compiling sha1 v0.6.1
[INFO] [stderr]    Compiling flate2 v1.0.26
[INFO] [stderr]    Compiling chrono v0.4.24
[INFO] [stderr]    Compiling parking_lot v0.10.2
[INFO] [stderr]    Compiling brotli2 v0.3.2
[INFO] [stderr]    Compiling rustls v0.16.0
[INFO] [stderr]    Compiling webpki-roots v0.17.0
[INFO] [stderr]    Compiling base64 v0.11.0
[INFO] [stderr]    Compiling enum-as-inner v0.3.4
[INFO] [stderr]    Compiling kayrx-macro v0.2.1
[INFO] [stderr]    Compiling eternal-macro v0.2.1
[INFO] [stderr]    Compiling failure v0.1.8
[INFO] [stderr]    Compiling derive_more v0.99.17
[INFO] [stderr]    Compiling either v1.8.1
[INFO] [stderr]    Compiling language-tags v0.2.2
[INFO] [stderr]    Compiling pin-project v0.4.30
[INFO] [stderr]    Compiling serde v1.0.160
[INFO] [stderr]    Compiling futures-executor v0.3.28
[INFO] [stderr]    Compiling kayrx v0.6.2
[INFO] [stderr]    Compiling futures v0.3.28
[INFO] [stderr]    Compiling trust-dns-proto v0.18.0-alpha.2
[INFO] [stderr]    Compiling trust-dns-resolver v0.18.0-alpha.2
[INFO] [stderr]    Compiling serde_urlencoded v0.6.1
[INFO] [stderr]    Compiling serde_json v1.0.96
[INFO] [stderr]    Compiling eternal v0.3.2 (/opt/rustwide/workdir)
[INFO] [stderr]     Finished dev [unoptimized + debuginfo] target(s) in 1m 23s
[INFO] running `Command { std: "docker" "inspect" "eb5fa4120040df76a3fd83d7371cc0219b8e17b3c49fe6394234a844c9ae67b2", kill_on_drop: false }`
[INFO] running `Command { std: "docker" "rm" "-f" "eb5fa4120040df76a3fd83d7371cc0219b8e17b3c49fe6394234a844c9ae67b2", kill_on_drop: false }`
[INFO] [stdout] eb5fa4120040df76a3fd83d7371cc0219b8e17b3c49fe6394234a844c9ae67b2
[INFO] running `Command { std: "docker" "create" "-v" "/var/lib/crater-agent-workspace/builds/worker-6-tc1/target:/opt/rustwide/target:rw,Z" "-v" "/var/lib/crater-agent-workspace/builds/worker-6-tc1/source:/opt/rustwide/workdir:ro,Z" "-v" "/var/lib/crater-agent-workspace/cargo-home:/opt/rustwide/cargo-home:ro,Z" "-v" "/var/lib/crater-agent-workspace/rustup-home:/opt/rustwide/rustup-home:ro,Z" "-e" "SOURCE_DIR=/opt/rustwide/workdir" "-e" "CARGO_TARGET_DIR=/opt/rustwide/target" "-e" "CARGO_INCREMENTAL=0" "-e" "RUST_BACKTRACE=full" "-e" "RUSTFLAGS=--cap-lints=warn" "-e" "RUSTDOCFLAGS=--cap-lints=warn" "-e" "CARGO_HOME=/opt/rustwide/cargo-home" "-e" "RUSTUP_HOME=/opt/rustwide/rustup-home" "-w" "/opt/rustwide/workdir" "-m" "1610612736" "--user" "0:0" "--network" "none" "ghcr.io/rust-lang/crates-build-env/linux@sha256:5ff2268d62e97bff2cde7d5815dd6ed5b47097566f13b8d0ca110b04b60e07ed" "/opt/rustwide/cargo-home/bin/cargo" "+1.69.0" "test" "--frozen" "--no-run" "--message-format=json", kill_on_drop: false }`
[INFO] [stdout] 0efeb8e7f2ea8fb7f46c4daff332521b54033246c778cde0d14a287d4dd166d6
[INFO] running `Command { std: "docker" "start" "-a" "0efeb8e7f2ea8fb7f46c4daff332521b54033246c778cde0d14a287d4dd166d6", kill_on_drop: false }`
[INFO] [stderr]    Compiling eternal v0.3.2 (/opt/rustwide/workdir)
[INFO] [stdout] error[E0583]: file not found for module `test`
[INFO] [stdout]  --> src/http/h2/hpack/mod.rs:8:1
[INFO] [stdout]   |
[INFO] [stdout] 8 | mod test;
[INFO] [stdout]   | ^^^^^^^^^
[INFO] [stdout]   |
[INFO] [stdout]   = help: to create the module `test`, create file "src/http/h2/hpack/test.rs" or "src/http/h2/hpack/test/mod.rs"
[INFO] [stdout] 
[INFO] [stdout] 
[INFO] [stdout] error[E0433]: failed to resolve: use of undeclared crate or module `futures`
[INFO] [stdout]    --> src/util/mpsc.rs:184:9
[INFO] [stdout]     |
[INFO] [stdout] 184 |     use futures::future::lazy;
[INFO] [stdout]     |         ^^^^^^^ use of undeclared crate or module `futures`
[INFO] [stdout] 
[INFO] [stdout] 
[INFO] [stdout] error[E0433]: failed to resolve: use of undeclared crate or module `futures`
[INFO] [stdout]    --> src/util/oneshot.rs:110:9
[INFO] [stdout]     |
[INFO] [stdout] 110 |     use futures::future::lazy;
[INFO] [stdout]     |         ^^^^^^^ use of undeclared crate or module `futures`
[INFO] [stdout] 
[INFO] [stdout] 
[INFO] [stdout] error[E0433]: failed to resolve: use of undeclared crate or module `futures`
[INFO] [stdout]    --> src/util/timeout.rs:186:9
[INFO] [stdout]     |
[INFO] [stdout] 186 |     use futures::future::{ok, FutureExt, LocalBoxFuture};
[INFO] [stdout]     |         ^^^^^^^ use of undeclared crate or module `futures`
[INFO] [stdout] 
[INFO] [stdout] 
[INFO] [stdout] error[E0433]: failed to resolve: use of undeclared crate or module `futures`
[INFO] [stdout]    --> src/web/app.rs:478:9
[INFO] [stdout]     |
[INFO] [stdout] 478 |     use futures::future::ok;
[INFO] [stdout]     |         ^^^^^^^ use of undeclared crate or module `futures`
[INFO] [stdout] 
[INFO] [stdout] 
[INFO] [stdout] error[E0433]: failed to resolve: use of undeclared crate or module `futures`
[INFO] [stdout]    --> src/web/middleware/defaultheaders.rs:160:9
[INFO] [stdout]     |
[INFO] [stdout] 160 |     use futures::future::ok;
[INFO] [stdout]     |         ^^^^^^^ use of undeclared crate or module `futures`
[INFO] [stdout] 
[INFO] [stdout] 
[INFO] [stdout] error[E0433]: failed to resolve: use of undeclared crate or module `futures`
[INFO] [stdout]    --> src/web/middleware/errhandlers.rs:150:9
[INFO] [stdout]     |
[INFO] [stdout] 150 |     use futures::future::ok;
[INFO] [stdout]     |         ^^^^^^^ use of undeclared crate or module `futures`
[INFO] [stdout] 
[INFO] [stdout] 
[INFO] [stdout] error[E0433]: failed to resolve: use of undeclared crate or module `futures`
[INFO] [stdout]    --> src/web/middleware/logger.rs:479:9
[INFO] [stdout]     |
[INFO] [stdout] 479 |     use futures::future::ok;
[INFO] [stdout]     |         ^^^^^^^ use of undeclared crate or module `futures`
[INFO] [stdout] 
[INFO] [stdout] 
[INFO] [stdout] error[E0433]: failed to resolve: use of undeclared crate or module `futures`
[INFO] [stdout]    --> src/web/resource.rs:586:9
[INFO] [stdout]     |
[INFO] [stdout] 586 |     use futures::future::ok;
[INFO] [stdout]     |         ^^^^^^^ use of undeclared crate or module `futures`
[INFO] [stdout] 
[INFO] [stdout] 
[INFO] [stdout] error[E0433]: failed to resolve: use of undeclared crate or module `futures`
[INFO] [stdout]    --> src/web/scope.rs:666:9
[INFO] [stdout]     |
[INFO] [stdout] 666 |     use futures::future::ok;
[INFO] [stdout]     |         ^^^^^^^ use of undeclared crate or module `futures`
[INFO] [stdout] 
[INFO] [stdout] 
[INFO] [stdout] error[E0433]: failed to resolve: use of undeclared crate or module `futures`
[INFO] [stdout]    --> src/web/types/readlines.rs:175:9
[INFO] [stdout]     |
[INFO] [stdout] 175 |     use futures::stream::StreamExt;
[INFO] [stdout]     |         ^^^^^^^ use of undeclared crate or module `futures`
[INFO] [stdout] 
[INFO] [stdout] 
[INFO] [stdout] error[E0432]: unresolved import `futures`
[INFO] [stdout]    --> src/util/mpsc.rs:185:9
[INFO] [stdout]     |
[INFO] [stdout] 185 |     use futures::{Stream, StreamExt};
[INFO] [stdout]     |         ^^^^^^^ use of undeclared crate or module `futures`
[INFO] [stdout] 
[INFO] [stdout] 
[INFO] [stdout] error[E0432]: unresolved import `serde_derive`
[INFO] [stdout]    --> src/router/de.rs:481:9
[INFO] [stdout]     |
[INFO] [stdout] 481 |     use serde_derive::Deserialize;
[INFO] [stdout]     |         ^^^^^^^^^^^^ use of undeclared crate or module `serde_derive`
[INFO] [stdout] 
[INFO] [stdout] 
[INFO] [stdout] error[E0432]: unresolved import `serde_derive`
[INFO] [stdout]    --> src/web/extract.rs:271:9
[INFO] [stdout]     |
[INFO] [stdout] 271 |     use serde_derive::Deserialize;
[INFO] [stdout]     |         ^^^^^^^^^^^^ use of undeclared crate or module `serde_derive`
[INFO] [stdout] 
[INFO] [stdout] 
[INFO] [stdout] error[E0432]: unresolved import `serde_derive`
[INFO] [stdout]    --> src/web/route.rs:347:9
[INFO] [stdout]     |
[INFO] [stdout] 347 |     use serde_derive::Serialize;
[INFO] [stdout]     |         ^^^^^^^^^^^^ use of undeclared crate or module `serde_derive`
[INFO] [stdout] 
[INFO] [stdout] 
[INFO] [stdout] error[E0432]: unresolved import `serde_derive`
[INFO] [stdout]    --> src/web/types/json.rs:409:9
[INFO] [stdout]     |
[INFO] [stdout] 409 |     use serde_derive::{Deserialize, Serialize};
[INFO] [stdout]     |         ^^^^^^^^^^^^ use of undeclared crate or module `serde_derive`
[INFO] [stdout] 
[INFO] [stdout] 
[INFO] [stdout] error[E0432]: unresolved import `serde_derive`
[INFO] [stdout]    --> src/web/types/path.rs:255:9
[INFO] [stdout]     |
[INFO] [stdout] 255 |     use serde_derive::Deserialize;
[INFO] [stdout]     |         ^^^^^^^^^^^^ use of undeclared crate or module `serde_derive`
[INFO] [stdout] 
[INFO] [stdout] 
[INFO] [stdout] error[E0432]: unresolved import `serde_derive`
[INFO] [stdout]    --> src/web/types/query.rs:229:9
[INFO] [stdout]     |
[INFO] [stdout] 229 |     use serde_derive::Deserialize;
[INFO] [stdout]     |         ^^^^^^^^^^^^ use of undeclared crate or module `serde_derive`
[INFO] [stdout] 
[INFO] [stdout] 
[INFO] [stdout] error: cannot determine resolution for the derive macro `Deserialize`
[INFO] [stdout]    --> src/web/types/query.rs:236:14
[INFO] [stdout]     |
[INFO] [stdout] 236 |     #[derive(Deserialize, Debug, Display)]
[INFO] [stdout]     |              ^^^^^^^^^^^
[INFO] [stdout]     |
[INFO] [stdout]     = note: import resolution is stuck, try simplifying macro imports
[INFO] [stdout] 
[INFO] [stdout] 
[INFO] [stdout] error: cannot determine resolution for the derive macro `Deserialize`
[INFO] [stdout]    --> src/web/types/path.rs:269:14
[INFO] [stdout]     |
[INFO] [stdout] 269 |     #[derive(Deserialize)]
[INFO] [stdout]     |              ^^^^^^^^^^^
[INFO] [stdout]     |
[INFO] [stdout]     = note: import resolution is stuck, try simplifying macro imports
[INFO] [stdout] 
[INFO] [stdout] 
[INFO] [stdout] error: cannot determine resolution for the derive macro `Deserialize`
[INFO] [stdout]    --> src/web/types/path.rs:262:14
[INFO] [stdout]     |
[INFO] [stdout] 262 |     #[derive(Deserialize, Debug, Display)]
[INFO] [stdout]     |              ^^^^^^^^^^^
[INFO] [stdout]     |
[INFO] [stdout]     = note: import resolution is stuck, try simplifying macro imports
[INFO] [stdout] 
[INFO] [stdout] 
[INFO] [stdout] error: cannot determine resolution for the derive macro `Serialize`
[INFO] [stdout]    --> src/web/types/json.rs:417:14
[INFO] [stdout]     |
[INFO] [stdout] 417 |     #[derive(Serialize, Deserialize, PartialEq, Debug)]
[INFO] [stdout]     |              ^^^^^^^^^
[INFO] [stdout]     |
[INFO] [stdout]     = note: import resolution is stuck, try simplifying macro imports
[INFO] [stdout] 
[INFO] [stdout] 
[INFO] [stdout] error: cannot determine resolution for the derive macro `Deserialize`
[INFO] [stdout]    --> src/web/types/json.rs:417:25
[INFO] [stdout]     |
[INFO] [stdout] 417 |     #[derive(Serialize, Deserialize, PartialEq, Debug)]
[INFO] [stdout]     |                         ^^^^^^^^^^^
[INFO] [stdout]     |
[INFO] [stdout]     = note: import resolution is stuck, try simplifying macro imports
[INFO] [stdout] 
[INFO] [stdout] 
[INFO] [stdout] error: cannot determine resolution for the derive macro `Serialize`
[INFO] [stdout]    --> src/web/route.rs:353:14
[INFO] [stdout]     |
[INFO] [stdout] 353 |     #[derive(Serialize, PartialEq, Debug)]
[INFO] [stdout]     |              ^^^^^^^^^
[INFO] [stdout]     |
[INFO] [stdout]     = note: import resolution is stuck, try simplifying macro imports
[INFO] [stdout] 
[INFO] [stdout] 
[INFO] [stdout] error: cannot determine resolution for the derive macro `Deserialize`
[INFO] [stdout]    --> src/web/extract.rs:277:14
[INFO] [stdout]     |
[INFO] [stdout] 277 |     #[derive(Deserialize, Debug, PartialEq)]
[INFO] [stdout]     |              ^^^^^^^^^^^
[INFO] [stdout]     |
[INFO] [stdout]     = note: import resolution is stuck, try simplifying macro imports
[INFO] [stdout] 
[INFO] [stdout] 
[INFO] [stdout] error: cannot determine resolution for the derive macro `Deserialize`
[INFO] [stdout]    --> src/router/de.rs:514:21
[INFO] [stdout]     |
[INFO] [stdout] 514 |     #[derive(Debug, Deserialize)]
[INFO] [stdout]     |                     ^^^^^^^^^^^
[INFO] [stdout]     |
[INFO] [stdout]     = note: import resolution is stuck, try simplifying macro imports
[INFO] [stdout] 
[INFO] [stdout] 
[INFO] [stdout] error: cannot determine resolution for the derive macro `Deserialize`
[INFO] [stdout]    --> src/router/de.rs:507:21
[INFO] [stdout]     |
[INFO] [stdout] 507 |     #[derive(Debug, Deserialize, PartialEq)]
[INFO] [stdout]     |                     ^^^^^^^^^^^
[INFO] [stdout]     |
[INFO] [stdout]     = note: import resolution is stuck, try simplifying macro imports
[INFO] [stdout] 
[INFO] [stdout] 
[INFO] [stdout] error: cannot find attribute `serde` in this scope
[INFO] [stdout]    --> src/router/de.rs:508:7
[INFO] [stdout]     |
[INFO] [stdout] 508 |     #[serde(rename_all = "lowercase")]
[INFO] [stdout]     |       ^^^^^
[INFO] [stdout]     |
[INFO] [stdout]     = note: `serde` is in scope, but it is a crate, not an attribute
[INFO] [stdout] 
[INFO] [stdout] 
[INFO] [stdout] error: cannot determine resolution for the derive macro `Deserialize`
[INFO] [stdout]    --> src/router/de.rs:501:21
[INFO] [stdout]     |
[INFO] [stdout] 501 |     #[derive(Debug, Deserialize)]
[INFO] [stdout]     |                     ^^^^^^^^^^^
[INFO] [stdout]     |
[INFO] [stdout]     = note: import resolution is stuck, try simplifying macro imports
[INFO] [stdout] 
[INFO] [stdout] 
[INFO] [stdout] error: cannot determine resolution for the derive macro `Deserialize`
[INFO] [stdout]    --> src/router/de.rs:498:21
[INFO] [stdout]     |
[INFO] [stdout] 498 |     #[derive(Debug, Deserialize)]
[INFO] [stdout]     |                     ^^^^^^^^^^^
[INFO] [stdout]     |
[INFO] [stdout]     = note: import resolution is stuck, try simplifying macro imports
[INFO] [stdout] 
[INFO] [stdout] 
[INFO] [stdout] error: cannot determine resolution for the derive macro `Deserialize`
[INFO] [stdout]    --> src/router/de.rs:493:14
[INFO] [stdout]     |
[INFO] [stdout] 493 |     #[derive(Deserialize)]
[INFO] [stdout]     |              ^^^^^^^^^^^
[INFO] [stdout]     |
[INFO] [stdout]     = note: import resolution is stuck, try simplifying macro imports
[INFO] [stdout] 
[INFO] [stdout] 
[INFO] [stdout] error: cannot determine resolution for the derive macro `Deserialize`
[INFO] [stdout]    --> src/router/de.rs:487:14
[INFO] [stdout]     |
[INFO] [stdout] 487 |     #[derive(Deserialize)]
[INFO] [stdout]     |              ^^^^^^^^^^^
[INFO] [stdout]     |
[INFO] [stdout]     = note: import resolution is stuck, try simplifying macro imports
[INFO] [stdout] 
[INFO] [stdout] 
[INFO] [stdout] error[E0592]: duplicate definitions with name `assert_valid_state`
[INFO] [stdout]    --> src/http/h2/hpack/table.rs:531:5
[INFO] [stdout]     |
[INFO] [stdout] 526 |     fn assert_valid_state(&self, _: &'static str) -> bool {
[INFO] [stdout]     |     ----------------------------------------------------- other definition for `assert_valid_state`
[INFO] [stdout] ...
[INFO] [stdout] 531 |     fn assert_valid_state(&self, _msg: &'static str) -> bool {
[INFO] [stdout]     |     ^^^^^^^^^^^^^^^^^^^^^^^^^^^^^^^^^^^^^^^^^^^^^^^^^^^^^^^^ duplicate definitions for `assert_valid_state`
[INFO] [stdout] 
[INFO] [stdout] 
[INFO] [stdout] error: aborting due to 33 previous errors
[INFO] [stdout] 
[INFO] [stdout] 
[INFO] [stdout] Some errors have detailed explanations: E0432, E0433, E0583, E0592.
[INFO] [stdout] 
[INFO] [stdout] For more information about an error, try `rustc --explain E0432`.
[INFO] [stdout] 
[INFO] [stderr] error: could not compile `eternal` due to 34 previous errors
[INFO] running `Command { std: "docker" "inspect" "0efeb8e7f2ea8fb7f46c4daff332521b54033246c778cde0d14a287d4dd166d6", kill_on_drop: false }`
[INFO] running `Command { std: "docker" "rm" "-f" "0efeb8e7f2ea8fb7f46c4daff332521b54033246c778cde0d14a287d4dd166d6", kill_on_drop: false }`
[INFO] [stdout] 0efeb8e7f2ea8fb7f46c4daff332521b54033246c778cde0d14a287d4dd166d6
