[INFO] fetching crate etcd 0.9.0...
[INFO] testing etcd-0.9.0 against 1.69.0 for beta-1.70-1
[INFO] extracting crate etcd 0.9.0 into /workspace/builds/worker-0-tc1/source
[INFO] validating manifest of crates.io crate etcd 0.9.0 on toolchain 1.69.0
[INFO] running `Command { std: CARGO_HOME="/workspace/cargo-home" RUSTUP_HOME="/workspace/rustup-home" "/workspace/cargo-home/bin/cargo" "+1.69.0" "metadata" "--manifest-path" "Cargo.toml" "--no-deps", kill_on_drop: false }`
[INFO] started tweaking crates.io crate etcd 0.9.0
[INFO] finished tweaking crates.io crate etcd 0.9.0
[INFO] tweaked toml for crates.io crate etcd 0.9.0 written to /workspace/builds/worker-0-tc1/source/Cargo.toml
[INFO] running `Command { std: CARGO_HOME="/workspace/cargo-home" RUSTUP_HOME="/workspace/rustup-home" __CARGO_TEST_CHANNEL_OVERRIDE_DO_NOT_USE_THIS="nightly" "/workspace/cargo-home/bin/cargo" "+1.69.0" "generate-lockfile" "--manifest-path" "Cargo.toml" "-Zno-index-update", kill_on_drop: false }`
[INFO] [stderr]     Blocking waiting for file lock on package cache
[INFO] running `Command { std: CARGO_HOME="/workspace/cargo-home" RUSTUP_HOME="/workspace/rustup-home" "/workspace/cargo-home/bin/cargo" "+1.69.0" "fetch" "--manifest-path" "Cargo.toml", kill_on_drop: false }`
[INFO] running `Command { std: "docker" "create" "-v" "/var/lib/crater-agent-workspace/builds/worker-0-tc1/target:/opt/rustwide/target:rw,Z" "-v" "/var/lib/crater-agent-workspace/builds/worker-0-tc1/source:/opt/rustwide/workdir:ro,Z" "-v" "/var/lib/crater-agent-workspace/cargo-home:/opt/rustwide/cargo-home:ro,Z" "-v" "/var/lib/crater-agent-workspace/rustup-home:/opt/rustwide/rustup-home:ro,Z" "-e" "SOURCE_DIR=/opt/rustwide/workdir" "-e" "CARGO_TARGET_DIR=/opt/rustwide/target" "-e" "CARGO_HOME=/opt/rustwide/cargo-home" "-e" "RUSTUP_HOME=/opt/rustwide/rustup-home" "-w" "/opt/rustwide/workdir" "-m" "1610612736" "--user" "0:0" "--network" "none" "ghcr.io/rust-lang/crates-build-env/linux@sha256:5ff2268d62e97bff2cde7d5815dd6ed5b47097566f13b8d0ca110b04b60e07ed" "/opt/rustwide/cargo-home/bin/cargo" "+1.69.0" "metadata" "--no-deps" "--format-version=1", kill_on_drop: false }`
[INFO] [stdout] d35d304ab1589bb49f344af2e16b11f576df9e8775c32d170f2925834e8f5ce9
[INFO] running `Command { std: "docker" "start" "-a" "d35d304ab1589bb49f344af2e16b11f576df9e8775c32d170f2925834e8f5ce9", kill_on_drop: false }`
[INFO] running `Command { std: "docker" "inspect" "d35d304ab1589bb49f344af2e16b11f576df9e8775c32d170f2925834e8f5ce9", kill_on_drop: false }`
[INFO] running `Command { std: "docker" "rm" "-f" "d35d304ab1589bb49f344af2e16b11f576df9e8775c32d170f2925834e8f5ce9", kill_on_drop: false }`
[INFO] [stdout] d35d304ab1589bb49f344af2e16b11f576df9e8775c32d170f2925834e8f5ce9
[INFO] running `Command { std: "docker" "create" "-v" "/var/lib/crater-agent-workspace/builds/worker-0-tc1/target:/opt/rustwide/target:rw,Z" "-v" "/var/lib/crater-agent-workspace/builds/worker-0-tc1/source:/opt/rustwide/workdir:ro,Z" "-v" "/var/lib/crater-agent-workspace/cargo-home:/opt/rustwide/cargo-home:ro,Z" "-v" "/var/lib/crater-agent-workspace/rustup-home:/opt/rustwide/rustup-home:ro,Z" "-e" "SOURCE_DIR=/opt/rustwide/workdir" "-e" "CARGO_TARGET_DIR=/opt/rustwide/target" "-e" "CARGO_INCREMENTAL=0" "-e" "RUST_BACKTRACE=full" "-e" "RUSTFLAGS=--cap-lints=warn" "-e" "RUSTDOCFLAGS=--cap-lints=warn" "-e" "CARGO_HOME=/opt/rustwide/cargo-home" "-e" "RUSTUP_HOME=/opt/rustwide/rustup-home" "-w" "/opt/rustwide/workdir" "-m" "1610612736" "--user" "0:0" "--network" "none" "ghcr.io/rust-lang/crates-build-env/linux@sha256:5ff2268d62e97bff2cde7d5815dd6ed5b47097566f13b8d0ca110b04b60e07ed" "/opt/rustwide/cargo-home/bin/cargo" "+1.69.0" "build" "--frozen" "--message-format=json", kill_on_drop: false }`
[INFO] [stdout] af221e77baa050fbfa42b60f476cd14a0cdc2d8a1c8cd4f1041e0ea5fe053c2b
[INFO] running `Command { std: "docker" "start" "-a" "af221e77baa050fbfa42b60f476cd14a0cdc2d8a1c8cd4f1041e0ea5fe053c2b", kill_on_drop: false }`
[INFO] [stderr]    Compiling cfg-if v0.1.10
[INFO] [stderr]    Compiling futures v0.1.31
[INFO] [stderr]    Compiling crossbeam-utils v0.7.2
[INFO] [stderr]    Compiling maybe-uninit v2.0.0
[INFO] [stderr]    Compiling memoffset v0.5.6
[INFO] [stderr]    Compiling lock_api v0.3.4
[INFO] [stderr]    Compiling crossbeam-epoch v0.8.2
[INFO] [stderr]    Compiling rustc_version v0.2.3
[INFO] [stderr]    Compiling openssl-sys v0.9.87
[INFO] [stderr]    Compiling itoa v0.4.8
[INFO] [stderr]    Compiling iovec v0.1.4
[INFO] [stderr]    Compiling indexmap v1.9.3
[INFO] [stderr]    Compiling foreign-types-shared v0.1.1
[INFO] [stderr]    Compiling hashbrown v0.12.3
[INFO] [stderr]    Compiling httparse v1.8.0
[INFO] [stderr]    Compiling openssl v0.10.52
[INFO] [stderr]    Compiling net2 v0.2.38
[INFO] [stderr]    Compiling foreign-types v0.3.2
[INFO] [stderr]    Compiling bytes v0.4.12
[INFO] [stderr]    Compiling openssl-macros v0.1.1
[INFO] [stderr]    Compiling try-lock v0.2.4
[INFO] [stderr]    Compiling native-tls v0.2.11
[INFO] [stderr]    Compiling serde v1.0.160
[INFO] [stderr]    Compiling parking_lot_core v0.6.3
[INFO] [stderr]    Compiling parking_lot v0.9.0
[INFO] [stderr]    Compiling hyper v0.12.36
[INFO] [stderr]    Compiling mio v0.6.23
[INFO] [stderr]    Compiling time v0.1.45
[INFO] [stderr]    Compiling smallvec v0.6.14
[INFO] [stderr]    Compiling openssl-probe v0.1.5
[INFO] [stderr]    Compiling http v0.1.21
[INFO] [stderr]    Compiling string v0.2.1
[INFO] [stderr]    Compiling base64 v0.10.1
[INFO] [stderr]    Compiling mio-uds v0.6.8
[INFO] [stderr]    Compiling crossbeam-queue v0.2.3
[INFO] [stderr]    Compiling tokio-executor v0.1.10
[INFO] [stderr]    Compiling tokio-io v0.1.13
[INFO] [stderr]    Compiling tokio-sync v0.1.8
[INFO] [stderr]    Compiling tokio-buf v0.1.1
[INFO] [stderr]    Compiling futures-cpupool v0.1.8
[INFO] [stderr]    Compiling want v0.2.0
[INFO] [stderr]    Compiling tokio-current-thread v0.1.7
[INFO] [stderr]    Compiling tokio-timer v0.2.13
[INFO] [stderr]    Compiling crossbeam-deque v0.7.4
[INFO] [stderr]    Compiling tokio-threadpool v0.1.18
[INFO] [stderr]    Compiling tokio-reactor v0.1.12
[INFO] [stderr]    Compiling tokio-codec v0.1.2
[INFO] [stderr]    Compiling tokio-uds v0.2.7
[INFO] [stderr]    Compiling tokio-udp v0.1.6
[INFO] [stderr]    Compiling tokio-tcp v0.1.4
[INFO] [stderr]    Compiling tokio-fs v0.1.7
[INFO] [stderr]    Compiling http-body v0.1.0
[INFO] [stderr]    Compiling h2 v0.1.26
[INFO] [stderr]    Compiling tokio v0.1.22
[INFO] [stderr]    Compiling serde_json v1.0.96
[INFO] [stderr]    Compiling hyper-tls v0.3.2
[INFO] [stderr]    Compiling etcd v0.9.0 (/opt/rustwide/workdir)
[INFO] [stdout] warning: use of deprecated method `std::error::Error::description`: use the Display impl or to_string()
[INFO] [stdout]   --> src/error.rs:75:75
[INFO] [stdout]    |
[INFO] [stdout] 75 |             ref error @ Error::InvalidConditions => write!(f, "{}", error.description()),
[INFO] [stdout]    |                                                                           ^^^^^^^^^^^
[INFO] [stdout]    |
[INFO] [stdout] note: the lint level is defined here
[INFO] [stdout]   --> src/lib.rs:71:54
[INFO] [stdout]    |
[INFO] [stdout] 71 | #![deny(missing_debug_implementations, missing_docs, warnings)]
[INFO] [stdout]    |                                                      ^^^^^^^^
[INFO] [stdout]    = note: `#[warn(deprecated)]` implied by `#[warn(warnings)]`
[INFO] [stdout] 
[INFO] [stdout] 
[INFO] [stdout] warning: use of deprecated method `std::error::Error::description`: use the Display impl or to_string()
[INFO] [stdout]   --> src/error.rs:78:69
[INFO] [stdout]    |
[INFO] [stdout] 78 |             ref error @ Error::NoEndpoints => write!(f, "{}", error.description()),
[INFO] [stdout]    |                                                                     ^^^^^^^^^^^
[INFO] [stdout] 
[INFO] [stdout] 
[INFO] [stdout] warning: use of deprecated method `std::error::Error::description`: use the Display impl or to_string()
[INFO] [stdout]    --> src/error.rs:157:57
[INFO] [stdout]     |
[INFO] [stdout] 157 |             WatchError::Timeout => write!(f, "{}", self.description()),
[INFO] [stdout]     |                                                         ^^^^^^^^^^^
[INFO] [stdout] 
[INFO] [stdout] 
[INFO] [stdout] warning: 3 warnings emitted
[INFO] [stdout] 
[INFO] [stdout] 
[INFO] [stderr]     Finished dev [unoptimized + debuginfo] target(s) in 8.93s
[INFO] running `Command { std: "docker" "inspect" "af221e77baa050fbfa42b60f476cd14a0cdc2d8a1c8cd4f1041e0ea5fe053c2b", kill_on_drop: false }`
[INFO] running `Command { std: "docker" "rm" "-f" "af221e77baa050fbfa42b60f476cd14a0cdc2d8a1c8cd4f1041e0ea5fe053c2b", kill_on_drop: false }`
[INFO] [stdout] af221e77baa050fbfa42b60f476cd14a0cdc2d8a1c8cd4f1041e0ea5fe053c2b
[INFO] running `Command { std: "docker" "create" "-v" "/var/lib/crater-agent-workspace/builds/worker-0-tc1/target:/opt/rustwide/target:rw,Z" "-v" "/var/lib/crater-agent-workspace/builds/worker-0-tc1/source:/opt/rustwide/workdir:ro,Z" "-v" "/var/lib/crater-agent-workspace/cargo-home:/opt/rustwide/cargo-home:ro,Z" "-v" "/var/lib/crater-agent-workspace/rustup-home:/opt/rustwide/rustup-home:ro,Z" "-e" "SOURCE_DIR=/opt/rustwide/workdir" "-e" "CARGO_TARGET_DIR=/opt/rustwide/target" "-e" "CARGO_INCREMENTAL=0" "-e" "RUST_BACKTRACE=full" "-e" "RUSTFLAGS=--cap-lints=warn" "-e" "RUSTDOCFLAGS=--cap-lints=warn" "-e" "CARGO_HOME=/opt/rustwide/cargo-home" "-e" "RUSTUP_HOME=/opt/rustwide/rustup-home" "-w" "/opt/rustwide/workdir" "-m" "1610612736" "--user" "0:0" "--network" "none" "ghcr.io/rust-lang/crates-build-env/linux@sha256:5ff2268d62e97bff2cde7d5815dd6ed5b47097566f13b8d0ca110b04b60e07ed" "/opt/rustwide/cargo-home/bin/cargo" "+1.69.0" "test" "--frozen" "--no-run" "--message-format=json", kill_on_drop: false }`
[INFO] [stdout] 13472090c452ca8329e4c263d204a12b38470cab96e3a84537d4ff94868aa606
[INFO] running `Command { std: "docker" "start" "-a" "13472090c452ca8329e4c263d204a12b38470cab96e3a84537d4ff94868aa606", kill_on_drop: false }`
[INFO] [stdout] warning: use of deprecated method `std::error::Error::description`: use the Display impl or to_string()
[INFO] [stdout]   --> src/error.rs:75:75
[INFO] [stdout]    |
[INFO] [stdout] 75 |             ref error @ Error::InvalidConditions => write!(f, "{}", error.description()),
[INFO] [stdout]    |                                                                           ^^^^^^^^^^^
[INFO] [stdout]    |
[INFO] [stdout] note: the lint level is defined here
[INFO] [stdout]   --> src/lib.rs:71:54
[INFO] [stdout]    |
[INFO] [stdout] 71 | #![deny(missing_debug_implementations, missing_docs, warnings)]
[INFO] [stdout]    |                                                      ^^^^^^^^
[INFO] [stdout]    = note: `#[warn(deprecated)]` implied by `#[warn(warnings)]`
[INFO] [stdout] 
[INFO] [stdout] 
[INFO] [stderr]    Compiling etcd v0.9.0 (/opt/rustwide/workdir)
[INFO] [stdout] warning: use of deprecated method `std::error::Error::description`: use the Display impl or to_string()
[INFO] [stdout]   --> src/error.rs:78:69
[INFO] [stdout]    |
[INFO] [stdout] 78 |             ref error @ Error::NoEndpoints => write!(f, "{}", error.description()),
[INFO] [stdout]    |                                                                     ^^^^^^^^^^^
[INFO] [stdout] 
[INFO] [stdout] 
[INFO] [stdout] warning: use of deprecated method `std::error::Error::description`: use the Display impl or to_string()
[INFO] [stdout]    --> src/error.rs:157:57
[INFO] [stdout]     |
[INFO] [stdout] 157 |             WatchError::Timeout => write!(f, "{}", self.description()),
[INFO] [stdout]     |                                                         ^^^^^^^^^^^
[INFO] [stdout] 
[INFO] [stdout] 
[INFO] [stdout] warning: 3 warnings emitted
[INFO] [stdout] 
[INFO] [stdout] 
[INFO] [stderr]     Finished test [unoptimized + debuginfo] target(s) in 5.31s
[INFO] running `Command { std: "docker" "inspect" "13472090c452ca8329e4c263d204a12b38470cab96e3a84537d4ff94868aa606", kill_on_drop: false }`
[INFO] running `Command { std: "docker" "rm" "-f" "13472090c452ca8329e4c263d204a12b38470cab96e3a84537d4ff94868aa606", kill_on_drop: false }`
[INFO] [stdout] 13472090c452ca8329e4c263d204a12b38470cab96e3a84537d4ff94868aa606
[INFO] running `Command { std: "docker" "create" "-v" "/var/lib/crater-agent-workspace/builds/worker-0-tc1/target:/opt/rustwide/target:rw,Z" "-v" "/var/lib/crater-agent-workspace/builds/worker-0-tc1/source:/opt/rustwide/workdir:ro,Z" "-v" "/var/lib/crater-agent-workspace/cargo-home:/opt/rustwide/cargo-home:ro,Z" "-v" "/var/lib/crater-agent-workspace/rustup-home:/opt/rustwide/rustup-home:ro,Z" "-e" "SOURCE_DIR=/opt/rustwide/workdir" "-e" "CARGO_TARGET_DIR=/opt/rustwide/target" "-e" "CARGO_INCREMENTAL=0" "-e" "RUST_BACKTRACE=full" "-e" "RUSTFLAGS=--cap-lints=warn" "-e" "RUSTDOCFLAGS=--cap-lints=warn" "-e" "CARGO_HOME=/opt/rustwide/cargo-home" "-e" "RUSTUP_HOME=/opt/rustwide/rustup-home" "-w" "/opt/rustwide/workdir" "-m" "1610612736" "--user" "0:0" "--network" "none" "ghcr.io/rust-lang/crates-build-env/linux@sha256:5ff2268d62e97bff2cde7d5815dd6ed5b47097566f13b8d0ca110b04b60e07ed" "/opt/rustwide/cargo-home/bin/cargo" "+1.69.0" "test" "--frozen", kill_on_drop: false }`
[INFO] [stdout] 22501be0dda07f7c5c0b227e2e95669d207aa1c8aceb29ea637c9463db3de5e9
[INFO] running `Command { std: "docker" "start" "-a" "22501be0dda07f7c5c0b227e2e95669d207aa1c8aceb29ea637c9463db3de5e9", kill_on_drop: false }`
[INFO] [stderr] warning: use of deprecated method `std::error::Error::description`: use the Display impl or to_string()
[INFO] [stderr]   --> src/error.rs:75:75
[INFO] [stderr]    |
[INFO] [stderr] 75 |             ref error @ Error::InvalidConditions => write!(f, "{}", error.description()),
[INFO] [stderr]    |                                                                           ^^^^^^^^^^^
[INFO] [stderr]    |
[INFO] [stderr] note: the lint level is defined here
[INFO] [stderr]   --> src/lib.rs:71:54
[INFO] [stderr]    |
[INFO] [stderr] 71 | #![deny(missing_debug_implementations, missing_docs, warnings)]
[INFO] [stderr]    |                                                      ^^^^^^^^
[INFO] [stderr]    = note: `#[warn(deprecated)]` implied by `#[warn(warnings)]`
[INFO] [stderr] 
[INFO] [stderr] warning: use of deprecated method `std::error::Error::description`: use the Display impl or to_string()
[INFO] [stderr]   --> src/error.rs:78:69
[INFO] [stderr]    |
[INFO] [stderr] 78 |             ref error @ Error::NoEndpoints => write!(f, "{}", error.description()),
[INFO] [stderr]    |                                                                     ^^^^^^^^^^^
[INFO] [stderr] 
[INFO] [stderr] warning: use of deprecated method `std::error::Error::description`: use the Display impl or to_string()
[INFO] [stderr]    --> src/error.rs:157:57
[INFO] [stderr]     |
[INFO] [stderr] 157 |             WatchError::Timeout => write!(f, "{}", self.description()),
[INFO] [stderr]     |                                                         ^^^^^^^^^^^
[INFO] [stderr] 
[INFO] [stderr] warning: `etcd` (lib) generated 3 warnings
[INFO] [stderr]     Finished test [unoptimized + debuginfo] target(s) in 0.08s
[INFO] [stderr]      Running tests/auth_test.rs (/opt/rustwide/target/debug/deps/auth_test-8c05ad1f434bb22e)
[INFO] [stdout] 
[INFO] [stdout] running 1 test
[INFO] [stdout] test auth ... FAILED
[INFO] [stdout] 
[INFO] [stdout] failures:
[INFO] [stdout] 
[INFO] [stdout] ---- auth stdout ----
[INFO] [stdout] thread 'tokio-runtime-worker-0' panicked at 'called `Result::unwrap()` on an `Err` value: [Http(Error(Connect, Custom { kind: Uncategorized, error: "failed to lookup address information: Temporary failure in name resolution" }))]', tests/auth_test.rs:32:36
[INFO] [stdout] stack backtrace:
[INFO] [stdout]    0:     0x55f9f6ec62ea - std::backtrace_rs::backtrace::libunwind::trace::ha9053a9a07ca49cb
[INFO] [stdout]                                at /rustc/84c898d65adf2f39a5a98507f1fe0ce10a2b8dbc/library/std/src/../../backtrace/src/backtrace/libunwind.rs:93:5
[INFO] [stdout]    1:     0x55f9f6ec62ea - std::backtrace_rs::backtrace::trace_unsynchronized::h9c2852a457ad564e
[INFO] [stdout]                                at /rustc/84c898d65adf2f39a5a98507f1fe0ce10a2b8dbc/library/std/src/../../backtrace/src/backtrace/mod.rs:66:5
[INFO] [stdout]    2:     0x55f9f6ec62ea - std::sys_common::backtrace::_print_fmt::h457936fbfaa0070f
[INFO] [stdout]                                at /rustc/84c898d65adf2f39a5a98507f1fe0ce10a2b8dbc/library/std/src/sys_common/backtrace.rs:65:5
[INFO] [stdout]    3:     0x55f9f6ec62ea - <std::sys_common::backtrace::_print::DisplayBacktrace as core::fmt::Display>::fmt::h5779d7bf7f70cb0c
[INFO] [stdout]                                at /rustc/84c898d65adf2f39a5a98507f1fe0ce10a2b8dbc/library/std/src/sys_common/backtrace.rs:44:22
[INFO] [stdout]    4:     0x55f9f6eec6ae - core::fmt::write::h5a4baaff1bcd3eb5
[INFO] [stdout]                                at /rustc/84c898d65adf2f39a5a98507f1fe0ce10a2b8dbc/library/core/src/fmt/mod.rs:1232:17
[INFO] [stdout]    5:     0x55f9f6ec2eb5 - std::io::Write::write_fmt::h478f79c628ef31d1
[INFO] [stdout]                                at /rustc/84c898d65adf2f39a5a98507f1fe0ce10a2b8dbc/library/std/src/io/mod.rs:1684:15
[INFO] [stdout]    6:     0x55f9f6ec60b5 - std::sys_common::backtrace::_print::h5fcdc36060f177e8
[INFO] [stdout]                                at /rustc/84c898d65adf2f39a5a98507f1fe0ce10a2b8dbc/library/std/src/sys_common/backtrace.rs:47:5
[INFO] [stdout]    7:     0x55f9f6ec60b5 - std::sys_common::backtrace::print::h54ca9458b876c8bf
[INFO] [stdout]                                at /rustc/84c898d65adf2f39a5a98507f1fe0ce10a2b8dbc/library/std/src/sys_common/backtrace.rs:34:9
[INFO] [stdout]    8:     0x55f9f6ec7e7f - std::panicking::default_hook::{{closure}}::hbe471161c7664ed6
[INFO] [stdout]                                at /rustc/84c898d65adf2f39a5a98507f1fe0ce10a2b8dbc/library/std/src/panicking.rs:271:22
[INFO] [stdout]    9:     0x55f9f6ec7b3f - std::panicking::default_hook::ha3500da57aa4ac4f
[INFO] [stdout]                                at /rustc/84c898d65adf2f39a5a98507f1fe0ce10a2b8dbc/library/std/src/panicking.rs:287:9
[INFO] [stdout]   10:     0x55f9f6ca2f97 - <alloc::boxed::Box<F,A> as core::ops::function::Fn<Args>>::call::hdf1b89dd137ece34
[INFO] [stdout]                                at /rustc/84c898d65adf2f39a5a98507f1fe0ce10a2b8dbc/library/alloc/src/boxed.rs:2001:9
[INFO] [stdout]   11:     0x55f9f6ca2f97 - test::test_main::{{closure}}::h9081a79f20e75698
[INFO] [stdout]                                at /rustc/84c898d65adf2f39a5a98507f1fe0ce10a2b8dbc/library/test/src/lib.rs:135:21
[INFO] [stdout]   12:     0x55f9f6ec85ad - <alloc::boxed::Box<F,A> as core::ops::function::Fn<Args>>::call::h6507bddc3eebb4a5
[INFO] [stdout]                                at /rustc/84c898d65adf2f39a5a98507f1fe0ce10a2b8dbc/library/alloc/src/boxed.rs:2001:9
[INFO] [stdout]   13:     0x55f9f6ec85ad - std::panicking::rust_panic_with_hook::h50c09d000dc561d2
[INFO] [stdout]                                at /rustc/84c898d65adf2f39a5a98507f1fe0ce10a2b8dbc/library/std/src/panicking.rs:696:13
[INFO] [stdout]   14:     0x55f9f6ec8329 - std::panicking::begin_panic_handler::{{closure}}::h9e2b2176e00e0d9c
[INFO] [stdout]                                at /rustc/84c898d65adf2f39a5a98507f1fe0ce10a2b8dbc/library/std/src/panicking.rs:583:13
[INFO] [stdout]   15:     0x55f9f6ec6756 - std::sys_common::backtrace::__rust_end_short_backtrace::h5739b8e512c09d02
[INFO] [stdout]                                at /rustc/84c898d65adf2f39a5a98507f1fe0ce10a2b8dbc/library/std/src/sys_common/backtrace.rs:150:18
[INFO] [stdout]   16:     0x55f9f6ec8032 - rust_begin_unwind
[INFO] [stdout]                                at /rustc/84c898d65adf2f39a5a98507f1fe0ce10a2b8dbc/library/std/src/panicking.rs:579:5
[INFO] [stdout]   17:     0x55f9f6b951c3 - core::panicking::panic_fmt::hf33a1475b4dc5c3e
[INFO] [stdout]                                at /rustc/84c898d65adf2f39a5a98507f1fe0ce10a2b8dbc/library/core/src/panicking.rs:64:14
[INFO] [stdout]   18:     0x55f9f6b95673 - core::result::unwrap_failed::hdff5465d74574b44
[INFO] [stdout]                                at /rustc/84c898d65adf2f39a5a98507f1fe0ce10a2b8dbc/library/core/src/result.rs:1750:5
[INFO] [stdout]   19:     0x55f9f6bd4cf6 - core::result::Result<T,E>::unwrap::hbb31d67c44b87d88
[INFO] [stdout]                                at /rustc/84c898d65adf2f39a5a98507f1fe0ce10a2b8dbc/library/core/src/result.rs:1090:23
[INFO] [stdout]   20:     0x55f9f6bf8af4 - auth_test::auth::{{closure}}::h75867ce9ec7f5aa8
[INFO] [stdout]                                at /opt/rustwide/workdir/tests/auth_test.rs:32:32
[INFO] [stdout]   21:     0x55f9f6bcec70 - <futures::future::then::Then<A,B,F> as futures::future::Future>::poll::{{closure}}::h882347be7ec57dbe
[INFO] [stdout]                                at /opt/rustwide/cargo-home/registry/src/github.com-1ecc6299db9ec823/futures-0.1.31/src/future/then.rs:33:20
[INFO] [stdout]   22:     0x55f9f6c248ab - futures::future::chain::Chain<A,B,C>::poll::h1b534a231a818e49
[INFO] [stdout]                                at /opt/rustwide/cargo-home/registry/src/github.com-1ecc6299db9ec823/futures-0.1.31/src/future/chain.rs:39:15
[INFO] [stdout]   23:     0x55f9f6bce7e6 - <futures::future::then::Then<A,B,F> as futures::future::Future>::poll::hfc80f9f3e03f40c8
[INFO] [stdout]                                at /opt/rustwide/cargo-home/registry/src/github.com-1ecc6299db9ec823/futures-0.1.31/src/future/then.rs:32:9
[INFO] [stdout]   24:     0x55f9f6c2fe4a - futures::future::chain::Chain<A,B,C>::poll::hb59970ad5d198b6c
[INFO] [stdout]                                at /opt/rustwide/cargo-home/registry/src/github.com-1ecc6299db9ec823/futures-0.1.31/src/future/chain.rs:26:23
[INFO] [stdout]   25:     0x55f9f6bce746 - <futures::future::then::Then<A,B,F> as futures::future::Future>::poll::hd1ed3cc747ead98f
[INFO] [stdout]                                at /opt/rustwide/cargo-home/registry/src/github.com-1ecc6299db9ec823/futures-0.1.31/src/future/then.rs:32:9
[INFO] [stdout]   26:     0x55f9f6c2c32a - futures::future::chain::Chain<A,B,C>::poll::h83fa1b3deefded63
[INFO] [stdout]                                at /opt/rustwide/cargo-home/registry/src/github.com-1ecc6299db9ec823/futures-0.1.31/src/future/chain.rs:26:23
[INFO] [stdout]   27:     0x55f9f6bce616 - <futures::future::then::Then<A,B,F> as futures::future::Future>::poll::h1d3bd43faf30db96
[INFO] [stdout]                                at /opt/rustwide/cargo-home/registry/src/github.com-1ecc6299db9ec823/futures-0.1.31/src/future/then.rs:32:9
[INFO] [stdout]   28:     0x55f9f6c2e82a - futures::future::chain::Chain<A,B,C>::poll::hacbd87980dd77524
[INFO] [stdout]                                at /opt/rustwide/cargo-home/registry/src/github.com-1ecc6299db9ec823/futures-0.1.31/src/future/chain.rs:26:23
[INFO] [stdout]   29:     0x55f9f6bce696 - <futures::future::then::Then<A,B,F> as futures::future::Future>::poll::h44adc7dd7b71d724
[INFO] [stdout]                                at /opt/rustwide/cargo-home/registry/src/github.com-1ecc6299db9ec823/futures-0.1.31/src/future/then.rs:32:9
[INFO] [stdout]   30:     0x55f9f6c31d8a - futures::future::chain::Chain<A,B,C>::poll::hbe32ea4313e95a71
[INFO] [stdout]                                at /opt/rustwide/cargo-home/registry/src/github.com-1ecc6299db9ec823/futures-0.1.31/src/future/chain.rs:26:23
[INFO] [stdout]   31:     0x55f9f6bce786 - <futures::future::then::Then<A,B,F> as futures::future::Future>::poll::he2a984c4511e8146
[INFO] [stdout]                                at /opt/rustwide/cargo-home/registry/src/github.com-1ecc6299db9ec823/futures-0.1.31/src/future/then.rs:32:9
[INFO] [stdout]   32:     0x55f9f6c3489a - futures::future::chain::Chain<A,B,C>::poll::hd122d0177951d242
[INFO] [stdout]                                at /opt/rustwide/cargo-home/registry/src/github.com-1ecc6299db9ec823/futures-0.1.31/src/future/chain.rs:26:23
[INFO] [stdout]   33:     0x55f9f6bce646 - <futures::future::then::Then<A,B,F> as futures::future::Future>::poll::h2c4641c51ef0a45d
[INFO] [stdout]                                at /opt/rustwide/cargo-home/registry/src/github.com-1ecc6299db9ec823/futures-0.1.31/src/future/then.rs:32:9
[INFO] [stdout]   34:     0x55f9f6c24c0a - futures::future::chain::Chain<A,B,C>::poll::h23b1cd18786e38e5
[INFO] [stdout]                                at /opt/rustwide/cargo-home/registry/src/github.com-1ecc6299db9ec823/futures-0.1.31/src/future/chain.rs:26:23
[INFO] [stdout]   35:     0x55f9f6bce5f6 - <futures::future::then::Then<A,B,F> as futures::future::Future>::poll::h0f3fd5b5449ab334
[INFO] [stdout]                                at /opt/rustwide/cargo-home/registry/src/github.com-1ecc6299db9ec823/futures-0.1.31/src/future/then.rs:32:9
[INFO] [stdout]   36:     0x55f9f6c2af0a - futures::future::chain::Chain<A,B,C>::poll::h7e31d666caf14805
[INFO] [stdout]                                at /opt/rustwide/cargo-home/registry/src/github.com-1ecc6299db9ec823/futures-0.1.31/src/future/chain.rs:26:23
[INFO] [stdout]   37:     0x55f9f6bce676 - <futures::future::then::Then<A,B,F> as futures::future::Future>::poll::h444fb94dcccdbc65
[INFO] [stdout]                                at /opt/rustwide/cargo-home/registry/src/github.com-1ecc6299db9ec823/futures-0.1.31/src/future/then.rs:32:9
[INFO] [stdout]   38:     0x55f9f6c30e4a - futures::future::chain::Chain<A,B,C>::poll::hb7c679d14fa4fc1f
[INFO] [stdout]                                at /opt/rustwide/cargo-home/registry/src/github.com-1ecc6299db9ec823/futures-0.1.31/src/future/chain.rs:26:23
[INFO] [stdout]   39:     0x55f9f6bce726 - <futures::future::then::Then<A,B,F> as futures::future::Future>::poll::hbfea941bd953e390
[INFO] [stdout]                                at /opt/rustwide/cargo-home/registry/src/github.com-1ecc6299db9ec823/futures-0.1.31/src/future/then.rs:32:9
[INFO] [stdout]   40:     0x55f9f6c2d2da - futures::future::chain::Chain<A,B,C>::poll::h9deaccb1bc5a42bb
[INFO] [stdout]                                at /opt/rustwide/cargo-home/registry/src/github.com-1ecc6299db9ec823/futures-0.1.31/src/future/chain.rs:26:23
[INFO] [stdout]   41:     0x55f9f6bce6d6 - <futures::future::then::Then<A,B,F> as futures::future::Future>::poll::h9feb5b9adc5096cc
[INFO] [stdout]                                at /opt/rustwide/cargo-home/registry/src/github.com-1ecc6299db9ec823/futures-0.1.31/src/future/then.rs:32:9
[INFO] [stdout]   42:     0x55f9f6c32caa - futures::future::chain::Chain<A,B,C>::poll::hc520e788318f6f64
[INFO] [stdout]                                at /opt/rustwide/cargo-home/registry/src/github.com-1ecc6299db9ec823/futures-0.1.31/src/future/chain.rs:26:23
[INFO] [stdout]   43:     0x55f9f6bce766 - <futures::future::then::Then<A,B,F> as futures::future::Future>::poll::hdee20e0e48fb556e
[INFO] [stdout]                                at /opt/rustwide/cargo-home/registry/src/github.com-1ecc6299db9ec823/futures-0.1.31/src/future/then.rs:32:9
[INFO] [stdout]   44:     0x55f9f6c33bae - futures::future::chain::Chain<A,B,C>::poll::hc71f92b57bdb5333
[INFO] [stdout]                                at /opt/rustwide/cargo-home/registry/src/github.com-1ecc6299db9ec823/futures-0.1.31/src/future/chain.rs:26:23
[INFO] [stdout]   45:     0x55f9f6bce5da - <futures::future::then::Then<A,B,F> as futures::future::Future>::poll::h0c84a10fdb8d4f55
[INFO] [stdout]                                at /opt/rustwide/cargo-home/registry/src/github.com-1ecc6299db9ec823/futures-0.1.31/src/future/then.rs:32:9
[INFO] [stdout]   46:     0x55f9f6e9adf2 - <alloc::boxed::Box<F> as futures::future::Future>::poll::h212cc8472c666847
[INFO] [stdout]                                at /opt/rustwide/cargo-home/registry/src/github.com-1ecc6299db9ec823/futures-0.1.31/src/future/mod.rs:113:13
[INFO] [stdout]   47:     0x55f9f6c2b656 - futures::future::chain::Chain<A,B,C>::poll::h81b0034ffb0c2b96
[INFO] [stdout]                                at /opt/rustwide/cargo-home/registry/src/github.com-1ecc6299db9ec823/futures-0.1.31/src/future/chain.rs:26:23
[INFO] [stdout]   48:     0x55f9f6bce65a - <futures::future::then::Then<A,B,F> as futures::future::Future>::poll::h34ab1f06dcc829a7
[INFO] [stdout]                                at /opt/rustwide/cargo-home/registry/src/github.com-1ecc6299db9ec823/futures-0.1.31/src/future/then.rs:32:9
[INFO] [stdout]   49:     0x55f9f6e9adf2 - <alloc::boxed::Box<F> as futures::future::Future>::poll::h212cc8472c666847
[INFO] [stdout]                                at /opt/rustwide/cargo-home/registry/src/github.com-1ecc6299db9ec823/futures-0.1.31/src/future/mod.rs:113:13
[INFO] [stdout]   50:     0x55f9f6d7179f - futures::task_impl::Spawn<T>::poll_future_notify::{{closure}}::hce391831f7ede788
[INFO] [stdout]                                at /opt/rustwide/cargo-home/registry/src/github.com-1ecc6299db9ec823/futures-0.1.31/src/task_impl/mod.rs:329:45
[INFO] [stdout]   51:     0x55f9f6d71a11 - futures::task_impl::Spawn<T>::enter::{{closure}}::ha176e1e199db44c9
[INFO] [stdout]                                at /opt/rustwide/cargo-home/registry/src/github.com-1ecc6299db9ec823/futures-0.1.31/src/task_impl/mod.rs:399:27
[INFO] [stdout]   52:     0x55f9f6d799da - futures::task_impl::std::set::h087d835d69a9f3a5
[INFO] [stdout]                                at /opt/rustwide/cargo-home/registry/src/github.com-1ecc6299db9ec823/futures-0.1.31/src/task_impl/std/mod.rs:86:13
[INFO] [stdout]   53:     0x55f9f6d719be - futures::task_impl::Spawn<T>::enter::hf19fac0f102fe91f
[INFO] [stdout]                                at /opt/rustwide/cargo-home/registry/src/github.com-1ecc6299db9ec823/futures-0.1.31/src/task_impl/mod.rs:399:9
[INFO] [stdout]   54:     0x55f9f6d71628 - futures::task_impl::Spawn<T>::poll_fn_notify::h2ff9bbba8f59e887
[INFO] [stdout]                                at /opt/rustwide/cargo-home/registry/src/github.com-1ecc6299db9ec823/futures-0.1.31/src/task_impl/mod.rs:291:9
[INFO] [stdout]   55:     0x55f9f6d71788 - futures::task_impl::Spawn<T>::poll_future_notify::h8c6693db44a00f15
[INFO] [stdout]                                at /opt/rustwide/cargo-home/registry/src/github.com-1ecc6299db9ec823/futures-0.1.31/src/task_impl/mod.rs:329:9
[INFO] [stdout]   56:     0x55f9f6d748b0 - tokio_threadpool::task::Task::run::{{closure}}::h1ffac4e2a8b93dcf
[INFO] [stdout]                                at /opt/rustwide/cargo-home/registry/src/github.com-1ecc6299db9ec823/tokio-threadpool-0.1.18/src/task/mod.rs:145:17
[INFO] [stdout]   57:     0x55f9f6d5ded9 - core::ops::function::FnOnce::call_once::hcda0fe9501cdd981
[INFO] [stdout]                                at /rustc/84c898d65adf2f39a5a98507f1fe0ce10a2b8dbc/library/core/src/ops/function.rs:250:5
[INFO] [stdout]   58:     0x55f9f6d5a039 - <core::panic::unwind_safe::AssertUnwindSafe<F> as core::ops::function::FnOnce<()>>::call_once::h4e51c73d017c91e2
[INFO] [stdout]                                at /rustc/84c898d65adf2f39a5a98507f1fe0ce10a2b8dbc/library/core/src/panic/unwind_safe.rs:271:9
[INFO] [stdout]   59:     0x55f9f6d62a09 - std::panicking::try::do_call::h10602200cf1900b6
[INFO] [stdout]                                at /rustc/84c898d65adf2f39a5a98507f1fe0ce10a2b8dbc/library/std/src/panicking.rs:487:40
[INFO] [stdout]   60:     0x55f9f6d63beb - __rust_try
[INFO] [stdout]   61:     0x55f9f6d62877 - std::panicking::try::hddd1cbacda085662
[INFO] [stdout]                                at /rustc/84c898d65adf2f39a5a98507f1fe0ce10a2b8dbc/library/std/src/panicking.rs:451:19
[INFO] [stdout]   62:     0x55f9f6d5a2ce - std::panic::catch_unwind::hb8a315693706ac5f
[INFO] [stdout]                                at /rustc/84c898d65adf2f39a5a98507f1fe0ce10a2b8dbc/library/std/src/panic.rs:140:14
[INFO] [stdout]   63:     0x55f9f6d74132 - tokio_threadpool::task::Task::run::h99ee24bf44ae09ac
[INFO] [stdout]                                at /opt/rustwide/cargo-home/registry/src/github.com-1ecc6299db9ec823/tokio-threadpool-0.1.18/src/task/mod.rs:130:19
[INFO] [stdout]   64:     0x55f9f6d664be - tokio_threadpool::worker::Worker::run_task2::h0a7b5002de4fce99
[INFO] [stdout]                                at /opt/rustwide/cargo-home/registry/src/github.com-1ecc6299db9ec823/tokio-threadpool-0.1.18/src/worker/mod.rs:567:9
[INFO] [stdout]   65:     0x55f9f6d65d68 - tokio_threadpool::worker::Worker::run_task::hd3b92d11a2751783
[INFO] [stdout]                                at /opt/rustwide/cargo-home/registry/src/github.com-1ecc6299db9ec823/tokio-threadpool-0.1.18/src/worker/mod.rs:459:19
[INFO] [stdout]   66:     0x55f9f6d655f2 - tokio_threadpool::worker::Worker::try_run_owned_task::hed0ffa9ad13e93c7
[INFO] [stdout]                                at /opt/rustwide/cargo-home/registry/src/github.com-1ecc6299db9ec823/tokio-threadpool-0.1.18/src/worker/mod.rs:390:17
[INFO] [stdout]   67:     0x55f9f6d651ec - tokio_threadpool::worker::Worker::try_run_task::h92dddaa407e0e8af
[INFO] [stdout]                                at /opt/rustwide/cargo-home/registry/src/github.com-1ecc6299db9ec823/tokio-threadpool-0.1.18/src/worker/mod.rs:297:12
[INFO] [stdout]   68:     0x55f9f6d6503c - tokio_threadpool::worker::Worker::run::hcdec716209d6ca5b
[INFO] [stdout]                                at /opt/rustwide/cargo-home/registry/src/github.com-1ecc6299db9ec823/tokio-threadpool-0.1.18/src/worker/mod.rs:241:16
[INFO] [stdout]   69:     0x55f9f6d1179c - tokio::runtime::threadpool::builder::Builder::build::{{closure}}::{{closure}}::{{closure}}::{{closure}}::h89f93503e765f490
[INFO] [stdout]                                at /opt/rustwide/cargo-home/registry/src/github.com-1ecc6299db9ec823/tokio-0.1.22/src/runtime/threadpool/builder.rs:390:29
[INFO] [stdout]   70:     0x55f9f6d10559 - tokio_timer::timer::handle::with_default::h8d0b3a3eb272eed5
[INFO] [stdout]                                at /opt/rustwide/cargo-home/registry/src/github.com-1ecc6299db9ec823/tokio-timer-0.2.13/src/timer/handle.rs:74:5
[INFO] [stdout]   71:     0x55f9f6d1176e - tokio::runtime::threadpool::builder::Builder::build::{{closure}}::{{closure}}::{{closure}}::h717f7ec1a85afcbf
[INFO] [stdout]                                at /opt/rustwide/cargo-home/registry/src/github.com-1ecc6299db9ec823/tokio-0.1.22/src/runtime/threadpool/builder.rs:382:25
[INFO] [stdout]   72:     0x55f9f6d0c731 - tokio_timer::clock::clock::with_default::h2720f7557e03f64a
[INFO] [stdout]                                at /opt/rustwide/cargo-home/registry/src/github.com-1ecc6299db9ec823/tokio-timer-0.2.13/src/clock/clock.rs:125:5
[INFO] [stdout]   73:     0x55f9f6d11715 - tokio::runtime::threadpool::builder::Builder::build::{{closure}}::{{closure}}::h95a447be25d969ef
[INFO] [stdout]                                at /opt/rustwide/cargo-home/registry/src/github.com-1ecc6299db9ec823/tokio-0.1.22/src/runtime/threadpool/builder.rs:381:21
[INFO] [stdout]   74:     0x55f9f6d10631 - tokio_reactor::with_default::h71c771f9d35d6f21
[INFO] [stdout]                                at /opt/rustwide/cargo-home/registry/src/github.com-1ecc6299db9ec823/tokio-reactor-0.1.12/src/lib.rs:220:5
[INFO] [stdout]   75:     0x55f9f6d116ce - tokio::runtime::threadpool::builder::Builder::build::{{closure}}::h68332234b8baa985
[INFO] [stdout]                                at /opt/rustwide/cargo-home/registry/src/github.com-1ecc6299db9ec823/tokio-0.1.22/src/runtime/threadpool/builder.rs:380:17
[INFO] [stdout]   76:     0x55f9f6d69d18 - tokio_threadpool::callback::Callback::call::h2913a08e4021bed9
[INFO] [stdout]                                at /opt/rustwide/cargo-home/registry/src/github.com-1ecc6299db9ec823/tokio-threadpool-0.1.18/src/callback.rs:22:9
[INFO] [stdout]   77:     0x55f9f6d64de7 - tokio_threadpool::worker::Worker::do_run::{{closure}}::{{closure}}::hfe83582f8a165a3f
[INFO] [stdout]                                at /opt/rustwide/cargo-home/registry/src/github.com-1ecc6299db9ec823/tokio-threadpool-0.1.18/src/worker/mod.rs:127:21
[INFO] [stdout]   78:     0x55f9f6d53821 - tokio_executor::global::with_default::{{closure}}::h421dc2a955f25985
[INFO] [stdout]                                at /opt/rustwide/cargo-home/registry/src/github.com-1ecc6299db9ec823/tokio-executor-0.1.10/src/global.rs:221:9
[INFO] [stdout]   79:     0x55f9f6d71458 - std::thread::local::LocalKey<T>::try_with::hb84c25a8d3aed7cb
[INFO] [stdout]                                at /rustc/84c898d65adf2f39a5a98507f1fe0ce10a2b8dbc/library/std/src/thread/local.rs:446:16
[INFO] [stdout]   80:     0x55f9f6d70a7b - std::thread::local::LocalKey<T>::with::h782b5ac58386ff40
[INFO] [stdout]                                at /rustc/84c898d65adf2f39a5a98507f1fe0ce10a2b8dbc/library/std/src/thread/local.rs:422:9
[INFO] [stdout]   81:     0x55f9f6d536ce - tokio_executor::global::with_default::h9802fa7edc789462
[INFO] [stdout]                                at /opt/rustwide/cargo-home/registry/src/github.com-1ecc6299db9ec823/tokio-executor-0.1.10/src/global.rs:190:5
[INFO] [stdout]   82:     0x55f9f6d64d12 - tokio_threadpool::worker::Worker::do_run::{{closure}}::ha85a5c1cb883b74a
[INFO] [stdout]                                at /opt/rustwide/cargo-home/registry/src/github.com-1ecc6299db9ec823/tokio-threadpool-0.1.18/src/worker/mod.rs:125:13
[INFO] [stdout]   83:     0x55f9f6d711a3 - std::thread::local::LocalKey<T>::try_with::h6c9be3248db156b2
[INFO] [stdout]                                at /rustc/84c898d65adf2f39a5a98507f1fe0ce10a2b8dbc/library/std/src/thread/local.rs:446:16
[INFO] [stdout]   84:     0x55f9f6d70a04 - std::thread::local::LocalKey<T>::with::h0fee0ca56da41bca
[INFO] [stdout]                                at /rustc/84c898d65adf2f39a5a98507f1fe0ce10a2b8dbc/library/std/src/thread/local.rs:422:9
[INFO] [stdout]   85:     0x55f9f6d64bd2 - tokio_threadpool::worker::Worker::do_run::h99fa4711a0f8522b
[INFO] [stdout]                                at /opt/rustwide/cargo-home/registry/src/github.com-1ecc6299db9ec823/tokio-threadpool-0.1.18/src/worker/mod.rs:116:9
[INFO] [stdout]   86:     0x55f9f6d6da6c - tokio_threadpool::pool::Pool::spawn_thread::{{closure}}::h23f48d36ec9af216
[INFO] [stdout]                                at /opt/rustwide/cargo-home/registry/src/github.com-1ecc6299db9ec823/tokio-threadpool-0.1.18/src/pool/mod.rs:345:21
[INFO] [stdout]   87:     0x55f9f6d5a1e9 - std::sys_common::backtrace::__rust_begin_short_backtrace::he0fe9ea0ae8dd9ea
[INFO] [stdout]                                at /rustc/84c898d65adf2f39a5a98507f1fe0ce10a2b8dbc/library/std/src/sys_common/backtrace.rs:134:18
[INFO] [stdout]   88:     0x55f9f6d61082 - std::thread::Builder::spawn_unchecked_::{{closure}}::{{closure}}::h8ff29926659f5adb
[INFO] [stdout]                                at /rustc/84c898d65adf2f39a5a98507f1fe0ce10a2b8dbc/library/std/src/thread/mod.rs:560:17
[INFO] [stdout]   89:     0x55f9f6d5a072 - <core::panic::unwind_safe::AssertUnwindSafe<F> as core::ops::function::FnOnce<()>>::call_once::he24dade97e51004a
[INFO] [stdout]                                at /rustc/84c898d65adf2f39a5a98507f1fe0ce10a2b8dbc/library/core/src/panic/unwind_safe.rs:271:9
[INFO] [stdout]   90:     0x55f9f6d62bff - std::panicking::try::do_call::he98b2796b526a1b8
[INFO] [stdout]                                at /rustc/84c898d65adf2f39a5a98507f1fe0ce10a2b8dbc/library/std/src/panicking.rs:487:40
[INFO] [stdout]   91:     0x55f9f6d63beb - __rust_try
[INFO] [stdout]   92:     0x55f9f6d62741 - std::panicking::try::h58b3f462ad16c0c1
[INFO] [stdout]                                at /rustc/84c898d65adf2f39a5a98507f1fe0ce10a2b8dbc/library/std/src/panicking.rs:451:19
[INFO] [stdout]   93:     0x55f9f6d5a29a - std::panic::catch_unwind::h6a0b6aa679c39d00
[INFO] [stdout]                                at /rustc/84c898d65adf2f39a5a98507f1fe0ce10a2b8dbc/library/std/src/panic.rs:140:14
[INFO] [stdout]   94:     0x55f9f6d60e7f - std::thread::Builder::spawn_unchecked_::{{closure}}::hd9ede1bdc42fbab6
[INFO] [stdout]                                at /rustc/84c898d65adf2f39a5a98507f1fe0ce10a2b8dbc/library/std/src/thread/mod.rs:559:30
[INFO] [stdout]   95:     0x55f9f6d5dc8f - core::ops::function::FnOnce::call_once{{vtable.shim}}::h04f8d61adbcb0dac
[INFO] [stdout]                                at /rustc/84c898d65adf2f39a5a98507f1fe0ce10a2b8dbc/library/core/src/ops/function.rs:250:5
[INFO] [stdout]   96:     0x55f9f6ecc993 - <alloc::boxed::Box<F,A> as core::ops::function::FnOnce<Args>>::call_once::h39990b24eedef2ab
[INFO] [stdout]                                at /rustc/84c898d65adf2f39a5a98507f1fe0ce10a2b8dbc/library/alloc/src/boxed.rs:1987:9
[INFO] [stdout]   97:     0x55f9f6ecc993 - <alloc::boxed::Box<F,A> as core::ops::function::FnOnce<Args>>::call_once::h01a027258444143b
[INFO] [stdout]                                at /rustc/84c898d65adf2f39a5a98507f1fe0ce10a2b8dbc/library/alloc/src/boxed.rs:1987:9
[INFO] [stdout]   98:     0x55f9f6ecc993 - std::sys::unix::thread::Thread::new::thread_start::ha4f1cdd9c25884ba
[INFO] [stdout]                                at /rustc/84c898d65adf2f39a5a98507f1fe0ce10a2b8dbc/library/std/src/sys/unix/thread.rs:108:17
[INFO] [stdout]   99:     0x7f07eb6b0b43 - <unknown>
[INFO] [stdout]  100:     0x7f07eb741bb4 - __clone
[INFO] [stdout]  101:                0x0 - <unknown>
[INFO] [stdout] thread 'auth' panicked at 'called `Result::unwrap()` on an `Err` value: Canceled', /opt/rustwide/cargo-home/registry/src/github.com-1ecc6299db9ec823/tokio-0.1.22/src/runtime/threadpool/mod.rs:269:30
[INFO] [stdout] stack backtrace:
[INFO] [stdout]    0:     0x55f9f6ec62ea - std::backtrace_rs::backtrace::libunwind::trace::ha9053a9a07ca49cb
[INFO] [stdout]                                at /rustc/84c898d65adf2f39a5a98507f1fe0ce10a2b8dbc/library/std/src/../../backtrace/src/backtrace/libunwind.rs:93:5
[INFO] [stdout]    1:     0x55f9f6ec62ea - std::backtrace_rs::backtrace::trace_unsynchronized::h9c2852a457ad564e
[INFO] [stdout]                                at /rustc/84c898d65adf2f39a5a98507f1fe0ce10a2b8dbc/library/std/src/../../backtrace/src/backtrace/mod.rs:66:5
[INFO] [stdout]    2:     0x55f9f6ec62ea - std::sys_common::backtrace::_print_fmt::h457936fbfaa0070f
[INFO] [stdout]                                at /rustc/84c898d65adf2f39a5a98507f1fe0ce10a2b8dbc/library/std/src/sys_common/backtrace.rs:65:5
[INFO] [stdout]    3:     0x55f9f6ec62ea - <std::sys_common::backtrace::_print::DisplayBacktrace as core::fmt::Display>::fmt::h5779d7bf7f70cb0c
[INFO] [stdout]                                at /rustc/84c898d65adf2f39a5a98507f1fe0ce10a2b8dbc/library/std/src/sys_common/backtrace.rs:44:22
[INFO] [stdout]    4:     0x55f9f6eec6ae - core::fmt::write::h5a4baaff1bcd3eb5
[INFO] [stdout]                                at /rustc/84c898d65adf2f39a5a98507f1fe0ce10a2b8dbc/library/core/src/fmt/mod.rs:1232:17
[INFO] [stdout]    5:     0x55f9f6ec2eb5 - std::io::Write::write_fmt::h478f79c628ef31d1
[INFO] [stdout]                                at /rustc/84c898d65adf2f39a5a98507f1fe0ce10a2b8dbc/library/std/src/io/mod.rs:1684:15
[INFO] [stdout]    6:     0x55f9f6ec60b5 - std::sys_common::backtrace::_print::h5fcdc36060f177e8
[INFO] [stdout]                                at /rustc/84c898d65adf2f39a5a98507f1fe0ce10a2b8dbc/library/std/src/sys_common/backtrace.rs:47:5
[INFO] [stdout]    7:     0x55f9f6ec60b5 - std::sys_common::backtrace::print::h54ca9458b876c8bf
[INFO] [stdout]                                at /rustc/84c898d65adf2f39a5a98507f1fe0ce10a2b8dbc/library/std/src/sys_common/backtrace.rs:34:9
[INFO] [stdout]    8:     0x55f9f6ec7e7f - std::panicking::default_hook::{{closure}}::hbe471161c7664ed6
[INFO] [stdout]                                at /rustc/84c898d65adf2f39a5a98507f1fe0ce10a2b8dbc/library/std/src/panicking.rs:271:22
[INFO] [stdout]    9:     0x55f9f6ec7b3f - std::panicking::default_hook::ha3500da57aa4ac4f
[INFO] [stdout]                                at /rustc/84c898d65adf2f39a5a98507f1fe0ce10a2b8dbc/library/std/src/panicking.rs:287:9
[INFO] [stdout]   10:     0x55f9f6ca2f97 - <alloc::boxed::Box<F,A> as core::ops::function::Fn<Args>>::call::hdf1b89dd137ece34
[INFO] [stdout]                                at /rustc/84c898d65adf2f39a5a98507f1fe0ce10a2b8dbc/library/alloc/src/boxed.rs:2001:9
[INFO] [stdout]   11:     0x55f9f6ca2f97 - test::test_main::{{closure}}::h9081a79f20e75698
[INFO] [stdout]                                at /rustc/84c898d65adf2f39a5a98507f1fe0ce10a2b8dbc/library/test/src/lib.rs:135:21
[INFO] [stdout]   12:     0x55f9f6ec85ad - <alloc::boxed::Box<F,A> as core::ops::function::Fn<Args>>::call::h6507bddc3eebb4a5
[INFO] [stdout]                                at /rustc/84c898d65adf2f39a5a98507f1fe0ce10a2b8dbc/library/alloc/src/boxed.rs:2001:9
[INFO] [stdout]   13:     0x55f9f6ec85ad - std::panicking::rust_panic_with_hook::h50c09d000dc561d2
[INFO] [stdout]                                at /rustc/84c898d65adf2f39a5a98507f1fe0ce10a2b8dbc/library/std/src/panicking.rs:696:13
[INFO] [stdout]   14:     0x55f9f6ec8329 - std::panicking::begin_panic_handler::{{closure}}::h9e2b2176e00e0d9c
[INFO] [stdout]                                at /rustc/84c898d65adf2f39a5a98507f1fe0ce10a2b8dbc/library/std/src/panicking.rs:583:13
[INFO] [stdout]   15:     0x55f9f6ec6756 - std::sys_common::backtrace::__rust_end_short_backtrace::h5739b8e512c09d02
[INFO] [stdout]                                at /rustc/84c898d65adf2f39a5a98507f1fe0ce10a2b8dbc/library/std/src/sys_common/backtrace.rs:150:18
[INFO] [stdout]   16:     0x55f9f6ec8032 - rust_begin_unwind
[INFO] [stdout]                                at /rustc/84c898d65adf2f39a5a98507f1fe0ce10a2b8dbc/library/std/src/panicking.rs:579:5
[INFO] [stdout]   17:     0x55f9f6b951c3 - core::panicking::panic_fmt::hf33a1475b4dc5c3e
[INFO] [stdout]                                at /rustc/84c898d65adf2f39a5a98507f1fe0ce10a2b8dbc/library/core/src/panicking.rs:64:14
[INFO] [stdout]   18:     0x55f9f6b95673 - core::result::unwrap_failed::hdff5465d74574b44
[INFO] [stdout]                                at /rustc/84c898d65adf2f39a5a98507f1fe0ce10a2b8dbc/library/core/src/result.rs:1750:5
[INFO] [stdout]   19:     0x55f9f6bd4b83 - core::result::Result<T,E>::unwrap::ha22402d84aa9c574
[INFO] [stdout]                                at /rustc/84c898d65adf2f39a5a98507f1fe0ce10a2b8dbc/library/core/src/result.rs:1090:23
[INFO] [stdout]   20:     0x55f9f6bf3e25 - tokio::runtime::threadpool::Runtime::block_on::h8b63d983170613f7
[INFO] [stdout]                                at /opt/rustwide/cargo-home/registry/src/github.com-1ecc6299db9ec823/tokio-0.1.22/src/runtime/threadpool/mod.rs:269:9
[INFO] [stdout]   21:     0x55f9f6bf88ea - auth_test::auth::h21c5dec55a93941b
[INFO] [stdout]                                at /opt/rustwide/workdir/tests/auth_test.rs:136:13
[INFO] [stdout]   22:     0x55f9f6bf7eb7 - auth_test::auth::{{closure}}::h751327d549ebb54e
[INFO] [stdout]                                at /opt/rustwide/workdir/tests/auth_test.rs:7:11
[INFO] [stdout]   23:     0x55f9f6c4aa65 - core::ops::function::FnOnce::call_once::haa9467a1df43bae8
[INFO] [stdout]                                at /rustc/84c898d65adf2f39a5a98507f1fe0ce10a2b8dbc/library/core/src/ops/function.rs:250:5
[INFO] [stdout]   24:     0x55f9f6ca837f - core::ops::function::FnOnce::call_once::h7d969581be7d0075
[INFO] [stdout]                                at /rustc/84c898d65adf2f39a5a98507f1fe0ce10a2b8dbc/library/core/src/ops/function.rs:250:5
[INFO] [stdout]   25:     0x55f9f6ca837f - test::__rust_begin_short_backtrace::hca25a52684e56655
[INFO] [stdout]                                at /rustc/84c898d65adf2f39a5a98507f1fe0ce10a2b8dbc/library/test/src/lib.rs:656:18
[INFO] [stdout]   26:     0x55f9f6c7999c - test::run_test::{{closure}}::ha8ac744c4af1a4bb
[INFO] [stdout]                                at /rustc/84c898d65adf2f39a5a98507f1fe0ce10a2b8dbc/library/test/src/lib.rs:647:30
[INFO] [stdout]   27:     0x55f9f6c7999c - core::ops::function::FnOnce::call_once{{vtable.shim}}::h7b411a9ed45bdecf
[INFO] [stdout]                                at /rustc/84c898d65adf2f39a5a98507f1fe0ce10a2b8dbc/library/core/src/ops/function.rs:250:5
[INFO] [stdout]   28:     0x55f9f6ca7346 - <alloc::boxed::Box<F,A> as core::ops::function::FnOnce<Args>>::call_once::hd05328869a8ed200
[INFO] [stdout]                                at /rustc/84c898d65adf2f39a5a98507f1fe0ce10a2b8dbc/library/alloc/src/boxed.rs:1987:9
[INFO] [stdout]   29:     0x55f9f6ca7346 - <core::panic::unwind_safe::AssertUnwindSafe<F> as core::ops::function::FnOnce<()>>::call_once::h0c601ce20bd5b2be
[INFO] [stdout]                                at /rustc/84c898d65adf2f39a5a98507f1fe0ce10a2b8dbc/library/core/src/panic/unwind_safe.rs:271:9
[INFO] [stdout]   30:     0x55f9f6ca7346 - std::panicking::try::do_call::ha4be5c164fe30854
[INFO] [stdout]                                at /rustc/84c898d65adf2f39a5a98507f1fe0ce10a2b8dbc/library/std/src/panicking.rs:487:40
[INFO] [stdout]   31:     0x55f9f6ca7346 - std::panicking::try::h604546f3609af05f
[INFO] [stdout]                                at /rustc/84c898d65adf2f39a5a98507f1fe0ce10a2b8dbc/library/std/src/panicking.rs:451:19
[INFO] [stdout]   32:     0x55f9f6ca7346 - std::panic::catch_unwind::h5bfa8afe44c9c2f9
[INFO] [stdout]                                at /rustc/84c898d65adf2f39a5a98507f1fe0ce10a2b8dbc/library/std/src/panic.rs:140:14
[INFO] [stdout]   33:     0x55f9f6ca7346 - test::run_test_in_process::hd50dee55dd63e6aa
[INFO] [stdout]                                at /rustc/84c898d65adf2f39a5a98507f1fe0ce10a2b8dbc/library/test/src/lib.rs:679:27
[INFO] [stdout]   34:     0x55f9f6ca7346 - test::run_test::run_test_inner::{{closure}}::h4aa0f433aa85cea8
[INFO] [stdout]                                at /rustc/84c898d65adf2f39a5a98507f1fe0ce10a2b8dbc/library/test/src/lib.rs:573:39
[INFO] [stdout]   35:     0x55f9f6c74011 - test::run_test::run_test_inner::{{closure}}::had56431adf24b4d6
[INFO] [stdout]                                at /rustc/84c898d65adf2f39a5a98507f1fe0ce10a2b8dbc/library/test/src/lib.rs:600:37
[INFO] [stdout]   36:     0x55f9f6c74011 - std::sys_common::backtrace::__rust_begin_short_backtrace::ha8d9890e0c73bf13
[INFO] [stdout]                                at /rustc/84c898d65adf2f39a5a98507f1fe0ce10a2b8dbc/library/std/src/sys_common/backtrace.rs:134:18
[INFO] [stdout]   37:     0x55f9f6c79a2b - std::thread::Builder::spawn_unchecked_::{{closure}}::{{closure}}::h251832bcb4a95327
[INFO] [stdout]                                at /rustc/84c898d65adf2f39a5a98507f1fe0ce10a2b8dbc/library/std/src/thread/mod.rs:560:17
[INFO] [stdout]   38:     0x55f9f6c79a2b - <core::panic::unwind_safe::AssertUnwindSafe<F> as core::ops::function::FnOnce<()>>::call_once::h8fdff598fa414831
[INFO] [stdout]                                at /rustc/84c898d65adf2f39a5a98507f1fe0ce10a2b8dbc/library/core/src/panic/unwind_safe.rs:271:9
[INFO] [stdout]   39:     0x55f9f6c79a2b - std::panicking::try::do_call::h455dd2f7764a950f
[INFO] [stdout]                                at /rustc/84c898d65adf2f39a5a98507f1fe0ce10a2b8dbc/library/std/src/panicking.rs:487:40
[INFO] [stdout]   40:     0x55f9f6c79a2b - std::panicking::try::had6f23b7b73ae72a
[INFO] [stdout]                                at /rustc/84c898d65adf2f39a5a98507f1fe0ce10a2b8dbc/library/std/src/panicking.rs:451:19
[INFO] [stdout]   41:     0x55f9f6c79a2b - std::panic::catch_unwind::ha6a5ca3915b4dad0
[INFO] [stdout]                                at /rustc/84c898d65adf2f39a5a98507f1fe0ce10a2b8dbc/library/std/src/panic.rs:140:14
[INFO] [stdout]   42:     0x55f9f6c79a2b - std::thread::Builder::spawn_unchecked_::{{closure}}::h883b72ef75da6231
[INFO] [stdout]                                at /rustc/84c898d65adf2f39a5a98507f1fe0ce10a2b8dbc/library/std/src/thread/mod.rs:559:30
[INFO] [stdout]   43:     0x55f9f6c79a2b - core::ops::function::FnOnce::call_once{{vtable.shim}}::hb7dff73dc8bd2ccb
[INFO] [stdout]                                at /rustc/84c898d65adf2f39a5a98507f1fe0ce10a2b8dbc/library/core/src/ops/function.rs:250:5
[INFO] [stdout]   44:     0x55f9f6ecc993 - <alloc::boxed::Box<F,A> as core::ops::function::FnOnce<Args>>::call_once::h39990b24eedef2ab
[INFO] [stdout]                                at /rustc/84c898d65adf2f39a5a98507f1fe0ce10a2b8dbc/library/alloc/src/boxed.rs:1987:9
[INFO] [stdout]   45:     0x55f9f6ecc993 - <alloc::boxed::Box<F,A> as core::ops::function::FnOnce<Args>>::call_once::h01a027258444143b
[INFO] [stdout]                                at /rustc/84c898d65adf2f39a5a98507f1fe0ce10a2b8dbc/library/alloc/src/boxed.rs:1987:9
[INFO] [stdout]   46:     0x55f9f6ecc993 - std::sys::unix::thread::Thread::new::thread_start::ha4f1cdd9c25884ba
[INFO] [stdout]                                at /rustc/84c898d65adf2f39a5a98507f1fe0ce10a2b8dbc/library/std/src/sys/unix/thread.rs:108:17
[INFO] [stdout]   47:     0x7f07eb6b0b43 - <unknown>
[INFO] [stdout]   48:     0x7f07eb741bb4 - __clone
[INFO] [stdout]   49:                0x0 - <unknown>
[INFO] [stdout] 
[INFO] [stdout] 
[INFO] [stdout] failures:
[INFO] [stdout]     auth
[INFO] [stdout] 
[INFO] [stdout] test result: FAILED. 0 passed; 1 failed; 0 ignored; 0 measured; 0 filtered out; finished in 0.03s
[INFO] [stdout] 
[INFO] [stderr] error: test failed, to rerun pass `--test auth_test`
[INFO] running `Command { std: "docker" "inspect" "22501be0dda07f7c5c0b227e2e95669d207aa1c8aceb29ea637c9463db3de5e9", kill_on_drop: false }`
[INFO] running `Command { std: "docker" "rm" "-f" "22501be0dda07f7c5c0b227e2e95669d207aa1c8aceb29ea637c9463db3de5e9", kill_on_drop: false }`
[INFO] [stdout] 22501be0dda07f7c5c0b227e2e95669d207aa1c8aceb29ea637c9463db3de5e9
