[INFO] fetching crate esthri 10.0.3...
[INFO] testing esthri-10.0.3 against 1.69.0 for beta-1.70-1
[INFO] extracting crate esthri 10.0.3 into /workspace/builds/worker-6-tc1/source
[INFO] validating manifest of crates.io crate esthri 10.0.3 on toolchain 1.69.0
[INFO] running `Command { std: CARGO_HOME="/workspace/cargo-home" RUSTUP_HOME="/workspace/rustup-home" "/workspace/cargo-home/bin/cargo" "+1.69.0" "metadata" "--manifest-path" "Cargo.toml" "--no-deps", kill_on_drop: false }`
[INFO] started tweaking crates.io crate esthri 10.0.3
[INFO] finished tweaking crates.io crate esthri 10.0.3
[INFO] tweaked toml for crates.io crate esthri 10.0.3 written to /workspace/builds/worker-6-tc1/source/Cargo.toml
[INFO] running `Command { std: CARGO_HOME="/workspace/cargo-home" RUSTUP_HOME="/workspace/rustup-home" __CARGO_TEST_CHANNEL_OVERRIDE_DO_NOT_USE_THIS="nightly" "/workspace/cargo-home/bin/cargo" "+1.69.0" "generate-lockfile" "--manifest-path" "Cargo.toml" "-Zno-index-update", kill_on_drop: false }`
[INFO] running `Command { std: CARGO_HOME="/workspace/cargo-home" RUSTUP_HOME="/workspace/rustup-home" "/workspace/cargo-home/bin/cargo" "+1.69.0" "fetch" "--manifest-path" "Cargo.toml", kill_on_drop: false }`
[INFO] [stderr]  Downloading crates ...
[INFO] [stderr]   Downloaded esthri-internals v10.0.3
[INFO] [stderr]   Downloaded rusoto_s3 v0.48.0
[INFO] [stderr]   Downloaded hyper-rustls v0.24.0
[INFO] [stderr]   Downloaded rustls-webpki v0.100.1
[INFO] [stderr]   Downloaded tokio-rustls v0.24.0
[INFO] [stderr]   Downloaded predicates v3.0.3
[INFO] [stderr]   Downloaded envy v0.4.2
[INFO] [stderr]   Downloaded rusoto_sts v0.48.0
[INFO] [stderr]   Downloaded tokio-retry v0.3.0
[INFO] [stderr]   Downloaded log-derive v0.4.1
[INFO] [stderr]   Downloaded serde-tuple-vec-map v1.0.1
[INFO] [stderr]   Downloaded assert_cmd v2.0.11
[INFO] [stderr]   Downloaded rustls v0.21.0
[INFO] [stderr]   Downloaded webpki-roots v0.23.0
[INFO] running `Command { std: "docker" "create" "-v" "/var/lib/crater-agent-workspace/builds/worker-6-tc1/target:/opt/rustwide/target:rw,Z" "-v" "/var/lib/crater-agent-workspace/builds/worker-6-tc1/source:/opt/rustwide/workdir:ro,Z" "-v" "/var/lib/crater-agent-workspace/cargo-home:/opt/rustwide/cargo-home:ro,Z" "-v" "/var/lib/crater-agent-workspace/rustup-home:/opt/rustwide/rustup-home:ro,Z" "-e" "SOURCE_DIR=/opt/rustwide/workdir" "-e" "CARGO_TARGET_DIR=/opt/rustwide/target" "-e" "CARGO_HOME=/opt/rustwide/cargo-home" "-e" "RUSTUP_HOME=/opt/rustwide/rustup-home" "-w" "/opt/rustwide/workdir" "-m" "1610612736" "--user" "0:0" "--network" "none" "ghcr.io/rust-lang/crates-build-env/linux@sha256:5ff2268d62e97bff2cde7d5815dd6ed5b47097566f13b8d0ca110b04b60e07ed" "/opt/rustwide/cargo-home/bin/cargo" "+1.69.0" "metadata" "--no-deps" "--format-version=1", kill_on_drop: false }`
[INFO] [stdout] c31fe1b8582798af3ffb4a30fd9c409e3c9a77447dc03a0c683afd177495c34b
[INFO] running `Command { std: "docker" "start" "-a" "c31fe1b8582798af3ffb4a30fd9c409e3c9a77447dc03a0c683afd177495c34b", kill_on_drop: false }`
[INFO] running `Command { std: "docker" "inspect" "c31fe1b8582798af3ffb4a30fd9c409e3c9a77447dc03a0c683afd177495c34b", kill_on_drop: false }`
[INFO] running `Command { std: "docker" "rm" "-f" "c31fe1b8582798af3ffb4a30fd9c409e3c9a77447dc03a0c683afd177495c34b", kill_on_drop: false }`
[INFO] [stdout] c31fe1b8582798af3ffb4a30fd9c409e3c9a77447dc03a0c683afd177495c34b
[INFO] running `Command { std: "docker" "create" "-v" "/var/lib/crater-agent-workspace/builds/worker-6-tc1/target:/opt/rustwide/target:rw,Z" "-v" "/var/lib/crater-agent-workspace/builds/worker-6-tc1/source:/opt/rustwide/workdir:ro,Z" "-v" "/var/lib/crater-agent-workspace/cargo-home:/opt/rustwide/cargo-home:ro,Z" "-v" "/var/lib/crater-agent-workspace/rustup-home:/opt/rustwide/rustup-home:ro,Z" "-e" "SOURCE_DIR=/opt/rustwide/workdir" "-e" "CARGO_TARGET_DIR=/opt/rustwide/target" "-e" "CARGO_INCREMENTAL=0" "-e" "RUST_BACKTRACE=full" "-e" "RUSTFLAGS=--cap-lints=warn" "-e" "RUSTDOCFLAGS=--cap-lints=warn" "-e" "CARGO_HOME=/opt/rustwide/cargo-home" "-e" "RUSTUP_HOME=/opt/rustwide/rustup-home" "-w" "/opt/rustwide/workdir" "-m" "1610612736" "--user" "0:0" "--network" "none" "ghcr.io/rust-lang/crates-build-env/linux@sha256:5ff2268d62e97bff2cde7d5815dd6ed5b47097566f13b8d0ca110b04b60e07ed" "/opt/rustwide/cargo-home/bin/cargo" "+1.69.0" "build" "--frozen" "--message-format=json", kill_on_drop: false }`
[INFO] [stdout] 2213df36fcd4cc837c1eb4e160ebd7e4a25d113127cedc4c4d3773754c26f47f
[INFO] running `Command { std: "docker" "start" "-a" "2213df36fcd4cc837c1eb4e160ebd7e4a25d113127cedc4c4d3773754c26f47f", kill_on_drop: false }`
[INFO] [stderr]    Compiling proc-macro2 v1.0.56
[INFO] [stderr]    Compiling libc v0.2.142
[INFO] [stderr]    Compiling log v0.4.17
[INFO] [stderr]    Compiling once_cell v1.17.1
[INFO] [stderr]    Compiling fnv v1.0.7
[INFO] [stderr]    Compiling cc v1.0.79
[INFO] [stderr]    Compiling smallvec v1.10.0
[INFO] [stderr]    Compiling tokio v1.28.0
[INFO] [stderr]    Compiling untrusted v0.7.1
[INFO] [stderr]    Compiling spin v0.5.2
[INFO] [stderr]    Compiling futures-channel v0.3.28
[INFO] [stderr]    Compiling futures-util v0.3.28
[INFO] [stderr]    Compiling serde v1.0.160
[INFO] [stderr]    Compiling indexmap v1.9.3
[INFO] [stderr]    Compiling hashbrown v0.12.3
[INFO] [stderr]    Compiling httparse v1.8.0
[INFO] [stderr]    Compiling http v0.2.9
[INFO] [stderr]    Compiling tracing-core v0.1.30
[INFO] [stderr]    Compiling try-lock v0.2.4
[INFO] [stderr]    Compiling tower-service v0.3.2
[INFO] [stderr]    Compiling ident_case v1.0.1
[INFO] [stderr]    Compiling httpdate v1.0.2
[INFO] [stderr]    Compiling num-integer v0.1.45
[INFO] [stderr]    Compiling base64 v0.21.0
[INFO] [stderr]    Compiling rustls v0.20.8
[INFO] [stderr]    Compiling percent-encoding v2.2.0
[INFO] [stderr]    Compiling digest v0.9.0
[INFO] [stderr]    Compiling crc32fast v1.3.2
[INFO] [stderr]    Compiling want v0.3.0
[INFO] [stderr]    Compiling async-trait v0.1.68
[INFO] [stderr]    Compiling openssl-probe v0.1.5
[INFO] [stderr]    Compiling tracing v0.1.37
[INFO] [stderr]    Compiling rustls-pemfile v1.0.2
[INFO] [stderr]    Compiling block-buffer v0.9.0
[INFO] [stderr]    Compiling iana-time-zone v0.1.56
[INFO] [stderr]    Compiling opaque-debug v0.3.0
[INFO] [stderr]    Compiling rustls-native-certs v0.6.2
[INFO] [stderr]    Compiling subtle v2.4.1
[INFO] [stderr]    Compiling cpufeatures v0.2.7
[INFO] [stderr]    Compiling shlex v1.1.0
[INFO] [stderr]    Compiling strsim v0.10.0
[INFO] [stderr]    Compiling quote v1.0.26
[INFO] [stderr]    Compiling zeroize v1.6.0
[INFO] [stderr]    Compiling crypto-mac v0.11.1
[INFO] [stderr]    Compiling sha2 v0.9.9
[INFO] [stderr]    Compiling rusoto_core v0.48.0
[INFO] [stderr]    Compiling md-5 v0.9.1
[INFO] [stderr]    Compiling hmac v0.11.0
[INFO] [stderr]    Compiling form_urlencoded v1.1.0
[INFO] [stderr]    Compiling rustls v0.21.0
[INFO] [stderr]    Compiling syn v2.0.15
[INFO] [stderr]    Compiling syn v1.0.109
[INFO] [stderr]    Compiling http-body v0.4.5
[INFO] [stderr]    Compiling hex v0.4.3
[INFO] [stderr]    Compiling base64 v0.13.1
[INFO] [stderr]    Compiling tinyvec_macros v0.1.1
[INFO] [stderr]    Compiling io-lifetimes v1.0.10
[INFO] [stderr]    Compiling xml-rs v0.8.4
[INFO] [stderr]    Compiling strsim v0.9.3
[INFO] [stderr]    Compiling unicode-bidi v0.3.13
[INFO] [stderr]    Compiling rustversion v1.0.12
[INFO] [stderr]    Compiling ring v0.16.20
[INFO] [stderr]    Compiling tinyvec v1.6.0
[INFO] [stderr]    Compiling rustix v0.37.18
[INFO] [stderr]    Compiling ppv-lite86 v0.2.17
[INFO] [stderr]    Compiling adler v1.0.2
[INFO] [stderr]    Compiling crypto-common v0.1.6
[INFO] [stderr]    Compiling miniz_oxide v0.7.1
[INFO] [stderr]    Compiling thiserror v1.0.40
[INFO] [stderr]    Compiling linux-raw-sys v0.3.6
[INFO] [stderr]    Compiling encoding_rs v0.8.32
[INFO] [stderr]    Compiling parking_lot_core v0.9.7
[INFO] [stderr]    Compiling num_cpus v1.15.0
[INFO] [stderr]    Compiling socket2 v0.4.9
[INFO] [stderr]    Compiling mio v0.8.6
[INFO] [stderr]    Compiling signal-hook-registry v1.4.1
[INFO] [stderr]    Compiling time v0.1.45
[INFO] [stderr]    Compiling dirs-sys-next v0.1.2
[INFO] [stderr]    Compiling parking_lot v0.12.1
[INFO] [stderr]    Compiling getrandom v0.2.9
[INFO] [stderr]    Compiling dirs-next v2.0.0
[INFO] [stderr]    Compiling unicode-normalization v0.1.22
[INFO] [stderr]    Compiling rand_core v0.6.4
[INFO] [stderr]    Compiling flate2 v1.0.26
[INFO] [stderr]    Compiling digest v0.10.6
[INFO] [stderr]    Compiling mime v0.3.17
[INFO] [stderr]    Compiling fastrand v1.9.0
[INFO] [stderr]    Compiling ipnet v2.7.2
[INFO] [stderr]    Compiling same-file v1.0.6
[INFO] [stderr]    Compiling rand_chacha v0.3.1
[INFO] [stderr]    Compiling heck v0.4.1
[INFO] [stderr]    Compiling md-5 v0.10.5
[INFO] [stderr]    Compiling walkdir v2.3.3
[INFO] [stderr]    Compiling glob v0.3.1
[INFO] [stderr]    Compiling strum v0.24.1
[INFO] [stderr]    Compiling idna v0.3.0
[INFO] [stderr]    Compiling rand v0.8.5
[INFO] [stderr]    Compiling url v2.3.1
[INFO] [stderr]    Compiling tokio-macros v2.1.0
[INFO] [stderr]    Compiling futures-macro v0.3.28
[INFO] [stderr]    Compiling serde_derive v1.0.160
[INFO] [stderr]    Compiling thiserror-impl v1.0.40
[INFO] [stderr]    Compiling async-stream-impl v0.3.5
[INFO] [stderr]    Compiling darling_core v0.14.4
[INFO] [stderr]    Compiling darling_core v0.10.2
[INFO] [stderr]    Compiling tempfile v3.5.0
[INFO] [stderr]    Compiling async-stream v0.3.5
[INFO] [stderr]    Compiling sct v0.7.0
[INFO] [stderr]    Compiling webpki v0.22.0
[INFO] [stderr]    Compiling rustls-webpki v0.100.1
[INFO] [stderr]    Compiling webpki-roots v0.22.6
[INFO] [stderr]    Compiling webpki-roots v0.23.0
[INFO] [stderr]    Compiling pin-project-internal v1.0.12
[INFO] [stderr]    Compiling strum_macros v0.24.3
[INFO] [stderr]    Compiling darling_macro v0.10.2
[INFO] [stderr]    Compiling darling_macro v0.14.4
[INFO] [stderr]    Compiling pin-project v1.0.12
[INFO] [stderr]    Compiling darling v0.10.2
[INFO] [stderr]    Compiling log-derive v0.4.1
[INFO] [stderr]    Compiling darling v0.14.4
[INFO] [stderr]    Compiling derive_builder_core v0.12.0
[INFO] [stderr]    Compiling futures-executor v0.3.28
[INFO] [stderr]    Compiling derive_builder_macro v0.12.0
[INFO] [stderr]    Compiling futures v0.3.28
[INFO] [stderr]    Compiling derive_builder v0.12.0
[INFO] [stderr]    Compiling tokio-util v0.7.8
[INFO] [stderr]    Compiling tokio-rustls v0.23.4
[INFO] [stderr]    Compiling tokio-rustls v0.24.0
[INFO] [stderr]    Compiling tokio-retry v0.3.0
[INFO] [stderr]    Compiling async-compression v0.3.15
[INFO] [stderr]    Compiling tokio-stream v0.1.14
[INFO] [stderr]    Compiling h2 v0.3.18
[INFO] [stderr]    Compiling serde_json v1.0.96
[INFO] [stderr]    Compiling chrono v0.4.24
[INFO] [stderr]    Compiling serde_urlencoded v0.7.1
[INFO] [stderr]    Compiling envy v0.4.2
[INFO] [stderr]    Compiling serde-tuple-vec-map v1.0.1
[INFO] [stderr]    Compiling hyper v0.14.26
[INFO] [stderr]    Compiling rusoto_credential v0.48.0
[INFO] [stderr]    Compiling hyper-rustls v0.23.2
[INFO] [stderr]    Compiling hyper-rustls v0.24.0
[INFO] [stderr]    Compiling reqwest v0.11.17
[INFO] [stderr]    Compiling rusoto_signature v0.48.0
[INFO] [stderr]    Compiling rusoto_sts v0.48.0
[INFO] [stderr]    Compiling rusoto_s3 v0.48.0
[INFO] [stderr]    Compiling esthri-internals v10.0.3
[INFO] [stderr]    Compiling esthri v10.0.3 (/opt/rustwide/workdir)
[INFO] [stderr]     Finished dev [unoptimized + debuginfo] target(s) in 37.07s
[INFO] running `Command { std: "docker" "inspect" "2213df36fcd4cc837c1eb4e160ebd7e4a25d113127cedc4c4d3773754c26f47f", kill_on_drop: false }`
[INFO] running `Command { std: "docker" "rm" "-f" "2213df36fcd4cc837c1eb4e160ebd7e4a25d113127cedc4c4d3773754c26f47f", kill_on_drop: false }`
[INFO] [stdout] 2213df36fcd4cc837c1eb4e160ebd7e4a25d113127cedc4c4d3773754c26f47f
[INFO] running `Command { std: "docker" "create" "-v" "/var/lib/crater-agent-workspace/builds/worker-6-tc1/target:/opt/rustwide/target:rw,Z" "-v" "/var/lib/crater-agent-workspace/builds/worker-6-tc1/source:/opt/rustwide/workdir:ro,Z" "-v" "/var/lib/crater-agent-workspace/cargo-home:/opt/rustwide/cargo-home:ro,Z" "-v" "/var/lib/crater-agent-workspace/rustup-home:/opt/rustwide/rustup-home:ro,Z" "-e" "SOURCE_DIR=/opt/rustwide/workdir" "-e" "CARGO_TARGET_DIR=/opt/rustwide/target" "-e" "CARGO_INCREMENTAL=0" "-e" "RUST_BACKTRACE=full" "-e" "RUSTFLAGS=--cap-lints=warn" "-e" "RUSTDOCFLAGS=--cap-lints=warn" "-e" "CARGO_HOME=/opt/rustwide/cargo-home" "-e" "RUSTUP_HOME=/opt/rustwide/rustup-home" "-w" "/opt/rustwide/workdir" "-m" "1610612736" "--user" "0:0" "--network" "none" "ghcr.io/rust-lang/crates-build-env/linux@sha256:5ff2268d62e97bff2cde7d5815dd6ed5b47097566f13b8d0ca110b04b60e07ed" "/opt/rustwide/cargo-home/bin/cargo" "+1.69.0" "test" "--frozen" "--no-run" "--message-format=json", kill_on_drop: false }`
[INFO] [stdout] 5f4eabb534b5015f533eb20dc2e2411b75f7b110b041228e9454799bd7f0a480
[INFO] running `Command { std: "docker" "start" "-a" "5f4eabb534b5015f533eb20dc2e2411b75f7b110b041228e9454799bd7f0a480", kill_on_drop: false }`
[INFO] [stderr]    Compiling doc-comment v0.3.3
[INFO] [stderr]    Compiling predicates-core v1.0.6
[INFO] [stderr]    Compiling either v1.8.1
[INFO] [stderr]    Compiling backtrace v0.3.67
[INFO] [stderr]    Compiling difflib v0.4.0
[INFO] [stderr]    Compiling regex-automata v0.1.10
[INFO] [stderr]    Compiling termtree v0.4.1
[INFO] [stderr]    Compiling anstyle v1.0.0
[INFO] [stderr]    Compiling gimli v0.27.2
[INFO] [stderr]    Compiling miniz_oxide v0.6.2
[INFO] [stderr]    Compiling object v0.30.3
[INFO] [stderr]    Compiling rand v0.4.6
[INFO] [stderr]    Compiling wait-timeout v0.2.0
[INFO] [stderr]    Compiling xattr v0.2.3
[INFO] [stderr]    Compiling filetime v0.2.21
[INFO] [stderr]    Compiling remove_dir_all v0.5.3
[INFO] [stderr]    Compiling rustc-demangle v0.1.23
[INFO] [stderr]    Compiling fs_extra v1.3.0
[INFO] [stderr]    Compiling itertools v0.10.5
[INFO] [stderr]    Compiling bstr v1.4.0
[INFO] [stderr]    Compiling predicates-tree v1.0.9
[INFO] [stderr]    Compiling tar v0.4.38
[INFO] [stderr]    Compiling tempdir v0.3.7
[INFO] [stderr]    Compiling predicates v3.0.3
[INFO] [stderr]    Compiling assert_cmd v2.0.11
[INFO] [stderr]    Compiling addr2line v0.19.0
[INFO] [stderr]    Compiling esthri v10.0.3 (/opt/rustwide/workdir)
[INFO] [stdout] error[E0432]: unresolved import `esthri_test`
[INFO] [stdout]  --> tests/integration/download_test.rs:4:5
[INFO] [stdout]   |
[INFO] [stdout] 4 | use esthri_test::{validate_key_hash_pairs, KeyHashPair};
[INFO] [stdout]   |     ^^^^^^^^^^^ use of undeclared crate or module `esthri_test`
[INFO] [stdout] 
[INFO] [stdout] 
[INFO] [stdout] error[E0432]: unresolved import `esthri_test`
[INFO] [stdout]  --> tests/integration/list_object_test.rs:7:5
[INFO] [stdout]   |
[INFO] [stdout] 7 | use esthri_test::DateTime;
[INFO] [stdout]   |     ^^^^^^^^^^^ use of undeclared crate or module `esthri_test`
[INFO] [stdout] 
[INFO] [stdout] 
[INFO] [stdout] error[E0432]: unresolved import `esthri_test`
[INFO] [stdout]   --> tests/integration/sync_test.rs:11:5
[INFO] [stdout]    |
[INFO] [stdout] 11 | use esthri_test::{validate_key_hash_pairs, KeyHashPair};
[INFO] [stdout]    |     ^^^^^^^^^^^ use of undeclared crate or module `esthri_test`
[INFO] [stdout] 
[INFO] [stdout] 
[INFO] [stdout] error[E0433]: failed to resolve: use of undeclared crate or module `esthri_test`
[INFO] [stdout]   --> tests/integration/delete_test.rs:50:18
[INFO] [stdout]    |
[INFO] [stdout] 50 |     let bucket = esthri_test::TEST_BUCKET;
[INFO] [stdout]    |                  ^^^^^^^^^^^ use of undeclared crate or module `esthri_test`
[INFO] [stdout] 
[INFO] [stdout] 
[INFO] [stdout] error[E0433]: failed to resolve: use of undeclared crate or module `esthri_test`
[INFO] [stdout]   --> tests/integration/download_test.rs:16:9
[INFO] [stdout]    |
[INFO] [stdout] 16 |         esthri_test::TEST_BUCKET,
[INFO] [stdout]    |         ^^^^^^^^^^^ use of undeclared crate or module `esthri_test`
[INFO] [stdout] 
[INFO] [stdout] 
[INFO] [stdout] error[E0433]: failed to resolve: use of undeclared crate or module `esthri_test`
[INFO] [stdout]   --> tests/integration/download_test.rs:37:9
[INFO] [stdout]    |
[INFO] [stdout] 37 |         esthri_test::TEST_BUCKET,
[INFO] [stdout]    |         ^^^^^^^^^^^ use of undeclared crate or module `esthri_test`
[INFO] [stdout] 
[INFO] [stdout] 
[INFO] [stdout] error[E0433]: failed to resolve: use of undeclared crate or module `esthri_test`
[INFO] [stdout]   --> tests/integration/download_test.rs:50:20
[INFO] [stdout]    |
[INFO] [stdout] 50 |     let _tmp_dir = esthri_test::EphemeralTempDir::pushd();
[INFO] [stdout]    |                    ^^^^^^^^^^^ use of undeclared crate or module `esthri_test`
[INFO] [stdout] 
[INFO] [stdout] 
[INFO] [stdout] error[E0433]: failed to resolve: use of undeclared crate or module `esthri_test`
[INFO] [stdout]   --> tests/integration/download_test.rs:57:9
[INFO] [stdout]    |
[INFO] [stdout] 57 |         esthri_test::TEST_BUCKET,
[INFO] [stdout]    |         ^^^^^^^^^^^ use of undeclared crate or module `esthri_test`
[INFO] [stdout] 
[INFO] [stdout] 
[INFO] [stdout] error[E0433]: failed to resolve: use of undeclared crate or module `esthri_test`
[INFO] [stdout]   --> tests/integration/download_test.rs:76:9
[INFO] [stdout]    |
[INFO] [stdout] 76 |         esthri_test::TEST_BUCKET,
[INFO] [stdout]    |         ^^^^^^^^^^^ use of undeclared crate or module `esthri_test`
[INFO] [stdout] 
[INFO] [stdout] 
[INFO] [stdout] error[E0433]: failed to resolve: use of undeclared crate or module `esthri_test`
[INFO] [stdout]   --> tests/integration/download_test.rs:88:20
[INFO] [stdout]    |
[INFO] [stdout] 88 |     let _tmp_dir = esthri_test::EphemeralTempDir::pushd();
[INFO] [stdout]    |                    ^^^^^^^^^^^ use of undeclared crate or module `esthri_test`
[INFO] [stdout] 
[INFO] [stdout] 
[INFO] [stdout] error[E0433]: failed to resolve: use of undeclared crate or module `esthri_test`
[INFO] [stdout]   --> tests/integration/download_test.rs:94:9
[INFO] [stdout]    |
[INFO] [stdout] 94 |         esthri_test::TEST_BUCKET,
[INFO] [stdout]    |         ^^^^^^^^^^^ use of undeclared crate or module `esthri_test`
[INFO] [stdout] 
[INFO] [stdout] 
[INFO] [stdout] error[E0433]: failed to resolve: use of undeclared crate or module `esthri_test`
[INFO] [stdout]    --> tests/integration/download_test.rs:112:20
[INFO] [stdout]     |
[INFO] [stdout] 112 |     let _tmp_dir = esthri_test::EphemeralTempDir::pushd();
[INFO] [stdout]     |                    ^^^^^^^^^^^ use of undeclared crate or module `esthri_test`
[INFO] [stdout] 
[INFO] [stdout] 
[INFO] [stdout] error[E0433]: failed to resolve: use of undeclared crate or module `esthri_test`
[INFO] [stdout]    --> tests/integration/download_test.rs:124:9
[INFO] [stdout]     |
[INFO] [stdout] 124 |         esthri_test::TEST_BUCKET,
[INFO] [stdout]     |         ^^^^^^^^^^^ use of undeclared crate or module `esthri_test`
[INFO] [stdout] 
[INFO] [stdout] 
[INFO] [stdout] error[E0433]: failed to resolve: use of undeclared crate or module `esthri_test`
[INFO] [stdout]    --> tests/integration/download_test.rs:138:20
[INFO] [stdout]     |
[INFO] [stdout] 138 |     let _tmp_dir = esthri_test::EphemeralTempDir::pushd();
[INFO] [stdout]     |                    ^^^^^^^^^^^ use of undeclared crate or module `esthri_test`
[INFO] [stdout] 
[INFO] [stdout] 
[INFO] [stdout] error[E0433]: failed to resolve: use of undeclared crate or module `esthri_test`
[INFO] [stdout]    --> tests/integration/download_test.rs:150:9
[INFO] [stdout]     |
[INFO] [stdout] 150 |         esthri_test::TEST_BUCKET,
[INFO] [stdout]     |         ^^^^^^^^^^^ use of undeclared crate or module `esthri_test`
[INFO] [stdout] 
[INFO] [stdout] 
[INFO] [stdout] error[E0433]: failed to resolve: use of undeclared crate or module `esthri_test`
[INFO] [stdout]    --> tests/integration/download_test.rs:176:9
[INFO] [stdout]     |
[INFO] [stdout] 176 |         esthri_test::TEST_BUCKET,
[INFO] [stdout]     |         ^^^^^^^^^^^ use of undeclared crate or module `esthri_test`
[INFO] [stdout] 
[INFO] [stdout] 
[INFO] [stdout] error[E0433]: failed to resolve: use of undeclared crate or module `esthri_test`
[INFO] [stdout]   --> tests/integration/list_object_test.rs:21:9
[INFO] [stdout]    |
[INFO] [stdout] 21 |         esthri_test::TEST_BUCKET,
[INFO] [stdout]    |         ^^^^^^^^^^^ use of undeclared crate or module `esthri_test`
[INFO] [stdout] 
[INFO] [stdout] 
[INFO] [stdout] error[E0433]: failed to resolve: use of undeclared crate or module `esthri_test`
[INFO] [stdout]   --> tests/integration/list_object_test.rs:28:56
[INFO] [stdout]    |
[INFO] [stdout] 28 |     let res = blocking::head_object(s3client.as_ref(), esthri_test::TEST_BUCKET, &s3_key);
[INFO] [stdout]    |                                                        ^^^^^^^^^^^ use of undeclared crate or module `esthri_test`
[INFO] [stdout] 
[INFO] [stdout] 
[INFO] [stdout] error[E0433]: failed to resolve: use of undeclared crate or module `esthri_test`
[INFO] [stdout]   --> tests/integration/list_object_test.rs:52:9
[INFO] [stdout]    |
[INFO] [stdout] 52 |         esthri_test::TEST_BUCKET,
[INFO] [stdout]    |         ^^^^^^^^^^^ use of undeclared crate or module `esthri_test`
[INFO] [stdout] 
[INFO] [stdout] 
[INFO] [stdout] error[E0433]: failed to resolve: use of undeclared crate or module `esthri_test`
[INFO] [stdout]   --> tests/integration/list_object_test.rs:60:46
[INFO] [stdout]    |
[INFO] [stdout] 60 |     let res = head_object(s3client.as_ref(), esthri_test::TEST_BUCKET, &s3_key).await;
[INFO] [stdout]    |                                              ^^^^^^^^^^^ use of undeclared crate or module `esthri_test`
[INFO] [stdout] 
[INFO] [stdout] 
[INFO] [stdout] error[E0433]: failed to resolve: use of undeclared crate or module `esthri_test`
[INFO] [stdout]   --> tests/integration/list_object_test.rs:77:9
[INFO] [stdout]    |
[INFO] [stdout] 77 |         esthri_test::TEST_BUCKET,
[INFO] [stdout]    |         ^^^^^^^^^^^ use of undeclared crate or module `esthri_test`
[INFO] [stdout] 
[INFO] [stdout] 
[INFO] [stdout] error[E0433]: failed to resolve: use of undeclared crate or module `esthri_test`
[INFO] [stdout]   --> tests/integration/list_object_test.rs:86:9
[INFO] [stdout]    |
[INFO] [stdout] 86 |         esthri_test::TEST_BUCKET,
[INFO] [stdout]    |         ^^^^^^^^^^^ use of undeclared crate or module `esthri_test`
[INFO] [stdout] 
[INFO] [stdout] 
[INFO] [stdout] error[E0433]: failed to resolve: use of undeclared crate or module `esthri_test`
[INFO] [stdout]   --> tests/integration/list_object_test.rs:96:57
[INFO] [stdout]    |
[INFO] [stdout] 96 |     let res = blocking::list_objects(s3client.as_ref(), esthri_test::TEST_BUCKET, empty_folder);
[INFO] [stdout]    |                                                         ^^^^^^^^^^^ use of undeclared crate or module `esthri_test`
[INFO] [stdout] 
[INFO] [stdout] 
[INFO] [stdout] error[E0433]: failed to resolve: use of undeclared crate or module `esthri_test`
[INFO] [stdout]    --> tests/integration/list_object_test.rs:113:9
[INFO] [stdout]     |
[INFO] [stdout] 113 |         esthri_test::TEST_BUCKET,
[INFO] [stdout]     |         ^^^^^^^^^^^ use of undeclared crate or module `esthri_test`
[INFO] [stdout] 
[INFO] [stdout] 
[INFO] [stdout] error[E0433]: failed to resolve: use of undeclared crate or module `esthri_test`
[INFO] [stdout]    --> tests/integration/list_object_test.rs:123:9
[INFO] [stdout]     |
[INFO] [stdout] 123 |         esthri_test::TEST_BUCKET,
[INFO] [stdout]     |         ^^^^^^^^^^^ use of undeclared crate or module `esthri_test`
[INFO] [stdout] 
[INFO] [stdout] 
[INFO] [stdout] error[E0433]: failed to resolve: use of undeclared crate or module `esthri_test`
[INFO] [stdout]    --> tests/integration/list_object_test.rs:133:47
[INFO] [stdout]     |
[INFO] [stdout] 133 |     let res = list_objects(s3client.as_ref(), esthri_test::TEST_BUCKET, &empty_folder);
[INFO] [stdout]     |                                               ^^^^^^^^^^^ use of undeclared crate or module `esthri_test`
[INFO] [stdout] 
[INFO] [stdout] 
[INFO] [stdout] error[E0433]: failed to resolve: use of undeclared crate or module `esthri_test`
[INFO] [stdout]    --> tests/integration/list_object_test.rs:144:61
[INFO] [stdout]     |
[INFO] [stdout] 144 |     let mut stream = list_objects_stream(s3client.as_ref(), esthri_test::TEST_BUCKET, folder);
[INFO] [stdout]     |                                                             ^^^^^^^^^^^ use of undeclared crate or module `esthri_test`
[INFO] [stdout] 
[INFO] [stdout] 
[INFO] [stdout] error[E0433]: failed to resolve: use of undeclared crate or module `esthri_test`
[INFO] [stdout]    --> tests/integration/list_object_test.rs:165:13
[INFO] [stdout]     |
[INFO] [stdout] 165 |             esthri_test::TEST_BUCKET,
[INFO] [stdout]     |             ^^^^^^^^^^^ use of undeclared crate or module `esthri_test`
[INFO] [stdout] 
[INFO] [stdout] 
[INFO] [stdout] error[E0433]: failed to resolve: use of undeclared crate or module `esthri_test`
[INFO] [stdout]    --> tests/integration/list_object_test.rs:176:9
[INFO] [stdout]     |
[INFO] [stdout] 176 |         esthri_test::TEST_BUCKET,
[INFO] [stdout]     |         ^^^^^^^^^^^ use of undeclared crate or module `esthri_test`
[INFO] [stdout] 
[INFO] [stdout] 
[INFO] [stdout] error[E0433]: failed to resolve: use of undeclared crate or module `esthri_test`
[INFO] [stdout]   --> tests/integration/presign.rs:15:18
[INFO] [stdout]    |
[INFO] [stdout] 15 |     let bucket = esthri_test::TEST_BUCKET;
[INFO] [stdout]    |                  ^^^^^^^^^^^ use of undeclared crate or module `esthri_test`
[INFO] [stdout] 
[INFO] [stdout] 
[INFO] [stdout] error[E0433]: failed to resolve: use of undeclared crate or module `esthri_test`
[INFO] [stdout]   --> tests/integration/presign.rs:21:9
[INFO] [stdout]    |
[INFO] [stdout] 21 |         esthri_test::TEST_BUCKET,
[INFO] [stdout]    |         ^^^^^^^^^^^ use of undeclared crate or module `esthri_test`
[INFO] [stdout] 
[INFO] [stdout] 
[INFO] [stdout] error[E0433]: failed to resolve: use of undeclared crate or module `esthri_test`
[INFO] [stdout]   --> tests/integration/presign.rs:53:18
[INFO] [stdout]    |
[INFO] [stdout] 53 |     let bucket = esthri_test::TEST_BUCKET;
[INFO] [stdout]    |                  ^^^^^^^^^^^ use of undeclared crate or module `esthri_test`
[INFO] [stdout] 
[INFO] [stdout] 
[INFO] [stdout] error[E0433]: failed to resolve: use of undeclared crate or module `esthri_test`
[INFO] [stdout]   --> tests/integration/presign.rs:76:18
[INFO] [stdout]    |
[INFO] [stdout] 76 |     let bucket = esthri_test::TEST_BUCKET;
[INFO] [stdout]    |                  ^^^^^^^^^^^ use of undeclared crate or module `esthri_test`
[INFO] [stdout] 
[INFO] [stdout] 
[INFO] [stdout] error[E0433]: failed to resolve: use of undeclared crate or module `esthri_test`
[INFO] [stdout]    --> tests/integration/presign.rs:110:18
[INFO] [stdout]     |
[INFO] [stdout] 110 |     let bucket = esthri_test::TEST_BUCKET;
[INFO] [stdout]     |                  ^^^^^^^^^^^ use of undeclared crate or module `esthri_test`
[INFO] [stdout] 
[INFO] [stdout] 
[INFO] [stdout] error[E0433]: failed to resolve: use of undeclared crate or module `esthri_test`
[INFO] [stdout]   --> tests/integration/sync_test.rs:25:42
[INFO] [stdout]    |
[INFO] [stdout] 25 |     let source = S3PathParam::new_bucket(esthri_test::TEST_BUCKET, s3_key);
[INFO] [stdout]    |                                          ^^^^^^^^^^^ use of undeclared crate or module `esthri_test`
[INFO] [stdout] 
[INFO] [stdout] 
[INFO] [stdout] error[E0433]: failed to resolve: use of undeclared crate or module `esthri_test`
[INFO] [stdout]   --> tests/integration/sync_test.rs:49:42
[INFO] [stdout]    |
[INFO] [stdout] 49 |     let source = S3PathParam::new_bucket(esthri_test::TEST_BUCKET, s3_key);
[INFO] [stdout]    |                                          ^^^^^^^^^^^ use of undeclared crate or module `esthri_test`
[INFO] [stdout] 
[INFO] [stdout] 
[INFO] [stdout] error[E0433]: failed to resolve: use of undeclared crate or module `esthri_test`
[INFO] [stdout]   --> tests/integration/sync_test.rs:74:42
[INFO] [stdout]    |
[INFO] [stdout] 74 |     let source = S3PathParam::new_bucket(esthri_test::TEST_BUCKET, s3_key);
[INFO] [stdout]    |                                          ^^^^^^^^^^^ use of undeclared crate or module `esthri_test`
[INFO] [stdout] 
[INFO] [stdout] 
[INFO] [stdout] error[E0433]: failed to resolve: use of undeclared crate or module `esthri_test`
[INFO] [stdout]   --> tests/integration/sync_test.rs:99:47
[INFO] [stdout]    |
[INFO] [stdout] 99 |     let destination = S3PathParam::new_bucket(esthri_test::TEST_BUCKET, s3_key);
[INFO] [stdout]    |                                               ^^^^^^^^^^^ use of undeclared crate or module `esthri_test`
[INFO] [stdout] 
[INFO] [stdout] 
[INFO] [stdout] error[E0433]: failed to resolve: use of undeclared crate or module `esthri_test`
[INFO] [stdout]    --> tests/integration/sync_test.rs:123:47
[INFO] [stdout]     |
[INFO] [stdout] 123 |     let destination = S3PathParam::new_bucket(esthri_test::TEST_BUCKET, s3_key);
[INFO] [stdout]     |                                               ^^^^^^^^^^^ use of undeclared crate or module `esthri_test`
[INFO] [stdout] 
[INFO] [stdout] 
[INFO] [stdout] error[E0433]: failed to resolve: use of undeclared crate or module `esthri_test`
[INFO] [stdout]    --> tests/integration/sync_test.rs:147:47
[INFO] [stdout]     |
[INFO] [stdout] 147 |     let destination = S3PathParam::new_bucket(esthri_test::TEST_BUCKET, s3_key);
[INFO] [stdout]     |                                               ^^^^^^^^^^^ use of undeclared crate or module `esthri_test`
[INFO] [stdout] 
[INFO] [stdout] 
[INFO] [stdout] error[E0433]: failed to resolve: use of undeclared crate or module `esthri_test`
[INFO] [stdout]    --> tests/integration/sync_test.rs:168:47
[INFO] [stdout]     |
[INFO] [stdout] 168 |     let destination = S3PathParam::new_bucket(esthri_test::TEST_BUCKET, &s3_key);
[INFO] [stdout]     |                                               ^^^^^^^^^^^ use of undeclared crate or module `esthri_test`
[INFO] [stdout] 
[INFO] [stdout] 
[INFO] [stdout] error[E0433]: failed to resolve: use of undeclared crate or module `esthri_test`
[INFO] [stdout]    --> tests/integration/sync_test.rs:183:60
[INFO] [stdout]     |
[INFO] [stdout] 183 |         let res = blocking::head_object(s3client.as_ref(), esthri_test::TEST_BUCKET, &key);
[INFO] [stdout]     |                                                            ^^^^^^^^^^^ use of undeclared crate or module `esthri_test`
[INFO] [stdout] 
[INFO] [stdout] 
[INFO] [stdout] error[E0433]: failed to resolve: use of undeclared crate or module `esthri_test`
[INFO] [stdout]    --> tests/integration/sync_test.rs:199:47
[INFO] [stdout]     |
[INFO] [stdout] 199 |     let destination = S3PathParam::new_bucket(esthri_test::TEST_BUCKET, &s3_key_prefix);
[INFO] [stdout]     |                                               ^^^^^^^^^^^ use of undeclared crate or module `esthri_test`
[INFO] [stdout] 
[INFO] [stdout] 
[INFO] [stdout] error[E0433]: failed to resolve: use of undeclared crate or module `esthri_test`
[INFO] [stdout]    --> tests/integration/sync_test.rs:219:60
[INFO] [stdout]     |
[INFO] [stdout] 219 |         let res = blocking::head_object(s3client.as_ref(), esthri_test::TEST_BUCKET, &key);
[INFO] [stdout]     |                                                            ^^^^^^^^^^^ use of undeclared crate or module `esthri_test`
[INFO] [stdout] 
[INFO] [stdout] 
[INFO] [stdout] error[E0433]: failed to resolve: use of undeclared crate or module `esthri_test`
[INFO] [stdout]    --> tests/integration/sync_test.rs:252:60
[INFO] [stdout]     |
[INFO] [stdout] 252 |         let res = blocking::head_object(s3client.as_ref(), esthri_test::TEST_BUCKET, &key);
[INFO] [stdout]     |                                                            ^^^^^^^^^^^ use of undeclared crate or module `esthri_test`
[INFO] [stdout] 
[INFO] [stdout] 
[INFO] [stdout] error[E0433]: failed to resolve: use of undeclared crate or module `esthri_test`
[INFO] [stdout]    --> tests/integration/sync_test.rs:280:39
[INFO] [stdout]     |
[INFO] [stdout] 280 |     let src = S3PathParam::new_bucket(esthri_test::TEST_BUCKET, s3_key_prefix);
[INFO] [stdout]     |                                       ^^^^^^^^^^^ use of undeclared crate or module `esthri_test`
[INFO] [stdout] 
[INFO] [stdout] 
[INFO] [stdout] error[E0433]: failed to resolve: use of undeclared crate or module `esthri_test`
[INFO] [stdout]    --> tests/integration/sync_test.rs:325:42
[INFO] [stdout]     |
[INFO] [stdout] 325 |     let source = S3PathParam::new_bucket(esthri_test::TEST_BUCKET, s3_key_src_prefix);
[INFO] [stdout]     |                                          ^^^^^^^^^^^ use of undeclared crate or module `esthri_test`
[INFO] [stdout] 
[INFO] [stdout] 
[INFO] [stdout] error[E0433]: failed to resolve: use of undeclared crate or module `esthri_test`
[INFO] [stdout]    --> tests/integration/sync_test.rs:326:47
[INFO] [stdout]     |
[INFO] [stdout] 326 |     let destination = S3PathParam::new_bucket(esthri_test::TEST_BUCKET, &s3_key_dst_prefix);
[INFO] [stdout]     |                                               ^^^^^^^^^^^ use of undeclared crate or module `esthri_test`
[INFO] [stdout] 
[INFO] [stdout] 
[INFO] [stdout] error[E0433]: failed to resolve: use of undeclared crate or module `esthri_test`
[INFO] [stdout]    --> tests/integration/sync_test.rs:345:60
[INFO] [stdout]     |
[INFO] [stdout] 345 |         let res = blocking::head_object(s3client.as_ref(), esthri_test::TEST_BUCKET, &key);
[INFO] [stdout]     |                                                            ^^^^^^^^^^^ use of undeclared crate or module `esthri_test`
[INFO] [stdout] 
[INFO] [stdout] 
[INFO] [stdout] error[E0433]: failed to resolve: use of undeclared crate or module `esthri_test`
[INFO] [stdout]    --> tests/integration/sync_test.rs:374:60
[INFO] [stdout]     |
[INFO] [stdout] 374 |         let res = blocking::head_object(s3client.as_ref(), esthri_test::TEST_BUCKET, &key);
[INFO] [stdout]     |                                                            ^^^^^^^^^^^ use of undeclared crate or module `esthri_test`
[INFO] [stdout] 
[INFO] [stdout] 
[INFO] [stdout] error[E0433]: failed to resolve: use of undeclared crate or module `esthri_test`
[INFO] [stdout]    --> tests/integration/sync_test.rs:402:42
[INFO] [stdout]     |
[INFO] [stdout] 402 |     let source = S3PathParam::new_bucket(esthri_test::TEST_BUCKET, s3_key);
[INFO] [stdout]     |                                          ^^^^^^^^^^^ use of undeclared crate or module `esthri_test`
[INFO] [stdout] 
[INFO] [stdout] 
[INFO] [stdout] error[E0433]: failed to resolve: use of undeclared crate or module `esthri_test`
[INFO] [stdout]    --> tests/integration/sync_test.rs:429:42
[INFO] [stdout]     |
[INFO] [stdout] 429 |     let source = S3PathParam::new_bucket(esthri_test::TEST_BUCKET, s3_key);
[INFO] [stdout]     |                                          ^^^^^^^^^^^ use of undeclared crate or module `esthri_test`
[INFO] [stdout] 
[INFO] [stdout] 
[INFO] [stdout] error[E0433]: failed to resolve: use of undeclared crate or module `esthri_test`
[INFO] [stdout]    --> tests/integration/sync_test.rs:459:42
[INFO] [stdout]     |
[INFO] [stdout] 459 |     let source = S3PathParam::new_bucket(esthri_test::TEST_BUCKET, source_prefix);
[INFO] [stdout]     |                                          ^^^^^^^^^^^ use of undeclared crate or module `esthri_test`
[INFO] [stdout] 
[INFO] [stdout] 
[INFO] [stdout] error[E0433]: failed to resolve: use of undeclared crate or module `esthri_test`
[INFO] [stdout]    --> tests/integration/sync_test.rs:460:47
[INFO] [stdout]     |
[INFO] [stdout] 460 |     let destination = S3PathParam::new_bucket(esthri_test::TEST_BUCKET, dest_prefix);
[INFO] [stdout]     |                                               ^^^^^^^^^^^ use of undeclared crate or module `esthri_test`
[INFO] [stdout] 
[INFO] [stdout] 
[INFO] [stdout] error[E0433]: failed to resolve: use of undeclared crate or module `esthri_test`
[INFO] [stdout]    --> tests/integration/sync_test.rs:480:19
[INFO] [stdout]     |
[INFO] [stdout] 480 |     let tmp_dir = esthri_test::EphemeralTempDir::pushd();
[INFO] [stdout]     |                   ^^^^^^^^^^^ use of undeclared crate or module `esthri_test`
[INFO] [stdout] 
[INFO] [stdout] 
[INFO] [stdout] error[E0433]: failed to resolve: use of undeclared crate or module `esthri_test`
[INFO] [stdout]    --> tests/integration/sync_test.rs:487:47
[INFO] [stdout]     |
[INFO] [stdout] 487 |     let destination = S3PathParam::new_bucket(esthri_test::TEST_BUCKET, s3_key);
[INFO] [stdout]     |                                               ^^^^^^^^^^^ use of undeclared crate or module `esthri_test`
[INFO] [stdout] 
[INFO] [stdout] 
[INFO] [stdout] error[E0433]: failed to resolve: use of undeclared crate or module `esthri_test`
[INFO] [stdout]    --> tests/integration/sync_test.rs:513:60
[INFO] [stdout]     |
[INFO] [stdout] 513 |         let res = blocking::head_object(s3client.as_ref(), esthri_test::TEST_BUCKET, &key);
[INFO] [stdout]     |                                                            ^^^^^^^^^^^ use of undeclared crate or module `esthri_test`
[INFO] [stdout] 
[INFO] [stdout] 
[INFO] [stdout] error[E0433]: failed to resolve: use of undeclared crate or module `esthri_test`
[INFO] [stdout]    --> tests/integration/sync_test.rs:547:33
[INFO] [stdout]     |
[INFO] [stdout] 547 |         S3PathParam::new_bucket(esthri_test::TEST_BUCKET, s3_key),
[INFO] [stdout]     |                                 ^^^^^^^^^^^ use of undeclared crate or module `esthri_test`
[INFO] [stdout] 
[INFO] [stdout] 
[INFO] [stdout] error[E0433]: failed to resolve: use of undeclared crate or module `esthri_test`
[INFO] [stdout]    --> tests/integration/sync_test.rs:578:9
[INFO] [stdout]     |
[INFO] [stdout] 578 |         esthri_test::TEST_BUCKET,
[INFO] [stdout]     |         ^^^^^^^^^^^ use of undeclared crate or module `esthri_test`
[INFO] [stdout] 
[INFO] [stdout] 
[INFO] [stdout] error[E0433]: failed to resolve: use of undeclared crate or module `esthri_test`
[INFO] [stdout]    --> tests/integration/sync_test.rs:586:9
[INFO] [stdout]     |
[INFO] [stdout] 586 |         esthri_test::TEST_BUCKET,
[INFO] [stdout]     |         ^^^^^^^^^^^ use of undeclared crate or module `esthri_test`
[INFO] [stdout] 
[INFO] [stdout] 
[INFO] [stdout] error[E0433]: failed to resolve: use of undeclared crate or module `esthri_test`
[INFO] [stdout]    --> tests/integration/sync_test.rs:609:37
[INFO] [stdout]     |
[INFO] [stdout] 609 |             S3PathParam::new_bucket(esthri_test::TEST_BUCKET, &s3_key),
[INFO] [stdout]     |                                     ^^^^^^^^^^^ use of undeclared crate or module `esthri_test`
[INFO] [stdout] 
[INFO] [stdout] 
[INFO] [stdout] error[E0433]: failed to resolve: use of undeclared crate or module `esthri_test`
[INFO] [stdout]    --> tests/integration/sync_test.rs:642:37
[INFO] [stdout]     |
[INFO] [stdout] 642 |             S3PathParam::new_bucket(esthri_test::TEST_BUCKET, &s3_key),
[INFO] [stdout]     |                                     ^^^^^^^^^^^ use of undeclared crate or module `esthri_test`
[INFO] [stdout] 
[INFO] [stdout] 
[INFO] [stdout] error[E0433]: failed to resolve: use of undeclared crate or module `esthri_test`
[INFO] [stdout]    --> tests/integration/sync_test.rs:668:42
[INFO] [stdout]     |
[INFO] [stdout] 668 |     let source = S3PathParam::new_bucket(esthri_test::TEST_BUCKET, s3_key);
[INFO] [stdout]     |                                          ^^^^^^^^^^^ use of undeclared crate or module `esthri_test`
[INFO] [stdout] 
[INFO] [stdout] 
[INFO] [stdout] error[E0433]: failed to resolve: use of undeclared crate or module `esthri_test`
[INFO] [stdout]   --> tests/integration/upload_test.rs:19:9
[INFO] [stdout]    |
[INFO] [stdout] 19 |         esthri_test::TEST_BUCKET,
[INFO] [stdout]    |         ^^^^^^^^^^^ use of undeclared crate or module `esthri_test`
[INFO] [stdout] 
[INFO] [stdout] 
[INFO] [stdout] error[E0433]: failed to resolve: use of undeclared crate or module `esthri_test`
[INFO] [stdout]   --> tests/integration/upload_test.rs:26:64
[INFO] [stdout]    |
[INFO] [stdout] 26 |     let res = esthri::blocking::head_object(s3client.as_ref(), esthri_test::TEST_BUCKET, &s3_key);
[INFO] [stdout]    |                                                                ^^^^^^^^^^^ use of undeclared crate or module `esthri_test`
[INFO] [stdout] 
[INFO] [stdout] 
[INFO] [stdout] error[E0433]: failed to resolve: use of undeclared crate or module `esthri_test`
[INFO] [stdout]   --> tests/integration/upload_test.rs:50:9
[INFO] [stdout]    |
[INFO] [stdout] 50 |         esthri_test::TEST_BUCKET,
[INFO] [stdout]    |         ^^^^^^^^^^^ use of undeclared crate or module `esthri_test`
[INFO] [stdout] 
[INFO] [stdout] 
[INFO] [stdout] error[E0433]: failed to resolve: use of undeclared crate or module `esthri_test`
[INFO] [stdout]   --> tests/integration/upload_test.rs:57:64
[INFO] [stdout]    |
[INFO] [stdout] 57 |     let res = esthri::blocking::head_object(s3client.as_ref(), esthri_test::TEST_BUCKET, &s3_key);
[INFO] [stdout]    |                                                                ^^^^^^^^^^^ use of undeclared crate or module `esthri_test`
[INFO] [stdout] 
[INFO] [stdout] 
[INFO] [stdout] error[E0433]: failed to resolve: use of undeclared crate or module `esthri_test`
[INFO] [stdout]   --> tests/integration/upload_test.rs:83:9
[INFO] [stdout]    |
[INFO] [stdout] 83 |         esthri_test::TEST_BUCKET,
[INFO] [stdout]    |         ^^^^^^^^^^^ use of undeclared crate or module `esthri_test`
[INFO] [stdout] 
[INFO] [stdout] 
[INFO] [stdout] error[E0433]: failed to resolve: use of undeclared crate or module `esthri_test`
[INFO] [stdout]    --> tests/integration/upload_test.rs:103:9
[INFO] [stdout]     |
[INFO] [stdout] 103 |         esthri_test::TEST_BUCKET,
[INFO] [stdout]     |         ^^^^^^^^^^^ use of undeclared crate or module `esthri_test`
[INFO] [stdout] 
[INFO] [stdout] 
[INFO] [stdout] error[E0433]: failed to resolve: use of undeclared crate or module `esthri_test`
[INFO] [stdout]    --> tests/integration/upload_test.rs:124:9
[INFO] [stdout]     |
[INFO] [stdout] 124 |         esthri_test::TEST_BUCKET,
[INFO] [stdout]     |         ^^^^^^^^^^^ use of undeclared crate or module `esthri_test`
[INFO] [stdout] 
[INFO] [stdout] 
[INFO] [stdout] error[E0433]: failed to resolve: use of undeclared crate or module `esthri_test`
[INFO] [stdout]    --> tests/integration/upload_test.rs:156:13
[INFO] [stdout]     |
[INFO] [stdout] 156 |             esthri_test::TEST_BUCKET,
[INFO] [stdout]     |             ^^^^^^^^^^^ use of undeclared crate or module `esthri_test`
[INFO] [stdout] 
[INFO] [stdout] 
[INFO] [stdout] error[E0433]: failed to resolve: use of undeclared crate or module `esthri_test`
[INFO] [stdout]    --> tests/integration/upload_test.rs:164:62
[INFO] [stdout]     |
[INFO] [stdout] 164 |             esthri::blocking::head_object(s3client.as_ref(), esthri_test::TEST_BUCKET, &s3_key);
[INFO] [stdout]     |                                                              ^^^^^^^^^^^ use of undeclared crate or module `esthri_test`
[INFO] [stdout] 
[INFO] [stdout] 
[INFO] [stdout] error[E0433]: failed to resolve: use of undeclared crate or module `esthri_test`
[INFO] [stdout]   --> tests/integration/main.rs:13:18
[INFO] [stdout]    |
[INFO] [stdout] 13 |     let bucket = esthri_test::TEST_BUCKET;
[INFO] [stdout]    |                  ^^^^^^^^^^^ use of undeclared crate or module `esthri_test`
[INFO] [stdout] 
[INFO] [stdout] 
[INFO] [stdout] error[E0433]: failed to resolve: use of undeclared crate or module `esthri_test`
[INFO] [stdout]   --> tests/integration/delete_test.rs:45:26
[INFO] [stdout]    |
[INFO] [stdout] 45 |     let s3client_owned = esthri_test::get_s3client();
[INFO] [stdout]    |                          ^^^^^^^^^^^ use of undeclared crate or module `esthri_test`
[INFO] [stdout] 
[INFO] [stdout] 
[INFO] [stdout] error[E0433]: failed to resolve: use of undeclared crate or module `esthri_test`
[INFO] [stdout]   --> tests/integration/delete_test.rs:48:20
[INFO] [stdout]    |
[INFO] [stdout] 48 |     let filepath = esthri_test::test_data(filepath);
[INFO] [stdout]    |                    ^^^^^^^^^^^ use of undeclared crate or module `esthri_test`
[INFO] [stdout] 
[INFO] [stdout] 
[INFO] [stdout] error[E0433]: failed to resolve: use of undeclared crate or module `esthri_test`
[INFO] [stdout]  --> tests/integration/download_test.rs:8:20
[INFO] [stdout]   |
[INFO] [stdout] 8 |     let s3client = esthri_test::get_s3client();
[INFO] [stdout]   |                    ^^^^^^^^^^^ use of undeclared crate or module `esthri_test`
[INFO] [stdout] 
[INFO] [stdout] 
[INFO] [stdout] error[E0433]: failed to resolve: use of undeclared crate or module `esthri_test`
[INFO] [stdout]   --> tests/integration/download_test.rs:10:20
[INFO] [stdout]    |
[INFO] [stdout] 10 |     let filepath = esthri_test::test_data(filename);
[INFO] [stdout]    |                    ^^^^^^^^^^^ use of undeclared crate or module `esthri_test`
[INFO] [stdout] 
[INFO] [stdout] 
[INFO] [stdout] error[E0433]: failed to resolve: use of undeclared crate or module `esthri_test`
[INFO] [stdout]   --> tests/integration/download_test.rs:26:20
[INFO] [stdout]    |
[INFO] [stdout] 26 |     let s3client = esthri_test::get_s3client();
[INFO] [stdout]    |                    ^^^^^^^^^^^ use of undeclared crate or module `esthri_test`
[INFO] [stdout] 
[INFO] [stdout] 
[INFO] [stdout] error[E0433]: failed to resolve: use of undeclared crate or module `esthri_test`
[INFO] [stdout]   --> tests/integration/download_test.rs:48:20
[INFO] [stdout]    |
[INFO] [stdout] 48 |     let s3client = esthri_test::get_s3client();
[INFO] [stdout]    |                    ^^^^^^^^^^^ use of undeclared crate or module `esthri_test`
[INFO] [stdout] 
[INFO] [stdout] 
[INFO] [stdout] error[E0433]: failed to resolve: use of undeclared crate or module `esthri_test`
[INFO] [stdout]   --> tests/integration/download_test.rs:68:20
[INFO] [stdout]    |
[INFO] [stdout] 68 |     let s3client = esthri_test::get_s3client();
[INFO] [stdout]    |                    ^^^^^^^^^^^ use of undeclared crate or module `esthri_test`
[INFO] [stdout] 
[INFO] [stdout] 
[INFO] [stdout] error[E0433]: failed to resolve: use of undeclared crate or module `esthri_test`
[INFO] [stdout]   --> tests/integration/download_test.rs:70:20
[INFO] [stdout]    |
[INFO] [stdout] 70 |     let filepath = esthri_test::test_data(filename);
[INFO] [stdout]    |                    ^^^^^^^^^^^ use of undeclared crate or module `esthri_test`
[INFO] [stdout] 
[INFO] [stdout] 
[INFO] [stdout] error[E0433]: failed to resolve: use of undeclared crate or module `esthri_test`
[INFO] [stdout]   --> tests/integration/download_test.rs:87:20
[INFO] [stdout]    |
[INFO] [stdout] 87 |     let s3client = esthri_test::get_s3client();
[INFO] [stdout]    |                    ^^^^^^^^^^^ use of undeclared crate or module `esthri_test`
[INFO] [stdout] 
[INFO] [stdout] 
[INFO] [stdout] error[E0433]: failed to resolve: use of undeclared crate or module `esthri_test`
[INFO] [stdout]    --> tests/integration/download_test.rs:111:20
[INFO] [stdout]     |
[INFO] [stdout] 111 |     let s3client = esthri_test::get_s3client();
[INFO] [stdout]     |                    ^^^^^^^^^^^ use of undeclared crate or module `esthri_test`
[INFO] [stdout] 
[INFO] [stdout] 
[INFO] [stdout] error[E0433]: failed to resolve: use of undeclared crate or module `esthri_test`
[INFO] [stdout]    --> tests/integration/download_test.rs:137:20
[INFO] [stdout]     |
[INFO] [stdout] 137 |     let s3client = esthri_test::get_s3client();
[INFO] [stdout]     |                    ^^^^^^^^^^^ use of undeclared crate or module `esthri_test`
[INFO] [stdout] 
[INFO] [stdout] 
[INFO] [stdout] error[E0433]: failed to resolve: use of undeclared crate or module `esthri_test`
[INFO] [stdout]    --> tests/integration/download_test.rs:163:20
[INFO] [stdout]     |
[INFO] [stdout] 163 |     let s3client = esthri_test::get_s3client();
[INFO] [stdout]     |                    ^^^^^^^^^^^ use of undeclared crate or module `esthri_test`
[INFO] [stdout] 
[INFO] [stdout] 
[INFO] [stdout] error[E0433]: failed to resolve: use of undeclared crate or module `esthri_test`
[INFO] [stdout]   --> tests/integration/list_object_test.rs:11:20
[INFO] [stdout]    |
[INFO] [stdout] 11 |     let s3client = esthri_test::get_s3client();
[INFO] [stdout]    |                    ^^^^^^^^^^^ use of undeclared crate or module `esthri_test`
[INFO] [stdout] 
[INFO] [stdout] 
[INFO] [stdout] error[E0433]: failed to resolve: use of undeclared crate or module `esthri_test`
[INFO] [stdout]   --> tests/integration/list_object_test.rs:13:20
[INFO] [stdout]    |
[INFO] [stdout] 13 |     let filepath = esthri_test::test_data(filename);
[INFO] [stdout]    |                    ^^^^^^^^^^^ use of undeclared crate or module `esthri_test`
[INFO] [stdout] 
[INFO] [stdout] 
[INFO] [stdout] error[E0599]: no method named `num_hours` found for struct `chrono::datetime::DateTime` in the current scope
[INFO] [stdout]   --> tests/integration/list_object_test.rs:39:26
[INFO] [stdout]    |
[INFO] [stdout] 39 |     assert_eq!(time_diff.num_hours(), 0);
[INFO] [stdout]    |                          ^^^^^^^^^ method not found in `DateTime<Utc>`
[INFO] [stdout] 
[INFO] [stdout] 
[INFO] [stdout] error[E0433]: failed to resolve: use of undeclared crate or module `esthri_test`
[INFO] [stdout]   --> tests/integration/list_object_test.rs:44:20
[INFO] [stdout]    |
[INFO] [stdout] 44 |     let s3client = esthri_test::get_s3client();
[INFO] [stdout]    |                    ^^^^^^^^^^^ use of undeclared crate or module `esthri_test`
[INFO] [stdout] 
[INFO] [stdout] 
[INFO] [stdout] error[E0433]: failed to resolve: use of undeclared crate or module `esthri_test`
[INFO] [stdout]   --> tests/integration/list_object_test.rs:46:20
[INFO] [stdout]    |
[INFO] [stdout] 46 |     let filepath = esthri_test::test_data(filename);
[INFO] [stdout]    |                    ^^^^^^^^^^^ use of undeclared crate or module `esthri_test`
[INFO] [stdout] 
[INFO] [stdout] 
[INFO] [stdout] error[E0433]: failed to resolve: use of undeclared crate or module `esthri_test`
[INFO] [stdout]   --> tests/integration/list_object_test.rs:67:20
[INFO] [stdout]    |
[INFO] [stdout] 67 |     let s3client = esthri_test::get_s3client();
[INFO] [stdout]    |                    ^^^^^^^^^^^ use of undeclared crate or module `esthri_test`
[INFO] [stdout] 
[INFO] [stdout] 
[INFO] [stdout] error[E0433]: failed to resolve: use of undeclared crate or module `esthri_test`
[INFO] [stdout]   --> tests/integration/list_object_test.rs:69:20
[INFO] [stdout]    |
[INFO] [stdout] 69 |     let filepath = esthri_test::test_data(filename);
[INFO] [stdout]    |                    ^^^^^^^^^^^ use of undeclared crate or module `esthri_test`
[INFO] [stdout] 
[INFO] [stdout] 
[INFO] [stdout] error[E0433]: failed to resolve: use of undeclared crate or module `esthri_test`
[INFO] [stdout]    --> tests/integration/list_object_test.rs:103:20
[INFO] [stdout]     |
[INFO] [stdout] 103 |     let s3client = esthri_test::get_s3client();
[INFO] [stdout]     |                    ^^^^^^^^^^^ use of undeclared crate or module `esthri_test`
[INFO] [stdout] 
[INFO] [stdout] 
[INFO] [stdout] error[E0433]: failed to resolve: use of undeclared crate or module `esthri_test`
[INFO] [stdout]    --> tests/integration/list_object_test.rs:105:20
[INFO] [stdout]     |
[INFO] [stdout] 105 |     let filepath = esthri_test::test_data(filename);
[INFO] [stdout]     |                    ^^^^^^^^^^^ use of undeclared crate or module `esthri_test`
[INFO] [stdout] 
[INFO] [stdout] 
[INFO] [stdout] error[E0433]: failed to resolve: use of undeclared crate or module `esthri_test`
[INFO] [stdout]    --> tests/integration/list_object_test.rs:140:20
[INFO] [stdout]     |
[INFO] [stdout] 140 |     let s3client = esthri_test::get_s3client();
[INFO] [stdout]     |                    ^^^^^^^^^^^ use of undeclared crate or module `esthri_test`
[INFO] [stdout] 
[INFO] [stdout] 
[INFO] [stdout] error[E0433]: failed to resolve: use of undeclared crate or module `esthri_test`
[INFO] [stdout]    --> tests/integration/list_object_test.rs:155:20
[INFO] [stdout]     |
[INFO] [stdout] 155 |     let s3client = esthri_test::get_s3client();
[INFO] [stdout]     |                    ^^^^^^^^^^^ use of undeclared crate or module `esthri_test`
[INFO] [stdout] 
[INFO] [stdout] 
[INFO] [stdout] error[E0433]: failed to resolve: use of undeclared crate or module `esthri_test`
[INFO] [stdout]    --> tests/integration/list_object_test.rs:156:20
[INFO] [stdout]     |
[INFO] [stdout] 156 |     let filename = esthri_test::test_data("test_file.txt");
[INFO] [stdout]     |                    ^^^^^^^^^^^ use of undeclared crate or module `esthri_test`
[INFO] [stdout] 
[INFO] [stdout] 
[INFO] [stdout] error[E0433]: failed to resolve: use of undeclared crate or module `esthri_test`
[INFO] [stdout]   --> tests/integration/presign.rs:16:17
[INFO] [stdout]    |
[INFO] [stdout] 16 |     let s3key = esthri_test::randomised_name(&format!("test_presigned_get/{}", filename));
[INFO] [stdout]    |                 ^^^^^^^^^^^ use of undeclared crate or module `esthri_test`
[INFO] [stdout] 
[INFO] [stdout] 
[INFO] [stdout] error[E0433]: failed to resolve: use of undeclared crate or module `esthri_test`
[INFO] [stdout]   --> tests/integration/presign.rs:17:20
[INFO] [stdout]    |
[INFO] [stdout] 17 |     let s3client = esthri_test::get_s3client();
[INFO] [stdout]    |                    ^^^^^^^^^^^ use of undeclared crate or module `esthri_test`
[INFO] [stdout] 
[INFO] [stdout] 
[INFO] [stdout] error[E0433]: failed to resolve: use of undeclared crate or module `esthri_test`
[INFO] [stdout]   --> tests/integration/presign.rs:23:9
[INFO] [stdout]    |
[INFO] [stdout] 23 |         esthri_test::test_data(filename),
[INFO] [stdout]    |         ^^^^^^^^^^^ use of undeclared crate or module `esthri_test`
[INFO] [stdout] 
[INFO] [stdout] 
[INFO] [stdout] error[E0433]: failed to resolve: use of undeclared crate or module `esthri_test`
[INFO] [stdout]   --> tests/integration/presign.rs:47:26
[INFO] [stdout]    |
[INFO] [stdout] 47 |     let s3client_owned = esthri_test::get_s3client();
[INFO] [stdout]    |                          ^^^^^^^^^^^ use of undeclared crate or module `esthri_test`
[INFO] [stdout] 
[INFO] [stdout] 
[INFO] [stdout] error[E0433]: failed to resolve: use of undeclared crate or module `esthri_test`
[INFO] [stdout]   --> tests/integration/presign.rs:50:20
[INFO] [stdout]    |
[INFO] [stdout] 50 |     let filepath = esthri_test::test_data(filename);
[INFO] [stdout]    |                    ^^^^^^^^^^^ use of undeclared crate or module `esthri_test`
[INFO] [stdout] 
[INFO] [stdout] 
[INFO] [stdout] error[E0433]: failed to resolve: use of undeclared crate or module `esthri_test`
[INFO] [stdout]   --> tests/integration/presign.rs:51:18
[INFO] [stdout]    |
[INFO] [stdout] 51 |     let s3_key = esthri_test::randomised_name(&format!("test_upload/{}", filename));
[INFO] [stdout]    |                  ^^^^^^^^^^^ use of undeclared crate or module `esthri_test`
[INFO] [stdout] 
[INFO] [stdout] 
[INFO] [stdout] error[E0433]: failed to resolve: use of undeclared crate or module `esthri_test`
[INFO] [stdout]   --> tests/integration/presign.rs:72:26
[INFO] [stdout]    |
[INFO] [stdout] 72 |     let s3client_owned = esthri_test::get_s3client();
[INFO] [stdout]    |                          ^^^^^^^^^^^ use of undeclared crate or module `esthri_test`
[INFO] [stdout] 
[INFO] [stdout] 
[INFO] [stdout] error[E0433]: failed to resolve: use of undeclared crate or module `esthri_test`
[INFO] [stdout]   --> tests/integration/presign.rs:74:20
[INFO] [stdout]    |
[INFO] [stdout] 74 |     let filepath = esthri_test::test_data("test_file.txt");
[INFO] [stdout]    |                    ^^^^^^^^^^^ use of undeclared crate or module `esthri_test`
[INFO] [stdout] 
[INFO] [stdout] 
[INFO] [stdout] error[E0433]: failed to resolve: use of undeclared crate or module `esthri_test`
[INFO] [stdout]    --> tests/integration/presign.rs:104:26
[INFO] [stdout]     |
[INFO] [stdout] 104 |     let s3client_owned = esthri_test::get_s3client();
[INFO] [stdout]     |                          ^^^^^^^^^^^ use of undeclared crate or module `esthri_test`
[INFO] [stdout] 
[INFO] [stdout] 
[INFO] [stdout] error[E0433]: failed to resolve: use of undeclared crate or module `esthri_test`
[INFO] [stdout]    --> tests/integration/presign.rs:107:20
[INFO] [stdout]     |
[INFO] [stdout] 107 |     let filepath = esthri_test::test_data(filename);
[INFO] [stdout]     |                    ^^^^^^^^^^^ use of undeclared crate or module `esthri_test`
[INFO] [stdout] 
[INFO] [stdout] 
[INFO] [stdout] error[E0433]: failed to resolve: use of undeclared crate or module `esthri_test`
[INFO] [stdout]    --> tests/integration/presign.rs:108:18
[INFO] [stdout]     |
[INFO] [stdout] 108 |     let s3_key = esthri_test::randomised_name(&format!("test_upload/{}", filename));
[INFO] [stdout]     |                  ^^^^^^^^^^^ use of undeclared crate or module `esthri_test`
[INFO] [stdout] 
[INFO] [stdout] 
[INFO] [stdout] error[E0433]: failed to resolve: use of undeclared crate or module `esthri_test`
[INFO] [stdout]   --> tests/integration/sync_test.rs:16:20
[INFO] [stdout]    |
[INFO] [stdout] 16 |     let s3client = esthri_test::get_s3client();
[INFO] [stdout]    |                    ^^^^^^^^^^^ use of undeclared crate or module `esthri_test`
[INFO] [stdout] 
[INFO] [stdout] 
[INFO] [stdout] error[E0433]: failed to resolve: use of undeclared crate or module `esthri_test`
[INFO] [stdout]   --> tests/integration/sync_test.rs:17:27
[INFO] [stdout]    |
[INFO] [stdout] 17 |     let local_directory = esthri_test::test_data_dir();
[INFO] [stdout]    |                           ^^^^^^^^^^^ use of undeclared crate or module `esthri_test`
[INFO] [stdout] 
[INFO] [stdout] 
[INFO] [stdout] error[E0433]: failed to resolve: use of undeclared crate or module `esthri_test`
[INFO] [stdout]   --> tests/integration/sync_test.rs:41:20
[INFO] [stdout]    |
[INFO] [stdout] 41 |     let s3client = esthri_test::get_s3client();
[INFO] [stdout]    |                    ^^^^^^^^^^^ use of undeclared crate or module `esthri_test`
[INFO] [stdout] 
[INFO] [stdout] 
[INFO] [stdout] error[E0433]: failed to resolve: use of undeclared crate or module `esthri_test`
[INFO] [stdout]   --> tests/integration/sync_test.rs:42:27
[INFO] [stdout]    |
[INFO] [stdout] 42 |     let local_directory = esthri_test::test_data_dir();
[INFO] [stdout]    |                           ^^^^^^^^^^^ use of undeclared crate or module `esthri_test`
[INFO] [stdout] 
[INFO] [stdout] 
[INFO] [stdout] error[E0433]: failed to resolve: use of undeclared crate or module `esthri_test`
[INFO] [stdout]   --> tests/integration/sync_test.rs:66:20
[INFO] [stdout]    |
[INFO] [stdout] 66 |     let s3client = esthri_test::get_s3client();
[INFO] [stdout]    |                    ^^^^^^^^^^^ use of undeclared crate or module `esthri_test`
[INFO] [stdout] 
[INFO] [stdout] 
[INFO] [stdout] error[E0433]: failed to resolve: use of undeclared crate or module `esthri_test`
[INFO] [stdout]   --> tests/integration/sync_test.rs:67:27
[INFO] [stdout]    |
[INFO] [stdout] 67 |     let local_directory = esthri_test::test_data_dir();
[INFO] [stdout]    |                           ^^^^^^^^^^^ use of undeclared crate or module `esthri_test`
[INFO] [stdout] 
[INFO] [stdout] 
[INFO] [stdout] error[E0433]: failed to resolve: use of undeclared crate or module `esthri_test`
[INFO] [stdout]   --> tests/integration/sync_test.rs:68:18
[INFO] [stdout]    |
[INFO] [stdout] 68 |     let s3_key = esthri_test::randomised_lifecycled_prefix("test_folder");
[INFO] [stdout]    |                  ^^^^^^^^^^^ use of undeclared crate or module `esthri_test`
[INFO] [stdout] 
[INFO] [stdout] 
[INFO] [stdout] error[E0433]: failed to resolve: use of undeclared crate or module `esthri_test`
[INFO] [stdout]   --> tests/integration/sync_test.rs:90:20
[INFO] [stdout]    |
[INFO] [stdout] 90 |     let s3client = esthri_test::get_s3client();
[INFO] [stdout]    |                    ^^^^^^^^^^^ use of undeclared crate or module `esthri_test`
[INFO] [stdout] 
[INFO] [stdout] 
[INFO] [stdout] error[E0433]: failed to resolve: use of undeclared crate or module `esthri_test`
[INFO] [stdout]   --> tests/integration/sync_test.rs:91:27
[INFO] [stdout]    |
[INFO] [stdout] 91 |     let local_directory = esthri_test::test_data_dir();
[INFO] [stdout]    |                           ^^^^^^^^^^^ use of undeclared crate or module `esthri_test`
[INFO] [stdout] 
[INFO] [stdout] 
[INFO] [stdout] error[E0433]: failed to resolve: use of undeclared crate or module `esthri_test`
[INFO] [stdout]   --> tests/integration/sync_test.rs:92:18
[INFO] [stdout]    |
[INFO] [stdout] 92 |     let s3_key = esthri_test::randomised_lifecycled_prefix("test_folder");
[INFO] [stdout]    |                  ^^^^^^^^^^^ use of undeclared crate or module `esthri_test`
[INFO] [stdout] 
[INFO] [stdout] 
[INFO] [stdout] error[E0433]: failed to resolve: use of undeclared crate or module `esthri_test`
[INFO] [stdout]    --> tests/integration/sync_test.rs:114:20
[INFO] [stdout]     |
[INFO] [stdout] 114 |     let s3client = esthri_test::get_s3client();
[INFO] [stdout]     |                    ^^^^^^^^^^^ use of undeclared crate or module `esthri_test`
[INFO] [stdout] 
[INFO] [stdout] 
[INFO] [stdout] error[E0433]: failed to resolve: use of undeclared crate or module `esthri_test`
[INFO] [stdout]    --> tests/integration/sync_test.rs:115:27
[INFO] [stdout]     |
[INFO] [stdout] 115 |     let local_directory = esthri_test::test_data_dir();
[INFO] [stdout]     |                           ^^^^^^^^^^^ use of undeclared crate or module `esthri_test`
[INFO] [stdout] 
[INFO] [stdout] 
[INFO] [stdout] error[E0433]: failed to resolve: use of undeclared crate or module `esthri_test`
[INFO] [stdout]    --> tests/integration/sync_test.rs:116:18
[INFO] [stdout]     |
[INFO] [stdout] 116 |     let s3_key = esthri_test::randomised_lifecycled_prefix("test_folder/");
[INFO] [stdout]     |                  ^^^^^^^^^^^ use of undeclared crate or module `esthri_test`
[INFO] [stdout] 
[INFO] [stdout] 
[INFO] [stdout] error[E0433]: failed to resolve: use of undeclared crate or module `esthri_test`
[INFO] [stdout]    --> tests/integration/sync_test.rs:138:20
[INFO] [stdout]     |
[INFO] [stdout] 138 |     let s3client = esthri_test::get_s3client();
[INFO] [stdout]     |                    ^^^^^^^^^^^ use of undeclared crate or module `esthri_test`
[INFO] [stdout] 
[INFO] [stdout] 
[INFO] [stdout] error[E0433]: failed to resolve: use of undeclared crate or module `esthri_test`
[INFO] [stdout]    --> tests/integration/sync_test.rs:139:27
[INFO] [stdout]     |
[INFO] [stdout] 139 |     let local_directory = esthri_test::test_data_dir();
[INFO] [stdout]     |                           ^^^^^^^^^^^ use of undeclared crate or module `esthri_test`
[INFO] [stdout] 
[INFO] [stdout] 
[INFO] [stdout] error[E0433]: failed to resolve: use of undeclared crate or module `esthri_test`
[INFO] [stdout]    --> tests/integration/sync_test.rs:140:18
[INFO] [stdout]     |
[INFO] [stdout] 140 |     let s3_key = esthri_test::randomised_lifecycled_prefix("test_folder/");
[INFO] [stdout]     |                  ^^^^^^^^^^^ use of undeclared crate or module `esthri_test`
[INFO] [stdout] 
[INFO] [stdout] 
[INFO] [stdout] error[E0433]: failed to resolve: use of undeclared crate or module `esthri_test`
[INFO] [stdout]    --> tests/integration/sync_test.rs:163:20
[INFO] [stdout]     |
[INFO] [stdout] 163 |     let s3client = esthri_test::get_s3client();
[INFO] [stdout]     |                    ^^^^^^^^^^^ use of undeclared crate or module `esthri_test`
[INFO] [stdout] 
[INFO] [stdout] 
[INFO] [stdout] error[E0433]: failed to resolve: use of undeclared crate or module `esthri_test`
[INFO] [stdout]    --> tests/integration/sync_test.rs:164:27
[INFO] [stdout]     |
[INFO] [stdout] 164 |     let local_directory = esthri_test::test_data("sync_up");
[INFO] [stdout]     |                           ^^^^^^^^^^^ use of undeclared crate or module `esthri_test`
[INFO] [stdout] 
[INFO] [stdout] 
[INFO] [stdout] error[E0433]: failed to resolve: use of undeclared crate or module `esthri_test`
[INFO] [stdout]    --> tests/integration/sync_test.rs:165:18
[INFO] [stdout]     |
[INFO] [stdout] 165 |     let s3_key = esthri_test::randomised_lifecycled_prefix("test_sync_up_default/");
[INFO] [stdout]     |                  ^^^^^^^^^^^ use of undeclared crate or module `esthri_test`
[INFO] [stdout] 
[INFO] [stdout] 
[INFO] [stdout] error[E0433]: failed to resolve: use of undeclared crate or module `esthri_test`
[INFO] [stdout]    --> tests/integration/sync_test.rs:194:20
[INFO] [stdout]     |
[INFO] [stdout] 194 |     let s3client = esthri_test::get_s3client();
[INFO] [stdout]     |                    ^^^^^^^^^^^ use of undeclared crate or module `esthri_test`
[INFO] [stdout] 
[INFO] [stdout] 
[INFO] [stdout] error[E0433]: failed to resolve: use of undeclared crate or module `esthri_test`
[INFO] [stdout]    --> tests/integration/sync_test.rs:195:27
[INFO] [stdout]     |
[INFO] [stdout] 195 |     let local_directory = esthri_test::copy_test_data("sync_up");
[INFO] [stdout]     |                           ^^^^^^^^^^^ use of undeclared crate or module `esthri_test`
[INFO] [stdout] 
[INFO] [stdout] 
[INFO] [stdout] error[E0433]: failed to resolve: use of undeclared crate or module `esthri_test`
[INFO] [stdout]    --> tests/integration/sync_test.rs:196:25
[INFO] [stdout]     |
[INFO] [stdout] 196 |     let s3_key_prefix = esthri_test::randomised_lifecycled_prefix("test_sync_up_delete/");
[INFO] [stdout]     |                         ^^^^^^^^^^^ use of undeclared crate or module `esthri_test`
[INFO] [stdout] 
[INFO] [stdout] 
[INFO] [stdout] error[E0433]: failed to resolve: use of undeclared crate or module `esthri_test`
[INFO] [stdout]    --> tests/integration/sync_test.rs:274:20
[INFO] [stdout]     |
[INFO] [stdout] 274 |     let s3client = esthri_test::get_s3client();
[INFO] [stdout]     |                    ^^^^^^^^^^^ use of undeclared crate or module `esthri_test`
[INFO] [stdout] 
[INFO] [stdout] 
[INFO] [stdout] error[E0433]: failed to resolve: use of undeclared crate or module `esthri_test`
[INFO] [stdout]    --> tests/integration/sync_test.rs:276:27
[INFO] [stdout]     |
[INFO] [stdout] 276 |     let local_directory = esthri_test::copy_test_data("sync_up");
[INFO] [stdout]     |                           ^^^^^^^^^^^ use of undeclared crate or module `esthri_test`
[INFO] [stdout] 
[INFO] [stdout] 
[INFO] [stdout] error[E0433]: failed to resolve: use of undeclared crate or module `esthri_test`
[INFO] [stdout]    --> tests/integration/sync_test.rs:278:25
[INFO] [stdout]     |
[INFO] [stdout] 278 |     let s3_key_prefix = esthri_test::randomised_lifecycled_prefix("test_sync_down_delete/");
[INFO] [stdout]     |                         ^^^^^^^^^^^ use of undeclared crate or module `esthri_test`
[INFO] [stdout] 
[INFO] [stdout] 
[INFO] [stdout] error[E0433]: failed to resolve: use of undeclared crate or module `esthri_test`
[INFO] [stdout]    --> tests/integration/sync_test.rs:309:20
[INFO] [stdout]     |
[INFO] [stdout] 309 |     let s3client = esthri_test::get_s3client();
[INFO] [stdout]     |                    ^^^^^^^^^^^ use of undeclared crate or module `esthri_test`
[INFO] [stdout] 
[INFO] [stdout] 
[INFO] [stdout] error[E0433]: failed to resolve: use of undeclared crate or module `esthri_test`
[INFO] [stdout]    --> tests/integration/sync_test.rs:312:9
[INFO] [stdout]     |
[INFO] [stdout] 312 |         esthri_test::randomised_lifecycled_prefix("test_sync_across_delete_src/");
[INFO] [stdout]     |         ^^^^^^^^^^^ use of undeclared crate or module `esthri_test`
[INFO] [stdout] 
[INFO] [stdout] 
[INFO] [stdout] error[E0433]: failed to resolve: use of undeclared crate or module `esthri_test`
[INFO] [stdout]    --> tests/integration/sync_test.rs:314:9
[INFO] [stdout]     |
[INFO] [stdout] 314 |         esthri_test::randomised_lifecycled_prefix("test_sync_across_delete_dst/");
[INFO] [stdout]     |         ^^^^^^^^^^^ use of undeclared crate or module `esthri_test`
[INFO] [stdout] 
[INFO] [stdout] 
[INFO] [stdout] error[E0433]: failed to resolve: use of undeclared crate or module `esthri_test`
[INFO] [stdout]    --> tests/integration/sync_test.rs:387:20
[INFO] [stdout]     |
[INFO] [stdout] 387 |     let s3client = esthri_test::get_s3client();
[INFO] [stdout]     |                    ^^^^^^^^^^^ use of undeclared crate or module `esthri_test`
[INFO] [stdout] 
[INFO] [stdout] 
[INFO] [stdout] error[E0433]: failed to resolve: use of undeclared crate or module `esthri_test`
[INFO] [stdout]    --> tests/integration/sync_test.rs:421:20
[INFO] [stdout]     |
[INFO] [stdout] 421 |     let s3client = esthri_test::get_s3client();
[INFO] [stdout]     |                    ^^^^^^^^^^^ use of undeclared crate or module `esthri_test`
[INFO] [stdout] 
[INFO] [stdout] 
[INFO] [stdout] error[E0433]: failed to resolve: use of undeclared crate or module `esthri_test`
[INFO] [stdout]    --> tests/integration/sync_test.rs:452:20
[INFO] [stdout]     |
[INFO] [stdout] 452 |     let s3client = esthri_test::get_s3client();
[INFO] [stdout]     |                    ^^^^^^^^^^^ use of undeclared crate or module `esthri_test`
[INFO] [stdout] 
[INFO] [stdout] 
[INFO] [stdout] error[E0433]: failed to resolve: use of undeclared crate or module `esthri_test`
[INFO] [stdout]    --> tests/integration/sync_test.rs:454:23
[INFO] [stdout]     |
[INFO] [stdout] 454 |     let dest_prefix = esthri_test::randomised_lifecycled_prefix("test_sync_folder2/");
[INFO] [stdout]     |                       ^^^^^^^^^^^ use of undeclared crate or module `esthri_test`
[INFO] [stdout] 
[INFO] [stdout] 
[INFO] [stdout] error[E0433]: failed to resolve: use of undeclared crate or module `esthri_test`
[INFO] [stdout]    --> tests/integration/sync_test.rs:475:20
[INFO] [stdout]     |
[INFO] [stdout] 475 |     let data_dir = esthri_test::test_data("sync_up/");
[INFO] [stdout]     |                    ^^^^^^^^^^^ use of undeclared crate or module `esthri_test`
[INFO] [stdout] 
[INFO] [stdout] 
[INFO] [stdout] error[E0433]: failed to resolve: use of undeclared crate or module `esthri_test`
[INFO] [stdout]    --> tests/integration/sync_test.rs:500:20
[INFO] [stdout]     |
[INFO] [stdout] 500 |     let s3client = esthri_test::get_s3client();
[INFO] [stdout]     |                    ^^^^^^^^^^^ use of undeclared crate or module `esthri_test`
[INFO] [stdout] 
[INFO] [stdout] 
[INFO] [stdout] error[E0433]: failed to resolve: use of undeclared crate or module `esthri_test`
[INFO] [stdout]    --> tests/integration/sync_test.rs:501:15
[INFO] [stdout]     |
[INFO] [stdout] 501 |     let key = esthri_test::randomised_lifecycled_prefix("test_sync_up_compressed/");
[INFO] [stdout]     |               ^^^^^^^^^^^ use of undeclared crate or module `esthri_test`
[INFO] [stdout] 
[INFO] [stdout] 
[INFO] [stdout] error[E0433]: failed to resolve: use of undeclared crate or module `esthri_test`
[INFO] [stdout]    --> tests/integration/sync_test.rs:526:20
[INFO] [stdout]     |
[INFO] [stdout] 526 |     let s3client = esthri_test::get_s3client();
[INFO] [stdout]     |                    ^^^^^^^^^^^ use of undeclared crate or module `esthri_test`
[INFO] [stdout] 
[INFO] [stdout] 
[INFO] [stdout] error[E0433]: failed to resolve: use of undeclared crate or module `esthri_test`
[INFO] [stdout]    --> tests/integration/sync_test.rs:527:18
[INFO] [stdout]     |
[INFO] [stdout] 527 |     let s3_key = esthri_test::randomised_lifecycled_prefix("test_sync_down_compressed_v7/");
[INFO] [stdout]     |                  ^^^^^^^^^^^ use of undeclared crate or module `esthri_test`
[INFO] [stdout] 
[INFO] [stdout] 
[INFO] [stdout] error[E0433]: failed to resolve: use of undeclared crate or module `esthri_test`
[INFO] [stdout]    --> tests/integration/sync_test.rs:531:27
[INFO] [stdout]     |
[INFO] [stdout] 531 |     let local_directory = esthri_test::test_data("sync_down/d");
[INFO] [stdout]     |                           ^^^^^^^^^^^ use of undeclared crate or module `esthri_test`
[INFO] [stdout] 
[INFO] [stdout] 
[INFO] [stdout] error[E0433]: failed to resolve: use of undeclared crate or module `esthri_test`
[INFO] [stdout]    --> tests/integration/sync_test.rs:568:20
[INFO] [stdout]     |
[INFO] [stdout] 568 |     let s3client = esthri_test::get_s3client();
[INFO] [stdout]     |                    ^^^^^^^^^^^ use of undeclared crate or module `esthri_test`
[INFO] [stdout] 
[INFO] [stdout] 
[INFO] [stdout] error[E0433]: failed to resolve: use of undeclared crate or module `esthri_test`
[INFO] [stdout]    --> tests/integration/sync_test.rs:569:18
[INFO] [stdout]     |
[INFO] [stdout] 569 |     let s3_key = esthri_test::randomised_lifecycled_prefix("test_sync_down_compressed_mixed_v7/");
[INFO] [stdout]     |                  ^^^^^^^^^^^ use of undeclared crate or module `esthri_test`
[INFO] [stdout] 
[INFO] [stdout] 
[INFO] [stdout] error[E0433]: failed to resolve: use of undeclared crate or module `esthri_test`
[INFO] [stdout]    --> tests/integration/sync_test.rs:580:9
[INFO] [stdout]     |
[INFO] [stdout] 580 |         esthri_test::test_data("index.html"),
[INFO] [stdout]     |         ^^^^^^^^^^^ use of undeclared crate or module `esthri_test`
[INFO] [stdout] 
[INFO] [stdout] 
[INFO] [stdout] error[E0433]: failed to resolve: use of undeclared crate or module `esthri_test`
[INFO] [stdout]    --> tests/integration/sync_test.rs:588:9
[INFO] [stdout]     |
[INFO] [stdout] 588 |         esthri_test::test_data("test_file.txt"),
[INFO] [stdout]     |         ^^^^^^^^^^^ use of undeclared crate or module `esthri_test`
[INFO] [stdout] 
[INFO] [stdout] 
[INFO] [stdout] error[E0433]: failed to resolve: use of undeclared crate or module `esthri_test`
[INFO] [stdout]    --> tests/integration/sync_test.rs:593:27
[INFO] [stdout]     |
[INFO] [stdout] 593 |     let local_directory = esthri_test::test_data("sync_down/d");
[INFO] [stdout]     |                           ^^^^^^^^^^^ use of undeclared crate or module `esthri_test`
[INFO] [stdout] 
[INFO] [stdout] 
[INFO] [stdout] error[E0433]: failed to resolve: use of undeclared crate or module `esthri_test`
[INFO] [stdout]    --> tests/integration/sync_test.rs:660:20
[INFO] [stdout]     |
[INFO] [stdout] 660 |     let s3client = esthri_test::get_s3client();
[INFO] [stdout]     |                    ^^^^^^^^^^^ use of undeclared crate or module `esthri_test`
[INFO] [stdout] 
[INFO] [stdout] 
[INFO] [stdout] error[E0433]: failed to resolve: use of undeclared crate or module `esthri_test`
[INFO] [stdout]    --> tests/integration/sync_test.rs:661:27
[INFO] [stdout]     |
[INFO] [stdout] 661 |     let local_directory = esthri_test::test_data_dir();
[INFO] [stdout]     |                           ^^^^^^^^^^^ use of undeclared crate or module `esthri_test`
[INFO] [stdout] 
[INFO] [stdout] 
[INFO] [stdout] error[E0433]: failed to resolve: use of undeclared crate or module `esthri_test`
[INFO] [stdout]   --> tests/integration/upload_test.rs:11:20
[INFO] [stdout]    |
[INFO] [stdout] 11 |     let s3client = esthri_test::get_s3client();
[INFO] [stdout]    |                    ^^^^^^^^^^^ use of undeclared crate or module `esthri_test`
[INFO] [stdout] 
[INFO] [stdout] 
[INFO] [stdout] error[E0433]: failed to resolve: use of undeclared crate or module `esthri_test`
[INFO] [stdout]   --> tests/integration/upload_test.rs:13:20
[INFO] [stdout]    |
[INFO] [stdout] 13 |     let filepath = esthri_test::test_data(filename);
[INFO] [stdout]    |                    ^^^^^^^^^^^ use of undeclared crate or module `esthri_test`
[INFO] [stdout] 
[INFO] [stdout] 
[INFO] [stdout] error[E0433]: failed to resolve: use of undeclared crate or module `esthri_test`
[INFO] [stdout]   --> tests/integration/upload_test.rs:14:18
[INFO] [stdout]    |
[INFO] [stdout] 14 |     let s3_key = esthri_test::randomised_lifecycled_prefix(&format!("test_upload/{}", filename));
[INFO] [stdout]    |                  ^^^^^^^^^^^ use of undeclared crate or module `esthri_test`
[INFO] [stdout] 
[INFO] [stdout] 
[INFO] [stdout] error[E0433]: failed to resolve: use of undeclared crate or module `esthri_test`
[INFO] [stdout]   --> tests/integration/upload_test.rs:39:20
[INFO] [stdout]    |
[INFO] [stdout] 39 |     let s3client = esthri_test::get_s3client();
[INFO] [stdout]    |                    ^^^^^^^^^^^ use of undeclared crate or module `esthri_test`
[INFO] [stdout] 
[INFO] [stdout] 
[INFO] [stdout] error[E0433]: failed to resolve: use of undeclared crate or module `esthri_test`
[INFO] [stdout]   --> tests/integration/upload_test.rs:41:20
[INFO] [stdout]    |
[INFO] [stdout] 41 |     let filepath = esthri_test::test_data(filename);
[INFO] [stdout]    |                    ^^^^^^^^^^^ use of undeclared crate or module `esthri_test`
[INFO] [stdout] 
[INFO] [stdout] 
[INFO] [stdout] error[E0433]: failed to resolve: use of undeclared crate or module `esthri_test`
[INFO] [stdout]   --> tests/integration/upload_test.rs:42:18
[INFO] [stdout]    |
[INFO] [stdout] 42 |     let s3_key = esthri_test::randomised_lifecycled_prefix(&format!("test_upload/{}", filename));
[INFO] [stdout]    |                  ^^^^^^^^^^^ use of undeclared crate or module `esthri_test`
[INFO] [stdout] 
[INFO] [stdout] 
[INFO] [stdout] error[E0433]: failed to resolve: use of undeclared crate or module `esthri_test`
[INFO] [stdout]   --> tests/integration/upload_test.rs:75:20
[INFO] [stdout]    |
[INFO] [stdout] 75 |     let s3client = esthri_test::get_s3client();
[INFO] [stdout]    |                    ^^^^^^^^^^^ use of undeclared crate or module `esthri_test`
[INFO] [stdout] 
[INFO] [stdout] 
[INFO] [stdout] error[E0433]: failed to resolve: use of undeclared crate or module `esthri_test`
[INFO] [stdout]   --> tests/integration/upload_test.rs:77:20
[INFO] [stdout]    |
[INFO] [stdout] 77 |     let filepath = esthri_test::test_data(filename);
[INFO] [stdout]    |                    ^^^^^^^^^^^ use of undeclared crate or module `esthri_test`
[INFO] [stdout] 
[INFO] [stdout] 
[INFO] [stdout] error[E0433]: failed to resolve: use of undeclared crate or module `esthri_test`
[INFO] [stdout]   --> tests/integration/upload_test.rs:78:18
[INFO] [stdout]    |
[INFO] [stdout] 78 |     let s3_key = esthri_test::randomised_lifecycled_prefix(&format!("test_upload/{}", filename));
[INFO] [stdout]    |                  ^^^^^^^^^^^ use of undeclared crate or module `esthri_test`
[INFO] [stdout] 
[INFO] [stdout] 
[INFO] [stdout] error[E0433]: failed to resolve: use of undeclared crate or module `esthri_test`
[INFO] [stdout]   --> tests/integration/upload_test.rs:94:20
[INFO] [stdout]    |
[INFO] [stdout] 94 |     let s3client = esthri_test::get_s3client();
[INFO] [stdout]    |                    ^^^^^^^^^^^ use of undeclared crate or module `esthri_test`
[INFO] [stdout] 
[INFO] [stdout] 
[INFO] [stdout] error[E0433]: failed to resolve: use of undeclared crate or module `esthri_test`
[INFO] [stdout]   --> tests/integration/upload_test.rs:97:9
[INFO] [stdout]    |
[INFO] [stdout] 97 |         esthri_test::randomised_lifecycled_prefix(&format!("test_upload_reader/{}", filename));
[INFO] [stdout]    |         ^^^^^^^^^^^ use of undeclared crate or module `esthri_test`
[INFO] [stdout] 
[INFO] [stdout] 
[INFO] [stdout] error[E0433]: failed to resolve: use of undeclared crate or module `esthri_test`
[INFO] [stdout]    --> tests/integration/upload_test.rs:115:20
[INFO] [stdout]     |
[INFO] [stdout] 115 |     let s3client = esthri_test::get_s3client();
[INFO] [stdout]     |                    ^^^^^^^^^^^ use of undeclared crate or module `esthri_test`
[INFO] [stdout] 
[INFO] [stdout] 
[INFO] [stdout] error[E0433]: failed to resolve: use of undeclared crate or module `esthri_test`
[INFO] [stdout]    --> tests/integration/upload_test.rs:117:20
[INFO] [stdout]     |
[INFO] [stdout] 117 |     let filepath = esthri_test::test_data(filename);
[INFO] [stdout]     |                    ^^^^^^^^^^^ use of undeclared crate or module `esthri_test`
[INFO] [stdout] 
[INFO] [stdout] 
[INFO] [stdout] error[E0433]: failed to resolve: use of undeclared crate or module `esthri_test`
[INFO] [stdout]    --> tests/integration/upload_test.rs:119:9
[INFO] [stdout]     |
[INFO] [stdout] 119 |         esthri_test::randomised_lifecycled_prefix(&format!("test_upload_zero_size/{}", filename));
[INFO] [stdout]     |         ^^^^^^^^^^^ use of undeclared crate or module `esthri_test`
[INFO] [stdout] 
[INFO] [stdout] 
[INFO] [stdout] error[E0433]: failed to resolve: use of undeclared crate or module `esthri_test`
[INFO] [stdout]    --> tests/integration/upload_test.rs:134:20
[INFO] [stdout]     |
[INFO] [stdout] 134 |     let s3client = esthri_test::get_s3client();
[INFO] [stdout]     |                    ^^^^^^^^^^^ use of undeclared crate or module `esthri_test`
[INFO] [stdout] 
[INFO] [stdout] 
[INFO] [stdout] error[E0433]: failed to resolve: use of undeclared crate or module `esthri_test`
[INFO] [stdout]    --> tests/integration/upload_test.rs:136:21
[INFO] [stdout]     |
[INFO] [stdout] 136 |     let filepath = &esthri_test::test_data(filename);
[INFO] [stdout]     |                     ^^^^^^^^^^^ use of undeclared crate or module `esthri_test`
[INFO] [stdout] 
[INFO] [stdout] 
[INFO] [stdout] error[E0433]: failed to resolve: use of undeclared crate or module `esthri_test`
[INFO] [stdout]    --> tests/integration/upload_test.rs:137:18
[INFO] [stdout]     |
[INFO] [stdout] 137 |     let s3_key = esthri_test::randomised_lifecycled_prefix(&format!("test_upload/{}", filename));
[INFO] [stdout]     |                  ^^^^^^^^^^^ use of undeclared crate or module `esthri_test`
[INFO] [stdout] 
[INFO] [stdout] 
[INFO] [stdout] error[E0433]: failed to resolve: use of undeclared crate or module `esthri_test`
[INFO] [stdout]   --> tests/integration/main.rs:12:20
[INFO] [stdout]    |
[INFO] [stdout] 12 |     let s3client = esthri_test::get_s3client();
[INFO] [stdout]    |                    ^^^^^^^^^^^ use of undeclared crate or module `esthri_test`
[INFO] [stdout] 
[INFO] [stdout] 
[INFO] [stdout] warning: unused import: `futures::TryStreamExt`
[INFO] [stdout]  --> tests/integration/list_object_test.rs:1:5
[INFO] [stdout]   |
[INFO] [stdout] 1 | use futures::TryStreamExt;
[INFO] [stdout]   |     ^^^^^^^^^^^^^^^^^^^^^
[INFO] [stdout]   |
[INFO] [stdout]   = note: `#[warn(unused_imports)]` on by default
[INFO] [stdout] 
[INFO] [stdout] 
[INFO] [stdout] error: aborting due to 171 previous errors; 1 warning emitted
[INFO] [stdout] 
[INFO] [stdout] 
[INFO] [stdout] Some errors have detailed explanations: E0432, E0433, E0599.
[INFO] [stdout] 
[INFO] [stdout] For more information about an error, try `rustc --explain E0432`.
[INFO] [stdout] 
[INFO] [stderr] error: could not compile `esthri` due to 172 previous errors; 1 warning emitted
[INFO] [stderr] warning: build failed, waiting for other jobs to finish...
[INFO] running `Command { std: "docker" "inspect" "5f4eabb534b5015f533eb20dc2e2411b75f7b110b041228e9454799bd7f0a480", kill_on_drop: false }`
[INFO] running `Command { std: "docker" "rm" "-f" "5f4eabb534b5015f533eb20dc2e2411b75f7b110b041228e9454799bd7f0a480", kill_on_drop: false }`
[INFO] [stdout] 5f4eabb534b5015f533eb20dc2e2411b75f7b110b041228e9454799bd7f0a480
