[INFO] fetching crate esr 0.1.0...
[INFO] testing esr-0.1.0 against 1.69.0 for beta-1.70-1
[INFO] extracting crate esr 0.1.0 into /workspace/builds/worker-4-tc1/source
[INFO] validating manifest of crates.io crate esr 0.1.0 on toolchain 1.69.0
[INFO] running `Command { std: CARGO_HOME="/workspace/cargo-home" RUSTUP_HOME="/workspace/rustup-home" "/workspace/cargo-home/bin/cargo" "+1.69.0" "metadata" "--manifest-path" "Cargo.toml" "--no-deps", kill_on_drop: false }`
[INFO] started tweaking crates.io crate esr 0.1.0
[INFO] finished tweaking crates.io crate esr 0.1.0
[INFO] tweaked toml for crates.io crate esr 0.1.0 written to /workspace/builds/worker-4-tc1/source/Cargo.toml
[INFO] running `Command { std: CARGO_HOME="/workspace/cargo-home" RUSTUP_HOME="/workspace/rustup-home" __CARGO_TEST_CHANNEL_OVERRIDE_DO_NOT_USE_THIS="nightly" "/workspace/cargo-home/bin/cargo" "+1.69.0" "generate-lockfile" "--manifest-path" "Cargo.toml" "-Zno-index-update", kill_on_drop: false }`
[INFO] running `Command { std: CARGO_HOME="/workspace/cargo-home" RUSTUP_HOME="/workspace/rustup-home" "/workspace/cargo-home/bin/cargo" "+1.69.0" "fetch" "--manifest-path" "Cargo.toml", kill_on_drop: false }`
[INFO] [stderr]  Downloading crates ...
[INFO] [stderr]   Downloaded difference v1.0.0
[INFO] [stderr]   Downloaded pretty_assertions v0.4.1
[INFO] [stderr]   Downloaded toolshed v0.4.0
[INFO] running `Command { std: "docker" "create" "-v" "/var/lib/crater-agent-workspace/builds/worker-4-tc1/target:/opt/rustwide/target:rw,Z" "-v" "/var/lib/crater-agent-workspace/builds/worker-4-tc1/source:/opt/rustwide/workdir:ro,Z" "-v" "/var/lib/crater-agent-workspace/cargo-home:/opt/rustwide/cargo-home:ro,Z" "-v" "/var/lib/crater-agent-workspace/rustup-home:/opt/rustwide/rustup-home:ro,Z" "-e" "SOURCE_DIR=/opt/rustwide/workdir" "-e" "CARGO_TARGET_DIR=/opt/rustwide/target" "-e" "CARGO_HOME=/opt/rustwide/cargo-home" "-e" "RUSTUP_HOME=/opt/rustwide/rustup-home" "-w" "/opt/rustwide/workdir" "-m" "1610612736" "--user" "0:0" "--network" "none" "ghcr.io/rust-lang/crates-build-env/linux@sha256:5ff2268d62e97bff2cde7d5815dd6ed5b47097566f13b8d0ca110b04b60e07ed" "/opt/rustwide/cargo-home/bin/cargo" "+1.69.0" "metadata" "--no-deps" "--format-version=1", kill_on_drop: false }`
[INFO] [stdout] 6f8e07219b8fb6b38ab971320a929766de50b01bf114092ec52b05c6d171d5d0
[INFO] running `Command { std: "docker" "start" "-a" "6f8e07219b8fb6b38ab971320a929766de50b01bf114092ec52b05c6d171d5d0", kill_on_drop: false }`
[INFO] running `Command { std: "docker" "inspect" "6f8e07219b8fb6b38ab971320a929766de50b01bf114092ec52b05c6d171d5d0", kill_on_drop: false }`
[INFO] running `Command { std: "docker" "rm" "-f" "6f8e07219b8fb6b38ab971320a929766de50b01bf114092ec52b05c6d171d5d0", kill_on_drop: false }`
[INFO] [stdout] 6f8e07219b8fb6b38ab971320a929766de50b01bf114092ec52b05c6d171d5d0
[INFO] running `Command { std: "docker" "create" "-v" "/var/lib/crater-agent-workspace/builds/worker-4-tc1/target:/opt/rustwide/target:rw,Z" "-v" "/var/lib/crater-agent-workspace/builds/worker-4-tc1/source:/opt/rustwide/workdir:ro,Z" "-v" "/var/lib/crater-agent-workspace/cargo-home:/opt/rustwide/cargo-home:ro,Z" "-v" "/var/lib/crater-agent-workspace/rustup-home:/opt/rustwide/rustup-home:ro,Z" "-e" "SOURCE_DIR=/opt/rustwide/workdir" "-e" "CARGO_TARGET_DIR=/opt/rustwide/target" "-e" "CARGO_INCREMENTAL=0" "-e" "RUST_BACKTRACE=full" "-e" "RUSTFLAGS=--cap-lints=warn" "-e" "RUSTDOCFLAGS=--cap-lints=warn" "-e" "CARGO_HOME=/opt/rustwide/cargo-home" "-e" "RUSTUP_HOME=/opt/rustwide/rustup-home" "-w" "/opt/rustwide/workdir" "-m" "1610612736" "--user" "0:0" "--network" "none" "ghcr.io/rust-lang/crates-build-env/linux@sha256:5ff2268d62e97bff2cde7d5815dd6ed5b47097566f13b8d0ca110b04b60e07ed" "/opt/rustwide/cargo-home/bin/cargo" "+1.69.0" "build" "--frozen" "--message-format=json", kill_on_drop: false }`
[INFO] [stdout] f92441b0cf9b561803cf6cf5869457f72b4811de15833dff1836b113a4f02c97
[INFO] running `Command { std: "docker" "start" "-a" "f92441b0cf9b561803cf6cf5869457f72b4811de15833dff1836b113a4f02c97", kill_on_drop: false }`
[INFO] [stderr]    Compiling serde v1.0.160
[INFO] [stderr]    Compiling fxhash v0.2.1
[INFO] [stderr]    Compiling syn v2.0.15
[INFO] [stderr]    Compiling serde_derive v1.0.160
[INFO] [stderr]    Compiling toolshed v0.4.0
[INFO] [stderr]    Compiling esr v0.1.0 (/opt/rustwide/workdir)
[INFO] [stdout] warning: use of deprecated macro `r#try`: use the `?` operator instead
[INFO] [stdout]   --> src/error.rs:44:17
[INFO] [stdout]    |
[INFO] [stdout] 44 |                 r#try!(write!(f, "Unexpected end of program"))
[INFO] [stdout]    |                 ^^^^^
[INFO] [stdout]    |
[INFO] [stdout]    = note: `#[warn(deprecated)]` on by default
[INFO] [stdout] 
[INFO] [stdout] 
[INFO] [stdout] warning: use of deprecated macro `r#try`: use the `?` operator instead
[INFO] [stdout]   --> src/error.rs:61:17
[INFO] [stdout]    |
[INFO] [stdout] 61 |                 r#try!(writeln!(f, "Unexpected token at {}:{}\n", lineno + 1, colno + 1));
[INFO] [stdout]    |                 ^^^^^
[INFO] [stdout] 
[INFO] [stdout] 
[INFO] [stdout] warning: use of deprecated macro `r#try`: use the `?` operator instead
[INFO] [stdout]   --> src/error.rs:73:25
[INFO] [stdout]    |
[INFO] [stdout] 73 |                         r#try!(writeln!(f, "> {0:1$} | {2}", index+1, width, line));
[INFO] [stdout]    |                         ^^^^^
[INFO] [stdout] 
[INFO] [stdout] 
[INFO] [stdout] warning: use of deprecated macro `r#try`: use the `?` operator instead
[INFO] [stdout]   --> src/error.rs:79:25
[INFO] [stdout]    |
[INFO] [stdout] 79 |                         r#try!(write!(f, "   | "));
[INFO] [stdout]    |                         ^^^^^
[INFO] [stdout] 
[INFO] [stdout] 
[INFO] [stdout] warning: use of deprecated macro `r#try`: use the `?` operator instead
[INFO] [stdout]   --> src/error.rs:89:25
[INFO] [stdout]    |
[INFO] [stdout] 89 |                         r#try!(write!(f, "\n"));
[INFO] [stdout]    |                         ^^^^^
[INFO] [stdout] 
[INFO] [stdout] 
[INFO] [stdout] warning: use of deprecated macro `r#try`: use the `?` operator instead
[INFO] [stdout]   --> src/error.rs:76:29
[INFO] [stdout]    |
[INFO] [stdout] 76 | ...                   r#try!(write!(f, " "));
[INFO] [stdout]    |                       ^^^^^
[INFO] [stdout] 
[INFO] [stdout] 
[INFO] [stdout] warning: use of deprecated macro `r#try`: use the `?` operator instead
[INFO] [stdout]   --> src/error.rs:82:29
[INFO] [stdout]    |
[INFO] [stdout] 82 | ...                   r#try!(write!(f, " "));
[INFO] [stdout]    |                       ^^^^^
[INFO] [stdout] 
[INFO] [stdout] 
[INFO] [stdout] warning: use of deprecated macro `r#try`: use the `?` operator instead
[INFO] [stdout]   --> src/error.rs:86:29
[INFO] [stdout]    |
[INFO] [stdout] 86 | ...                   r#try!(write!(f, "^"));
[INFO] [stdout]    |                       ^^^^^
[INFO] [stdout] 
[INFO] [stdout] 
[INFO] [stdout] warning: use of deprecated macro `r#try`: use the `?` operator instead
[INFO] [stdout]   --> src/error.rs:91:25
[INFO] [stdout]    |
[INFO] [stdout] 91 |                         r#try!(writeln!(f, "{0:1$} | {2}", index+1, width+2, line));
[INFO] [stdout]    |                         ^^^^^
[INFO] [stdout] 
[INFO] [stdout] 
[INFO] [stdout] warning: unused doc comment
[INFO] [stdout]   --> src/parser/nested.rs:41:1
[INFO] [stdout]    |
[INFO] [stdout] 41 | /// All potential tokens, including Comma for sequence expressions
[INFO] [stdout]    | ^^^^^^^^^^^^^^^^^^^^^^^^^^^^^^^^^^^^^^^^^^^^^^^^^^^^^^^^^^^^^^^^^^ rustdoc does not generate documentation for macro invocations
[INFO] [stdout]    |
[INFO] [stdout]    = help: to document an item produced by a macro, the macro must produce the documentation as part of its expansion
[INFO] [stdout]    = note: `#[warn(unused_doc_comments)]` on by default
[INFO] [stdout] 
[INFO] [stdout] 
[INFO] [stdout] warning: 10 warnings emitted
[INFO] [stdout] 
[INFO] [stdout] 
[INFO] [stderr]     Finished dev [unoptimized + debuginfo] target(s) in 5.94s
[INFO] running `Command { std: "docker" "inspect" "f92441b0cf9b561803cf6cf5869457f72b4811de15833dff1836b113a4f02c97", kill_on_drop: false }`
[INFO] running `Command { std: "docker" "rm" "-f" "f92441b0cf9b561803cf6cf5869457f72b4811de15833dff1836b113a4f02c97", kill_on_drop: false }`
[INFO] [stdout] f92441b0cf9b561803cf6cf5869457f72b4811de15833dff1836b113a4f02c97
[INFO] running `Command { std: "docker" "create" "-v" "/var/lib/crater-agent-workspace/builds/worker-4-tc1/target:/opt/rustwide/target:rw,Z" "-v" "/var/lib/crater-agent-workspace/builds/worker-4-tc1/source:/opt/rustwide/workdir:ro,Z" "-v" "/var/lib/crater-agent-workspace/cargo-home:/opt/rustwide/cargo-home:ro,Z" "-v" "/var/lib/crater-agent-workspace/rustup-home:/opt/rustwide/rustup-home:ro,Z" "-e" "SOURCE_DIR=/opt/rustwide/workdir" "-e" "CARGO_TARGET_DIR=/opt/rustwide/target" "-e" "CARGO_INCREMENTAL=0" "-e" "RUST_BACKTRACE=full" "-e" "RUSTFLAGS=--cap-lints=warn" "-e" "RUSTDOCFLAGS=--cap-lints=warn" "-e" "CARGO_HOME=/opt/rustwide/cargo-home" "-e" "RUSTUP_HOME=/opt/rustwide/rustup-home" "-w" "/opt/rustwide/workdir" "-m" "1610612736" "--user" "0:0" "--network" "none" "ghcr.io/rust-lang/crates-build-env/linux@sha256:5ff2268d62e97bff2cde7d5815dd6ed5b47097566f13b8d0ca110b04b60e07ed" "/opt/rustwide/cargo-home/bin/cargo" "+1.69.0" "test" "--frozen" "--no-run" "--message-format=json", kill_on_drop: false }`
[INFO] [stdout] accbe5c30a01873bbd199795f399602f94fb121ca2fa1c9096b7d8eb40ffcea6
[INFO] running `Command { std: "docker" "start" "-a" "accbe5c30a01873bbd199795f399602f94fb121ca2fa1c9096b7d8eb40ffcea6", kill_on_drop: false }`
[INFO] [stderr]    Compiling serde_json v1.0.96
[INFO] [stderr]    Compiling indexmap v1.9.3
[INFO] [stderr]    Compiling difference v1.0.0
[INFO] [stderr]    Compiling ansi_term v0.9.0
[INFO] [stdout] warning: use of deprecated macro `r#try`: use the `?` operator instead
[INFO] [stdout]   --> src/error.rs:44:17
[INFO] [stdout]    |
[INFO] [stdout] 44 |                 r#try!(write!(f, "Unexpected end of program"))
[INFO] [stdout]    |                 ^^^^^
[INFO] [stdout]    |
[INFO] [stdout]    = note: `#[warn(deprecated)]` on by default
[INFO] [stdout] 
[INFO] [stdout] 
[INFO] [stdout] warning: use of deprecated macro `r#try`: use the `?` operator instead
[INFO] [stdout]   --> src/error.rs:61:17
[INFO] [stdout]    |
[INFO] [stdout] 61 |                 r#try!(writeln!(f, "Unexpected token at {}:{}\n", lineno + 1, colno + 1));
[INFO] [stdout]    |                 ^^^^^
[INFO] [stdout] 
[INFO] [stdout] 
[INFO] [stdout] warning: use of deprecated macro `r#try`: use the `?` operator instead
[INFO] [stdout]   --> src/error.rs:73:25
[INFO] [stdout]    |
[INFO] [stdout] 73 |                         r#try!(writeln!(f, "> {0:1$} | {2}", index+1, width, line));
[INFO] [stdout]    |                         ^^^^^
[INFO] [stdout] 
[INFO] [stdout] 
[INFO] [stdout] warning: use of deprecated macro `r#try`: use the `?` operator instead
[INFO] [stdout]   --> src/error.rs:79:25
[INFO] [stdout]    |
[INFO] [stdout] 79 |                         r#try!(write!(f, "   | "));
[INFO] [stdout]    |                         ^^^^^
[INFO] [stdout] 
[INFO] [stdout] 
[INFO] [stdout] warning: use of deprecated macro `r#try`: use the `?` operator instead
[INFO] [stdout]   --> src/error.rs:89:25
[INFO] [stdout]    |
[INFO] [stdout] 89 |                         r#try!(write!(f, "\n"));
[INFO] [stdout]    |                         ^^^^^
[INFO] [stdout] 
[INFO] [stdout] 
[INFO] [stdout] warning: use of deprecated macro `r#try`: use the `?` operator instead
[INFO] [stdout]   --> src/error.rs:76:29
[INFO] [stdout]    |
[INFO] [stdout] 76 | ...                   r#try!(write!(f, " "));
[INFO] [stdout]    |                       ^^^^^
[INFO] [stdout] 
[INFO] [stdout] 
[INFO] [stdout] warning: use of deprecated macro `r#try`: use the `?` operator instead
[INFO] [stdout]   --> src/error.rs:82:29
[INFO] [stdout]    |
[INFO] [stdout] 82 | ...                   r#try!(write!(f, " "));
[INFO] [stdout]    |                       ^^^^^
[INFO] [stdout] 
[INFO] [stdout] 
[INFO] [stdout] warning: use of deprecated macro `r#try`: use the `?` operator instead
[INFO] [stdout]   --> src/error.rs:86:29
[INFO] [stdout]    |
[INFO] [stdout] 86 | ...                   r#try!(write!(f, "^"));
[INFO] [stdout]    |                       ^^^^^
[INFO] [stdout] 
[INFO] [stdout] 
[INFO] [stdout] warning: use of deprecated macro `r#try`: use the `?` operator instead
[INFO] [stdout]   --> src/error.rs:91:25
[INFO] [stdout]    |
[INFO] [stdout] 91 |                         r#try!(writeln!(f, "{0:1$} | {2}", index+1, width+2, line));
[INFO] [stdout]    |                         ^^^^^
[INFO] [stdout] 
[INFO] [stdout] 
[INFO] [stdout] warning: unused doc comment
[INFO] [stdout]   --> src/parser/nested.rs:41:1
[INFO] [stdout]    |
[INFO] [stdout] 41 | /// All potential tokens, including Comma for sequence expressions
[INFO] [stdout]    | ^^^^^^^^^^^^^^^^^^^^^^^^^^^^^^^^^^^^^^^^^^^^^^^^^^^^^^^^^^^^^^^^^^ rustdoc does not generate documentation for macro invocations
[INFO] [stdout]    |
[INFO] [stdout]    = help: to document an item produced by a macro, the macro must produce the documentation as part of its expansion
[INFO] [stdout]    = note: `#[warn(unused_doc_comments)]` on by default
[INFO] [stdout] 
[INFO] [stdout] 
[INFO] [stdout] warning: 10 warnings emitted
[INFO] [stdout] 
[INFO] [stdout] 
[INFO] [stderr]    Compiling pretty_assertions v0.4.1
[INFO] [stderr]    Compiling esr v0.1.0 (/opt/rustwide/workdir)
[INFO] [stdout] warning: use of deprecated macro `r#try`: use the `?` operator instead
[INFO] [stdout]   --> src/error.rs:44:17
[INFO] [stdout]    |
[INFO] [stdout] 44 |                 r#try!(write!(f, "Unexpected end of program"))
[INFO] [stdout]    |                 ^^^^^
[INFO] [stdout]    |
[INFO] [stdout]    = note: `#[warn(deprecated)]` on by default
[INFO] [stdout] 
[INFO] [stdout] 
[INFO] [stdout] warning: use of deprecated macro `r#try`: use the `?` operator instead
[INFO] [stdout]   --> src/error.rs:61:17
[INFO] [stdout]    |
[INFO] [stdout] 61 |                 r#try!(writeln!(f, "Unexpected token at {}:{}\n", lineno + 1, colno + 1));
[INFO] [stdout]    |                 ^^^^^
[INFO] [stdout] 
[INFO] [stdout] 
[INFO] [stdout] warning: use of deprecated macro `r#try`: use the `?` operator instead
[INFO] [stdout]   --> src/error.rs:73:25
[INFO] [stdout]    |
[INFO] [stdout] 73 |                         r#try!(writeln!(f, "> {0:1$} | {2}", index+1, width, line));
[INFO] [stdout]    |                         ^^^^^
[INFO] [stdout] 
[INFO] [stdout] 
[INFO] [stdout] warning: use of deprecated macro `r#try`: use the `?` operator instead
[INFO] [stdout]   --> src/error.rs:79:25
[INFO] [stdout]    |
[INFO] [stdout] 79 |                         r#try!(write!(f, "   | "));
[INFO] [stdout]    |                         ^^^^^
[INFO] [stdout] 
[INFO] [stdout] 
[INFO] [stdout] warning: use of deprecated macro `r#try`: use the `?` operator instead
[INFO] [stdout]   --> src/error.rs:89:25
[INFO] [stdout]    |
[INFO] [stdout] 89 |                         r#try!(write!(f, "\n"));
[INFO] [stdout]    |                         ^^^^^
[INFO] [stdout] 
[INFO] [stdout] 
[INFO] [stdout] warning: use of deprecated macro `r#try`: use the `?` operator instead
[INFO] [stdout]   --> src/error.rs:76:29
[INFO] [stdout]    |
[INFO] [stdout] 76 | ...                   r#try!(write!(f, " "));
[INFO] [stdout]    |                       ^^^^^
[INFO] [stdout] 
[INFO] [stdout] 
[INFO] [stdout] warning: use of deprecated macro `r#try`: use the `?` operator instead
[INFO] [stdout]   --> src/error.rs:82:29
[INFO] [stdout]    |
[INFO] [stdout] 82 | ...                   r#try!(write!(f, " "));
[INFO] [stdout]    |                       ^^^^^
[INFO] [stdout] 
[INFO] [stdout] 
[INFO] [stdout] warning: use of deprecated macro `r#try`: use the `?` operator instead
[INFO] [stdout]   --> src/error.rs:86:29
[INFO] [stdout]    |
[INFO] [stdout] 86 | ...                   r#try!(write!(f, "^"));
[INFO] [stdout]    |                       ^^^^^
[INFO] [stdout] 
[INFO] [stdout] 
[INFO] [stdout] warning: use of deprecated macro `r#try`: use the `?` operator instead
[INFO] [stdout]   --> src/error.rs:91:25
[INFO] [stdout]    |
[INFO] [stdout] 91 |                         r#try!(writeln!(f, "{0:1$} | {2}", index+1, width+2, line));
[INFO] [stdout]    |                         ^^^^^
[INFO] [stdout] 
[INFO] [stdout] 
[INFO] [stdout] warning: unused doc comment
[INFO] [stdout]   --> src/parser/nested.rs:41:1
[INFO] [stdout]    |
[INFO] [stdout] 41 | /// All potential tokens, including Comma for sequence expressions
[INFO] [stdout]    | ^^^^^^^^^^^^^^^^^^^^^^^^^^^^^^^^^^^^^^^^^^^^^^^^^^^^^^^^^^^^^^^^^^ rustdoc does not generate documentation for macro invocations
[INFO] [stdout]    |
[INFO] [stdout]    = help: to document an item produced by a macro, the macro must produce the documentation as part of its expansion
[INFO] [stdout]    = note: `#[warn(unused_doc_comments)]` on by default
[INFO] [stdout] 
[INFO] [stdout] 
[INFO] [stdout] warning: 10 warnings emitted
[INFO] [stdout] 
[INFO] [stdout] 
[INFO] [stderr]     Finished test [unoptimized + debuginfo] target(s) in 5.51s
[INFO] running `Command { std: "docker" "inspect" "accbe5c30a01873bbd199795f399602f94fb121ca2fa1c9096b7d8eb40ffcea6", kill_on_drop: false }`
[INFO] running `Command { std: "docker" "rm" "-f" "accbe5c30a01873bbd199795f399602f94fb121ca2fa1c9096b7d8eb40ffcea6", kill_on_drop: false }`
[INFO] [stdout] accbe5c30a01873bbd199795f399602f94fb121ca2fa1c9096b7d8eb40ffcea6
[INFO] running `Command { std: "docker" "create" "-v" "/var/lib/crater-agent-workspace/builds/worker-4-tc1/target:/opt/rustwide/target:rw,Z" "-v" "/var/lib/crater-agent-workspace/builds/worker-4-tc1/source:/opt/rustwide/workdir:ro,Z" "-v" "/var/lib/crater-agent-workspace/cargo-home:/opt/rustwide/cargo-home:ro,Z" "-v" "/var/lib/crater-agent-workspace/rustup-home:/opt/rustwide/rustup-home:ro,Z" "-e" "SOURCE_DIR=/opt/rustwide/workdir" "-e" "CARGO_TARGET_DIR=/opt/rustwide/target" "-e" "CARGO_INCREMENTAL=0" "-e" "RUST_BACKTRACE=full" "-e" "RUSTFLAGS=--cap-lints=warn" "-e" "RUSTDOCFLAGS=--cap-lints=warn" "-e" "CARGO_HOME=/opt/rustwide/cargo-home" "-e" "RUSTUP_HOME=/opt/rustwide/rustup-home" "-w" "/opt/rustwide/workdir" "-m" "1610612736" "--user" "0:0" "--network" "none" "ghcr.io/rust-lang/crates-build-env/linux@sha256:5ff2268d62e97bff2cde7d5815dd6ed5b47097566f13b8d0ca110b04b60e07ed" "/opt/rustwide/cargo-home/bin/cargo" "+1.69.0" "test" "--frozen", kill_on_drop: false }`
[INFO] [stdout] 073c6da9c5835c3f2996a73f687384059cd251fda3d1b54fe3391c8ed0ce4d3b
[INFO] running `Command { std: "docker" "start" "-a" "073c6da9c5835c3f2996a73f687384059cd251fda3d1b54fe3391c8ed0ce4d3b", kill_on_drop: false }`
[INFO] [stderr] warning: use of deprecated macro `r#try`: use the `?` operator instead
[INFO] [stderr]   --> src/error.rs:44:17
[INFO] [stderr]    |
[INFO] [stderr] 44 |                 r#try!(write!(f, "Unexpected end of program"))
[INFO] [stderr]    |                 ^^^^^
[INFO] [stderr]    |
[INFO] [stderr]    = note: `#[warn(deprecated)]` on by default
[INFO] [stderr] 
[INFO] [stderr] warning: use of deprecated macro `r#try`: use the `?` operator instead
[INFO] [stderr]   --> src/error.rs:61:17
[INFO] [stderr]    |
[INFO] [stderr] 61 |                 r#try!(writeln!(f, "Unexpected token at {}:{}\n", lineno + 1, colno + 1));
[INFO] [stderr]    |                 ^^^^^
[INFO] [stderr] 
[INFO] [stderr] warning: use of deprecated macro `r#try`: use the `?` operator instead
[INFO] [stderr]   --> src/error.rs:73:25
[INFO] [stderr]    |
[INFO] [stderr] 73 |                         r#try!(writeln!(f, "> {0:1$} | {2}", index+1, width, line));
[INFO] [stderr]    |                         ^^^^^
[INFO] [stderr] 
[INFO] [stderr] warning: use of deprecated macro `r#try`: use the `?` operator instead
[INFO] [stderr]   --> src/error.rs:79:25
[INFO] [stderr]    |
[INFO] [stderr] 79 |                         r#try!(write!(f, "   | "));
[INFO] [stderr]    |                         ^^^^^
[INFO] [stderr] 
[INFO] [stderr] warning: use of deprecated macro `r#try`: use the `?` operator instead
[INFO] [stderr]   --> src/error.rs:89:25
[INFO] [stderr]    |
[INFO] [stderr] 89 |                         r#try!(write!(f, "\n"));
[INFO] [stderr]    |                         ^^^^^
[INFO] [stderr] 
[INFO] [stderr] warning: use of deprecated macro `r#try`: use the `?` operator instead
[INFO] [stderr]   --> src/error.rs:76:29
[INFO] [stderr]    |
[INFO] [stderr] 76 | ...                   r#try!(write!(f, " "));
[INFO] [stderr]    |                       ^^^^^
[INFO] [stderr] 
[INFO] [stderr] warning: use of deprecated macro `r#try`: use the `?` operator instead
[INFO] [stderr]   --> src/error.rs:82:29
[INFO] [stderr]    |
[INFO] [stderr] 82 | ...                   r#try!(write!(f, " "));
[INFO] [stderr]    |                       ^^^^^
[INFO] [stderr] 
[INFO] [stderr] warning: use of deprecated macro `r#try`: use the `?` operator instead
[INFO] [stderr]   --> src/error.rs:86:29
[INFO] [stderr]    |
[INFO] [stderr] 86 | ...                   r#try!(write!(f, "^"));
[INFO] [stderr]    |                       ^^^^^
[INFO] [stderr] 
[INFO] [stderr] warning: use of deprecated macro `r#try`: use the `?` operator instead
[INFO] [stderr]   --> src/error.rs:91:25
[INFO] [stderr]    |
[INFO] [stderr] 91 |                         r#try!(writeln!(f, "{0:1$} | {2}", index+1, width+2, line));
[INFO] [stderr]    |                         ^^^^^
[INFO] [stderr] 
[INFO] [stderr] warning: unused doc comment
[INFO] [stderr]   --> src/parser/nested.rs:41:1
[INFO] [stderr]    |
[INFO] [stderr] 41 | /// All potential tokens, including Comma for sequence expressions
[INFO] [stderr]    | ^^^^^^^^^^^^^^^^^^^^^^^^^^^^^^^^^^^^^^^^^^^^^^^^^^^^^^^^^^^^^^^^^^ rustdoc does not generate documentation for macro invocations
[INFO] [stderr]    |
[INFO] [stderr]    = help: to document an item produced by a macro, the macro must produce the documentation as part of its expansion
[INFO] [stderr]    = note: `#[warn(unused_doc_comments)]` on by default
[INFO] [stderr] 
[INFO] [stderr] warning: `esr` (lib) generated 10 warnings
[INFO] [stderr] warning: `esr` (lib test) generated 10 warnings (10 duplicates)
[INFO] [stderr]     Finished test [unoptimized + debuginfo] target(s) in 0.01s
[INFO] [stderr]      Running unittests src/lib.rs (/opt/rustwide/target/debug/deps/esr-838842c2da0193d9)
[INFO] [stdout] 
[INFO] [stdout] running 148 tests
[INFO] [stdout] test ast::node::test::ptr ... ok
[INFO] [stdout] test astgen::expression::test::test_call_expression ... ok
[INFO] [stdout] test astgen::expression::test::test_array_expression ... ok
[INFO] [stdout] test astgen::expression::test::test_computed_member_expression ... ok
[INFO] [stdout] test astgen::expression::test::test_arrow_function_expression ... ok
[INFO] [stdout] test astgen::expression::test::test_condititional_expression ... ok
[INFO] [stdout] test astgen::expression::test::test_binary_expression ... ok
[INFO] [stdout] test astgen::expression::test::test_identifier_expression ... ok
[INFO] [stdout] test astgen::expression::test::test_member_expression ... ok
[INFO] [stdout] test astgen::expression::test::test_class_expression ... ok
[INFO] [stdout] test astgen::expression::test::test_postfix_expression ... ok
[INFO] [stdout] test astgen::expression::test::test_literal_expression ... ok
[INFO] [stdout] test astgen::expression::test::test_prefix_expression ... ok
[INFO] [stdout] test astgen::expression::test::test_function_expression ... ok
[INFO] [stdout] test astgen::expression::test::test_meta_property_expression ... ok
[INFO] [stdout] test astgen::expression::test::test_sequence_expression ... ok
[INFO] [stdout] test astgen::expression::test::test_spread_expression ... ok
[INFO] [stdout] test astgen::statement::test::test_for_statement ... ok
[INFO] [stdout] test astgen::expression::test::test_void_expression ... ok
[INFO] [stdout] test astgen::statement::test::test_do_statement ... ok
[INFO] [stdout] test astgen::expression::test::test_this_expression ... ok
[INFO] [stdout] test astgen::statement::test::test_block_statement ... ok
[INFO] [stdout] test astgen::statement::test::test_statement_empty ... ok
[INFO] [stdout] test astgen::statement::test::test_statement_expression_statement ... ok
[INFO] [stdout] test astgen::statement::test::test_statement_continue_statement ... ok
[INFO] [stdout] test astgen::statement::test::test_statement_break_statement ... ok
[INFO] [stdout] test astgen::statement::test::test_declaration_statement ... ok
[INFO] [stdout] test astgen::statement::test::test_while_statement ... ok
[INFO] [stdout] test astgen::statement::test::test_function_statement ... ok
[INFO] [stdout] test astgen::statement::test::test_try_statement ... ok
[INFO] [stdout] test astgen::statement::test::test_statement_if_statement ... ok
[INFO] [stdout] test astgen::test::test_generate_ast_expression ... ok
[INFO] [stdout] test astgen::test::test_generate_ast_empty ... ok
[INFO] [stdout] test astgen::statement::test::test_statement_return_statement ... ok
[INFO] [stdout] test astgen::expression::test::test_object_expression ... ok
[INFO] [stdout] test astgen::value::test::test_is_float ... ok
[INFO] [stdout] test astgen::statement::test::test_statement_throw_statement ... ok
[INFO] [stdout] test astgen::value::test::test_parse_regex ... ok
[INFO] [stdout] test astgen::value::test::test_value_false ... ok
[INFO] [stdout] test astgen::value::test::test_value_null ... ok
[INFO] [stdout] test astgen::value::test::test_regex ... ok
[INFO] [stdout] test astgen::value::test::test_pattern ... ok
[INFO] [stdout] test error::test::test_format_unexpected_token_error ... ok
[INFO] [stdout] test astgen::value::test::test_value_undefined ... ok
[INFO] [stdout] test astgen::value::test::test_value_string ... ok
[INFO] [stdout] test astgen::value::test::test_value_true ... ok
[INFO] [stdout] test astgen::value::test::test_value_number ... ok
[INFO] [stdout] test lexer::test::block_comment ... ok
[INFO] [stdout] test lexer::test::empty_lexer ... ok
[INFO] [stdout] test lexer::test::function_statement ... ok
[INFO] [stdout] test lexer::test::keywords ... ok
[INFO] [stdout] test lexer::test::line_comment ... ok
[INFO] [stdout] test lexer::test::method_call ... ok
[INFO] [stdout] test lexer::test::method_call_with_keyword ... ok
[INFO] [stdout] test lexer::test::operators ... ok
[INFO] [stdout] test astgen::value::test::test_template ... ok
[INFO] [stdout] test lexer::test::simple_math ... ok
[INFO] [stdout] test lexer::test::unexpected_end ... ok
[INFO] [stdout] test lexer::test::unexpected_token ... ok
[INFO] [stdout] test lexer::test::variable_declaration ... ok
[INFO] [stdout] test parser::expression::test::array_expression ... ok
[INFO] [stdout] test parser::expression::test::arrow_function_expression ... ok
[INFO] [stdout] test parser::expression::test::arrow_function_in_sequence ... ok
[INFO] [stdout] test parser::expression::test::arrow_function_invalid_params_throws ... ok
[INFO] [stdout] test parser::expression::test::arrow_function_shorthand ... ok
[INFO] [stdout] test parser::expression::test::arrow_function_with_default_params ... ok
[INFO] [stdout] test parser::expression::test::arrow_function_with_params ... ok
[INFO] [stdout] test parser::expression::test::assignment_to_lvalue ... ok
[INFO] [stdout] test parser::expression::test::call_expression ... ok
[INFO] [stdout] test parser::expression::test::binary_expression ... ok
[INFO] [stdout] test parser::expression::test::class_expression ... ok
[INFO] [stdout] test parser::expression::test::complex_conditional_expression ... ok
[INFO] [stdout] test parser::expression::test::complex_template_expression ... ok
[INFO] [stdout] test parser::expression::test::computed_member_expression ... ok
[INFO] [stdout] test parser::expression::test::conditional_expression ... ok
[INFO] [stdout] test parser::expression::test::function_expression ... ok
[INFO] [stdout] test parser::expression::test::keyword_member_expression ... ok
[INFO] [stdout] test parser::expression::test::member_expression ... ok
[INFO] [stdout] test parser::expression::test::meta_property_expression ... ok
[INFO] [stdout] test parser::expression::test::named_class_expression ... ok
[INFO] [stdout] test parser::expression::test::named_child_class_expression ... ok
[INFO] [stdout] test parser::expression::test::meta_property_expression_throws ... ok
[INFO] [stdout] test parser::expression::test::postfix_expression ... ok
[INFO] [stdout] test parser::expression::test::named_function_expression ... ok
[INFO] [stdout] test parser::expression::test::regression_decrements ... ok
[INFO] [stdout] test parser::expression::test::regression_operator_precedence ... ok
[INFO] [stdout] test parser::expression::test::regression_asi_increments ... ok
[INFO] [stdout] test parser::expression::test::regression_asi_decrements ... ok
[INFO] [stdout] test parser::expression::test::regression_asi_safe ... ok
[INFO] [stdout] test parser::expression::test::regression_increments ... ok
[INFO] [stdout] test parser::expression::test::parenthesized_binary_expression ... ok
[INFO] [stdout] test parser::expression::test::sequence_expression ... ok
[INFO] [stdout] test parser::expression::test::spread_expression_in_array ... ok
[INFO] [stdout] test parser::expression::test::spread_expression_illegal_bare ... ok
[INFO] [stdout] test parser::expression::test::tagged_complex_template_expression ... ok
[INFO] [stdout] test parser::expression::test::spread_expression_in_call ... ok
[INFO] [stdout] test parser::expression::test::tagged_template_expression ... ok
[INFO] [stdout] test parser::expression::test::template_expression ... ok
[INFO] [stdout] test parser::expression::test::value_expression ... ok
[INFO] [stdout] test parser::function::test::child_class_empty ... ok
[INFO] [stdout] test parser::function::test::class_constructor ... ok
[INFO] [stdout] test parser::function::test::class_empty ... ok
[INFO] [stdout] test parser::function::test::class_extends_null ... ok
[INFO] [stdout] test parser::function::test::class_method ... ok
[INFO] [stdout] test parser::function::test::class_methods ... ok
[INFO] [stdout] test parser::function::test::function_body ... ok
[INFO] [stdout] test parser::function::test::class_value ... ok
[INFO] [stdout] test parser::function::test::function_empty ... ok
[INFO] [stdout] test parser::function::test::function_with_default_params ... ok
[INFO] [stdout] test parser::function::test::function_params ... ok
[INFO] [stdout] test parser::function::test::function_with_non_trailing_rest_element ... ok
[INFO] [stdout] test parser::function::test::function_with_non_trailing_default_params ... ok
[INFO] [stdout] test parser::function::test::function_with_tailing_rest_element ... ok
[INFO] [stdout] test parser::statement::test::block_statement ... ok
[INFO] [stdout] test parser::statement::test::break_statement ... ok
[INFO] [stdout] test parser::function::test::function_with_generator_flag ... ok
[INFO] [stdout] test parser::statement::test::break_statement_label ... ok
[INFO] [stdout] test parser::expression::test::sparse_array_expression ... ok
[INFO] [stdout] test parser::statement::test::do_statement ... ok
[INFO] [stdout] test parser::statement::test::for_statement ... ok
[INFO] [stdout] test parser::function::test::function_with_rest_element ... ok
[INFO] [stdout] test parser::statement::test::function_statement ... ok
[INFO] [stdout] test parser::statement::test::for_statement_continue ... ok
[INFO] [stdout] test parser::statement::test::empty_for_statement ... ok
[INFO] [stdout] test parser::statement::test::for_statement_sequences ... ok
[INFO] [stdout] test parser::statement::test::if_else_statement ... ok
[INFO] [stdout] test parser::statement::test::if_statement ... ok
[INFO] [stdout] test parser::statement::test::function_statement_must_have_name ... ok
[INFO] [stdout] test parser::statement::test::switch_statement ... ok
[INFO] [stdout] test parser::statement::test::throw_statement ... ok
[INFO] [stdout] test parser::statement::test::try_statement_finally ... ok
[INFO] [stdout] test parser::statement::test::try_statement_full ... ok
[INFO] [stdout] test parser::statement::test::try_statement_no_tail ... ok
[INFO] [stdout] test parser::statement::test::variable_declaration_statement ... ok
[INFO] [stdout] test parser::statement::test::variable_declaration_statement_destructuring_array ... ok
[INFO] [stdout] test parser::statement::test::variable_declaration_statement_destructuring_array_sparse ... ok
[INFO] [stdout] test parser::statement::test::class_statement ... ok
[INFO] [stdout] test parser::statement::test::labeled_block_statement ... ok
[INFO] [stdout] test parser::statement::test::try_statement ... ok
[INFO] [stdout] test parser::statement::test::variable_declaration_statement_destructuring_object ... ok
[INFO] [stdout] test parser::statement::test::variable_declaration_statement_spread ... ok
[INFO] [stdout] test parser::statement::test::while_statement ... ok
[INFO] [stdout] test parser::test::empty_parse ... ok
[INFO] [stdout] test parser::statement::test::while_statement_block ... ok
[INFO] [stdout] test parser::test::empty_statements ... ok
[INFO] [stdout] test parser::expression::test::ident_expression ... FAILED
[INFO] [stdout] test parser::expression::test::regular_expression ... FAILED
[INFO] [stdout] test parser::statement::test::class_statement_must_have_name - should panic ... ok
[INFO] [stdout] 
[INFO] [stdout] failures:
[INFO] [stdout] 
[INFO] [stdout] ---- parser::expression::test::ident_expression stdout ----
[INFO] [stdout] thread 'parser::expression::test::ident_expression' panicked at 'assertion failed: `(left == right)`
[INFO] [stdout] 
[INFO] [stdout] [1mDiff[0m [31m< left[0m / [32mright >[0m :
[INFO] [stdout]  Identifier(
[INFO] [stdout] [31m<[0m[31m    "[0m[31m",[0m
[INFO] [stdout] [32m>[0m[32m    "[0m[1;48;5;22;32mfoobar[0m[32m",[0m
[INFO] [stdout]  )
[INFO] [stdout] 
[INFO] [stdout] ', src/parser/expression.rs:650:9
[INFO] [stdout] stack backtrace:
[INFO] [stdout]    0:     0x560885e1f84a - std::backtrace_rs::backtrace::libunwind::trace::ha9053a9a07ca49cb
[INFO] [stdout]                                at /rustc/84c898d65adf2f39a5a98507f1fe0ce10a2b8dbc/library/std/src/../../backtrace/src/backtrace/libunwind.rs:93:5
[INFO] [stdout]    1:     0x560885e1f84a - std::backtrace_rs::backtrace::trace_unsynchronized::h9c2852a457ad564e
[INFO] [stdout]                                at /rustc/84c898d65adf2f39a5a98507f1fe0ce10a2b8dbc/library/std/src/../../backtrace/src/backtrace/mod.rs:66:5
[INFO] [stdout]    2:     0x560885e1f84a - std::sys_common::backtrace::_print_fmt::h457936fbfaa0070f
[INFO] [stdout]                                at /rustc/84c898d65adf2f39a5a98507f1fe0ce10a2b8dbc/library/std/src/sys_common/backtrace.rs:65:5
[INFO] [stdout]    3:     0x560885e1f84a - <std::sys_common::backtrace::_print::DisplayBacktrace as core::fmt::Display>::fmt::h5779d7bf7f70cb0c
[INFO] [stdout]                                at /rustc/84c898d65adf2f39a5a98507f1fe0ce10a2b8dbc/library/std/src/sys_common/backtrace.rs:44:22
[INFO] [stdout]    4:     0x560885e447ae - core::fmt::write::h5a4baaff1bcd3eb5
[INFO] [stdout]                                at /rustc/84c898d65adf2f39a5a98507f1fe0ce10a2b8dbc/library/core/src/fmt/mod.rs:1232:17
[INFO] [stdout]    5:     0x560885e1ccc5 - std::io::Write::write_fmt::h478f79c628ef31d1
[INFO] [stdout]                                at /rustc/84c898d65adf2f39a5a98507f1fe0ce10a2b8dbc/library/std/src/io/mod.rs:1684:15
[INFO] [stdout]    6:     0x560885e1f615 - std::sys_common::backtrace::_print::h5fcdc36060f177e8
[INFO] [stdout]                                at /rustc/84c898d65adf2f39a5a98507f1fe0ce10a2b8dbc/library/std/src/sys_common/backtrace.rs:47:5
[INFO] [stdout]    7:     0x560885e1f615 - std::sys_common::backtrace::print::h54ca9458b876c8bf
[INFO] [stdout]                                at /rustc/84c898d65adf2f39a5a98507f1fe0ce10a2b8dbc/library/std/src/sys_common/backtrace.rs:34:9
[INFO] [stdout]    8:     0x560885e213df - std::panicking::default_hook::{{closure}}::hbe471161c7664ed6
[INFO] [stdout]                                at /rustc/84c898d65adf2f39a5a98507f1fe0ce10a2b8dbc/library/std/src/panicking.rs:271:22
[INFO] [stdout]    9:     0x560885e2109f - std::panicking::default_hook::ha3500da57aa4ac4f
[INFO] [stdout]                                at /rustc/84c898d65adf2f39a5a98507f1fe0ce10a2b8dbc/library/std/src/panicking.rs:287:9
[INFO] [stdout]   10:     0x560885dc3947 - <alloc::boxed::Box<F,A> as core::ops::function::Fn<Args>>::call::hdf1b89dd137ece34
[INFO] [stdout]                                at /rustc/84c898d65adf2f39a5a98507f1fe0ce10a2b8dbc/library/alloc/src/boxed.rs:2001:9
[INFO] [stdout]   11:     0x560885dc3947 - test::test_main::{{closure}}::h9081a79f20e75698
[INFO] [stdout]                                at /rustc/84c898d65adf2f39a5a98507f1fe0ce10a2b8dbc/library/test/src/lib.rs:135:21
[INFO] [stdout]   12:     0x560885e21b0d - <alloc::boxed::Box<F,A> as core::ops::function::Fn<Args>>::call::h6507bddc3eebb4a5
[INFO] [stdout]                                at /rustc/84c898d65adf2f39a5a98507f1fe0ce10a2b8dbc/library/alloc/src/boxed.rs:2001:9
[INFO] [stdout]   13:     0x560885e21b0d - std::panicking::rust_panic_with_hook::h50c09d000dc561d2
[INFO] [stdout]                                at /rustc/84c898d65adf2f39a5a98507f1fe0ce10a2b8dbc/library/std/src/panicking.rs:696:13
[INFO] [stdout]   14:     0x560885e21889 - std::panicking::begin_panic_handler::{{closure}}::h9e2b2176e00e0d9c
[INFO] [stdout]                                at /rustc/84c898d65adf2f39a5a98507f1fe0ce10a2b8dbc/library/std/src/panicking.rs:583:13
[INFO] [stdout]   15:     0x560885e1fcb6 - std::sys_common::backtrace::__rust_end_short_backtrace::h5739b8e512c09d02
[INFO] [stdout]                                at /rustc/84c898d65adf2f39a5a98507f1fe0ce10a2b8dbc/library/std/src/sys_common/backtrace.rs:150:18
[INFO] [stdout]   16:     0x560885e21592 - rust_begin_unwind
[INFO] [stdout]                                at /rustc/84c898d65adf2f39a5a98507f1fe0ce10a2b8dbc/library/std/src/panicking.rs:579:5
[INFO] [stdout]   17:     0x560885c7bb83 - core::panicking::panic_fmt::hf33a1475b4dc5c3e
[INFO] [stdout]                                at /rustc/84c898d65adf2f39a5a98507f1fe0ce10a2b8dbc/library/core/src/panicking.rs:64:14
[INFO] [stdout]   18:     0x560885ceb852 - esr::parser::expression::test::ident_expression::h973efcdcba58f1f6
[INFO] [stdout]                                at /opt/rustwide/workdir/src/parser/expression.rs:650:9
[INFO] [stdout]   19:     0x560885ceb4d7 - esr::parser::expression::test::ident_expression::{{closure}}::h1b887b1f8d23ef87
[INFO] [stdout]                                at /opt/rustwide/workdir/src/parser/expression.rs:647:27
[INFO] [stdout]   20:     0x560885d82d85 - core::ops::function::FnOnce::call_once::h96ec3bfe96fe98e6
[INFO] [stdout]                                at /rustc/84c898d65adf2f39a5a98507f1fe0ce10a2b8dbc/library/core/src/ops/function.rs:250:5
[INFO] [stdout]   21:     0x560885dc8d2f - core::ops::function::FnOnce::call_once::h7d969581be7d0075
[INFO] [stdout]                                at /rustc/84c898d65adf2f39a5a98507f1fe0ce10a2b8dbc/library/core/src/ops/function.rs:250:5
[INFO] [stdout]   22:     0x560885dc8d2f - test::__rust_begin_short_backtrace::hca25a52684e56655
[INFO] [stdout]                                at /rustc/84c898d65adf2f39a5a98507f1fe0ce10a2b8dbc/library/test/src/lib.rs:656:18
[INFO] [stdout]   23:     0x560885d9a34c - test::run_test::{{closure}}::ha8ac744c4af1a4bb
[INFO] [stdout]                                at /rustc/84c898d65adf2f39a5a98507f1fe0ce10a2b8dbc/library/test/src/lib.rs:647:30
[INFO] [stdout]   24:     0x560885d9a34c - core::ops::function::FnOnce::call_once{{vtable.shim}}::h7b411a9ed45bdecf
[INFO] [stdout]                                at /rustc/84c898d65adf2f39a5a98507f1fe0ce10a2b8dbc/library/core/src/ops/function.rs:250:5
[INFO] [stdout]   25:     0x560885dc7cf6 - <alloc::boxed::Box<F,A> as core::ops::function::FnOnce<Args>>::call_once::hd05328869a8ed200
[INFO] [stdout]                                at /rustc/84c898d65adf2f39a5a98507f1fe0ce10a2b8dbc/library/alloc/src/boxed.rs:1987:9
[INFO] [stdout]   26:     0x560885dc7cf6 - <core::panic::unwind_safe::AssertUnwindSafe<F> as core::ops::function::FnOnce<()>>::call_once::h0c601ce20bd5b2be
[INFO] [stdout]                                at /rustc/84c898d65adf2f39a5a98507f1fe0ce10a2b8dbc/library/core/src/panic/unwind_safe.rs:271:9
[INFO] [stdout]   27:     0x560885dc7cf6 - std::panicking::try::do_call::ha4be5c164fe30854
[INFO] [stdout]                                at /rustc/84c898d65adf2f39a5a98507f1fe0ce10a2b8dbc/library/std/src/panicking.rs:487:40
[INFO] [stdout]   28:     0x560885dc7cf6 - std::panicking::try::h604546f3609af05f
[INFO] [stdout]                                at /rustc/84c898d65adf2f39a5a98507f1fe0ce10a2b8dbc/library/std/src/panicking.rs:451:19
[INFO] [stdout]   29:     0x560885dc7cf6 - std::panic::catch_unwind::h5bfa8afe44c9c2f9
[INFO] [stdout]                                at /rustc/84c898d65adf2f39a5a98507f1fe0ce10a2b8dbc/library/std/src/panic.rs:140:14
[INFO] [stdout]   30:     0x560885dc7cf6 - test::run_test_in_process::hd50dee55dd63e6aa
[INFO] [stdout]                                at /rustc/84c898d65adf2f39a5a98507f1fe0ce10a2b8dbc/library/test/src/lib.rs:679:27
[INFO] [stdout]   31:     0x560885dc7cf6 - test::run_test::run_test_inner::{{closure}}::h4aa0f433aa85cea8
[INFO] [stdout]                                at /rustc/84c898d65adf2f39a5a98507f1fe0ce10a2b8dbc/library/test/src/lib.rs:573:39
[INFO] [stdout]   32:     0x560885d949c1 - test::run_test::run_test_inner::{{closure}}::had56431adf24b4d6
[INFO] [stdout]                                at /rustc/84c898d65adf2f39a5a98507f1fe0ce10a2b8dbc/library/test/src/lib.rs:600:37
[INFO] [stdout]   33:     0x560885d949c1 - std::sys_common::backtrace::__rust_begin_short_backtrace::ha8d9890e0c73bf13
[INFO] [stdout]                                at /rustc/84c898d65adf2f39a5a98507f1fe0ce10a2b8dbc/library/std/src/sys_common/backtrace.rs:134:18
[INFO] [stdout]   34:     0x560885d9a3db - std::thread::Builder::spawn_unchecked_::{{closure}}::{{closure}}::h251832bcb4a95327
[INFO] [stdout]                                at /rustc/84c898d65adf2f39a5a98507f1fe0ce10a2b8dbc/library/std/src/thread/mod.rs:560:17
[INFO] [stdout]   35:     0x560885d9a3db - <core::panic::unwind_safe::AssertUnwindSafe<F> as core::ops::function::FnOnce<()>>::call_once::h8fdff598fa414831
[INFO] [stdout]                                at /rustc/84c898d65adf2f39a5a98507f1fe0ce10a2b8dbc/library/core/src/panic/unwind_safe.rs:271:9
[INFO] [stdout]   36:     0x560885d9a3db - std::panicking::try::do_call::h455dd2f7764a950f
[INFO] [stdout]                                at /rustc/84c898d65adf2f39a5a98507f1fe0ce10a2b8dbc/library/std/src/panicking.rs:487:40
[INFO] [stdout]   37:     0x560885d9a3db - std::panicking::try::had6f23b7b73ae72a
[INFO] [stdout]                                at /rustc/84c898d65adf2f39a5a98507f1fe0ce10a2b8dbc/library/std/src/panicking.rs:451:19
[INFO] [stdout]   38:     0x560885d9a3db - std::panic::catch_unwind::ha6a5ca3915b4dad0
[INFO] [stdout]                                at /rustc/84c898d65adf2f39a5a98507f1fe0ce10a2b8dbc/library/std/src/panic.rs:140:14
[INFO] [stdout]   39:     0x560885d9a3db - std::thread::Builder::spawn_unchecked_::{{closure}}::h883b72ef75da6231
[INFO] [stdout]                                at /rustc/84c898d65adf2f39a5a98507f1fe0ce10a2b8dbc/library/std/src/thread/mod.rs:559:30
[INFO] [stdout]   40:     0x560885d9a3db - core::ops::function::FnOnce::call_once{{vtable.shim}}::hb7dff73dc8bd2ccb
[INFO] [stdout]                                at /rustc/84c898d65adf2f39a5a98507f1fe0ce10a2b8dbc/library/core/src/ops/function.rs:250:5
[INFO] [stdout]   41:     0x560885e25e73 - <alloc::boxed::Box<F,A> as core::ops::function::FnOnce<Args>>::call_once::h39990b24eedef2ab
[INFO] [stdout]                                at /rustc/84c898d65adf2f39a5a98507f1fe0ce10a2b8dbc/library/alloc/src/boxed.rs:1987:9
[INFO] [stdout]   42:     0x560885e25e73 - <alloc::boxed::Box<F,A> as core::ops::function::FnOnce<Args>>::call_once::h01a027258444143b
[INFO] [stdout]                                at /rustc/84c898d65adf2f39a5a98507f1fe0ce10a2b8dbc/library/alloc/src/boxed.rs:1987:9
[INFO] [stdout]   43:     0x560885e25e73 - std::sys::unix::thread::Thread::new::thread_start::ha4f1cdd9c25884ba
[INFO] [stdout]                                at /rustc/84c898d65adf2f39a5a98507f1fe0ce10a2b8dbc/library/std/src/sys/unix/thread.rs:108:17
[INFO] [stdout]   44:     0x7f7021556b43 - <unknown>
[INFO] [stdout]   45:     0x7f70215e7bb4 - __clone
[INFO] [stdout]   46:                0x0 - <unknown>
[INFO] [stdout] 
[INFO] [stdout] ---- parser::expression::test::regular_expression stdout ----
[INFO] [stdout] thread 'parser::expression::test::regular_expression' panicked at 'assertion failed: `(left == right)`
[INFO] [stdout] 
[INFO] [stdout] [1mDiff[0m [31m< left[0m / [32mright >[0m :
[INFO] [stdout]  Literal(
[INFO] [stdout] [31m<[0m[31m    [0m[1;48;5;52;31mUnd[0m[31me[0m[1;48;5;52;31mfined,[0m
[INFO] [stdout] [32m>[0m[32m    [0m[1;48;5;22;32mR[0m[32me[0m[1;48;5;22;32mgEx([0m
[INFO] [stdout] [1;32m>[0m[1;48;5;22;32m        "/^[A-Z]+\\/[\\d]+/g",[0m
[INFO] [stdout] [1;32m>[0m[1;48;5;22;32m    ),[0m
[INFO] [stdout]  )
[INFO] [stdout] 
[INFO] [stdout] ', src/parser/expression.rs:948:9
[INFO] [stdout] stack backtrace:
[INFO] [stdout]    0:     0x560885e1f84a - std::backtrace_rs::backtrace::libunwind::trace::ha9053a9a07ca49cb
[INFO] [stdout]                                at /rustc/84c898d65adf2f39a5a98507f1fe0ce10a2b8dbc/library/std/src/../../backtrace/src/backtrace/libunwind.rs:93:5
[INFO] [stdout]    1:     0x560885e1f84a - std::backtrace_rs::backtrace::trace_unsynchronized::h9c2852a457ad564e
[INFO] [stdout]                                at /rustc/84c898d65adf2f39a5a98507f1fe0ce10a2b8dbc/library/std/src/../../backtrace/src/backtrace/mod.rs:66:5
[INFO] [stdout]    2:     0x560885e1f84a - std::sys_common::backtrace::_print_fmt::h457936fbfaa0070f
[INFO] [stdout]                                at /rustc/84c898d65adf2f39a5a98507f1fe0ce10a2b8dbc/library/std/src/sys_common/backtrace.rs:65:5
[INFO] [stdout]    3:     0x560885e1f84a - <std::sys_common::backtrace::_print::DisplayBacktrace as core::fmt::Display>::fmt::h5779d7bf7f70cb0c
[INFO] [stdout]                                at /rustc/84c898d65adf2f39a5a98507f1fe0ce10a2b8dbc/library/std/src/sys_common/backtrace.rs:44:22
[INFO] [stdout]    4:     0x560885e447ae - core::fmt::write::h5a4baaff1bcd3eb5
[INFO] [stdout]                                at /rustc/84c898d65adf2f39a5a98507f1fe0ce10a2b8dbc/library/core/src/fmt/mod.rs:1232:17
[INFO] [stdout]    5:     0x560885e1ccc5 - std::io::Write::write_fmt::h478f79c628ef31d1
[INFO] [stdout]                                at /rustc/84c898d65adf2f39a5a98507f1fe0ce10a2b8dbc/library/std/src/io/mod.rs:1684:15
[INFO] [stdout]    6:     0x560885e1f615 - std::sys_common::backtrace::_print::h5fcdc36060f177e8
[INFO] [stdout]                                at /rustc/84c898d65adf2f39a5a98507f1fe0ce10a2b8dbc/library/std/src/sys_common/backtrace.rs:47:5
[INFO] [stdout]    7:     0x560885e1f615 - std::sys_common::backtrace::print::h54ca9458b876c8bf
[INFO] [stdout]                                at /rustc/84c898d65adf2f39a5a98507f1fe0ce10a2b8dbc/library/std/src/sys_common/backtrace.rs:34:9
[INFO] [stdout]    8:     0x560885e213df - std::panicking::default_hook::{{closure}}::hbe471161c7664ed6
[INFO] [stdout]                                at /rustc/84c898d65adf2f39a5a98507f1fe0ce10a2b8dbc/library/std/src/panicking.rs:271:22
[INFO] [stdout]    9:     0x560885e2109f - std::panicking::default_hook::ha3500da57aa4ac4f
[INFO] [stdout]                                at /rustc/84c898d65adf2f39a5a98507f1fe0ce10a2b8dbc/library/std/src/panicking.rs:287:9
[INFO] [stdout]   10:     0x560885dc3947 - <alloc::boxed::Box<F,A> as core::ops::function::Fn<Args>>::call::hdf1b89dd137ece34
[INFO] [stdout]                                at /rustc/84c898d65adf2f39a5a98507f1fe0ce10a2b8dbc/library/alloc/src/boxed.rs:2001:9
[INFO] [stdout]   11:     0x560885dc3947 - test::test_main::{{closure}}::h9081a79f20e75698
[INFO] [stdout]                                at /rustc/84c898d65adf2f39a5a98507f1fe0ce10a2b8dbc/library/test/src/lib.rs:135:21
[INFO] [stdout]   12:     0x560885e21b0d - <alloc::boxed::Box<F,A> as core::ops::function::Fn<Args>>::call::h6507bddc3eebb4a5
[INFO] [stdout]                                at /rustc/84c898d65adf2f39a5a98507f1fe0ce10a2b8dbc/library/alloc/src/boxed.rs:2001:9
[INFO] [stdout]   13:     0x560885e21b0d - std::panicking::rust_panic_with_hook::h50c09d000dc561d2
[INFO] [stdout]                                at /rustc/84c898d65adf2f39a5a98507f1fe0ce10a2b8dbc/library/std/src/panicking.rs:696:13
[INFO] [stdout]   14:     0x560885e21889 - std::panicking::begin_panic_handler::{{closure}}::h9e2b2176e00e0d9c
[INFO] [stdout]                                at /rustc/84c898d65adf2f39a5a98507f1fe0ce10a2b8dbc/library/std/src/panicking.rs:583:13
[INFO] [stdout]   15:     0x560885e1fcb6 - std::sys_common::backtrace::__rust_end_short_backtrace::h5739b8e512c09d02
[INFO] [stdout]                                at /rustc/84c898d65adf2f39a5a98507f1fe0ce10a2b8dbc/library/std/src/sys_common/backtrace.rs:150:18
[INFO] [stdout]   16:     0x560885e21592 - rust_begin_unwind
[INFO] [stdout]                                at /rustc/84c898d65adf2f39a5a98507f1fe0ce10a2b8dbc/library/std/src/panicking.rs:579:5
[INFO] [stdout]   17:     0x560885c7bb83 - core::panicking::panic_fmt::hf33a1475b4dc5c3e
[INFO] [stdout]                                at /rustc/84c898d65adf2f39a5a98507f1fe0ce10a2b8dbc/library/core/src/panicking.rs:64:14
[INFO] [stdout]   18:     0x560885cf314e - esr::parser::expression::test::regular_expression::h01e43f188ea73c0b
[INFO] [stdout]                                at /opt/rustwide/workdir/src/parser/expression.rs:948:9
[INFO] [stdout]   19:     0x560885cf2de7 - esr::parser::expression::test::regular_expression::{{closure}}::hcce8965335b2992c
[INFO] [stdout]                                at /opt/rustwide/workdir/src/parser/expression.rs:943:29
[INFO] [stdout]   20:     0x560885d82b45 - core::ops::function::FnOnce::call_once::h887be59e0771a8ea
[INFO] [stdout]                                at /rustc/84c898d65adf2f39a5a98507f1fe0ce10a2b8dbc/library/core/src/ops/function.rs:250:5
[INFO] [stdout]   21:     0x560885dc8d2f - core::ops::function::FnOnce::call_once::h7d969581be7d0075
[INFO] [stdout]                                at /rustc/84c898d65adf2f39a5a98507f1fe0ce10a2b8dbc/library/core/src/ops/function.rs:250:5
[INFO] [stdout]   22:     0x560885dc8d2f - test::__rust_begin_short_backtrace::hca25a52684e56655
[INFO] [stdout]                                at /rustc/84c898d65adf2f39a5a98507f1fe0ce10a2b8dbc/library/test/src/lib.rs:656:18
[INFO] [stdout]   23:     0x560885d9a34c - test::run_test::{{closure}}::ha8ac744c4af1a4bb
[INFO] [stdout]                                at /rustc/84c898d65adf2f39a5a98507f1fe0ce10a2b8dbc/library/test/src/lib.rs:647:30
[INFO] [stdout]   24:     0x560885d9a34c - core::ops::function::FnOnce::call_once{{vtable.shim}}::h7b411a9ed45bdecf
[INFO] [stdout]                                at /rustc/84c898d65adf2f39a5a98507f1fe0ce10a2b8dbc/library/core/src/ops/function.rs:250:5
[INFO] [stdout]   25:     0x560885dc7cf6 - <alloc::boxed::Box<F,A> as core::ops::function::FnOnce<Args>>::call_once::hd05328869a8ed200
[INFO] [stdout]                                at /rustc/84c898d65adf2f39a5a98507f1fe0ce10a2b8dbc/library/alloc/src/boxed.rs:1987:9
[INFO] [stdout]   26:     0x560885dc7cf6 - <core::panic::unwind_safe::AssertUnwindSafe<F> as core::ops::function::FnOnce<()>>::call_once::h0c601ce20bd5b2be
[INFO] [stdout]                                at /rustc/84c898d65adf2f39a5a98507f1fe0ce10a2b8dbc/library/core/src/panic/unwind_safe.rs:271:9
[INFO] [stdout]   27:     0x560885dc7cf6 - std::panicking::try::do_call::ha4be5c164fe30854
[INFO] [stdout]                                at /rustc/84c898d65adf2f39a5a98507f1fe0ce10a2b8dbc/library/std/src/panicking.rs:487:40
[INFO] [stdout]   28:     0x560885dc7cf6 - std::panicking::try::h604546f3609af05f
[INFO] [stdout]                                at /rustc/84c898d65adf2f39a5a98507f1fe0ce10a2b8dbc/library/std/src/panicking.rs:451:19
[INFO] [stdout]   29:     0x560885dc7cf6 - std::panic::catch_unwind::h5bfa8afe44c9c2f9
[INFO] [stdout]                                at /rustc/84c898d65adf2f39a5a98507f1fe0ce10a2b8dbc/library/std/src/panic.rs:140:14
[INFO] [stdout]   30:     0x560885dc7cf6 - test::run_test_in_process::hd50dee55dd63e6aa
[INFO] [stdout]                                at /rustc/84c898d65adf2f39a5a98507f1fe0ce10a2b8dbc/library/test/src/lib.rs:679:27
[INFO] [stdout]   31:     0x560885dc7cf6 - test::run_test::run_test_inner::{{closure}}::h4aa0f433aa85cea8
[INFO] [stdout]                                at /rustc/84c898d65adf2f39a5a98507f1fe0ce10a2b8dbc/library/test/src/lib.rs:573:39
[INFO] [stdout]   32:     0x560885d949c1 - test::run_test::run_test_inner::{{closure}}::had56431adf24b4d6
[INFO] [stdout]                                at /rustc/84c898d65adf2f39a5a98507f1fe0ce10a2b8dbc/library/test/src/lib.rs:600:37
[INFO] [stdout]   33:     0x560885d949c1 - std::sys_common::backtrace::__rust_begin_short_backtrace::ha8d9890e0c73bf13
[INFO] [stdout]                                at /rustc/84c898d65adf2f39a5a98507f1fe0ce10a2b8dbc/library/std/src/sys_common/backtrace.rs:134:18
[INFO] [stdout]   34:     0x560885d9a3db - std::thread::Builder::spawn_unchecked_::{{closure}}::{{closure}}::h251832bcb4a95327
[INFO] [stdout]                                at /rustc/84c898d65adf2f39a5a98507f1fe0ce10a2b8dbc/library/std/src/thread/mod.rs:560:17
[INFO] [stdout]   35:     0x560885d9a3db - <core::panic::unwind_safe::AssertUnwindSafe<F> as core::ops::function::FnOnce<()>>::call_once::h8fdff598fa414831
[INFO] [stdout]                                at /rustc/84c898d65adf2f39a5a98507f1fe0ce10a2b8dbc/library/core/src/panic/unwind_safe.rs:271:9
[INFO] [stdout]   36:     0x560885d9a3db - std::panicking::try::do_call::h455dd2f7764a950f
[INFO] [stdout]                                at /rustc/84c898d65adf2f39a5a98507f1fe0ce10a2b8dbc/library/std/src/panicking.rs:487:40
[INFO] [stdout]   37:     0x560885d9a3db - std::panicking::try::had6f23b7b73ae72a
[INFO] [stdout]                                at /rustc/84c898d65adf2f39a5a98507f1fe0ce10a2b8dbc/library/std/src/panicking.rs:451:19
[INFO] [stdout]   38:     0x560885d9a3db - std::panic::catch_unwind::ha6a5ca3915b4dad0
[INFO] [stdout]                                at /rustc/84c898d65adf2f39a5a98507f1fe0ce10a2b8dbc/library/std/src/panic.rs:140:14
[INFO] [stdout]   39:     0x560885d9a3db - std::thread::Builder::spawn_unchecked_::{{closure}}::h883b72ef75da6231
[INFO] [stdout]                                at /rustc/84c898d65adf2f39a5a98507f1fe0ce10a2b8dbc/library/std/src/thread/mod.rs:559:30
[INFO] [stdout]   40:     0x560885d9a3db - core::ops::function::FnOnce::call_once{{vtable.shim}}::hb7dff73dc8bd2ccb
[INFO] [stdout]                                at /rustc/84c898d65adf2f39a5a98507f1fe0ce10a2b8dbc/library/core/src/ops/function.rs:250:5
[INFO] [stdout]   41:     0x560885e25e73 - <alloc::boxed::Box<F,A> as core::ops::function::FnOnce<Args>>::call_once::h39990b24eedef2ab
[INFO] [stdout]                                at /rustc/84c898d65adf2f39a5a98507f1fe0ce10a2b8dbc/library/alloc/src/boxed.rs:1987:9
[INFO] [stdout]   42:     0x560885e25e73 - <alloc::boxed::Box<F,A> as core::ops::function::FnOnce<Args>>::call_once::h01a027258444143b
[INFO] [stdout]                                at /rustc/84c898d65adf2f39a5a98507f1fe0ce10a2b8dbc/library/alloc/src/boxed.rs:1987:9
[INFO] [stdout]   43:     0x560885e25e73 - std::sys::unix::thread::Thread::new::thread_start::ha4f1cdd9c25884ba
[INFO] [stdout]                                at /rustc/84c898d65adf2f39a5a98507f1fe0ce10a2b8dbc/library/std/src/sys/unix/thread.rs:108:17
[INFO] [stdout]   44:     0x7f7021556b43 - <unknown>
[INFO] [stdout]   45:     0x7f70215e7bb4 - __clone
[INFO] [stdout]   46:                0x0 - <unknown>
[INFO] [stdout] 
[INFO] [stdout] 
[INFO] [stdout] failures:
[INFO] [stdout]     parser::expression::test::ident_expression
[INFO] [stdout]     parser::expression::test::regular_expression
[INFO] [stdout] 
[INFO] [stdout] test result: FAILED. 146 passed; 2 failed; 0 ignored; 0 measured; 0 filtered out; finished in 0.03s
[INFO] [stdout] 
[INFO] [stderr] error: test failed, to rerun pass `--lib`
[INFO] running `Command { std: "docker" "inspect" "073c6da9c5835c3f2996a73f687384059cd251fda3d1b54fe3391c8ed0ce4d3b", kill_on_drop: false }`
[INFO] running `Command { std: "docker" "rm" "-f" "073c6da9c5835c3f2996a73f687384059cd251fda3d1b54fe3391c8ed0ce4d3b", kill_on_drop: false }`
[INFO] [stdout] 073c6da9c5835c3f2996a73f687384059cd251fda3d1b54fe3391c8ed0ce4d3b
