[INFO] fetching crate ergol 0.1.3...
[INFO] testing ergol-0.1.3 against 1.69.0 for beta-1.70-1
[INFO] extracting crate ergol 0.1.3 into /workspace/builds/worker-1-tc1/source
[INFO] validating manifest of crates.io crate ergol 0.1.3 on toolchain 1.69.0
[INFO] running `Command { std: CARGO_HOME="/workspace/cargo-home" RUSTUP_HOME="/workspace/rustup-home" "/workspace/cargo-home/bin/cargo" "+1.69.0" "metadata" "--manifest-path" "Cargo.toml" "--no-deps", kill_on_drop: false }`
[INFO] started tweaking crates.io crate ergol 0.1.3
[INFO] finished tweaking crates.io crate ergol 0.1.3
[INFO] tweaked toml for crates.io crate ergol 0.1.3 written to /workspace/builds/worker-1-tc1/source/Cargo.toml
[INFO] running `Command { std: CARGO_HOME="/workspace/cargo-home" RUSTUP_HOME="/workspace/rustup-home" __CARGO_TEST_CHANNEL_OVERRIDE_DO_NOT_USE_THIS="nightly" "/workspace/cargo-home/bin/cargo" "+1.69.0" "generate-lockfile" "--manifest-path" "Cargo.toml" "-Zno-index-update", kill_on_drop: false }`
[INFO] running `Command { std: CARGO_HOME="/workspace/cargo-home" RUSTUP_HOME="/workspace/rustup-home" "/workspace/cargo-home/bin/cargo" "+1.69.0" "fetch" "--manifest-path" "Cargo.toml", kill_on_drop: false }`
[INFO] [stderr]  Downloading crates ...
[INFO] [stderr]   Downloaded ubyte v0.10.3
[INFO] [stderr]   Downloaded devise v0.4.1
[INFO] [stderr]   Downloaded ref-cast v1.0.16
[INFO] [stderr]   Downloaded case v1.0.0
[INFO] [stderr]   Downloaded binascii v0.1.4
[INFO] [stderr]   Downloaded state v0.5.3
[INFO] [stderr]   Downloaded devise_codegen v0.4.1
[INFO] [stderr]   Downloaded ergol_core v0.1.3
[INFO] [stderr]   Downloaded uncased v0.9.7
[INFO] [stderr]   Downloaded cookie v0.17.0
[INFO] [stderr]   Downloaded rocket_http v0.5.0-rc.3
[INFO] [stderr]   Downloaded pear_codegen v0.2.4
[INFO] [stderr]   Downloaded devise_core v0.4.1
[INFO] [stderr]   Downloaded eui48 v0.4.6
[INFO] [stderr]   Downloaded figment v0.10.8
[INFO] [stderr]   Downloaded multer v2.1.0
[INFO] [stderr]   Downloaded ref-cast-impl v1.0.16
[INFO] [stderr]   Downloaded inlinable_string v0.1.15
[INFO] [stderr]   Downloaded stable-pattern v0.1.0
[INFO] [stderr]   Downloaded proc-macro2-diagnostics v0.10.0
[INFO] [stderr]   Downloaded geo-types v0.6.2
[INFO] [stderr]   Downloaded pear v0.2.4
[INFO] [stderr]   Downloaded rocket_codegen v0.5.0-rc.3
[INFO] [stderr]   Downloaded rocket v0.5.0-rc.3
[INFO] [stderr]   Downloaded ergol_proc_macro v0.1.3
[INFO] running `Command { std: "docker" "create" "-v" "/var/lib/crater-agent-workspace/builds/worker-1-tc1/target:/opt/rustwide/target:rw,Z" "-v" "/var/lib/crater-agent-workspace/builds/worker-1-tc1/source:/opt/rustwide/workdir:ro,Z" "-v" "/var/lib/crater-agent-workspace/cargo-home:/opt/rustwide/cargo-home:ro,Z" "-v" "/var/lib/crater-agent-workspace/rustup-home:/opt/rustwide/rustup-home:ro,Z" "-e" "SOURCE_DIR=/opt/rustwide/workdir" "-e" "CARGO_TARGET_DIR=/opt/rustwide/target" "-e" "CARGO_HOME=/opt/rustwide/cargo-home" "-e" "RUSTUP_HOME=/opt/rustwide/rustup-home" "-w" "/opt/rustwide/workdir" "-m" "1610612736" "--user" "0:0" "--network" "none" "ghcr.io/rust-lang/crates-build-env/linux@sha256:5ff2268d62e97bff2cde7d5815dd6ed5b47097566f13b8d0ca110b04b60e07ed" "/opt/rustwide/cargo-home/bin/cargo" "+1.69.0" "metadata" "--no-deps" "--format-version=1", kill_on_drop: false }`
[INFO] [stdout] d009672c87a08694ed7aeb5045d3fa2f8d31118de6c317e8c80cef4fc580b23b
[INFO] running `Command { std: "docker" "start" "-a" "d009672c87a08694ed7aeb5045d3fa2f8d31118de6c317e8c80cef4fc580b23b", kill_on_drop: false }`
[INFO] running `Command { std: "docker" "inspect" "d009672c87a08694ed7aeb5045d3fa2f8d31118de6c317e8c80cef4fc580b23b", kill_on_drop: false }`
[INFO] running `Command { std: "docker" "rm" "-f" "d009672c87a08694ed7aeb5045d3fa2f8d31118de6c317e8c80cef4fc580b23b", kill_on_drop: false }`
[INFO] [stdout] d009672c87a08694ed7aeb5045d3fa2f8d31118de6c317e8c80cef4fc580b23b
[INFO] running `Command { std: "docker" "create" "-v" "/var/lib/crater-agent-workspace/builds/worker-1-tc1/target:/opt/rustwide/target:rw,Z" "-v" "/var/lib/crater-agent-workspace/builds/worker-1-tc1/source:/opt/rustwide/workdir:ro,Z" "-v" "/var/lib/crater-agent-workspace/cargo-home:/opt/rustwide/cargo-home:ro,Z" "-v" "/var/lib/crater-agent-workspace/rustup-home:/opt/rustwide/rustup-home:ro,Z" "-e" "SOURCE_DIR=/opt/rustwide/workdir" "-e" "CARGO_TARGET_DIR=/opt/rustwide/target" "-e" "CARGO_INCREMENTAL=0" "-e" "RUST_BACKTRACE=full" "-e" "RUSTFLAGS=--cap-lints=warn" "-e" "RUSTDOCFLAGS=--cap-lints=warn" "-e" "CARGO_HOME=/opt/rustwide/cargo-home" "-e" "RUSTUP_HOME=/opt/rustwide/rustup-home" "-w" "/opt/rustwide/workdir" "-m" "1610612736" "--user" "0:0" "--network" "none" "ghcr.io/rust-lang/crates-build-env/linux@sha256:5ff2268d62e97bff2cde7d5815dd6ed5b47097566f13b8d0ca110b04b60e07ed" "/opt/rustwide/cargo-home/bin/cargo" "+1.69.0" "build" "--frozen" "--message-format=json", kill_on_drop: false }`
[INFO] [stdout] b110e46e108ab26c4d401535a9b3164260baad2cd37a96d887b7b3674bfe4a24
[INFO] running `Command { std: "docker" "start" "-a" "b110e46e108ab26c4d401535a9b3164260baad2cd37a96d887b7b3674bfe4a24", kill_on_drop: false }`
[INFO] [stderr]    Compiling typenum v1.16.0
[INFO] [stderr]    Compiling generic-array v0.14.7
[INFO] [stderr]    Compiling subtle v2.4.1
[INFO] [stderr]    Compiling getrandom v0.2.9
[INFO] [stderr]    Compiling syn v2.0.15
[INFO] [stderr]    Compiling ppv-lite86 v0.2.17
[INFO] [stderr]    Compiling parking_lot_core v0.9.7
[INFO] [stderr]    Compiling serde v1.0.160
[INFO] [stderr]    Compiling tokio v1.28.0
[INFO] [stderr]    Compiling rand_core v0.6.4
[INFO] [stderr]    Compiling futures-task v0.3.28
[INFO] [stderr]    Compiling unicode-bidi v0.3.13
[INFO] [stderr]    Compiling rand_chacha v0.3.1
[INFO] [stderr]    Compiling cpufeatures v0.2.7
[INFO] [stderr]    Compiling serde_json v1.0.96
[INFO] [stderr]    Compiling tracing-core v0.1.30
[INFO] [stderr]    Compiling parking_lot v0.12.1
[INFO] [stderr]    Compiling rand v0.8.5
[INFO] [stderr]    Compiling stringprep v0.1.2
[INFO] [stderr]    Compiling mio v0.8.6
[INFO] [stderr]    Compiling signal-hook-registry v1.4.1
[INFO] [stderr]    Compiling socket2 v0.4.9
[INFO] [stderr]    Compiling siphasher v0.3.10
[INFO] [stderr]    Compiling futures-channel v0.3.28
[INFO] [stderr]    Compiling itoa v1.0.6
[INFO] [stderr]    Compiling futures-util v0.3.28
[INFO] [stderr]    Compiling async-trait v0.1.68
[INFO] [stderr]    Compiling syn v1.0.109
[INFO] [stderr]    Compiling ryu v1.0.13
[INFO] [stderr]    Compiling phf_shared v0.11.1
[INFO] [stderr]    Compiling tracing v0.1.37
[INFO] [stderr]    Compiling block-buffer v0.10.4
[INFO] [stderr]    Compiling crypto-common v0.1.6
[INFO] [stderr]    Compiling case v1.0.0
[INFO] [stderr]    Compiling phf v0.11.1
[INFO] [stderr]    Compiling digest v0.10.6
[INFO] [stderr]    Compiling socket2 v0.5.2
[INFO] [stderr]    Compiling sha2 v0.10.6
[INFO] [stderr]    Compiling md-5 v0.10.5
[INFO] [stderr]    Compiling hmac v0.12.1
[INFO] [stderr]    Compiling postgres-protocol v0.6.5
[INFO] [stderr]    Compiling postgres-types v0.2.5
[INFO] [stderr]    Compiling serde_derive v1.0.160
[INFO] [stderr]    Compiling tokio-macros v2.1.0
[INFO] [stderr]    Compiling futures-macro v0.3.28
[INFO] [stderr]    Compiling tokio-util v0.7.8
[INFO] [stderr]    Compiling tokio-postgres v0.7.8
[INFO] [stderr]    Compiling ergol_core v0.1.3
[INFO] [stderr]    Compiling ergol_proc_macro v0.1.3
[INFO] [stderr]    Compiling ergol v0.1.3 (/opt/rustwide/workdir)
[INFO] [stderr]     Finished dev [unoptimized + debuginfo] target(s) in 12.24s
[INFO] running `Command { std: "docker" "inspect" "b110e46e108ab26c4d401535a9b3164260baad2cd37a96d887b7b3674bfe4a24", kill_on_drop: false }`
[INFO] running `Command { std: "docker" "rm" "-f" "b110e46e108ab26c4d401535a9b3164260baad2cd37a96d887b7b3674bfe4a24", kill_on_drop: false }`
[INFO] [stdout] b110e46e108ab26c4d401535a9b3164260baad2cd37a96d887b7b3674bfe4a24
[INFO] running `Command { std: "docker" "create" "-v" "/var/lib/crater-agent-workspace/builds/worker-1-tc1/target:/opt/rustwide/target:rw,Z" "-v" "/var/lib/crater-agent-workspace/builds/worker-1-tc1/source:/opt/rustwide/workdir:ro,Z" "-v" "/var/lib/crater-agent-workspace/cargo-home:/opt/rustwide/cargo-home:ro,Z" "-v" "/var/lib/crater-agent-workspace/rustup-home:/opt/rustwide/rustup-home:ro,Z" "-e" "SOURCE_DIR=/opt/rustwide/workdir" "-e" "CARGO_TARGET_DIR=/opt/rustwide/target" "-e" "CARGO_INCREMENTAL=0" "-e" "RUST_BACKTRACE=full" "-e" "RUSTFLAGS=--cap-lints=warn" "-e" "RUSTDOCFLAGS=--cap-lints=warn" "-e" "CARGO_HOME=/opt/rustwide/cargo-home" "-e" "RUSTUP_HOME=/opt/rustwide/rustup-home" "-w" "/opt/rustwide/workdir" "-m" "1610612736" "--user" "0:0" "--network" "none" "ghcr.io/rust-lang/crates-build-env/linux@sha256:5ff2268d62e97bff2cde7d5815dd6ed5b47097566f13b8d0ca110b04b60e07ed" "/opt/rustwide/cargo-home/bin/cargo" "+1.69.0" "test" "--frozen" "--no-run" "--message-format=json", kill_on_drop: false }`
[INFO] [stdout] f029eb69136fc7745223ac4f06d401cb413ac4af0021b2eb3be59e4cc893d78c
[INFO] running `Command { std: "docker" "start" "-a" "f029eb69136fc7745223ac4f06d401cb413ac4af0021b2eb3be59e4cc893d78c", kill_on_drop: false }`
[INFO] [stderr]    Compiling ergol v0.1.3 (/opt/rustwide/workdir)
[INFO] [stderr]     Finished test [unoptimized + debuginfo] target(s) in 0.48s
[INFO] running `Command { std: "docker" "inspect" "f029eb69136fc7745223ac4f06d401cb413ac4af0021b2eb3be59e4cc893d78c", kill_on_drop: false }`
[INFO] running `Command { std: "docker" "rm" "-f" "f029eb69136fc7745223ac4f06d401cb413ac4af0021b2eb3be59e4cc893d78c", kill_on_drop: false }`
[INFO] [stdout] f029eb69136fc7745223ac4f06d401cb413ac4af0021b2eb3be59e4cc893d78c
[INFO] running `Command { std: "docker" "create" "-v" "/var/lib/crater-agent-workspace/builds/worker-1-tc1/target:/opt/rustwide/target:rw,Z" "-v" "/var/lib/crater-agent-workspace/builds/worker-1-tc1/source:/opt/rustwide/workdir:ro,Z" "-v" "/var/lib/crater-agent-workspace/cargo-home:/opt/rustwide/cargo-home:ro,Z" "-v" "/var/lib/crater-agent-workspace/rustup-home:/opt/rustwide/rustup-home:ro,Z" "-e" "SOURCE_DIR=/opt/rustwide/workdir" "-e" "CARGO_TARGET_DIR=/opt/rustwide/target" "-e" "CARGO_INCREMENTAL=0" "-e" "RUST_BACKTRACE=full" "-e" "RUSTFLAGS=--cap-lints=warn" "-e" "RUSTDOCFLAGS=--cap-lints=warn" "-e" "CARGO_HOME=/opt/rustwide/cargo-home" "-e" "RUSTUP_HOME=/opt/rustwide/rustup-home" "-w" "/opt/rustwide/workdir" "-m" "1610612736" "--user" "0:0" "--network" "none" "ghcr.io/rust-lang/crates-build-env/linux@sha256:5ff2268d62e97bff2cde7d5815dd6ed5b47097566f13b8d0ca110b04b60e07ed" "/opt/rustwide/cargo-home/bin/cargo" "+1.69.0" "test" "--frozen", kill_on_drop: false }`
[INFO] [stdout] 9d8b497734c2bd4e5f3b090317a1c2fa4eeddf455299271df48514b91ae526b2
[INFO] running `Command { std: "docker" "start" "-a" "9d8b497734c2bd4e5f3b090317a1c2fa4eeddf455299271df48514b91ae526b2", kill_on_drop: false }`
[INFO] [stderr]     Finished test [unoptimized + debuginfo] target(s) in 0.08s
[INFO] [stderr]      Running unittests src/lib.rs (/opt/rustwide/target/debug/deps/ergol-2d47a68359b05ebe)
[INFO] [stdout] 
[INFO] [stdout] running 0 tests
[INFO] [stdout] 
[INFO] [stdout] test result: ok. 0 passed; 0 failed; 0 ignored; 0 measured; 0 filtered out; finished in 0.00s
[INFO] [stdout] 
[INFO] [stderr]    Doc-tests ergol
[INFO] [stdout] 
[INFO] [stdout] running 3 tests
[INFO] [stdout] test src/lib.rs - (line 6) ... FAILED
[INFO] [stdout] test src/lib.rs - PgEnum (line 122) ... FAILED
[INFO] [stdout] test src/lib.rs - (line 21) ... FAILED
[INFO] [stdout] 
[INFO] [stdout] failures:
[INFO] [stdout] 
[INFO] [stdout] ---- src/lib.rs - (line 6) stdout ----
[INFO] [stdout] error: custom attribute panicked
[INFO] [stdout]  --> src/lib.rs:9:1
[INFO] [stdout]   |
[INFO] [stdout] 6 | #[ergol]
[INFO] [stdout]   | ^^^^^^^^
[INFO] [stdout]   |
[INFO] [stdout]   = help: message: called `Result::unwrap()` on an `Err` value: Os { code: 30, kind: ReadOnlyFilesystem, message: "Read-only file system" }
[INFO] [stdout] 
[INFO] [stdout] error: aborting due to previous error
[INFO] [stdout] 
[INFO] [stdout] Couldn't compile the test.
[INFO] [stdout] ---- src/lib.rs - PgEnum (line 122) stdout ----
[INFO] [stdout] error: custom attribute panicked
[INFO] [stdout]  --> src/lib.rs:124:1
[INFO] [stdout]   |
[INFO] [stdout] 5 | #[ergol]
[INFO] [stdout]   | ^^^^^^^^
[INFO] [stdout]   |
[INFO] [stdout]   = help: message: called `Result::unwrap()` on an `Err` value: Os { code: 30, kind: ReadOnlyFilesystem, message: "Read-only file system" }
[INFO] [stdout] 
[INFO] [stdout] error: proc-macro derive panicked
[INFO] [stdout]   --> src/lib.rs:130:10
[INFO] [stdout]    |
[INFO] [stdout] 11 | #[derive(PgEnum, Debug)]
[INFO] [stdout]    |          ^^^^^^
[INFO] [stdout]    |
[INFO] [stdout]    = help: message: called `Result::unwrap()` on an `Err` value: Os { code: 30, kind: ReadOnlyFilesystem, message: "Read-only file system" }
[INFO] [stdout] 
[INFO] [stdout] error: aborting due to 2 previous errors
[INFO] [stdout] 
[INFO] [stdout] Couldn't compile the test.
[INFO] [stdout] ---- src/lib.rs - (line 21) stdout ----
[INFO] [stdout] error: custom attribute panicked
[INFO] [stdout]  --> src/lib.rs:23:1
[INFO] [stdout]   |
[INFO] [stdout] 4 | #[ergol]
[INFO] [stdout]   | ^^^^^^^^
[INFO] [stdout]   |
[INFO] [stdout]   = help: message: called `Result::unwrap()` on an `Err` value: Os { code: 30, kind: ReadOnlyFilesystem, message: "Read-only file system" }
[INFO] [stdout] 
[INFO] [stdout] error[E0412]: cannot find type `User` in this scope
[INFO] [stdout]   --> src/lib.rs:50:15
[INFO] [stdout]    |
[INFO] [stdout] 31 | let mut user: User = User::create("thomas", "pa$$w0rd", Some(28)).save(&client).await?;
[INFO] [stdout]    |               ^^^^ not found in this scope
[INFO] [stdout] 
[INFO] [stdout] error[E0412]: cannot find type `User` in this scope
[INFO] [stdout]   --> src/lib.rs:59:18
[INFO] [stdout]    |
[INFO] [stdout] 40 | let user: Option<User> = User::get_by_username("thomas", &client).await?;
[INFO] [stdout]    |                  ^^^^ not found in this scope
[INFO] [stdout] 
[INFO] [stdout] error[E0412]: cannot find type `User` in this scope
[INFO] [stdout]   --> src/lib.rs:62:16
[INFO] [stdout]    |
[INFO] [stdout] 43 | let users: Vec<User> = User::select().execute(&client).await?;
[INFO] [stdout]    |                ^^^^ not found in this scope
[INFO] [stdout] 
[INFO] [stdout] error[E0433]: failed to resolve: use of undeclared type `User`
[INFO] [stdout]   --> src/lib.rs:44:1
[INFO] [stdout]    |
[INFO] [stdout] 25 | User::drop_table().execute(&client).await.ok();
[INFO] [stdout]    | ^^^^ use of undeclared type `User`
[INFO] [stdout] 
[INFO] [stdout] error[E0433]: failed to resolve: use of undeclared type `User`
[INFO] [stdout]   --> src/lib.rs:47:1
[INFO] [stdout]    |
[INFO] [stdout] 28 | User::create_table().execute(&client).await?;
[INFO] [stdout]    | ^^^^ use of undeclared type `User`
[INFO] [stdout] 
[INFO] [stdout] error[E0433]: failed to resolve: use of undeclared type `User`
[INFO] [stdout]   --> src/lib.rs:50:22
[INFO] [stdout]    |
[INFO] [stdout] 31 | let mut user: User = User::create("thomas", "pa$$w0rd", Some(28)).save(&client).await?;
[INFO] [stdout]    |                      ^^^^ use of undeclared type `User`
[INFO] [stdout] 
[INFO] [stdout] error[E0433]: failed to resolve: use of undeclared type `User`
[INFO] [stdout]   --> src/lib.rs:59:26
[INFO] [stdout]    |
[INFO] [stdout] 40 | let user: Option<User> = User::get_by_username("thomas", &client).await?;
[INFO] [stdout]    |                          ^^^^ use of undeclared type `User`
[INFO] [stdout] 
[INFO] [stdout] error[E0433]: failed to resolve: use of undeclared type `User`
[INFO] [stdout]   --> src/lib.rs:62:24
[INFO] [stdout]    |
[INFO] [stdout] 43 | let users: Vec<User> = User::select().execute(&client).await?;
[INFO] [stdout]    |                        ^^^^ use of undeclared type `User`
[INFO] [stdout] 
[INFO] [stdout] error: aborting due to 9 previous errors
[INFO] [stdout] 
[INFO] [stdout] Some errors have detailed explanations: E0412, E0433.
[INFO] [stdout] For more information about an error, try `rustc --explain E0412`.
[INFO] [stdout] Couldn't compile the test.
[INFO] [stdout] 
[INFO] [stdout] failures:
[INFO] [stdout]     src/lib.rs - (line 21)
[INFO] [stdout]     src/lib.rs - (line 6)
[INFO] [stdout]     src/lib.rs - PgEnum (line 122)
[INFO] [stdout] 
[INFO] [stdout] test result: FAILED. 0 passed; 3 failed; 0 ignored; 0 measured; 0 filtered out; finished in 0.06s
[INFO] [stdout] 
[INFO] [stderr] error: doctest failed, to rerun pass `--doc`
[INFO] running `Command { std: "docker" "inspect" "9d8b497734c2bd4e5f3b090317a1c2fa4eeddf455299271df48514b91ae526b2", kill_on_drop: false }`
[INFO] running `Command { std: "docker" "rm" "-f" "9d8b497734c2bd4e5f3b090317a1c2fa4eeddf455299271df48514b91ae526b2", kill_on_drop: false }`
[INFO] [stdout] 9d8b497734c2bd4e5f3b090317a1c2fa4eeddf455299271df48514b91ae526b2
