[INFO] fetching crate erc20-substreams 0.1.1...
[INFO] testing erc20-substreams-0.1.1 against 1.69.0 for beta-1.70-1
[INFO] extracting crate erc20-substreams 0.1.1 into /workspace/builds/worker-6-tc1/source
[INFO] validating manifest of crates.io crate erc20-substreams 0.1.1 on toolchain 1.69.0
[INFO] running `Command { std: CARGO_HOME="/workspace/cargo-home" RUSTUP_HOME="/workspace/rustup-home" "/workspace/cargo-home/bin/cargo" "+1.69.0" "metadata" "--manifest-path" "Cargo.toml" "--no-deps", kill_on_drop: false }`
[INFO] removed /workspace/builds/worker-6-tc1/source/rust-toolchain.toml
[INFO] started tweaking crates.io crate erc20-substreams 0.1.1
[INFO] finished tweaking crates.io crate erc20-substreams 0.1.1
[INFO] tweaked toml for crates.io crate erc20-substreams 0.1.1 written to /workspace/builds/worker-6-tc1/source/Cargo.toml
[INFO] running `Command { std: CARGO_HOME="/workspace/cargo-home" RUSTUP_HOME="/workspace/rustup-home" __CARGO_TEST_CHANNEL_OVERRIDE_DO_NOT_USE_THIS="nightly" "/workspace/cargo-home/bin/cargo" "+1.69.0" "generate-lockfile" "--manifest-path" "Cargo.toml" "-Zno-index-update", kill_on_drop: false }`
[INFO] running `Command { std: CARGO_HOME="/workspace/cargo-home" RUSTUP_HOME="/workspace/rustup-home" "/workspace/cargo-home/bin/cargo" "+1.69.0" "fetch" "--manifest-path" "Cargo.toml", kill_on_drop: false }`
[INFO] [stderr]  Downloading crates ...
[INFO] [stderr]   Downloaded bigdecimal v0.3.0
[INFO] [stderr]   Downloaded substreams-macro v0.1.1
[INFO] [stderr]   Downloaded substreams v0.1.1
[INFO] running `Command { std: "docker" "create" "-v" "/var/lib/crater-agent-workspace/builds/worker-6-tc1/target:/opt/rustwide/target:rw,Z" "-v" "/var/lib/crater-agent-workspace/builds/worker-6-tc1/source:/opt/rustwide/workdir:ro,Z" "-v" "/var/lib/crater-agent-workspace/cargo-home:/opt/rustwide/cargo-home:ro,Z" "-v" "/var/lib/crater-agent-workspace/rustup-home:/opt/rustwide/rustup-home:ro,Z" "-e" "SOURCE_DIR=/opt/rustwide/workdir" "-e" "CARGO_TARGET_DIR=/opt/rustwide/target" "-e" "CARGO_HOME=/opt/rustwide/cargo-home" "-e" "RUSTUP_HOME=/opt/rustwide/rustup-home" "-w" "/opt/rustwide/workdir" "-m" "1610612736" "--user" "0:0" "--network" "none" "ghcr.io/rust-lang/crates-build-env/linux@sha256:5ff2268d62e97bff2cde7d5815dd6ed5b47097566f13b8d0ca110b04b60e07ed" "/opt/rustwide/cargo-home/bin/cargo" "+1.69.0" "metadata" "--no-deps" "--format-version=1", kill_on_drop: false }`
[INFO] [stdout] 2a22f601e76c7cac660afc1c1f0b76eb4162ae5a5961a8040eec4bc22ec1de5d
[INFO] running `Command { std: "docker" "start" "-a" "2a22f601e76c7cac660afc1c1f0b76eb4162ae5a5961a8040eec4bc22ec1de5d", kill_on_drop: false }`
[INFO] running `Command { std: "docker" "inspect" "2a22f601e76c7cac660afc1c1f0b76eb4162ae5a5961a8040eec4bc22ec1de5d", kill_on_drop: false }`
[INFO] running `Command { std: "docker" "rm" "-f" "2a22f601e76c7cac660afc1c1f0b76eb4162ae5a5961a8040eec4bc22ec1de5d", kill_on_drop: false }`
[INFO] [stdout] 2a22f601e76c7cac660afc1c1f0b76eb4162ae5a5961a8040eec4bc22ec1de5d
[INFO] running `Command { std: "docker" "create" "-v" "/var/lib/crater-agent-workspace/builds/worker-6-tc1/target:/opt/rustwide/target:rw,Z" "-v" "/var/lib/crater-agent-workspace/builds/worker-6-tc1/source:/opt/rustwide/workdir:ro,Z" "-v" "/var/lib/crater-agent-workspace/cargo-home:/opt/rustwide/cargo-home:ro,Z" "-v" "/var/lib/crater-agent-workspace/rustup-home:/opt/rustwide/rustup-home:ro,Z" "-e" "SOURCE_DIR=/opt/rustwide/workdir" "-e" "CARGO_TARGET_DIR=/opt/rustwide/target" "-e" "CARGO_INCREMENTAL=0" "-e" "RUST_BACKTRACE=full" "-e" "RUSTFLAGS=--cap-lints=warn" "-e" "RUSTDOCFLAGS=--cap-lints=warn" "-e" "CARGO_HOME=/opt/rustwide/cargo-home" "-e" "RUSTUP_HOME=/opt/rustwide/rustup-home" "-w" "/opt/rustwide/workdir" "-m" "1610612736" "--user" "0:0" "--network" "none" "ghcr.io/rust-lang/crates-build-env/linux@sha256:5ff2268d62e97bff2cde7d5815dd6ed5b47097566f13b8d0ca110b04b60e07ed" "/opt/rustwide/cargo-home/bin/cargo" "+1.69.0" "build" "--frozen" "--message-format=json", kill_on_drop: false }`
[INFO] [stdout] 58efefc821c70cedbd1d3b30c53ec35398161e6bdb97bcc1cad6b7839470b140
[INFO] running `Command { std: "docker" "start" "-a" "58efefc821c70cedbd1d3b30c53ec35398161e6bdb97bcc1cad6b7839470b140", kill_on_drop: false }`
[INFO] [stderr]    Compiling syn v1.0.109
[INFO] [stderr]    Compiling libc v0.2.142
[INFO] [stderr]    Compiling bytes v1.4.0
[INFO] [stderr]    Compiling io-lifetimes v1.0.10
[INFO] [stderr]    Compiling rustix v0.37.18
[INFO] [stderr]    Compiling anyhow v1.0.71
[INFO] [stderr]    Compiling itertools v0.10.5
[INFO] [stderr]    Compiling num-traits v0.2.15
[INFO] [stderr]    Compiling indexmap v1.9.3
[INFO] [stderr]    Compiling wasm-bindgen-shared v0.2.84
[INFO] [stderr]    Compiling cmake v0.1.50
[INFO] [stderr]    Compiling num-integer v0.1.45
[INFO] [stderr]    Compiling linux-raw-sys v0.3.6
[INFO] [stderr]    Compiling hashbrown v0.12.3
[INFO] [stderr]    Compiling num-bigint v0.4.3
[INFO] [stderr]    Compiling fastrand v1.9.0
[INFO] [stderr]    Compiling bumpalo v3.12.1
[INFO] [stderr]    Compiling regex-syntax v0.7.1
[INFO] [stderr]    Compiling fixedbitset v0.4.2
[INFO] [stderr]    Compiling once_cell v1.17.1
[INFO] [stderr]    Compiling lazy_static v1.4.0
[INFO] [stderr]    Compiling multimap v0.8.3
[INFO] [stderr]    Compiling wee_alloc v0.4.5
[INFO] [stderr]    Compiling heck v0.4.1
[INFO] [stderr]    Compiling unicode-width v0.1.10
[INFO] [stderr]    Compiling memory_units v0.4.0
[INFO] [stderr]    Compiling wasm-bindgen v0.2.84
[INFO] [stderr]    Compiling hex-literal v0.3.4
[INFO] [stderr]    Compiling pad v0.1.6
[INFO] [stderr]    Compiling petgraph v0.6.3
[INFO] [stderr]    Compiling regex v1.8.1
[INFO] [stderr]    Compiling which v4.4.0
[INFO] [stderr]    Compiling prost-build v0.10.4
[INFO] [stderr]    Compiling bigdecimal v0.3.0
[INFO] [stderr]    Compiling tempfile v3.5.0
[INFO] [stderr]    Compiling wasm-bindgen-backend v0.2.84
[INFO] [stderr]    Compiling prost-derive v0.10.1
[INFO] [stderr]    Compiling prost-derive v0.11.9
[INFO] [stderr]    Compiling substreams-macro v0.1.1
[INFO] [stderr]    Compiling wasm-bindgen-macro-support v0.2.84
[INFO] [stderr]    Compiling wasm-bindgen-macro v0.2.84
[INFO] [stderr]    Compiling prost v0.11.9
[INFO] [stderr]    Compiling prost v0.10.4
[INFO] [stderr]    Compiling prost-types v0.11.9
[INFO] [stderr]    Compiling prost-types v0.10.1
[INFO] [stderr]    Compiling substreams v0.1.1
[INFO] [stderr]    Compiling erc20-substreams v0.1.1 (/opt/rustwide/workdir)
[INFO] [stdout] error[E0433]: failed to resolve: could not find `eth` in `pb`
[INFO] [stdout]  --> src/rpc.rs:3:60
[INFO] [stdout]   |
[INFO] [stdout] 3 | pub fn create_rpc_calls(addr: &Vec<u8>) -> substreams::pb::eth::RpcCalls {
[INFO] [stdout]   |                                                            ^^^ could not find `eth` in `pb`
[INFO] [stdout] 
[INFO] [stdout] 
[INFO] [stdout] error[E0433]: failed to resolve: could not find `eth` in `pb`
[INFO] [stdout]  --> src/rpc.rs:8:28
[INFO] [stdout]   |
[INFO] [stdout] 8 |     return substreams::pb::eth::RpcCalls {
[INFO] [stdout]   |                            ^^^ could not find `eth` in `pb`
[INFO] [stdout] 
[INFO] [stdout] 
[INFO] [stdout] error[E0433]: failed to resolve: could not find `eth` in `pb`
[INFO] [stdout]   --> src/rpc.rs:10:29
[INFO] [stdout]    |
[INFO] [stdout] 10 |             substreams::pb::eth::RpcCall {
[INFO] [stdout]    |                             ^^^ could not find `eth` in `pb`
[INFO] [stdout] 
[INFO] [stdout] 
[INFO] [stdout] error[E0433]: failed to resolve: could not find `eth` in `pb`
[INFO] [stdout]   --> src/rpc.rs:14:29
[INFO] [stdout]    |
[INFO] [stdout] 14 |             substreams::pb::eth::RpcCall {
[INFO] [stdout]    |                             ^^^ could not find `eth` in `pb`
[INFO] [stdout] 
[INFO] [stdout] 
[INFO] [stdout] error[E0433]: failed to resolve: could not find `eth` in `pb`
[INFO] [stdout]   --> src/rpc.rs:18:29
[INFO] [stdout]    |
[INFO] [stdout] 18 |             substreams::pb::eth::RpcCall {
[INFO] [stdout]    |                             ^^^ could not find `eth` in `pb`
[INFO] [stdout] 
[INFO] [stdout] 
[INFO] [stdout] error[E0433]: failed to resolve: could not find `rpc` in `substreams`
[INFO] [stdout]    --> src/lib.rs:117:33
[INFO] [stdout]     |
[INFO] [stdout] 117 |                     substreams::rpc::eth_call(substreams::proto::encode(&rpc_calls).unwrap());
[INFO] [stdout]     |                                 ^^^ could not find `rpc` in `substreams`
[INFO] [stdout] 
[INFO] [stdout] 
[INFO] [stdout] error[E0433]: failed to resolve: could not find `eth` in `pb`
[INFO] [stdout]    --> src/lib.rs:118:65
[INFO] [stdout]     |
[INFO] [stdout] 118 |                 let rpc_responses_unmarshalled: substreams::pb::eth::RpcResponses =
[INFO] [stdout]     |                                                                 ^^^ could not find `eth` in `pb`
[INFO] [stdout] 
[INFO] [stdout] 
[INFO] [stdout] error[E0277]: the trait bound `Block: prost::message::Message` is not satisfied
[INFO] [stdout]   --> src/lib.rs:13:33
[INFO] [stdout]    |
[INFO] [stdout] 13 |     let block: pb::eth::Block = proto::decode_ptr(block_ptr, block_len).unwrap();
[INFO] [stdout]    |                                 ^^^^^^^^^^^^^^^^^ the trait `prost::message::Message` is not implemented for `Block`
[INFO] [stdout]    |
[INFO] [stdout]    = help: the following other types implement trait `prost::message::Message`:
[INFO] [stdout]              ()
[INFO] [stdout]              BlockRange
[INFO] [stdout]              BlockScopedData
[INFO] [stdout]              Box<M>
[INFO] [stdout]              Clock
[INFO] [stdout]              InitialSnapshotComplete
[INFO] [stdout]              InitialSnapshotData
[INFO] [stdout]              Module
[INFO] [stdout]            and 78 others
[INFO] [stdout] note: required by a bound in `decode_ptr`
[INFO] [stdout]   --> /opt/rustwide/cargo-home/registry/src/github.com-1ecc6299db9ec823/substreams-0.1.1/src/proto.rs:15:46
[INFO] [stdout]    |
[INFO] [stdout] 15 | pub fn decode_ptr<T: std::default::Default + prost::Message>(
[INFO] [stdout]    |                                              ^^^^^^^^^^^^^^ required by this bound in `decode_ptr`
[INFO] [stdout] 
[INFO] [stdout] 
[INFO] [stdout] error[E0277]: the trait bound `Transfers: prost::message::Message` is not satisfied
[INFO] [stdout]    --> src/lib.rs:45:24
[INFO] [stdout]     |
[INFO] [stdout] 45  |     substreams::output(transfers);
[INFO] [stdout]     |     ------------------ ^^^^^^^^^ the trait `prost::message::Message` is not implemented for `Transfers`
[INFO] [stdout]     |     |
[INFO] [stdout]     |     required by a bound introduced by this call
[INFO] [stdout]     |
[INFO] [stdout]     = help: the following other types implement trait `prost::message::Message`:
[INFO] [stdout]               ()
[INFO] [stdout]               BlockRange
[INFO] [stdout]               BlockScopedData
[INFO] [stdout]               Box<M>
[INFO] [stdout]               Clock
[INFO] [stdout]               InitialSnapshotComplete
[INFO] [stdout]               InitialSnapshotData
[INFO] [stdout]               Module
[INFO] [stdout]             and 78 others
[INFO] [stdout] note: required by a bound in `output`
[INFO] [stdout]    --> /opt/rustwide/cargo-home/registry/src/github.com-1ecc6299db9ec823/substreams-0.1.1/src/lib.rs:108:18
[INFO] [stdout]     |
[INFO] [stdout] 108 | pub fn output<M: prost::Message>(msg: M) {
[INFO] [stdout]     |                  ^^^^^^^^^^^^^^ required by this bound in `output`
[INFO] [stdout] 
[INFO] [stdout] 
[INFO] [stdout] error[E0277]: the trait bound `Block: prost::message::Message` is not satisfied
[INFO] [stdout]   --> src/lib.rs:53:31
[INFO] [stdout]    |
[INFO] [stdout] 53 |     let blk: pb::eth::Block = proto::decode_ptr(block_ptr, block_len).unwrap();
[INFO] [stdout]    |                               ^^^^^^^^^^^^^^^^^ the trait `prost::message::Message` is not implemented for `Block`
[INFO] [stdout]    |
[INFO] [stdout]    = help: the following other types implement trait `prost::message::Message`:
[INFO] [stdout]              ()
[INFO] [stdout]              BlockRange
[INFO] [stdout]              BlockScopedData
[INFO] [stdout]              Box<M>
[INFO] [stdout]              Clock
[INFO] [stdout]              InitialSnapshotComplete
[INFO] [stdout]              InitialSnapshotData
[INFO] [stdout]              Module
[INFO] [stdout]            and 78 others
[INFO] [stdout] note: required by a bound in `decode_ptr`
[INFO] [stdout]   --> /opt/rustwide/cargo-home/registry/src/github.com-1ecc6299db9ec823/substreams-0.1.1/src/proto.rs:15:46
[INFO] [stdout]    |
[INFO] [stdout] 15 | pub fn decode_ptr<T: std::default::Default + prost::Message>(
[INFO] [stdout]    |                                              ^^^^^^^^^^^^^^ required by this bound in `decode_ptr`
[INFO] [stdout] 
[INFO] [stdout] 
[INFO] [stdout] error[E0277]: the trait bound `Tokens: prost::message::Message` is not satisfied
[INFO] [stdout]    --> src/lib.rs:169:24
[INFO] [stdout]     |
[INFO] [stdout] 169 |     substreams::output(tokens);
[INFO] [stdout]     |     ------------------ ^^^^^^ the trait `prost::message::Message` is not implemented for `Tokens`
[INFO] [stdout]     |     |
[INFO] [stdout]     |     required by a bound introduced by this call
[INFO] [stdout]     |
[INFO] [stdout]     = help: the following other types implement trait `prost::message::Message`:
[INFO] [stdout]               ()
[INFO] [stdout]               BlockRange
[INFO] [stdout]               BlockScopedData
[INFO] [stdout]               Box<M>
[INFO] [stdout]               Clock
[INFO] [stdout]               InitialSnapshotComplete
[INFO] [stdout]               InitialSnapshotData
[INFO] [stdout]               Module
[INFO] [stdout]             and 78 others
[INFO] [stdout] note: required by a bound in `output`
[INFO] [stdout]    --> /opt/rustwide/cargo-home/registry/src/github.com-1ecc6299db9ec823/substreams-0.1.1/src/lib.rs:108:18
[INFO] [stdout]     |
[INFO] [stdout] 108 | pub fn output<M: prost::Message>(msg: M) {
[INFO] [stdout]     |                  ^^^^^^^^^^^^^^ required by this bound in `output`
[INFO] [stdout] 
[INFO] [stdout] 
[INFO] [stdout] error: aborting due to 11 previous errors
[INFO] [stdout] 
[INFO] [stdout] 
[INFO] [stdout] Some errors have detailed explanations: E0277, E0433.
[INFO] [stdout] 
[INFO] [stdout] For more information about an error, try `rustc --explain E0277`.
[INFO] [stdout] 
[INFO] [stderr] error: could not compile `erc20-substreams` due to 12 previous errors
[INFO] running `Command { std: "docker" "inspect" "58efefc821c70cedbd1d3b30c53ec35398161e6bdb97bcc1cad6b7839470b140", kill_on_drop: false }`
[INFO] running `Command { std: "docker" "rm" "-f" "58efefc821c70cedbd1d3b30c53ec35398161e6bdb97bcc1cad6b7839470b140", kill_on_drop: false }`
[INFO] [stdout] 58efefc821c70cedbd1d3b30c53ec35398161e6bdb97bcc1cad6b7839470b140
