[INFO] fetching crate erased_set 0.7.0...
[INFO] testing erased_set-0.7.0 against 1.69.0 for beta-1.70-1
[INFO] extracting crate erased_set 0.7.0 into /workspace/builds/worker-6-tc1/source
[INFO] validating manifest of crates.io crate erased_set 0.7.0 on toolchain 1.69.0
[INFO] running `Command { std: CARGO_HOME="/workspace/cargo-home" RUSTUP_HOME="/workspace/rustup-home" "/workspace/cargo-home/bin/cargo" "+1.69.0" "metadata" "--manifest-path" "Cargo.toml" "--no-deps", kill_on_drop: false }`
[INFO] started tweaking crates.io crate erased_set 0.7.0
[INFO] finished tweaking crates.io crate erased_set 0.7.0
[INFO] tweaked toml for crates.io crate erased_set 0.7.0 written to /workspace/builds/worker-6-tc1/source/Cargo.toml
[INFO] running `Command { std: CARGO_HOME="/workspace/cargo-home" RUSTUP_HOME="/workspace/rustup-home" __CARGO_TEST_CHANNEL_OVERRIDE_DO_NOT_USE_THIS="nightly" "/workspace/cargo-home/bin/cargo" "+1.69.0" "generate-lockfile" "--manifest-path" "Cargo.toml" "-Zno-index-update", kill_on_drop: false }`
[INFO] running `Command { std: CARGO_HOME="/workspace/cargo-home" RUSTUP_HOME="/workspace/rustup-home" "/workspace/cargo-home/bin/cargo" "+1.69.0" "fetch" "--manifest-path" "Cargo.toml", kill_on_drop: false }`
[INFO] [stderr]  Downloading crates ...
[INFO] [stderr]   Downloaded iai v0.1.1
[INFO] running `Command { std: "docker" "create" "-v" "/var/lib/crater-agent-workspace/builds/worker-6-tc1/target:/opt/rustwide/target:rw,Z" "-v" "/var/lib/crater-agent-workspace/builds/worker-6-tc1/source:/opt/rustwide/workdir:ro,Z" "-v" "/var/lib/crater-agent-workspace/cargo-home:/opt/rustwide/cargo-home:ro,Z" "-v" "/var/lib/crater-agent-workspace/rustup-home:/opt/rustwide/rustup-home:ro,Z" "-e" "SOURCE_DIR=/opt/rustwide/workdir" "-e" "CARGO_TARGET_DIR=/opt/rustwide/target" "-e" "CARGO_HOME=/opt/rustwide/cargo-home" "-e" "RUSTUP_HOME=/opt/rustwide/rustup-home" "-w" "/opt/rustwide/workdir" "-m" "1610612736" "--user" "0:0" "--network" "none" "ghcr.io/rust-lang/crates-build-env/linux@sha256:5ff2268d62e97bff2cde7d5815dd6ed5b47097566f13b8d0ca110b04b60e07ed" "/opt/rustwide/cargo-home/bin/cargo" "+1.69.0" "metadata" "--no-deps" "--format-version=1", kill_on_drop: false }`
[INFO] [stdout] 6e2ce22727c9271d558cda72b5efe3944c0cf5b103c31c309ef08bf9aa16aa36
[INFO] running `Command { std: "docker" "start" "-a" "6e2ce22727c9271d558cda72b5efe3944c0cf5b103c31c309ef08bf9aa16aa36", kill_on_drop: false }`
[INFO] running `Command { std: "docker" "inspect" "6e2ce22727c9271d558cda72b5efe3944c0cf5b103c31c309ef08bf9aa16aa36", kill_on_drop: false }`
[INFO] running `Command { std: "docker" "rm" "-f" "6e2ce22727c9271d558cda72b5efe3944c0cf5b103c31c309ef08bf9aa16aa36", kill_on_drop: false }`
[INFO] [stdout] 6e2ce22727c9271d558cda72b5efe3944c0cf5b103c31c309ef08bf9aa16aa36
[INFO] running `Command { std: "docker" "create" "-v" "/var/lib/crater-agent-workspace/builds/worker-6-tc1/target:/opt/rustwide/target:rw,Z" "-v" "/var/lib/crater-agent-workspace/builds/worker-6-tc1/source:/opt/rustwide/workdir:ro,Z" "-v" "/var/lib/crater-agent-workspace/cargo-home:/opt/rustwide/cargo-home:ro,Z" "-v" "/var/lib/crater-agent-workspace/rustup-home:/opt/rustwide/rustup-home:ro,Z" "-e" "SOURCE_DIR=/opt/rustwide/workdir" "-e" "CARGO_TARGET_DIR=/opt/rustwide/target" "-e" "CARGO_INCREMENTAL=0" "-e" "RUST_BACKTRACE=full" "-e" "RUSTFLAGS=--cap-lints=warn" "-e" "RUSTDOCFLAGS=--cap-lints=warn" "-e" "CARGO_HOME=/opt/rustwide/cargo-home" "-e" "RUSTUP_HOME=/opt/rustwide/rustup-home" "-w" "/opt/rustwide/workdir" "-m" "1610612736" "--user" "0:0" "--network" "none" "ghcr.io/rust-lang/crates-build-env/linux@sha256:5ff2268d62e97bff2cde7d5815dd6ed5b47097566f13b8d0ca110b04b60e07ed" "/opt/rustwide/cargo-home/bin/cargo" "+1.69.0" "build" "--frozen" "--message-format=json", kill_on_drop: false }`
[INFO] [stdout] 0af393f9c6bad1c50f14433e438f4704b7a8b69297bb113cc6c33583f3623c82
[INFO] running `Command { std: "docker" "start" "-a" "0af393f9c6bad1c50f14433e438f4704b7a8b69297bb113cc6c33583f3623c82", kill_on_drop: false }`
[INFO] [stderr]    Compiling erased_set v0.7.0 (/opt/rustwide/workdir)
[INFO] [stderr]     Finished dev [unoptimized + debuginfo] target(s) in 0.21s
[INFO] running `Command { std: "docker" "inspect" "0af393f9c6bad1c50f14433e438f4704b7a8b69297bb113cc6c33583f3623c82", kill_on_drop: false }`
[INFO] running `Command { std: "docker" "rm" "-f" "0af393f9c6bad1c50f14433e438f4704b7a8b69297bb113cc6c33583f3623c82", kill_on_drop: false }`
[INFO] [stdout] 0af393f9c6bad1c50f14433e438f4704b7a8b69297bb113cc6c33583f3623c82
[INFO] running `Command { std: "docker" "create" "-v" "/var/lib/crater-agent-workspace/builds/worker-6-tc1/target:/opt/rustwide/target:rw,Z" "-v" "/var/lib/crater-agent-workspace/builds/worker-6-tc1/source:/opt/rustwide/workdir:ro,Z" "-v" "/var/lib/crater-agent-workspace/cargo-home:/opt/rustwide/cargo-home:ro,Z" "-v" "/var/lib/crater-agent-workspace/rustup-home:/opt/rustwide/rustup-home:ro,Z" "-e" "SOURCE_DIR=/opt/rustwide/workdir" "-e" "CARGO_TARGET_DIR=/opt/rustwide/target" "-e" "CARGO_INCREMENTAL=0" "-e" "RUST_BACKTRACE=full" "-e" "RUSTFLAGS=--cap-lints=warn" "-e" "RUSTDOCFLAGS=--cap-lints=warn" "-e" "CARGO_HOME=/opt/rustwide/cargo-home" "-e" "RUSTUP_HOME=/opt/rustwide/rustup-home" "-w" "/opt/rustwide/workdir" "-m" "1610612736" "--user" "0:0" "--network" "none" "ghcr.io/rust-lang/crates-build-env/linux@sha256:5ff2268d62e97bff2cde7d5815dd6ed5b47097566f13b8d0ca110b04b60e07ed" "/opt/rustwide/cargo-home/bin/cargo" "+1.69.0" "test" "--frozen" "--no-run" "--message-format=json", kill_on_drop: false }`
[INFO] [stdout] 29a046b0e54e6383a62cb4697c617dde740aca922e62962888ffc6e06460d183
[INFO] running `Command { std: "docker" "start" "-a" "29a046b0e54e6383a62cb4697c617dde740aca922e62962888ffc6e06460d183", kill_on_drop: false }`
[INFO] [stderr]    Compiling memoffset v0.8.0
[INFO] [stderr]    Compiling crossbeam-epoch v0.9.14
[INFO] [stderr]    Compiling memchr v2.5.0
[INFO] [stderr]    Compiling rayon-core v1.11.0
[INFO] [stderr]    Compiling plotters-backend v0.3.4
[INFO] [stderr]    Compiling textwrap v0.11.0
[INFO] [stderr]    Compiling regex-syntax v0.7.1
[INFO] [stderr]    Compiling cast v0.3.0
[INFO] [stderr]    Compiling crossbeam-channel v0.5.8
[INFO] [stderr]    Compiling serde_json v1.0.96
[INFO] [stderr]    Compiling atty v0.2.14
[INFO] [stderr]    Compiling walkdir v2.3.3
[INFO] [stderr]    Compiling serde_cbor v0.11.2
[INFO] [stderr]    Compiling oorandom v11.1.3
[INFO] [stderr]    Compiling iai v0.1.1
[INFO] [stderr]    Compiling clap v2.34.0
[INFO] [stderr]    Compiling criterion-plot v0.4.5
[INFO] [stderr]    Compiling plotters-svg v0.3.3
[INFO] [stderr]    Compiling plotters v0.3.4
[INFO] [stderr]    Compiling csv-core v0.1.10
[INFO] [stderr]    Compiling crossbeam-deque v0.8.3
[INFO] [stderr]    Compiling tinytemplate v1.2.1
[INFO] [stderr]    Compiling csv v1.2.1
[INFO] [stderr]    Compiling regex v1.8.1
[INFO] [stderr]    Compiling rayon v1.7.0
[INFO] [stderr]    Compiling criterion v0.3.6
[INFO] [stderr]    Compiling erased_set v0.7.0 (/opt/rustwide/workdir)
[INFO] [stderr]     Finished test [unoptimized + debuginfo] target(s) in 7.56s
[INFO] running `Command { std: "docker" "inspect" "29a046b0e54e6383a62cb4697c617dde740aca922e62962888ffc6e06460d183", kill_on_drop: false }`
[INFO] running `Command { std: "docker" "rm" "-f" "29a046b0e54e6383a62cb4697c617dde740aca922e62962888ffc6e06460d183", kill_on_drop: false }`
[INFO] [stdout] 29a046b0e54e6383a62cb4697c617dde740aca922e62962888ffc6e06460d183
[INFO] running `Command { std: "docker" "create" "-v" "/var/lib/crater-agent-workspace/builds/worker-6-tc1/target:/opt/rustwide/target:rw,Z" "-v" "/var/lib/crater-agent-workspace/builds/worker-6-tc1/source:/opt/rustwide/workdir:ro,Z" "-v" "/var/lib/crater-agent-workspace/cargo-home:/opt/rustwide/cargo-home:ro,Z" "-v" "/var/lib/crater-agent-workspace/rustup-home:/opt/rustwide/rustup-home:ro,Z" "-e" "SOURCE_DIR=/opt/rustwide/workdir" "-e" "CARGO_TARGET_DIR=/opt/rustwide/target" "-e" "CARGO_INCREMENTAL=0" "-e" "RUST_BACKTRACE=full" "-e" "RUSTFLAGS=--cap-lints=warn" "-e" "RUSTDOCFLAGS=--cap-lints=warn" "-e" "CARGO_HOME=/opt/rustwide/cargo-home" "-e" "RUSTUP_HOME=/opt/rustwide/rustup-home" "-w" "/opt/rustwide/workdir" "-m" "1610612736" "--user" "0:0" "--network" "none" "ghcr.io/rust-lang/crates-build-env/linux@sha256:5ff2268d62e97bff2cde7d5815dd6ed5b47097566f13b8d0ca110b04b60e07ed" "/opt/rustwide/cargo-home/bin/cargo" "+1.69.0" "test" "--frozen", kill_on_drop: false }`
[INFO] [stdout] 144a8bbf113524891d2fdb32c6ebca2cf3e03b5616f483bae79f5f9d7b816e56
[INFO] running `Command { std: "docker" "start" "-a" "144a8bbf113524891d2fdb32c6ebca2cf3e03b5616f483bae79f5f9d7b816e56", kill_on_drop: false }`
[INFO] [stderr]     Finished test [unoptimized + debuginfo] target(s) in 0.07s
[INFO] [stderr]      Running unittests src/lib.rs (/opt/rustwide/target/debug/deps/erased_set-cc379de144c4347a)
[INFO] [stdout] 
[INFO] [stdout] running 0 tests
[INFO] [stdout] 
[INFO] [stdout] test result: ok. 0 passed; 0 failed; 0 ignored; 0 measured; 0 filtered out; finished in 0.00s
[INFO] [stdout] 
[INFO] [stderr]    Doc-tests erased_set
[INFO] [stdout] 
[INFO] [stdout] running 36 tests
[INFO] [stdout] test src/lib.rs - ErasedSendSet::new (line 391) ... ok
[INFO] [stdout] test src/lib.rs - ErasedSendSet::is_empty (line 388) ... ok
[INFO] [stdout] test src/lib.rs - ErasedSet::clear (line 379) ... ok
[INFO] [stdout] test src/lib.rs - ErasedSendSet::get_mut (line 390) ... ok
[INFO] [stdout] test src/lib.rs - ErasedSendSet::get_or_insert (line 389) ... ok
[INFO] [stdout] test src/lib.rs - ErasedSet::get_mut (line 381) ... ok
[INFO] [stdout] test src/lib.rs - ErasedSendSet::insert (line 390) ... ok
[INFO] [stdout] test src/lib.rs - ErasedSet::contains (line 379) ... ok
[INFO] [stdout] test src/lib.rs - ErasedSendSet::contains (line 388) ... ok
[INFO] [stdout] test src/lib.rs - ErasedSet::get (line 381) ... ok
[INFO] [stdout] test src/lib.rs - ErasedSendSet::clear (line 388) ... ok
[INFO] [stdout] test src/lib.rs - ErasedSendSet::len (line 388) ... ok
[INFO] [stdout] test src/lib.rs - ErasedSendSet::get_or_insert_with (line 389) ... ok
[INFO] [stdout] test src/lib.rs - ErasedSendSet::remove (line 390) ... ok
[INFO] [stdout] test src/lib.rs - (line 16) ... ok
[INFO] [stdout] test src/lib.rs - ErasedSendSet::get (line 390) ... ok
[INFO] [stdout] test src/lib.rs - ErasedSet::new (line 382) ... ok
[INFO] [stdout] test src/lib.rs - ErasedSet::is_empty (line 379) ... ok
[INFO] [stdout] test src/lib.rs - ErasedSet::get_or_insert (line 380) ... ok
[INFO] [stdout] test src/lib.rs - impl_erased_set (line 56) ... ignored
[INFO] [stdout] test src/lib.rs - ErasedSet::get_or_insert_with (line 380) ... ok
[INFO] [stdout] test src/lib.rs - impl_erased_set (line 64) ... FAILED
[INFO] [stdout] test src/lib.rs - ErasedSet::insert (line 381) ... ok
[INFO] [stdout] test src/lib.rs - ErasedSyncSet::clear (line 395) ... ok
[INFO] [stdout] test src/lib.rs - ErasedSet::len (line 379) ... ok
[INFO] [stdout] test src/lib.rs - ErasedSyncSet::contains (line 395) ... ok
[INFO] [stdout] test src/lib.rs - ErasedSyncSet::is_empty (line 395) ... ok
[INFO] [stdout] test src/lib.rs - ErasedSyncSet::get (line 397) ... ok
[INFO] [stdout] test src/lib.rs - ErasedSyncSet::get_mut (line 397) ... ok
[INFO] [stdout] test src/lib.rs - ErasedSyncSet::get_or_insert (line 396) ... ok
[INFO] [stdout] test src/lib.rs - ErasedSet::remove (line 381) ... ok
[INFO] [stdout] test src/lib.rs - ErasedSyncSet::get_or_insert_with (line 396) ... ok
[INFO] [stdout] test src/lib.rs - ErasedSyncSet::new (line 398) ... ok
[INFO] [stdout] test src/lib.rs - ErasedSyncSet::len (line 395) ... ok
[INFO] [stdout] test src/lib.rs - ErasedSyncSet::insert (line 397) ... ok
[INFO] [stdout] test src/lib.rs - ErasedSyncSet::remove (line 397) ... ok
[INFO] [stdout] 
[INFO] [stdout] failures:
[INFO] [stdout] 
[INFO] [stdout] ---- src/lib.rs - impl_erased_set (line 64) stdout ----
[INFO] [stdout] error[E0433]: failed to resolve: could not find `impl_erased_set` in `erased_set`
[INFO] [stdout]  --> src/lib.rs:65:13
[INFO] [stdout]   |
[INFO] [stdout] 4 | erased_set::impl_erased_set! {
[INFO] [stdout]   |             ^^^^^^^^^^^^^^^ could not find `impl_erased_set` in `erased_set`
[INFO] [stdout] 
[INFO] [stdout] error: aborting due to previous error
[INFO] [stdout] 
[INFO] [stdout] For more information about this error, try `rustc --explain E0433`.
[INFO] [stdout] Couldn't compile the test.
[INFO] [stdout] 
[INFO] [stdout] failures:
[INFO] [stdout]     src/lib.rs - impl_erased_set (line 64)
[INFO] [stdout] 
[INFO] [stdout] test result: FAILED. 34 passed; 1 failed; 1 ignored; 0 measured; 0 filtered out; finished in 0.98s
[INFO] [stdout] 
[INFO] [stderr] error: doctest failed, to rerun pass `--doc`
[INFO] running `Command { std: "docker" "inspect" "144a8bbf113524891d2fdb32c6ebca2cf3e03b5616f483bae79f5f9d7b816e56", kill_on_drop: false }`
[INFO] running `Command { std: "docker" "rm" "-f" "144a8bbf113524891d2fdb32c6ebca2cf3e03b5616f483bae79f5f9d7b816e56", kill_on_drop: false }`
[INFO] [stdout] 144a8bbf113524891d2fdb32c6ebca2cf3e03b5616f483bae79f5f9d7b816e56
