[INFO] fetching crate enum_to_enum_derive 0.1.0...
[INFO] testing enum_to_enum_derive-0.1.0 against 1.69.0 for beta-1.70-1
[INFO] extracting crate enum_to_enum_derive 0.1.0 into /workspace/builds/worker-5-tc1/source
[INFO] validating manifest of crates.io crate enum_to_enum_derive 0.1.0 on toolchain 1.69.0
[INFO] running `Command { std: CARGO_HOME="/workspace/cargo-home" RUSTUP_HOME="/workspace/rustup-home" "/workspace/cargo-home/bin/cargo" "+1.69.0" "metadata" "--manifest-path" "Cargo.toml" "--no-deps", kill_on_drop: false }`
[INFO] started tweaking crates.io crate enum_to_enum_derive 0.1.0
[INFO] finished tweaking crates.io crate enum_to_enum_derive 0.1.0
[INFO] tweaked toml for crates.io crate enum_to_enum_derive 0.1.0 written to /workspace/builds/worker-5-tc1/source/Cargo.toml
[INFO] running `Command { std: CARGO_HOME="/workspace/cargo-home" RUSTUP_HOME="/workspace/rustup-home" __CARGO_TEST_CHANNEL_OVERRIDE_DO_NOT_USE_THIS="nightly" "/workspace/cargo-home/bin/cargo" "+1.69.0" "generate-lockfile" "--manifest-path" "Cargo.toml" "-Zno-index-update", kill_on_drop: false }`
[INFO] running `Command { std: CARGO_HOME="/workspace/cargo-home" RUSTUP_HOME="/workspace/rustup-home" "/workspace/cargo-home/bin/cargo" "+1.69.0" "fetch" "--manifest-path" "Cargo.toml", kill_on_drop: false }`
[INFO] running `Command { std: "docker" "create" "-v" "/var/lib/crater-agent-workspace/builds/worker-5-tc1/target:/opt/rustwide/target:rw,Z" "-v" "/var/lib/crater-agent-workspace/builds/worker-5-tc1/source:/opt/rustwide/workdir:ro,Z" "-v" "/var/lib/crater-agent-workspace/cargo-home:/opt/rustwide/cargo-home:ro,Z" "-v" "/var/lib/crater-agent-workspace/rustup-home:/opt/rustwide/rustup-home:ro,Z" "-e" "SOURCE_DIR=/opt/rustwide/workdir" "-e" "CARGO_TARGET_DIR=/opt/rustwide/target" "-e" "CARGO_HOME=/opt/rustwide/cargo-home" "-e" "RUSTUP_HOME=/opt/rustwide/rustup-home" "-w" "/opt/rustwide/workdir" "-m" "1610612736" "--user" "0:0" "--network" "none" "ghcr.io/rust-lang/crates-build-env/linux@sha256:5ff2268d62e97bff2cde7d5815dd6ed5b47097566f13b8d0ca110b04b60e07ed" "/opt/rustwide/cargo-home/bin/cargo" "+1.69.0" "metadata" "--no-deps" "--format-version=1", kill_on_drop: false }`
[INFO] [stdout] 3b16ea19ebecf754cf286fd11e81646fd9aab909b3457c80e5fe6059286ce0c0
[INFO] running `Command { std: "docker" "start" "-a" "3b16ea19ebecf754cf286fd11e81646fd9aab909b3457c80e5fe6059286ce0c0", kill_on_drop: false }`
[INFO] running `Command { std: "docker" "inspect" "3b16ea19ebecf754cf286fd11e81646fd9aab909b3457c80e5fe6059286ce0c0", kill_on_drop: false }`
[INFO] running `Command { std: "docker" "rm" "-f" "3b16ea19ebecf754cf286fd11e81646fd9aab909b3457c80e5fe6059286ce0c0", kill_on_drop: false }`
[INFO] [stdout] 3b16ea19ebecf754cf286fd11e81646fd9aab909b3457c80e5fe6059286ce0c0
[INFO] running `Command { std: "docker" "create" "-v" "/var/lib/crater-agent-workspace/builds/worker-5-tc1/target:/opt/rustwide/target:rw,Z" "-v" "/var/lib/crater-agent-workspace/builds/worker-5-tc1/source:/opt/rustwide/workdir:ro,Z" "-v" "/var/lib/crater-agent-workspace/cargo-home:/opt/rustwide/cargo-home:ro,Z" "-v" "/var/lib/crater-agent-workspace/rustup-home:/opt/rustwide/rustup-home:ro,Z" "-e" "SOURCE_DIR=/opt/rustwide/workdir" "-e" "CARGO_TARGET_DIR=/opt/rustwide/target" "-e" "CARGO_INCREMENTAL=0" "-e" "RUST_BACKTRACE=full" "-e" "RUSTFLAGS=--cap-lints=warn" "-e" "RUSTDOCFLAGS=--cap-lints=warn" "-e" "CARGO_HOME=/opt/rustwide/cargo-home" "-e" "RUSTUP_HOME=/opt/rustwide/rustup-home" "-w" "/opt/rustwide/workdir" "-m" "1610612736" "--user" "0:0" "--network" "none" "ghcr.io/rust-lang/crates-build-env/linux@sha256:5ff2268d62e97bff2cde7d5815dd6ed5b47097566f13b8d0ca110b04b60e07ed" "/opt/rustwide/cargo-home/bin/cargo" "+1.69.0" "build" "--frozen" "--message-format=json", kill_on_drop: false }`
[INFO] [stdout] 93e38e8c5e56ce3ec627d9b91876eba1ae932ee7bb50cc611ce7c1d047b851cd
[INFO] running `Command { std: "docker" "start" "-a" "93e38e8c5e56ce3ec627d9b91876eba1ae932ee7bb50cc611ce7c1d047b851cd", kill_on_drop: false }`
[INFO] [stderr]    Compiling syn v1.0.109
[INFO] [stderr]    Compiling enum_to_enum_derive v0.1.0 (/opt/rustwide/workdir)
[INFO] [stderr]     Finished dev [unoptimized + debuginfo] target(s) in 7.14s
[INFO] running `Command { std: "docker" "inspect" "93e38e8c5e56ce3ec627d9b91876eba1ae932ee7bb50cc611ce7c1d047b851cd", kill_on_drop: false }`
[INFO] running `Command { std: "docker" "rm" "-f" "93e38e8c5e56ce3ec627d9b91876eba1ae932ee7bb50cc611ce7c1d047b851cd", kill_on_drop: false }`
[INFO] [stdout] 93e38e8c5e56ce3ec627d9b91876eba1ae932ee7bb50cc611ce7c1d047b851cd
[INFO] running `Command { std: "docker" "create" "-v" "/var/lib/crater-agent-workspace/builds/worker-5-tc1/target:/opt/rustwide/target:rw,Z" "-v" "/var/lib/crater-agent-workspace/builds/worker-5-tc1/source:/opt/rustwide/workdir:ro,Z" "-v" "/var/lib/crater-agent-workspace/cargo-home:/opt/rustwide/cargo-home:ro,Z" "-v" "/var/lib/crater-agent-workspace/rustup-home:/opt/rustwide/rustup-home:ro,Z" "-e" "SOURCE_DIR=/opt/rustwide/workdir" "-e" "CARGO_TARGET_DIR=/opt/rustwide/target" "-e" "CARGO_INCREMENTAL=0" "-e" "RUST_BACKTRACE=full" "-e" "RUSTFLAGS=--cap-lints=warn" "-e" "RUSTDOCFLAGS=--cap-lints=warn" "-e" "CARGO_HOME=/opt/rustwide/cargo-home" "-e" "RUSTUP_HOME=/opt/rustwide/rustup-home" "-w" "/opt/rustwide/workdir" "-m" "1610612736" "--user" "0:0" "--network" "none" "ghcr.io/rust-lang/crates-build-env/linux@sha256:5ff2268d62e97bff2cde7d5815dd6ed5b47097566f13b8d0ca110b04b60e07ed" "/opt/rustwide/cargo-home/bin/cargo" "+1.69.0" "test" "--frozen" "--no-run" "--message-format=json", kill_on_drop: false }`
[INFO] [stdout] 140b2a4c4d9a40df094e5f2f88a18910b84ec9061acddc4c7ab4edb037af5715
[INFO] running `Command { std: "docker" "start" "-a" "140b2a4c4d9a40df094e5f2f88a18910b84ec9061acddc4c7ab4edb037af5715", kill_on_drop: false }`
[INFO] [stderr]    Compiling itoa v1.0.6
[INFO] [stderr]    Compiling serde v1.0.160
[INFO] [stderr]    Compiling serde_json v1.0.96
[INFO] [stderr]    Compiling ryu v1.0.13
[INFO] [stderr]    Compiling once_cell v1.17.1
[INFO] [stderr]    Compiling termcolor v1.2.0
[INFO] [stderr]    Compiling syn v2.0.15
[INFO] [stderr]    Compiling trybuild v1.0.80
[INFO] [stderr]    Compiling glob v0.3.1
[INFO] [stderr]    Compiling enum_to_enum_derive v0.1.0 (/opt/rustwide/workdir)
[INFO] [stderr]    Compiling serde_derive v1.0.160
[INFO] [stderr]    Compiling basic-toml v0.1.2
[INFO] [stderr]     Finished test [unoptimized + debuginfo] target(s) in 12.69s
[INFO] running `Command { std: "docker" "inspect" "140b2a4c4d9a40df094e5f2f88a18910b84ec9061acddc4c7ab4edb037af5715", kill_on_drop: false }`
[INFO] running `Command { std: "docker" "rm" "-f" "140b2a4c4d9a40df094e5f2f88a18910b84ec9061acddc4c7ab4edb037af5715", kill_on_drop: false }`
[INFO] [stdout] 140b2a4c4d9a40df094e5f2f88a18910b84ec9061acddc4c7ab4edb037af5715
[INFO] running `Command { std: "docker" "create" "-v" "/var/lib/crater-agent-workspace/builds/worker-5-tc1/target:/opt/rustwide/target:rw,Z" "-v" "/var/lib/crater-agent-workspace/builds/worker-5-tc1/source:/opt/rustwide/workdir:ro,Z" "-v" "/var/lib/crater-agent-workspace/cargo-home:/opt/rustwide/cargo-home:ro,Z" "-v" "/var/lib/crater-agent-workspace/rustup-home:/opt/rustwide/rustup-home:ro,Z" "-e" "SOURCE_DIR=/opt/rustwide/workdir" "-e" "CARGO_TARGET_DIR=/opt/rustwide/target" "-e" "CARGO_INCREMENTAL=0" "-e" "RUST_BACKTRACE=full" "-e" "RUSTFLAGS=--cap-lints=warn" "-e" "RUSTDOCFLAGS=--cap-lints=warn" "-e" "CARGO_HOME=/opt/rustwide/cargo-home" "-e" "RUSTUP_HOME=/opt/rustwide/rustup-home" "-w" "/opt/rustwide/workdir" "-m" "1610612736" "--user" "0:0" "--network" "none" "ghcr.io/rust-lang/crates-build-env/linux@sha256:5ff2268d62e97bff2cde7d5815dd6ed5b47097566f13b8d0ca110b04b60e07ed" "/opt/rustwide/cargo-home/bin/cargo" "+1.69.0" "test" "--frozen", kill_on_drop: false }`
[INFO] [stdout] 5ba71c4aaf7344005a9faa220aafd226ff15d54bb9b8082a017e6a06870b6e00
[INFO] running `Command { std: "docker" "start" "-a" "5ba71c4aaf7344005a9faa220aafd226ff15d54bb9b8082a017e6a06870b6e00", kill_on_drop: false }`
[INFO] [stderr]     Finished test [unoptimized + debuginfo] target(s) in 0.03s
[INFO] [stderr]      Running unittests src/lib.rs (/opt/rustwide/target/debug/deps/enum_to_enum_derive-4366688c9ef3ddc9)
[INFO] [stdout] 
[INFO] [stdout] running 5 tests
[INFO] [stdout] test parser::enum_parser_tests::parse_from_enum_single_src ... ok
[INFO] [stdout] test parser::enum_parser_tests::parse_from_enum_srcs_no_from_enum ... ok
[INFO] [stdout] test parser::enum_parser_tests::parse_from_enum_srcs_bad_effect ... ok
[INFO] [stdout] test parser::enum_parser_tests::parse_from_enum_multiple_srcs ... ok
[INFO] [stderr]    Doc-tests enum_to_enum_derive
[INFO] [stdout] test parser::enum_parser_tests::parse_from_enum_srcs_and_effects ... ok
[INFO] [stdout] 
[INFO] [stdout] test result: ok. 5 passed; 0 failed; 0 ignored; 0 measured; 0 filtered out; finished in 0.01s
[INFO] [stdout] 
[INFO] [stdout] 
[INFO] [stdout] running 3 tests
[INFO] [stdout] test src/lib.rs - derive_enum_from (line 178) ... FAILED
[INFO] [stdout] test src/lib.rs - derive_enum_from (line 114) ... FAILED
[INFO] [stdout] test src/lib.rs - derive_enum_from (line 51) ... FAILED
[INFO] [stdout] 
[INFO] [stdout] failures:
[INFO] [stdout] 
[INFO] [stdout] ---- src/lib.rs - derive_enum_from (line 178) stdout ----
[INFO] [stdout] error[E0432]: unresolved import `enum_to_enum`
[INFO] [stdout]  --> src/lib.rs:181:5
[INFO] [stdout]   |
[INFO] [stdout] 4 | use enum_to_enum::{FromEnum, WithEffects};
[INFO] [stdout]   |     ^^^^^^^^^^^^ use of undeclared crate or module `enum_to_enum`
[INFO] [stdout] 
[INFO] [stdout] error: cannot determine resolution for the derive macro `FromEnum`
[INFO] [stdout]   --> src/lib.rs:189:10
[INFO] [stdout]    |
[INFO] [stdout] 12 | #[derive(FromEnum, Debug, PartialEq, Eq)]
[INFO] [stdout]    |          ^^^^^^^^
[INFO] [stdout]    |
[INFO] [stdout]    = note: import resolution is stuck, try simplifying macro imports
[INFO] [stdout] 
[INFO] [stdout] error: cannot find attribute `from_enum` in this scope
[INFO] [stdout]   --> src/lib.rs:190:3
[INFO] [stdout]    |
[INFO] [stdout] 13 | #[from_enum(Src, effect_container = EffectContainer)]
[INFO] [stdout]    |   ^^^^^^^^^
[INFO] [stdout] 
[INFO] [stdout] error: aborting due to 3 previous errors
[INFO] [stdout] 
[INFO] [stdout] For more information about this error, try `rustc --explain E0432`.
[INFO] [stdout] Couldn't compile the test.
[INFO] [stdout] ---- src/lib.rs - derive_enum_from (line 114) stdout ----
[INFO] [stdout] error[E0432]: unresolved import `enum_to_enum`
[INFO] [stdout]  --> src/lib.rs:117:5
[INFO] [stdout]   |
[INFO] [stdout] 4 | use enum_to_enum::FromEnum;
[INFO] [stdout]   |     ^^^^^^^^^^^^ use of undeclared crate or module `enum_to_enum`
[INFO] [stdout] 
[INFO] [stdout] error: cannot determine resolution for the derive macro `FromEnum`
[INFO] [stdout]   --> src/lib.rs:126:10
[INFO] [stdout]    |
[INFO] [stdout] 13 | #[derive(FromEnum, Debug, PartialEq, Eq)]
[INFO] [stdout]    |          ^^^^^^^^
[INFO] [stdout]    |
[INFO] [stdout]    = note: import resolution is stuck, try simplifying macro imports
[INFO] [stdout] 
[INFO] [stdout] error: cannot find attribute `from_enum` in this scope
[INFO] [stdout]   --> src/lib.rs:127:3
[INFO] [stdout]    |
[INFO] [stdout] 14 | #[from_enum(Src)]
[INFO] [stdout]    |   ^^^^^^^^^
[INFO] [stdout] 
[INFO] [stdout] error: cannot find attribute `from_case` in this scope
[INFO] [stdout]   --> src/lib.rs:129:7
[INFO] [stdout]    |
[INFO] [stdout] 16 |     #[from_case(Case1, Case2)]
[INFO] [stdout]    |       ^^^^^^^^^
[INFO] [stdout] 
[INFO] [stdout] error: cannot find attribute `from_case` in this scope
[INFO] [stdout]   --> src/lib.rs:132:7
[INFO] [stdout]    |
[INFO] [stdout] 19 |     #[from_case(Case1, Case2)]
[INFO] [stdout]    |       ^^^^^^^^^
[INFO] [stdout] 
[INFO] [stdout] error[E0308]: mismatched types
[INFO] [stdout]   --> src/lib.rs:168:16
[INFO] [stdout]    |
[INFO] [stdout] 55 |     Dest::from(Src::Case1(SrcField(10))),
[INFO] [stdout]    |     ---------- ^^^^^^^^^^^^^^^^^^^^^^^^ expected `Dest`, found `Src`
[INFO] [stdout]    |     |
[INFO] [stdout]    |     arguments to this function are incorrect
[INFO] [stdout]    |
[INFO] [stdout] note: associated function defined here
[INFO] [stdout]   --> /rustc/84c898d65adf2f39a5a98507f1fe0ce10a2b8dbc/library/core/src/convert/mod.rs:548:8
[INFO] [stdout] 
[INFO] [stdout] error: aborting due to 6 previous errors
[INFO] [stdout] 
[INFO] [stdout] Some errors have detailed explanations: E0308, E0432.
[INFO] [stdout] For more information about an error, try `rustc --explain E0308`.
[INFO] [stdout] Couldn't compile the test.
[INFO] [stdout] ---- src/lib.rs - derive_enum_from (line 51) stdout ----
[INFO] [stdout] error[E0432]: unresolved import `enum_to_enum`
[INFO] [stdout]  --> src/lib.rs:54:5
[INFO] [stdout]   |
[INFO] [stdout] 4 | use enum_to_enum::FromEnum;
[INFO] [stdout]   |     ^^^^^^^^^^^^ use of undeclared crate or module `enum_to_enum`
[INFO] [stdout] 
[INFO] [stdout] error: cannot determine resolution for the derive macro `FromEnum`
[INFO] [stdout]   --> src/lib.rs:63:10
[INFO] [stdout]    |
[INFO] [stdout] 13 | #[derive(FromEnum, Debug, PartialEq, Eq)]
[INFO] [stdout]    |          ^^^^^^^^
[INFO] [stdout]    |
[INFO] [stdout]    = note: import resolution is stuck, try simplifying macro imports
[INFO] [stdout] 
[INFO] [stdout] error: cannot find attribute `from_enum` in this scope
[INFO] [stdout]   --> src/lib.rs:64:3
[INFO] [stdout]    |
[INFO] [stdout] 14 | #[from_enum(Src)]
[INFO] [stdout]    |   ^^^^^^^^^
[INFO] [stdout] 
[INFO] [stdout] error: cannot find attribute `from_case` in this scope
[INFO] [stdout]   --> src/lib.rs:68:7
[INFO] [stdout]    |
[INFO] [stdout] 18 |     #[from_case(Case2)]
[INFO] [stdout]    |       ^^^^^^^^^
[INFO] [stdout] 
[INFO] [stdout] error: cannot find attribute `from_case` in this scope
[INFO] [stdout]   --> src/lib.rs:71:7
[INFO] [stdout]    |
[INFO] [stdout] 21 |     #[from_case(Src = Case3)]
[INFO] [stdout]    |       ^^^^^^^^^
[INFO] [stdout] 
[INFO] [stdout] error[E0308]: mismatched types
[INFO] [stdout]   --> src/lib.rs:88:16
[INFO] [stdout]    |
[INFO] [stdout] 38 |     Dest::from(Src::Case1()),
[INFO] [stdout]    |     ---------- ^^^^^^^^^^^^ expected `Dest`, found `Src`
[INFO] [stdout]    |     |
[INFO] [stdout]    |     arguments to this function are incorrect
[INFO] [stdout]    |
[INFO] [stdout] note: associated function defined here
[INFO] [stdout]   --> /rustc/84c898d65adf2f39a5a98507f1fe0ce10a2b8dbc/library/core/src/convert/mod.rs:548:8
[INFO] [stdout] 
[INFO] [stdout] error[E0308]: mismatched types
[INFO] [stdout]   --> src/lib.rs:93:16
[INFO] [stdout]    |
[INFO] [stdout] 43 |     Dest::from(Src::Case2(SrcStrField(String::from("hello")))),
[INFO] [stdout]    |     ---------- ^^^^^^^^^^^^^^^^^^^^^^^^^^^^^^^^^^^^^^^^^^^^^^ expected `Dest`, found `Src`
[INFO] [stdout]    |     |
[INFO] [stdout]    |     arguments to this function are incorrect
[INFO] [stdout]    |
[INFO] [stdout] note: associated function defined here
[INFO] [stdout]   --> /rustc/84c898d65adf2f39a5a98507f1fe0ce10a2b8dbc/library/core/src/convert/mod.rs:548:8
[INFO] [stdout] 
[INFO] [stdout] error[E0308]: mismatched types
[INFO] [stdout]   --> src/lib.rs:98:16
[INFO] [stdout]    |
[INFO] [stdout] 48 |       Dest::from(Src::Case3 {
[INFO] [stdout]    |  _____----------_^
[INFO] [stdout]    | |     |
[INFO] [stdout]    | |     arguments to this function are incorrect
[INFO] [stdout] 49 | |         a: SrcStrField(String::from("hello")),
[INFO] [stdout] 50 | |         b: 100u8,
[INFO] [stdout] 51 | |     }),
[INFO] [stdout]    | |_____^ expected `Dest`, found `Src`
[INFO] [stdout]    |
[INFO] [stdout] note: associated function defined here
[INFO] [stdout]   --> /rustc/84c898d65adf2f39a5a98507f1fe0ce10a2b8dbc/library/core/src/convert/mod.rs:548:8
[INFO] [stdout] 
[INFO] [stdout] error: aborting due to 8 previous errors
[INFO] [stdout] 
[INFO] [stdout] Some errors have detailed explanations: E0308, E0432.
[INFO] [stdout] For more information about an error, try `rustc --explain E0308`.
[INFO] [stdout] Couldn't compile the test.
[INFO] [stdout] 
[INFO] [stdout] failures:
[INFO] [stdout]     src/lib.rs - derive_enum_from (line 114)
[INFO] [stdout]     src/lib.rs - derive_enum_from (line 178)
[INFO] [stdout]     src/lib.rs - derive_enum_from (line 51)
[INFO] [stdout] 
[INFO] [stdout] test result: FAILED. 0 passed; 3 failed; 0 ignored; 0 measured; 0 filtered out; finished in 0.19s
[INFO] [stdout] 
[INFO] [stderr] error: doctest failed, to rerun pass `--doc`
[INFO] running `Command { std: "docker" "inspect" "5ba71c4aaf7344005a9faa220aafd226ff15d54bb9b8082a017e6a06870b6e00", kill_on_drop: false }`
[INFO] running `Command { std: "docker" "rm" "-f" "5ba71c4aaf7344005a9faa220aafd226ff15d54bb9b8082a017e6a06870b6e00", kill_on_drop: false }`
[INFO] [stdout] 5ba71c4aaf7344005a9faa220aafd226ff15d54bb9b8082a017e6a06870b6e00
