[INFO] fetching crate enum-conversion 0.0.1...
[INFO] testing enum-conversion-0.0.1 against 1.69.0 for beta-1.70-1
[INFO] extracting crate enum-conversion 0.0.1 into /workspace/builds/worker-2-tc1/source
[INFO] validating manifest of crates.io crate enum-conversion 0.0.1 on toolchain 1.69.0
[INFO] running `Command { std: CARGO_HOME="/workspace/cargo-home" RUSTUP_HOME="/workspace/rustup-home" "/workspace/cargo-home/bin/cargo" "+1.69.0" "metadata" "--manifest-path" "Cargo.toml" "--no-deps", kill_on_drop: false }`
[INFO] started tweaking crates.io crate enum-conversion 0.0.1
[INFO] finished tweaking crates.io crate enum-conversion 0.0.1
[INFO] tweaked toml for crates.io crate enum-conversion 0.0.1 written to /workspace/builds/worker-2-tc1/source/Cargo.toml
[INFO] running `Command { std: CARGO_HOME="/workspace/cargo-home" RUSTUP_HOME="/workspace/rustup-home" __CARGO_TEST_CHANNEL_OVERRIDE_DO_NOT_USE_THIS="nightly" "/workspace/cargo-home/bin/cargo" "+1.69.0" "generate-lockfile" "--manifest-path" "Cargo.toml" "-Zno-index-update", kill_on_drop: false }`
[INFO] running `Command { std: CARGO_HOME="/workspace/cargo-home" RUSTUP_HOME="/workspace/rustup-home" "/workspace/cargo-home/bin/cargo" "+1.69.0" "fetch" "--manifest-path" "Cargo.toml", kill_on_drop: false }`
[INFO] [stderr]  Downloading crates ...
[INFO] [stderr]   Downloaded enum-conversion-derive v0.0.1
[INFO] [stderr]   Downloaded enum-conversion-traits v0.0.1
[INFO] running `Command { std: "docker" "create" "-v" "/var/lib/crater-agent-workspace/builds/worker-2-tc1/target:/opt/rustwide/target:rw,Z" "-v" "/var/lib/crater-agent-workspace/builds/worker-2-tc1/source:/opt/rustwide/workdir:ro,Z" "-v" "/var/lib/crater-agent-workspace/cargo-home:/opt/rustwide/cargo-home:ro,Z" "-v" "/var/lib/crater-agent-workspace/rustup-home:/opt/rustwide/rustup-home:ro,Z" "-e" "SOURCE_DIR=/opt/rustwide/workdir" "-e" "CARGO_TARGET_DIR=/opt/rustwide/target" "-e" "CARGO_HOME=/opt/rustwide/cargo-home" "-e" "RUSTUP_HOME=/opt/rustwide/rustup-home" "-w" "/opt/rustwide/workdir" "-m" "1610612736" "--user" "0:0" "--network" "none" "ghcr.io/rust-lang/crates-build-env/linux@sha256:5ff2268d62e97bff2cde7d5815dd6ed5b47097566f13b8d0ca110b04b60e07ed" "/opt/rustwide/cargo-home/bin/cargo" "+1.69.0" "metadata" "--no-deps" "--format-version=1", kill_on_drop: false }`
[INFO] [stdout] aefb88212079ab2336579e87d40cc91b46089a6258776c372fd5a30d9fb14905
[INFO] running `Command { std: "docker" "start" "-a" "aefb88212079ab2336579e87d40cc91b46089a6258776c372fd5a30d9fb14905", kill_on_drop: false }`
[INFO] running `Command { std: "docker" "inspect" "aefb88212079ab2336579e87d40cc91b46089a6258776c372fd5a30d9fb14905", kill_on_drop: false }`
[INFO] running `Command { std: "docker" "rm" "-f" "aefb88212079ab2336579e87d40cc91b46089a6258776c372fd5a30d9fb14905", kill_on_drop: false }`
[INFO] [stdout] aefb88212079ab2336579e87d40cc91b46089a6258776c372fd5a30d9fb14905
[INFO] running `Command { std: "docker" "create" "-v" "/var/lib/crater-agent-workspace/builds/worker-2-tc1/target:/opt/rustwide/target:rw,Z" "-v" "/var/lib/crater-agent-workspace/builds/worker-2-tc1/source:/opt/rustwide/workdir:ro,Z" "-v" "/var/lib/crater-agent-workspace/cargo-home:/opt/rustwide/cargo-home:ro,Z" "-v" "/var/lib/crater-agent-workspace/rustup-home:/opt/rustwide/rustup-home:ro,Z" "-e" "SOURCE_DIR=/opt/rustwide/workdir" "-e" "CARGO_TARGET_DIR=/opt/rustwide/target" "-e" "CARGO_INCREMENTAL=0" "-e" "RUST_BACKTRACE=full" "-e" "RUSTFLAGS=--cap-lints=warn" "-e" "RUSTDOCFLAGS=--cap-lints=warn" "-e" "CARGO_HOME=/opt/rustwide/cargo-home" "-e" "RUSTUP_HOME=/opt/rustwide/rustup-home" "-w" "/opt/rustwide/workdir" "-m" "1610612736" "--user" "0:0" "--network" "none" "ghcr.io/rust-lang/crates-build-env/linux@sha256:5ff2268d62e97bff2cde7d5815dd6ed5b47097566f13b8d0ca110b04b60e07ed" "/opt/rustwide/cargo-home/bin/cargo" "+1.69.0" "build" "--frozen" "--message-format=json", kill_on_drop: false }`
[INFO] [stdout] ff7c73b6c2d87cb9c8edbd6b2ba68e545541bcd390b0eac07cf846ad52fe622f
[INFO] running `Command { std: "docker" "start" "-a" "ff7c73b6c2d87cb9c8edbd6b2ba68e545541bcd390b0eac07cf846ad52fe622f", kill_on_drop: false }`
[INFO] [stderr]    Compiling cfg-if v1.0.0
[INFO] [stderr]    Compiling unicode-ident v1.0.8
[INFO] [stderr]    Compiling libc v0.2.142
[INFO] [stderr]    Compiling proc-macro2 v1.0.56
[INFO] [stderr]    Compiling regex-syntax v0.7.1
[INFO] [stderr]    Compiling siphasher v0.3.10
[INFO] [stderr]    Compiling ppv-lite86 v0.2.17
[INFO] [stderr]    Compiling once_cell v1.17.1
[INFO] [stderr]    Compiling ucd-trie v0.1.5
[INFO] [stderr]    Compiling unic-common v0.9.0
[INFO] [stderr]    Compiling memchr v2.5.0
[INFO] [stderr]    Compiling uncased v0.9.7
[INFO] [stderr]    Compiling num-traits v0.2.15
[INFO] [stderr]    Compiling thiserror v1.0.40
[INFO] [stderr]    Compiling num-integer v0.1.45
[INFO] [stderr]    Compiling same-file v1.0.6
[INFO] [stderr]    Compiling log v0.4.17
[INFO] [stderr]    Compiling unic-char-range v0.9.0
[INFO] [stderr]    Compiling fnv v1.0.7
[INFO] [stderr]    Compiling libm v0.2.6
[INFO] [stderr]    Compiling serde v1.0.160
[INFO] [stderr]    Compiling thread_local v1.1.4
[INFO] [stderr]    Compiling unic-char-property v0.9.0
[INFO] [stderr]    Compiling walkdir v2.3.3
[INFO] [stderr]    Compiling unic-ucd-version v0.9.0
[INFO] [stderr]    Compiling lazy_static v1.4.0
[INFO] [stderr]    Compiling serde_json v1.0.96
[INFO] [stderr]    Compiling iana-time-zone v0.1.56
[INFO] [stderr]    Compiling unic-ucd-segment v0.9.0
[INFO] [stderr]    Compiling deunicode v0.4.3
[INFO] [stderr]    Compiling phf_shared v0.10.0
[INFO] [stderr]    Compiling ryu v1.0.13
[INFO] [stderr]    Compiling aho-corasick v1.0.1
[INFO] [stderr]    Compiling aho-corasick v0.7.20
[INFO] [stderr]    Compiling bstr v1.4.0
[INFO] [stderr]    Compiling phf v0.10.1
[INFO] [stderr]    Compiling bitflags v1.3.2
[INFO] [stderr]    Compiling itoa v1.0.6
[INFO] [stderr]    Compiling syn v1.0.109
[INFO] [stderr]    Compiling quote v1.0.26
[INFO] [stderr]    Compiling slug v0.1.4
[INFO] [stderr]    Compiling unic-segment v0.9.0
[INFO] [stderr]    Compiling percent-encoding v2.2.0
[INFO] [stderr]    Compiling humansize v2.1.3
[INFO] [stderr]    Compiling syn v2.0.15
[INFO] [stderr]    Compiling enum-conversion-traits v0.0.1
[INFO] [stderr]    Compiling getrandom v0.2.9
[INFO] [stderr]    Compiling rand_core v0.6.4
[INFO] [stderr]    Compiling rand_chacha v0.3.1
[INFO] [stderr]    Compiling rand v0.8.5
[INFO] [stderr]    Compiling chrono v0.4.24
[INFO] [stderr]    Compiling regex v1.8.1
[INFO] [stderr]    Compiling phf_generator v0.10.0
[INFO] [stderr]    Compiling phf_codegen v0.10.0
[INFO] [stderr]    Compiling parse-zoneinfo v0.3.0
[INFO] [stderr]    Compiling globset v0.4.10
[INFO] [stderr]    Compiling thiserror-impl v1.0.40
[INFO] [stderr]    Compiling ignore v0.4.20
[INFO] [stderr]    Compiling chrono-tz-build v0.0.2
[INFO] [stderr]    Compiling chrono-tz v0.6.1
[INFO] [stderr]    Compiling globwalk v0.8.1
[INFO] [stderr]    Compiling pest v2.6.0
[INFO] [stderr]    Compiling pest_meta v2.6.0
[INFO] [stderr]    Compiling pest_generator v2.6.0
[INFO] [stderr]    Compiling pest_derive v2.6.0
[INFO] [stderr]    Compiling tera v1.18.1
[INFO] [stderr]    Compiling enum-conversion-derive v0.0.1
[INFO] [stderr]    Compiling enum-conversion v0.0.1 (/opt/rustwide/workdir)
[INFO] [stderr]     Finished dev [unoptimized + debuginfo] target(s) in 12.15s
[INFO] running `Command { std: "docker" "inspect" "ff7c73b6c2d87cb9c8edbd6b2ba68e545541bcd390b0eac07cf846ad52fe622f", kill_on_drop: false }`
[INFO] running `Command { std: "docker" "rm" "-f" "ff7c73b6c2d87cb9c8edbd6b2ba68e545541bcd390b0eac07cf846ad52fe622f", kill_on_drop: false }`
[INFO] [stdout] ff7c73b6c2d87cb9c8edbd6b2ba68e545541bcd390b0eac07cf846ad52fe622f
[INFO] running `Command { std: "docker" "create" "-v" "/var/lib/crater-agent-workspace/builds/worker-2-tc1/target:/opt/rustwide/target:rw,Z" "-v" "/var/lib/crater-agent-workspace/builds/worker-2-tc1/source:/opt/rustwide/workdir:ro,Z" "-v" "/var/lib/crater-agent-workspace/cargo-home:/opt/rustwide/cargo-home:ro,Z" "-v" "/var/lib/crater-agent-workspace/rustup-home:/opt/rustwide/rustup-home:ro,Z" "-e" "SOURCE_DIR=/opt/rustwide/workdir" "-e" "CARGO_TARGET_DIR=/opt/rustwide/target" "-e" "CARGO_INCREMENTAL=0" "-e" "RUST_BACKTRACE=full" "-e" "RUSTFLAGS=--cap-lints=warn" "-e" "RUSTDOCFLAGS=--cap-lints=warn" "-e" "CARGO_HOME=/opt/rustwide/cargo-home" "-e" "RUSTUP_HOME=/opt/rustwide/rustup-home" "-w" "/opt/rustwide/workdir" "-m" "1610612736" "--user" "0:0" "--network" "none" "ghcr.io/rust-lang/crates-build-env/linux@sha256:5ff2268d62e97bff2cde7d5815dd6ed5b47097566f13b8d0ca110b04b60e07ed" "/opt/rustwide/cargo-home/bin/cargo" "+1.69.0" "test" "--frozen" "--no-run" "--message-format=json", kill_on_drop: false }`
[INFO] [stdout] 88d494cea2795d5bb05961ebe964f461eb31e10386fe185843d5d21a0f563b12
[INFO] running `Command { std: "docker" "start" "-a" "88d494cea2795d5bb05961ebe964f461eb31e10386fe185843d5d21a0f563b12", kill_on_drop: false }`
[INFO] [stderr]    Compiling once_cell v1.17.1
[INFO] [stderr]    Compiling serde v1.0.160
[INFO] [stderr]    Compiling serde_json v1.0.96
[INFO] [stderr]    Compiling ryu v1.0.13
[INFO] [stderr]    Compiling serde_derive v1.0.160
[INFO] [stderr]    Compiling trybuild v1.0.80
[INFO] [stderr]    Compiling termcolor v1.2.0
[INFO] [stderr]    Compiling glob v0.3.1
[INFO] [stderr]    Compiling thread_local v1.1.4
[INFO] [stderr]    Compiling pest_meta v2.6.0
[INFO] [stderr]    Compiling ignore v0.4.20
[INFO] [stderr]    Compiling pest_generator v2.6.0
[INFO] [stderr]    Compiling globwalk v0.8.1
[INFO] [stderr]    Compiling pest_derive v2.6.0
[INFO] [stderr]    Compiling basic-toml v0.1.2
[INFO] [stderr]    Compiling tera v1.18.1
[INFO] [stderr]    Compiling enum-conversion-derive v0.0.1
[INFO] [stderr]    Compiling enum-conversion v0.0.1 (/opt/rustwide/workdir)
[INFO] [stdout] error: custom attribute panicked
[INFO] [stdout]   --> tests/tests.rs:10:5
[INFO] [stdout]    |
[INFO] [stdout] 10 |     #[EnumConversions]
[INFO] [stdout]    |     ^^^^^^^^^^^^^^^^^^
[INFO] [stdout]    |
[INFO] [stdout]    = help: message: called `Result::unwrap()` on an `Err` value: Error { kind: Io(NotADirectory), source: Some(Os { code: 20, kind: NotADirectory, message: "Not a directory" }) }
[INFO] [stdout] 
[INFO] [stdout] 
[INFO] [stdout] error: custom attribute panicked
[INFO] [stdout]   --> tests/tests.rs:19:5
[INFO] [stdout]    |
[INFO] [stdout] 19 |     #[EnumConversions]
[INFO] [stdout]    |     ^^^^^^^^^^^^^^^^^^
[INFO] [stdout]    |
[INFO] [stdout]    = help: message: called `Result::unwrap()` on an `Err` value: Error { kind: Io(NotADirectory), source: Some(Os { code: 20, kind: NotADirectory, message: "Not a directory" }) }
[INFO] [stdout] 
[INFO] [stdout] 
[INFO] [stdout] error: custom attribute panicked
[INFO] [stdout]   --> tests/tests.rs:77:5
[INFO] [stdout]    |
[INFO] [stdout] 77 | /     #[EnumConversions(
[INFO] [stdout] 78 | |         Error: Box<dyn Error + 'static>,
[INFO] [stdout] 79 | |         |e| e.to_string().into(),
[INFO] [stdout] 80 | |     )]
[INFO] [stdout]    | |______^
[INFO] [stdout]    |
[INFO] [stdout]    = help: message: called `Result::unwrap()` on an `Err` value: Error { kind: Io(NotADirectory), source: Some(Os { code: 20, kind: NotADirectory, message: "Not a directory" }) }
[INFO] [stdout] 
[INFO] [stdout] 
[INFO] [stdout] error[E0433]: failed to resolve: use of undeclared type `Test`
[INFO] [stdout]   --> tests/tests.rs:13:9
[INFO] [stdout]    |
[INFO] [stdout] 13 |         F1(i32),
[INFO] [stdout]    |         ^^^^^^^ use of undeclared type `Test`
[INFO] [stdout] 
[INFO] [stdout] 
[INFO] [stdout] error[E0433]: failed to resolve: use of undeclared type `Test`
[INFO] [stdout]   --> tests/tests.rs:14:9
[INFO] [stdout]    |
[INFO] [stdout] 14 |         F2(bool),
[INFO] [stdout]    |         ^^^^^^^^ use of undeclared type `Test`
[INFO] [stdout] 
[INFO] [stdout] 
[INFO] [stdout] error[E0433]: failed to resolve: use of undeclared type `Test`
[INFO] [stdout]   --> tests/tests.rs:83:9
[INFO] [stdout]    |
[INFO] [stdout] 83 |         F1(i32),
[INFO] [stdout]    |         ^^^^^^^ use of undeclared type `Test`
[INFO] [stdout] 
[INFO] [stdout] 
[INFO] [stdout] error[E0433]: failed to resolve: use of undeclared type `Test`
[INFO] [stdout]   --> tests/tests.rs:84:9
[INFO] [stdout]    |
[INFO] [stdout] 84 |         F2(bool),
[INFO] [stdout]    |         ^^^^^^^^ use of undeclared type `Test`
[INFO] [stdout] 
[INFO] [stdout] 
[INFO] [stdout] error[E0412]: cannot find type `Test` in this scope
[INFO] [stdout]  --> tests/tests.rs:9:14
[INFO] [stdout]   |
[INFO] [stdout] 9 |     #[derive(Debug, PartialEq)]
[INFO] [stdout]   |              ^^^^^ not found in this scope
[INFO] [stdout] 
[INFO] [stdout] 
[INFO] [stdout] error[E0412]: cannot find type `Test` in this scope
[INFO] [stdout]  --> tests/tests.rs:9:21
[INFO] [stdout]   |
[INFO] [stdout] 9 |     #[derive(Debug, PartialEq)]
[INFO] [stdout]   |                     ^^^^^^^^^ not found in this scope
[INFO] [stdout] 
[INFO] [stdout] 
[INFO] [stdout] error[E0412]: cannot find type `Test` in this scope
[INFO] [stdout]   --> tests/tests.rs:29:19
[INFO] [stdout]    |
[INFO] [stdout] 29 |         let test: Test = true.into();
[INFO] [stdout]    |                   ^^^^ not found in this scope
[INFO] [stdout] 
[INFO] [stdout] 
[INFO] [stdout] error[E0412]: cannot find type `Test` in this scope
[INFO] [stdout]   --> tests/tests.rs:76:14
[INFO] [stdout]    |
[INFO] [stdout] 76 |     #[derive(Debug, PartialEq)]
[INFO] [stdout]    |              ^^^^^ not found in this scope
[INFO] [stdout] 
[INFO] [stdout] 
[INFO] [stdout] error[E0412]: cannot find type `Test` in this scope
[INFO] [stdout]   --> tests/tests.rs:76:21
[INFO] [stdout]    |
[INFO] [stdout] 76 |     #[derive(Debug, PartialEq)]
[INFO] [stdout]    |                     ^^^^^^^^^ not found in this scope
[INFO] [stdout] 
[INFO] [stdout] 
[INFO] [stdout] error[E0412]: cannot find type `Test` in this scope
[INFO] [stdout]   --> tests/tests.rs:90:19
[INFO] [stdout]    |
[INFO] [stdout] 90 |         let test: Test = true.into();
[INFO] [stdout]    |                   ^^^^ not found in this scope
[INFO] [stdout] 
[INFO] [stdout] 
[INFO] [stdout] error[E0412]: cannot find type `Test` in this scope
[INFO] [stdout]   --> tests/tests.rs:99:19
[INFO] [stdout]    |
[INFO] [stdout] 99 |         let test: Test = 10_i32.into();
[INFO] [stdout]    |                   ^^^^ not found in this scope
[INFO] [stdout] 
[INFO] [stdout] 
[INFO] [stdout] warning: unused import: `std::convert::TryFrom`
[INFO] [stdout]  --> tests/tests.rs:5:9
[INFO] [stdout]   |
[INFO] [stdout] 5 |     use std::convert::TryFrom;
[INFO] [stdout]   |         ^^^^^^^^^^^^^^^^^^^^^
[INFO] [stdout]   |
[INFO] [stdout]   = note: `#[warn(unused_imports)]` on by default
[INFO] [stdout] 
[INFO] [stdout] 
[INFO] [stdout] warning: unused import: `std::marker::PhantomData`
[INFO] [stdout]  --> tests/tests.rs:6:9
[INFO] [stdout]   |
[INFO] [stdout] 6 |     use std::marker::PhantomData;
[INFO] [stdout]   |         ^^^^^^^^^^^^^^^^^^^^^^^^
[INFO] [stdout] 
[INFO] [stdout] 
[INFO] [stdout] warning: unused import: `std::convert::TryFrom`
[INFO] [stdout]   --> tests/tests.rs:71:9
[INFO] [stdout]    |
[INFO] [stdout] 71 |     use std::convert::TryFrom;
[INFO] [stdout]    |         ^^^^^^^^^^^^^^^^^^^^^
[INFO] [stdout] 
[INFO] [stdout] 
[INFO] [stdout] error[E0433]: failed to resolve: use of undeclared type `Test`
[INFO] [stdout]   --> tests/tests.rs:30:26
[INFO] [stdout]    |
[INFO] [stdout] 30 |         assert_eq!(test, Test::F2(true));
[INFO] [stdout]    |                          ^^^^ use of undeclared type `Test`
[INFO] [stdout] 
[INFO] [stdout] 
[INFO] [stdout] error[E0433]: failed to resolve: use of undeclared type `Test`
[INFO] [stdout]   --> tests/tests.rs:35:20
[INFO] [stdout]    |
[INFO] [stdout] 35 |         let test = Test::F1(2);
[INFO] [stdout]    |                    ^^^^ use of undeclared type `Test`
[INFO] [stdout] 
[INFO] [stdout] 
[INFO] [stdout] error[E0433]: failed to resolve: use of undeclared type `Test`
[INFO] [stdout]   --> tests/tests.rs:44:24
[INFO] [stdout]    |
[INFO] [stdout] 44 |         let mut test = Test::F1(2);
[INFO] [stdout]    |                        ^^^^ use of undeclared type `Test`
[INFO] [stdout] 
[INFO] [stdout] 
[INFO] [stdout] error[E0433]: failed to resolve: use of undeclared type `Test`
[INFO] [stdout]   --> tests/tests.rs:48:26
[INFO] [stdout]    |
[INFO] [stdout] 48 |         assert_eq!(test, Test::F1(3));
[INFO] [stdout]    |                          ^^^^ use of undeclared type `Test`
[INFO] [stdout] 
[INFO] [stdout] 
[INFO] [stdout] error[E0433]: failed to resolve: use of undeclared type `Test2`
[INFO] [stdout]   --> tests/tests.rs:53:20
[INFO] [stdout]    |
[INFO] [stdout] 53 |         let test = Test2::<'static, 'static, i32, f64>::F2(false);
[INFO] [stdout]    |                    ^^^^^ use of undeclared type `Test2`
[INFO] [stdout] 
[INFO] [stdout] 
[INFO] [stdout] error[E0433]: failed to resolve: use of undeclared type `Test2`
[INFO] [stdout]   --> tests/tests.rs:61:20
[INFO] [stdout]    |
[INFO] [stdout] 61 |         let test = Test2::<'static, 'static, i32, f64>::F1(&2);
[INFO] [stdout]    |                    ^^^^^ use of undeclared type `Test2`
[INFO] [stdout] 
[INFO] [stdout] 
[INFO] [stdout] error: aborting due to 20 previous errors; 3 warnings emitted
[INFO] [stdout] 
[INFO] [stdout] 
[INFO] [stdout] Some errors have detailed explanations: E0412, E0433.
[INFO] [stdout] 
[INFO] [stdout] For more information about an error, try `rustc --explain E0412`.
[INFO] [stdout] 
[INFO] [stderr] error: could not compile `enum-conversion` due to 21 previous errors; 3 warnings emitted
[INFO] [stderr] warning: build failed, waiting for other jobs to finish...
[INFO] running `Command { std: "docker" "inspect" "88d494cea2795d5bb05961ebe964f461eb31e10386fe185843d5d21a0f563b12", kill_on_drop: false }`
[INFO] running `Command { std: "docker" "rm" "-f" "88d494cea2795d5bb05961ebe964f461eb31e10386fe185843d5d21a0f563b12", kill_on_drop: false }`
[INFO] [stdout] 88d494cea2795d5bb05961ebe964f461eb31e10386fe185843d5d21a0f563b12
