[INFO] fetching crate empty_type_derive 0.2.3...
[INFO] testing empty_type_derive-0.2.3 against 1.69.0 for beta-1.70-1
[INFO] extracting crate empty_type_derive 0.2.3 into /workspace/builds/worker-5-tc1/source
[INFO] validating manifest of crates.io crate empty_type_derive 0.2.3 on toolchain 1.69.0
[INFO] running `Command { std: CARGO_HOME="/workspace/cargo-home" RUSTUP_HOME="/workspace/rustup-home" "/workspace/cargo-home/bin/cargo" "+1.69.0" "metadata" "--manifest-path" "Cargo.toml" "--no-deps", kill_on_drop: false }`
[INFO] started tweaking crates.io crate empty_type_derive 0.2.3
[INFO] finished tweaking crates.io crate empty_type_derive 0.2.3
[INFO] tweaked toml for crates.io crate empty_type_derive 0.2.3 written to /workspace/builds/worker-5-tc1/source/Cargo.toml
[INFO] running `Command { std: CARGO_HOME="/workspace/cargo-home" RUSTUP_HOME="/workspace/rustup-home" __CARGO_TEST_CHANNEL_OVERRIDE_DO_NOT_USE_THIS="nightly" "/workspace/cargo-home/bin/cargo" "+1.69.0" "generate-lockfile" "--manifest-path" "Cargo.toml" "-Zno-index-update", kill_on_drop: false }`
[INFO] running `Command { std: CARGO_HOME="/workspace/cargo-home" RUSTUP_HOME="/workspace/rustup-home" "/workspace/cargo-home/bin/cargo" "+1.69.0" "fetch" "--manifest-path" "Cargo.toml", kill_on_drop: false }`
[INFO] [stderr]  Downloading crates ...
[INFO] [stderr]   Downloaded empty_type_traits v0.2.2
[INFO] running `Command { std: "docker" "create" "-v" "/var/lib/crater-agent-workspace/builds/worker-5-tc1/target:/opt/rustwide/target:rw,Z" "-v" "/var/lib/crater-agent-workspace/builds/worker-5-tc1/source:/opt/rustwide/workdir:ro,Z" "-v" "/var/lib/crater-agent-workspace/cargo-home:/opt/rustwide/cargo-home:ro,Z" "-v" "/var/lib/crater-agent-workspace/rustup-home:/opt/rustwide/rustup-home:ro,Z" "-e" "SOURCE_DIR=/opt/rustwide/workdir" "-e" "CARGO_TARGET_DIR=/opt/rustwide/target" "-e" "CARGO_HOME=/opt/rustwide/cargo-home" "-e" "RUSTUP_HOME=/opt/rustwide/rustup-home" "-w" "/opt/rustwide/workdir" "-m" "1610612736" "--user" "0:0" "--network" "none" "ghcr.io/rust-lang/crates-build-env/linux@sha256:5ff2268d62e97bff2cde7d5815dd6ed5b47097566f13b8d0ca110b04b60e07ed" "/opt/rustwide/cargo-home/bin/cargo" "+1.69.0" "metadata" "--no-deps" "--format-version=1", kill_on_drop: false }`
[INFO] [stdout] 7bb0afe56c3bdf4649ed23aeb15dfcf0d2fa99d2016fe97b8e6e0f256f66e402
[INFO] running `Command { std: "docker" "start" "-a" "7bb0afe56c3bdf4649ed23aeb15dfcf0d2fa99d2016fe97b8e6e0f256f66e402", kill_on_drop: false }`
[INFO] running `Command { std: "docker" "inspect" "7bb0afe56c3bdf4649ed23aeb15dfcf0d2fa99d2016fe97b8e6e0f256f66e402", kill_on_drop: false }`
[INFO] running `Command { std: "docker" "rm" "-f" "7bb0afe56c3bdf4649ed23aeb15dfcf0d2fa99d2016fe97b8e6e0f256f66e402", kill_on_drop: false }`
[INFO] [stdout] 7bb0afe56c3bdf4649ed23aeb15dfcf0d2fa99d2016fe97b8e6e0f256f66e402
[INFO] running `Command { std: "docker" "create" "-v" "/var/lib/crater-agent-workspace/builds/worker-5-tc1/target:/opt/rustwide/target:rw,Z" "-v" "/var/lib/crater-agent-workspace/builds/worker-5-tc1/source:/opt/rustwide/workdir:ro,Z" "-v" "/var/lib/crater-agent-workspace/cargo-home:/opt/rustwide/cargo-home:ro,Z" "-v" "/var/lib/crater-agent-workspace/rustup-home:/opt/rustwide/rustup-home:ro,Z" "-e" "SOURCE_DIR=/opt/rustwide/workdir" "-e" "CARGO_TARGET_DIR=/opt/rustwide/target" "-e" "CARGO_INCREMENTAL=0" "-e" "RUST_BACKTRACE=full" "-e" "RUSTFLAGS=--cap-lints=warn" "-e" "RUSTDOCFLAGS=--cap-lints=warn" "-e" "CARGO_HOME=/opt/rustwide/cargo-home" "-e" "RUSTUP_HOME=/opt/rustwide/rustup-home" "-w" "/opt/rustwide/workdir" "-m" "1610612736" "--user" "0:0" "--network" "none" "ghcr.io/rust-lang/crates-build-env/linux@sha256:5ff2268d62e97bff2cde7d5815dd6ed5b47097566f13b8d0ca110b04b60e07ed" "/opt/rustwide/cargo-home/bin/cargo" "+1.69.0" "build" "--frozen" "--message-format=json", kill_on_drop: false }`
[INFO] [stdout] 1937c1ad9f0d74082d76341fd1f2a51a8e604a95020b19c592529c6f096fe9d8
[INFO] running `Command { std: "docker" "start" "-a" "1937c1ad9f0d74082d76341fd1f2a51a8e604a95020b19c592529c6f096fe9d8", kill_on_drop: false }`
[INFO] [stderr]    Compiling syn v1.0.109
[INFO] [stderr]    Compiling empty_type_traits v0.2.2
[INFO] [stderr]    Compiling empty_type_derive v0.2.3 (/opt/rustwide/workdir)
[INFO] [stderr]     Finished dev [unoptimized + debuginfo] target(s) in 4.22s
[INFO] running `Command { std: "docker" "inspect" "1937c1ad9f0d74082d76341fd1f2a51a8e604a95020b19c592529c6f096fe9d8", kill_on_drop: false }`
[INFO] running `Command { std: "docker" "rm" "-f" "1937c1ad9f0d74082d76341fd1f2a51a8e604a95020b19c592529c6f096fe9d8", kill_on_drop: false }`
[INFO] [stdout] 1937c1ad9f0d74082d76341fd1f2a51a8e604a95020b19c592529c6f096fe9d8
[INFO] running `Command { std: "docker" "create" "-v" "/var/lib/crater-agent-workspace/builds/worker-5-tc1/target:/opt/rustwide/target:rw,Z" "-v" "/var/lib/crater-agent-workspace/builds/worker-5-tc1/source:/opt/rustwide/workdir:ro,Z" "-v" "/var/lib/crater-agent-workspace/cargo-home:/opt/rustwide/cargo-home:ro,Z" "-v" "/var/lib/crater-agent-workspace/rustup-home:/opt/rustwide/rustup-home:ro,Z" "-e" "SOURCE_DIR=/opt/rustwide/workdir" "-e" "CARGO_TARGET_DIR=/opt/rustwide/target" "-e" "CARGO_INCREMENTAL=0" "-e" "RUST_BACKTRACE=full" "-e" "RUSTFLAGS=--cap-lints=warn" "-e" "RUSTDOCFLAGS=--cap-lints=warn" "-e" "CARGO_HOME=/opt/rustwide/cargo-home" "-e" "RUSTUP_HOME=/opt/rustwide/rustup-home" "-w" "/opt/rustwide/workdir" "-m" "1610612736" "--user" "0:0" "--network" "none" "ghcr.io/rust-lang/crates-build-env/linux@sha256:5ff2268d62e97bff2cde7d5815dd6ed5b47097566f13b8d0ca110b04b60e07ed" "/opt/rustwide/cargo-home/bin/cargo" "+1.69.0" "test" "--frozen" "--no-run" "--message-format=json", kill_on_drop: false }`
[INFO] [stdout] 95bb55bc88fd29b7c4e34d967bfe733d211336e43f388731a247543d247db7ae
[INFO] running `Command { std: "docker" "start" "-a" "95bb55bc88fd29b7c4e34d967bfe733d211336e43f388731a247543d247db7ae", kill_on_drop: false }`
[INFO] [stderr]    Compiling proc-macro2 v1.0.56
[INFO] [stderr]    Compiling unicode-ident v1.0.8
[INFO] [stderr]    Compiling empty_type_traits v0.2.2
[INFO] [stderr]    Compiling quote v1.0.26
[INFO] [stderr]    Compiling syn v1.0.109
[INFO] [stderr]    Compiling empty_type_derive v0.2.3 (/opt/rustwide/workdir)
[INFO] [stdout] warning: field `value` is never read
[INFO] [stdout]   --> tests/vis.rs:22:9
[INFO] [stdout]    |
[INFO] [stdout] 21 |     pub struct TestStruct {
[INFO] [stdout]    |                ---------- field in this struct
[INFO] [stdout] 22 |         value: Option<&'static str>,
[INFO] [stdout]    |         ^^^^^
[INFO] [stdout]    |
[INFO] [stdout]    = note: `#[warn(dead_code)]` on by default
[INFO] [stdout] 
[INFO] [stdout] 
[INFO] [stdout] error: cannot find derive macro `Deserialize` in this scope
[INFO] [stdout]   --> tests/serde.rs:21:21
[INFO] [stdout]    |
[INFO] [stdout] 21 | #[derive(EmptyType, Deserialize)]
[INFO] [stdout]    |                     ^^^^^^^^^^^
[INFO] [stdout]    |
[INFO] [stdout] note: `Deserialize` is imported here, but it is only a trait, without a derive macro
[INFO] [stdout]   --> tests/serde.rs:19:5
[INFO] [stdout]    |
[INFO] [stdout] 19 | use serde::Deserialize;
[INFO] [stdout]    |     ^^^^^^^^^^^^^^^^^^
[INFO] [stdout] 
[INFO] [stdout] 
[INFO] [stdout] error[E0432]: unresolved import `empty_type::deserialize_empty`
[INFO] [stdout]   --> tests/serde_default.rs:17:18
[INFO] [stdout]    |
[INFO] [stdout] 17 | use empty_type::{deserialize_empty, EmptyType};
[INFO] [stdout]    |                  ^^^^^^^^^^^^^^^^^ no `deserialize_empty` in the root
[INFO] [stdout] 
[INFO] [stdout] 
[INFO] [stdout] error: cannot find derive macro `Deserialize` in this scope
[INFO] [stdout]   --> tests/serde_default.rs:21:21
[INFO] [stdout]    |
[INFO] [stdout] 21 | #[derive(EmptyType, Deserialize)]
[INFO] [stdout]    |                     ^^^^^^^^^^^
[INFO] [stdout]    |
[INFO] [stdout] note: `Deserialize` is imported here, but it is only a trait, without a derive macro
[INFO] [stdout]   --> tests/serde_default.rs:19:5
[INFO] [stdout]    |
[INFO] [stdout] 19 | use serde::Deserialize;
[INFO] [stdout]    |     ^^^^^^^^^^^^^^^^^^
[INFO] [stdout] 
[INFO] [stdout] 
[INFO] [stdout] error: cannot find derive macro `Deserialize` in this scope
[INFO] [stdout]   --> tests/serde_default.rs:27:21
[INFO] [stdout]    |
[INFO] [stdout] 27 | #[derive(EmptyType, Deserialize)]
[INFO] [stdout]    |                     ^^^^^^^^^^^
[INFO] [stdout]    |
[INFO] [stdout] note: `Deserialize` is imported here, but it is only a trait, without a derive macro
[INFO] [stdout]   --> tests/serde_default.rs:19:5
[INFO] [stdout]    |
[INFO] [stdout] 19 | use serde::Deserialize;
[INFO] [stdout]    |     ^^^^^^^^^^^^^^^^^^
[INFO] [stdout] 
[INFO] [stdout] 
[INFO] [stdout] error: cannot find derive macro `Deserialize` in this scope
[INFO] [stdout]   --> tests/serde_default.rs:34:10
[INFO] [stdout]    |
[INFO] [stdout] 34 | #[derive(Deserialize, Default, Debug, PartialEq)]
[INFO] [stdout]    |          ^^^^^^^^^^^
[INFO] [stdout]    |
[INFO] [stdout] note: `Deserialize` is imported here, but it is only a trait, without a derive macro
[INFO] [stdout]   --> tests/serde_default.rs:19:5
[INFO] [stdout]    |
[INFO] [stdout] 19 | use serde::Deserialize;
[INFO] [stdout]    |     ^^^^^^^^^^^^^^^^^^
[INFO] [stdout] 
[INFO] [stdout] 
[INFO] [stdout] error[E0432]: unresolved import `empty_type::deserialize_empty`
[INFO] [stdout]   --> tests/serde_borrow.rs:17:18
[INFO] [stdout]    |
[INFO] [stdout] 17 | use empty_type::{deserialize_empty, EmptyType};
[INFO] [stdout]    |                  ^^^^^^^^^^^^^^^^^ no `deserialize_empty` in the root
[INFO] [stdout] 
[INFO] [stdout] 
[INFO] [stdout] error: cannot find derive macro `Deserialize` in this scope
[INFO] [stdout]   --> tests/serde_borrow.rs:22:21
[INFO] [stdout]    |
[INFO] [stdout] 22 | #[derive(EmptyType, Deserialize)]
[INFO] [stdout]    |                     ^^^^^^^^^^^
[INFO] [stdout]    |
[INFO] [stdout] note: `Deserialize` is imported here, but it is only a trait, without a derive macro
[INFO] [stdout]   --> tests/serde_borrow.rs:19:5
[INFO] [stdout]    |
[INFO] [stdout] 19 | use serde::Deserialize;
[INFO] [stdout]    |     ^^^^^^^^^^^^^^^^^^
[INFO] [stdout] 
[INFO] [stdout] 
[INFO] [stdout] error: cannot find attribute `serde` in this scope
[INFO] [stdout]   --> tests/serde_borrow.rs:25:7
[INFO] [stdout]    |
[INFO] [stdout] 25 |     #[serde(borrow)]
[INFO] [stdout]    |       ^^^^^
[INFO] [stdout]    |
[INFO] [stdout]    = note: `serde` is in scope, but it is a crate, not an attribute
[INFO] [stdout] 
[INFO] [stdout] 
[INFO] [stdout] error: cannot find derive macro `Deserialize` in this scope
[INFO] [stdout]   --> tests/serde_borrow.rs:30:10
[INFO] [stdout]    |
[INFO] [stdout] 30 | #[derive(Deserialize)]
[INFO] [stdout]    |          ^^^^^^^^^^^
[INFO] [stdout]    |
[INFO] [stdout] note: `Deserialize` is imported here, but it is only a trait, without a derive macro
[INFO] [stdout]   --> tests/serde_borrow.rs:19:5
[INFO] [stdout]    |
[INFO] [stdout] 19 | use serde::Deserialize;
[INFO] [stdout]    |     ^^^^^^^^^^^^^^^^^^
[INFO] [stdout] 
[INFO] [stdout] 
[INFO] [stdout] error: cannot find attribute `serde` in this scope
[INFO] [stdout]   --> tests/serde_borrow.rs:31:20
[INFO] [stdout]    |
[INFO] [stdout] 31 | struct Inner<'a>(#[serde(borrow)] Cow<'a, str>);
[INFO] [stdout]    |                    ^^^^^
[INFO] [stdout]    |
[INFO] [stdout]    = note: `serde` is in scope, but it is a crate, not an attribute
[INFO] [stdout] 
[INFO] [stdout] 
[INFO] [stdout] error[E0277]: the trait bound `___EmptyTestStruct: Deserialize<'_>` is not satisfied
[INFO] [stdout]     --> tests/serde.rs:44:55
[INFO] [stdout]      |
[INFO] [stdout] 44   |     let value: <TestStruct as EmptyType>::Container = serde_json::from_str(json).unwrap();
[INFO] [stdout]      |                                                       ^^^^^^^^^^^^^^^^^^^^ the trait `Deserialize<'_>` is not implemented for `___EmptyTestStruct`
[INFO] [stdout]      |
[INFO] [stdout]      = help: the following other types implement trait `Deserialize<'de>`:
[INFO] [stdout]                &'a Path
[INFO] [stdout]                &'a [u8]
[INFO] [stdout]                &'a str
[INFO] [stdout]                ()
[INFO] [stdout]                (T0, T1)
[INFO] [stdout]                (T0, T1, T2)
[INFO] [stdout]                (T0, T1, T2, T3)
[INFO] [stdout]                (T0, T1, T2, T3, T4)
[INFO] [stdout]              and 127 others
[INFO] [stdout] note: required by a bound in `serde_json::from_str`
[INFO] [stdout]     --> /opt/rustwide/cargo-home/registry/src/github.com-1ecc6299db9ec823/serde_json-1.0.96/src/de.rs:2603:8
[INFO] [stdout]      |
[INFO] [stdout] 2603 |     T: de::Deserialize<'a>,
[INFO] [stdout]      |        ^^^^^^^^^^^^^^^^^^^ required by this bound in `from_str`
[INFO] [stdout] 
[INFO] [stdout] 
[INFO] [stdout] error: aborting due to 2 previous errors
[INFO] [stdout] 
[INFO] [stdout] 
[INFO] [stdout] For more information about this error, try `rustc --explain E0277`.
[INFO] [stdout] 
[INFO] [stderr] error: could not compile `empty_type_derive` due to 3 previous errors
[INFO] [stderr] warning: build failed, waiting for other jobs to finish...
[INFO] [stdout] error: aborting due to 4 previous errors
[INFO] [stdout] 
[INFO] [stdout] 
[INFO] [stdout] For more information about this error, try `rustc --explain E0432`.
[INFO] [stdout] 
[INFO] [stdout] error: aborting due to 5 previous errors
[INFO] [stdout] 
[INFO] [stdout] 
[INFO] [stdout] For more information about this error, try `rustc --explain E0432`.
[INFO] [stdout] 
[INFO] [stderr] error: could not compile `empty_type_derive` due to 5 previous errors
[INFO] [stderr] error: could not compile `empty_type_derive` due to 6 previous errors
[INFO] [stdout] warning: 1 warning emitted
[INFO] [stdout] 
[INFO] [stdout] 
[INFO] running `Command { std: "docker" "inspect" "95bb55bc88fd29b7c4e34d967bfe733d211336e43f388731a247543d247db7ae", kill_on_drop: false }`
[INFO] running `Command { std: "docker" "rm" "-f" "95bb55bc88fd29b7c4e34d967bfe733d211336e43f388731a247543d247db7ae", kill_on_drop: false }`
[INFO] [stdout] 95bb55bc88fd29b7c4e34d967bfe733d211336e43f388731a247543d247db7ae
