[INFO] fetching crate emerald-vault 0.32.0...
[INFO] testing emerald-vault-0.32.0 against 1.69.0 for beta-1.70-1
[INFO] extracting crate emerald-vault 0.32.0 into /workspace/builds/worker-0-tc1/source
[INFO] validating manifest of crates.io crate emerald-vault 0.32.0 on toolchain 1.69.0
[INFO] running `Command { std: CARGO_HOME="/workspace/cargo-home" RUSTUP_HOME="/workspace/rustup-home" "/workspace/cargo-home/bin/cargo" "+1.69.0" "metadata" "--manifest-path" "Cargo.toml" "--no-deps", kill_on_drop: false }`
[INFO] started tweaking crates.io crate emerald-vault 0.32.0
[INFO] finished tweaking crates.io crate emerald-vault 0.32.0
[INFO] tweaked toml for crates.io crate emerald-vault 0.32.0 written to /workspace/builds/worker-0-tc1/source/Cargo.toml
[INFO] running `Command { std: CARGO_HOME="/workspace/cargo-home" RUSTUP_HOME="/workspace/rustup-home" __CARGO_TEST_CHANNEL_OVERRIDE_DO_NOT_USE_THIS="nightly" "/workspace/cargo-home/bin/cargo" "+1.69.0" "generate-lockfile" "--manifest-path" "Cargo.toml" "-Zno-index-update", kill_on_drop: false }`
[INFO] running `Command { std: CARGO_HOME="/workspace/cargo-home" RUSTUP_HOME="/workspace/rustup-home" "/workspace/cargo-home/bin/cargo" "+1.69.0" "fetch" "--manifest-path" "Cargo.toml", kill_on_drop: false }`
[INFO] [stderr]  Downloading crates ...
[INFO] [stderr]   Downloaded secp256k1 v0.24.3
[INFO] [stderr]   Downloaded aes-ctr v0.6.0
[INFO] [stderr]   Downloaded argon2 v0.3.4
[INFO] [stderr]   Downloaded bitcoin_hashes v0.11.0
[INFO] [stderr]   Downloaded bitcoin-private v0.1.0
[INFO] [stderr]   Downloaded hex_lit v0.1.1
[INFO] [stderr]   Downloaded enum-display-derive v0.1.1
[INFO] [stderr]   Downloaded rustc-hex v1.0.0
[INFO] [stderr]   Downloaded bech32 v0.9.1
[INFO] [stderr]   Downloaded blake2 v0.10.6
[INFO] [stderr]   Downloaded pbkdf2 v0.10.1
[INFO] [stderr]   Downloaded hdpath v0.6.2
[INFO] [stderr]   Downloaded byte-array-struct v0.2.0
[INFO] [stderr]   Downloaded pbkdf2 v0.5.0
[INFO] [stderr]   Downloaded password-hash v0.3.2
[INFO] [stderr]   Downloaded simple_logger v1.16.0
[INFO] [stderr]   Downloaded bitcoin_hashes v0.12.0
[INFO] [stderr]   Downloaded protobuf v2.25.2
[INFO] [stderr]   Downloaded bitcoin v0.30.0
[INFO] [stderr]   Downloaded emerald-hwkey v0.4.0
[INFO] [stderr]   Downloaded secp256k1-sys v0.6.1
[INFO] [stderr]   Downloaded scrypt v0.4.1
[INFO] [stderr]   Downloaded ethabi v2.0.1
[INFO] running `Command { std: "docker" "create" "-v" "/var/lib/crater-agent-workspace/builds/worker-0-tc1/target:/opt/rustwide/target:rw,Z" "-v" "/var/lib/crater-agent-workspace/builds/worker-0-tc1/source:/opt/rustwide/workdir:ro,Z" "-v" "/var/lib/crater-agent-workspace/cargo-home:/opt/rustwide/cargo-home:ro,Z" "-v" "/var/lib/crater-agent-workspace/rustup-home:/opt/rustwide/rustup-home:ro,Z" "-e" "SOURCE_DIR=/opt/rustwide/workdir" "-e" "CARGO_TARGET_DIR=/opt/rustwide/target" "-e" "CARGO_HOME=/opt/rustwide/cargo-home" "-e" "RUSTUP_HOME=/opt/rustwide/rustup-home" "-w" "/opt/rustwide/workdir" "-m" "1610612736" "--user" "0:0" "--network" "none" "ghcr.io/rust-lang/crates-build-env/linux@sha256:5ff2268d62e97bff2cde7d5815dd6ed5b47097566f13b8d0ca110b04b60e07ed" "/opt/rustwide/cargo-home/bin/cargo" "+1.69.0" "metadata" "--no-deps" "--format-version=1", kill_on_drop: false }`
[INFO] [stdout] 549d3e6a2a93f467aa0c4cfa28dc1f1a8d84c0c26c8204f353f7fab122e889a8
[INFO] running `Command { std: "docker" "start" "-a" "549d3e6a2a93f467aa0c4cfa28dc1f1a8d84c0c26c8204f353f7fab122e889a8", kill_on_drop: false }`
[INFO] running `Command { std: "docker" "inspect" "549d3e6a2a93f467aa0c4cfa28dc1f1a8d84c0c26c8204f353f7fab122e889a8", kill_on_drop: false }`
[INFO] running `Command { std: "docker" "rm" "-f" "549d3e6a2a93f467aa0c4cfa28dc1f1a8d84c0c26c8204f353f7fab122e889a8", kill_on_drop: false }`
[INFO] [stdout] 549d3e6a2a93f467aa0c4cfa28dc1f1a8d84c0c26c8204f353f7fab122e889a8
[INFO] running `Command { std: "docker" "create" "-v" "/var/lib/crater-agent-workspace/builds/worker-0-tc1/target:/opt/rustwide/target:rw,Z" "-v" "/var/lib/crater-agent-workspace/builds/worker-0-tc1/source:/opt/rustwide/workdir:ro,Z" "-v" "/var/lib/crater-agent-workspace/cargo-home:/opt/rustwide/cargo-home:ro,Z" "-v" "/var/lib/crater-agent-workspace/rustup-home:/opt/rustwide/rustup-home:ro,Z" "-e" "SOURCE_DIR=/opt/rustwide/workdir" "-e" "CARGO_TARGET_DIR=/opt/rustwide/target" "-e" "CARGO_INCREMENTAL=0" "-e" "RUST_BACKTRACE=full" "-e" "RUSTFLAGS=--cap-lints=warn" "-e" "RUSTDOCFLAGS=--cap-lints=warn" "-e" "CARGO_HOME=/opt/rustwide/cargo-home" "-e" "RUSTUP_HOME=/opt/rustwide/rustup-home" "-w" "/opt/rustwide/workdir" "-m" "1610612736" "--user" "0:0" "--network" "none" "ghcr.io/rust-lang/crates-build-env/linux@sha256:5ff2268d62e97bff2cde7d5815dd6ed5b47097566f13b8d0ca110b04b60e07ed" "/opt/rustwide/cargo-home/bin/cargo" "+1.69.0" "build" "--frozen" "--message-format=json", kill_on_drop: false }`
[INFO] [stdout] cf6efed872c18898d9569057607db3da20962bf554bb706c78ba4abcbad64457
[INFO] running `Command { std: "docker" "start" "-a" "cf6efed872c18898d9569057607db3da20962bf554bb706c78ba4abcbad64457", kill_on_drop: false }`
[INFO] [stderr]    Compiling subtle v2.4.1
[INFO] [stderr]    Compiling num-traits v0.2.15
[INFO] [stderr]    Compiling num-integer v0.1.45
[INFO] [stderr]    Compiling serde v1.0.160
[INFO] [stderr]    Compiling block-buffer v0.10.4
[INFO] [stderr]    Compiling bitcoin-private v0.1.0
[INFO] [stderr]    Compiling secp256k1-sys v0.8.1
[INFO] [stderr]    Compiling futures-core v0.3.28
[INFO] [stderr]    Compiling getrandom v0.1.16
[INFO] [stderr]    Compiling digest v0.10.6
[INFO] [stderr]    Compiling digest v0.9.0
[INFO] [stderr]    Compiling slab v0.4.8
[INFO] [stderr]    Compiling futures-task v0.3.28
[INFO] [stderr]    Compiling hex_lit v0.1.1
[INFO] [stderr]    Compiling hidapi v1.5.0
[INFO] [stderr]    Compiling bitcoin_hashes v0.12.0
[INFO] [stderr]    Compiling num-bigint v0.3.3
[INFO] [stderr]    Compiling bitcoin v0.30.0
[INFO] [stderr]    Compiling futures-util v0.3.28
[INFO] [stderr]    Compiling serde_json v1.0.96
[INFO] [stderr]    Compiling crunchy v0.2.2
[INFO] [stderr]    Compiling futures-sink v0.3.28
[INFO] [stderr]    Compiling futures-channel v0.3.28
[INFO] [stderr]    Compiling rand_core v0.5.1
[INFO] [stderr]    Compiling crypto-mac v0.9.1
[INFO] [stderr]    Compiling futures-macro v0.3.28
[INFO] [stderr]    Compiling cipher v0.2.5
[INFO] [stderr]    Compiling secp256k1-sys v0.6.1
[INFO] [stderr]    Compiling num-rational v0.3.2
[INFO] [stderr]    Compiling num-iter v0.1.43
[INFO] [stderr]    Compiling bech32 v0.9.1
[INFO] [stderr]    Compiling adler v1.0.2
[INFO] [stderr]    Compiling base64ct v1.0.1
[INFO] [stderr]    Compiling futures-io v0.3.28
[INFO] [stderr]    Compiling password-hash v0.3.2
[INFO] [stderr]    Compiling miniz_oxide v0.7.1
[INFO] [stderr]    Compiling rand_chacha v0.2.2
[INFO] [stderr]    Compiling sha2 v0.9.9
[INFO] [stderr]    Compiling secp256k1 v0.27.0
[INFO] [stderr]    Compiling num-bigint v0.4.3
[INFO] [stderr]    Compiling emerald-hwkey v0.4.0
[INFO] [stderr]    Compiling protobuf v2.25.2
[INFO] [stderr]    Compiling tiny-keccak v1.5.0
[INFO] [stderr]    Compiling flate2 v1.0.26
[INFO] [stderr]    Compiling rand v0.7.3
[INFO] [stderr]    Compiling syn v1.0.109
[INFO] [stderr]    Compiling aes-soft v0.6.4
[INFO] [stderr]    Compiling ctr v0.6.0
[INFO] [stderr]    Compiling hmac v0.9.0
[INFO] [stderr]    Compiling pbkdf2 v0.5.0
[INFO] [stderr]    Compiling num-complex v0.3.1
[INFO] [stderr]    Compiling ripemd160 v0.9.1
[INFO] [stderr]    Compiling sha2 v0.10.6
[INFO] [stderr]    Compiling hmac v0.12.1
[INFO] [stderr]    Compiling blake2 v0.10.6
[INFO] [stderr]    Compiling csv-core v0.1.10
[INFO] [stderr]    Compiling keccak v0.1.3
[INFO] [stderr]    Compiling rustc-hex v1.0.0
[INFO] [stderr]    Compiling emerald-vault v0.32.0 (/opt/rustwide/workdir)
[INFO] [stderr]    Compiling base64 v0.12.3
[INFO] [stderr]    Compiling rustc-hex v2.1.0
[INFO] [stderr]    Compiling futures-executor v0.3.28
[INFO] [stderr]    Compiling rlp v0.5.2
[INFO] [stderr]    Compiling scrypt v0.4.1
[INFO] [stderr]    Compiling time v0.3.20
[INFO] [stderr]    Compiling futures v0.3.28
[INFO] [stderr]    Compiling chrono v0.4.24
[INFO] [stderr]    Compiling sha3 v0.10.7
[INFO] [stderr]    Compiling argon2 v0.3.4
[INFO] [stderr]    Compiling ethabi v2.0.1
[INFO] [stderr]    Compiling csv v1.2.1
[INFO] [stderr]    Compiling pbkdf2 v0.10.1
[INFO] [stderr]    Compiling secp256k1 v0.24.3
[INFO] [stderr]    Compiling num v0.3.1
[INFO] [stderr]    Compiling aes-ctr v0.6.0
[INFO] [stderr]    Compiling zip v0.6.4
[INFO] [stderr]    Compiling byte-array-struct v0.2.0
[INFO] [stderr]    Compiling uuid v0.8.2
[INFO] [stderr]    Compiling enum-display-derive v0.1.1
[INFO] [stderr]    Compiling fs_extra v1.3.0
[INFO] [stderr]    Compiling hdpath v0.6.2
[INFO] [stdout] error[E0432]: unresolved import `bitcoin::util::bip32`
[INFO] [stdout]  --> /opt/rustwide/cargo-home/registry/src/github.com-1ecc6299db9ec823/hdpath-0.6.2/src/traits.rs:4:20
[INFO] [stdout]   |
[INFO] [stdout] 4 | use bitcoin::util::bip32::{ChildNumber, DerivationPath};
[INFO] [stdout]   |                    ^^^^^ could not find `bip32` in `util`
[INFO] [stdout] 
[INFO] [stdout] 
[INFO] [stdout] error[E0432]: unresolved import `bitcoin::util::bip32`
[INFO] [stdout]  --> /opt/rustwide/cargo-home/registry/src/github.com-1ecc6299db9ec823/hdpath-0.6.2/src/path_account.rs:4:20
[INFO] [stdout]   |
[INFO] [stdout] 4 | use bitcoin::util::bip32::{ChildNumber, DerivationPath};
[INFO] [stdout]   |                    ^^^^^ could not find `bip32` in `util`
[INFO] [stdout] 
[INFO] [stdout] 
[INFO] [stdout] error[E0432]: unresolved import `bitcoin::util::bip32`
[INFO] [stdout]  --> /opt/rustwide/cargo-home/registry/src/github.com-1ecc6299db9ec823/hdpath-0.6.2/src/path_custom.rs:4:20
[INFO] [stdout]   |
[INFO] [stdout] 4 | use bitcoin::util::bip32::{ChildNumber, DerivationPath};
[INFO] [stdout]   |                    ^^^^^ could not find `bip32` in `util`
[INFO] [stdout] 
[INFO] [stdout] 
[INFO] [stdout] error[E0432]: unresolved import `bitcoin::util::bip32`
[INFO] [stdout]  --> /opt/rustwide/cargo-home/registry/src/github.com-1ecc6299db9ec823/hdpath-0.6.2/src/path_short.rs:4:20
[INFO] [stdout]   |
[INFO] [stdout] 4 | use bitcoin::util::bip32::{ChildNumber, DerivationPath};
[INFO] [stdout]   |                    ^^^^^ could not find `bip32` in `util`
[INFO] [stdout] 
[INFO] [stdout] 
[INFO] [stdout] error[E0432]: unresolved import `bitcoin::util::bip32`
[INFO] [stdout]  --> /opt/rustwide/cargo-home/registry/src/github.com-1ecc6299db9ec823/hdpath-0.6.2/src/path_standard.rs:4:20
[INFO] [stdout]   |
[INFO] [stdout] 4 | use bitcoin::util::bip32::{ChildNumber, DerivationPath};
[INFO] [stdout]   |                    ^^^^^ could not find `bip32` in `util`
[INFO] [stdout] 
[INFO] [stdout] 
[INFO] [stdout] error[E0432]: unresolved import `bitcoin::util::bip32`
[INFO] [stdout]  --> /opt/rustwide/cargo-home/registry/src/github.com-1ecc6299db9ec823/hdpath-0.6.2/src/path_value.rs:2:20
[INFO] [stdout]   |
[INFO] [stdout] 2 | use bitcoin::util::bip32::ChildNumber;
[INFO] [stdout]   |                    ^^^^^ could not find `bip32` in `util`
[INFO] [stdout] 
[INFO] [stdout] 
[INFO] [stdout] error[E0432]: unresolved import `bitcoin::util::bip32`
[INFO] [stdout]  --> /opt/rustwide/cargo-home/registry/src/github.com-1ecc6299db9ec823/hdpath-0.6.2/src/purpose.rs:5:20
[INFO] [stdout]   |
[INFO] [stdout] 5 | use bitcoin::util::bip32::{ChildNumber};
[INFO] [stdout]   |                    ^^^^^ could not find `bip32` in `util`
[INFO] [stdout] 
[INFO] [stdout] 
[INFO] [stderr]    Compiling bitcoin_hashes v0.11.0
[INFO] [stdout] error: aborting due to 7 previous errors
[INFO] [stdout] 
[INFO] [stdout] 
[INFO] [stdout] For more information about this error, try `rustc --explain E0432`.
[INFO] [stdout] 
[INFO] [stderr] error: could not compile `hdpath` due to 8 previous errors
[INFO] [stderr] warning: build failed, waiting for other jobs to finish...
[INFO] running `Command { std: "docker" "inspect" "cf6efed872c18898d9569057607db3da20962bf554bb706c78ba4abcbad64457", kill_on_drop: false }`
[INFO] running `Command { std: "docker" "rm" "-f" "cf6efed872c18898d9569057607db3da20962bf554bb706c78ba4abcbad64457", kill_on_drop: false }`
[INFO] [stdout] cf6efed872c18898d9569057607db3da20962bf554bb706c78ba4abcbad64457
