[INFO] fetching crate emerald-hwkey 0.4.0...
[INFO] testing emerald-hwkey-0.4.0 against 1.69.0 for beta-1.70-1
[INFO] extracting crate emerald-hwkey 0.4.0 into /workspace/builds/worker-0-tc1/source
[INFO] validating manifest of crates.io crate emerald-hwkey 0.4.0 on toolchain 1.69.0
[INFO] running `Command { std: CARGO_HOME="/workspace/cargo-home" RUSTUP_HOME="/workspace/rustup-home" "/workspace/cargo-home/bin/cargo" "+1.69.0" "metadata" "--manifest-path" "Cargo.toml" "--no-deps", kill_on_drop: false }`
[INFO] started tweaking crates.io crate emerald-hwkey 0.4.0
[INFO] finished tweaking crates.io crate emerald-hwkey 0.4.0
[INFO] tweaked toml for crates.io crate emerald-hwkey 0.4.0 written to /workspace/builds/worker-0-tc1/source/Cargo.toml
[INFO] running `Command { std: CARGO_HOME="/workspace/cargo-home" RUSTUP_HOME="/workspace/rustup-home" __CARGO_TEST_CHANNEL_OVERRIDE_DO_NOT_USE_THIS="nightly" "/workspace/cargo-home/bin/cargo" "+1.69.0" "generate-lockfile" "--manifest-path" "Cargo.toml" "-Zno-index-update", kill_on_drop: false }`
[INFO] running `Command { std: CARGO_HOME="/workspace/cargo-home" RUSTUP_HOME="/workspace/rustup-home" "/workspace/cargo-home/bin/cargo" "+1.69.0" "fetch" "--manifest-path" "Cargo.toml", kill_on_drop: false }`
[INFO] [stderr]  Downloading crates ...
[INFO] [stderr]   Downloaded secp256k1 v0.22.2
[INFO] [stderr]   Downloaded hdpath v0.6.2
[INFO] [stderr]   Downloaded quickcheck v0.9.2
[INFO] [stderr]   Downloaded hex_lit v0.1.1
[INFO] [stderr]   Downloaded simple_logger v1.16.0
[INFO] [stderr]   Downloaded ripemd160 v0.9.1
[INFO] [stderr]   Downloaded bech32 v0.9.1
[INFO] [stderr]   Downloaded bitcoin_hashes v0.12.0
[INFO] [stderr]   Downloaded bitcoin-private v0.1.0
[INFO] [stderr]   Downloaded hidapi v1.5.0
[INFO] [stderr]   Downloaded bitcoin v0.30.0
[INFO] [stderr]   Downloaded secp256k1-sys v0.5.2
[INFO] running `Command { std: "docker" "create" "-v" "/var/lib/crater-agent-workspace/builds/worker-0-tc1/target:/opt/rustwide/target:rw,Z" "-v" "/var/lib/crater-agent-workspace/builds/worker-0-tc1/source:/opt/rustwide/workdir:ro,Z" "-v" "/var/lib/crater-agent-workspace/cargo-home:/opt/rustwide/cargo-home:ro,Z" "-v" "/var/lib/crater-agent-workspace/rustup-home:/opt/rustwide/rustup-home:ro,Z" "-e" "SOURCE_DIR=/opt/rustwide/workdir" "-e" "CARGO_TARGET_DIR=/opt/rustwide/target" "-e" "CARGO_HOME=/opt/rustwide/cargo-home" "-e" "RUSTUP_HOME=/opt/rustwide/rustup-home" "-w" "/opt/rustwide/workdir" "-m" "1610612736" "--user" "0:0" "--network" "none" "ghcr.io/rust-lang/crates-build-env/linux@sha256:5ff2268d62e97bff2cde7d5815dd6ed5b47097566f13b8d0ca110b04b60e07ed" "/opt/rustwide/cargo-home/bin/cargo" "+1.69.0" "metadata" "--no-deps" "--format-version=1", kill_on_drop: false }`
[INFO] [stdout] 178c3fe659e302e650ae8e1881302644c6272e2752869813705a0f39ccc2c4da
[INFO] running `Command { std: "docker" "start" "-a" "178c3fe659e302e650ae8e1881302644c6272e2752869813705a0f39ccc2c4da", kill_on_drop: false }`
[INFO] running `Command { std: "docker" "inspect" "178c3fe659e302e650ae8e1881302644c6272e2752869813705a0f39ccc2c4da", kill_on_drop: false }`
[INFO] running `Command { std: "docker" "rm" "-f" "178c3fe659e302e650ae8e1881302644c6272e2752869813705a0f39ccc2c4da", kill_on_drop: false }`
[INFO] [stdout] 178c3fe659e302e650ae8e1881302644c6272e2752869813705a0f39ccc2c4da
[INFO] running `Command { std: "docker" "create" "-v" "/var/lib/crater-agent-workspace/builds/worker-0-tc1/target:/opt/rustwide/target:rw,Z" "-v" "/var/lib/crater-agent-workspace/builds/worker-0-tc1/source:/opt/rustwide/workdir:ro,Z" "-v" "/var/lib/crater-agent-workspace/cargo-home:/opt/rustwide/cargo-home:ro,Z" "-v" "/var/lib/crater-agent-workspace/rustup-home:/opt/rustwide/rustup-home:ro,Z" "-e" "SOURCE_DIR=/opt/rustwide/workdir" "-e" "CARGO_TARGET_DIR=/opt/rustwide/target" "-e" "CARGO_INCREMENTAL=0" "-e" "RUST_BACKTRACE=full" "-e" "RUSTFLAGS=--cap-lints=warn" "-e" "RUSTDOCFLAGS=--cap-lints=warn" "-e" "CARGO_HOME=/opt/rustwide/cargo-home" "-e" "RUSTUP_HOME=/opt/rustwide/rustup-home" "-w" "/opt/rustwide/workdir" "-m" "1610612736" "--user" "0:0" "--network" "none" "ghcr.io/rust-lang/crates-build-env/linux@sha256:5ff2268d62e97bff2cde7d5815dd6ed5b47097566f13b8d0ca110b04b60e07ed" "/opt/rustwide/cargo-home/bin/cargo" "+1.69.0" "build" "--frozen" "--message-format=json", kill_on_drop: false }`
[INFO] [stdout] 7ac8de8a80c2d750b1711890bd7f2598c531ccadc9bf136dddd5751316f17226
[INFO] running `Command { std: "docker" "start" "-a" "7ac8de8a80c2d750b1711890bd7f2598c531ccadc9bf136dddd5751316f17226", kill_on_drop: false }`
[INFO] [stderr]    Compiling bitcoin-private v0.1.0
[INFO] [stderr]    Compiling secp256k1-sys v0.8.1
[INFO] [stderr]    Compiling hex_lit v0.1.1
[INFO] [stderr]    Compiling generic-array v0.14.7
[INFO] [stderr]    Compiling hidapi v1.5.0
[INFO] [stderr]    Compiling bitcoin v0.30.0
[INFO] [stderr]    Compiling emerald-hwkey v0.4.0 (/opt/rustwide/workdir)
[INFO] [stderr]    Compiling cpufeatures v0.2.7
[INFO] [stderr]    Compiling bech32 v0.9.1
[INFO] [stderr]    Compiling hdpath v0.6.2
[INFO] [stderr]    Compiling bitcoin_hashes v0.12.0
[INFO] [stderr]    Compiling block-buffer v0.9.0
[INFO] [stderr]    Compiling digest v0.9.0
[INFO] [stderr]    Compiling ripemd160 v0.9.1
[INFO] [stderr]    Compiling sha2 v0.9.9
[INFO] [stderr]    Compiling secp256k1 v0.27.0
[INFO] [stdout] error[E0432]: unresolved import `bitcoin::util::bip32`
[INFO] [stdout]  --> src/ledger/traits.rs:4:20
[INFO] [stdout]   |
[INFO] [stdout] 4 | use bitcoin::util::bip32::{ExtendedPubKey, Fingerprint, ChildNumber, ChainCode};
[INFO] [stdout]   |                    ^^^^^ could not find `bip32` in `util`
[INFO] [stdout] 
[INFO] [stdout] 
[INFO] [stdout] error[E0432]: unresolved import `bitcoin::util::bip32`
[INFO] [stdout]   --> src/ledger/app_ethereum.rs:11:20
[INFO] [stdout]    |
[INFO] [stdout] 11 | use bitcoin::util::bip32::ChainCode;
[INFO] [stdout]    |                    ^^^^^ could not find `bip32` in `util`
[INFO] [stdout] 
[INFO] [stdout] 
[INFO] [stdout] error[E0433]: failed to resolve: could not find `psbt` in `util`
[INFO] [stdout]   --> src/ledger/app_bitcoin.rs:26:11
[INFO] [stdout]    |
[INFO] [stdout] 26 |     util::psbt::serialize::Serialize
[INFO] [stdout]    |           ^^^^ could not find `psbt` in `util`
[INFO] [stdout] 
[INFO] [stdout] 
[INFO] [stdout] error[E0432]: unresolved import `bitcoin::SigHashType`
[INFO] [stdout]   --> src/ledger/app_bitcoin.rs:18:5
[INFO] [stdout]    |
[INFO] [stdout] 18 |     SigHashType,
[INFO] [stdout]    |     ^^^^^^^^^^^ no `SigHashType` in the root
[INFO] [stdout] 
[INFO] [stdout] 
[INFO] [stdout] error[E0432]: unresolved import `bitcoin::util::bip32`
[INFO] [stdout]   --> src/ledger/app_bitcoin.rs:33:20
[INFO] [stdout]    |
[INFO] [stdout] 33 | use bitcoin::util::bip32::{ChainCode};
[INFO] [stdout]    |                    ^^^^^ could not find `bip32` in `util`
[INFO] [stdout] 
[INFO] [stdout] 
[INFO] [stdout] warning: unused import: `hidapi::HidDevice`
[INFO] [stdout]   --> src/ledger/app_bitcoin.rs:29:5
[INFO] [stdout]    |
[INFO] [stdout] 29 | use hidapi::HidDevice;
[INFO] [stdout]    |     ^^^^^^^^^^^^^^^^^
[INFO] [stdout]    |
[INFO] [stdout]    = note: `#[warn(unused_imports)]` on by default
[INFO] [stdout] 
[INFO] [stdout] 
[INFO] [stdout] error[E0277]: the size for values of type `[u8]` cannot be known at compilation time
[INFO] [stdout]    --> src/ledger/app_bitcoin.rs:215:13
[INFO] [stdout]     |
[INFO] [stdout] 215 |     redeem: Script,
[INFO] [stdout]     |             ^^^^^^ doesn't have a size known at compile-time
[INFO] [stdout]     |
[INFO] [stdout]     = help: within `bitcoin::Script`, the trait `Sized` is not implemented for `[u8]`
[INFO] [stdout]     = note: required because it appears within the type `Script`
[INFO] [stdout]     = note: only the last field of a struct may have a dynamically sized type
[INFO] [stdout]     = help: change the field's type to have a statically known size
[INFO] [stdout] help: borrowed types always have a statically known size
[INFO] [stdout]     |
[INFO] [stdout] 215 |     redeem: &Script,
[INFO] [stdout]     |             +
[INFO] [stdout] help: the `Box` type always has a statically known size and allocates its contents in the heap
[INFO] [stdout]     |
[INFO] [stdout] 215 |     redeem: Box<Script>,
[INFO] [stdout]     |             ++++      +
[INFO] [stdout] 
[INFO] [stdout] 
[INFO] [stderr] error: could not compile `emerald-hwkey` due to 7 previous errors; 1 warning emitted
[INFO] [stdout] error: aborting due to 6 previous errors; 1 warning emitted
[INFO] [stdout] 
[INFO] [stdout] 
[INFO] [stderr] warning: build failed, waiting for other jobs to finish...
[INFO] [stdout] Some errors have detailed explanations: E0277, E0432, E0433.
[INFO] [stdout] 
[INFO] [stdout] For more information about an error, try `rustc --explain E0277`.
[INFO] [stdout] 
[INFO] running `Command { std: "docker" "inspect" "7ac8de8a80c2d750b1711890bd7f2598c531ccadc9bf136dddd5751316f17226", kill_on_drop: false }`
[INFO] running `Command { std: "docker" "rm" "-f" "7ac8de8a80c2d750b1711890bd7f2598c531ccadc9bf136dddd5751316f17226", kill_on_drop: false }`
[INFO] [stdout] 7ac8de8a80c2d750b1711890bd7f2598c531ccadc9bf136dddd5751316f17226
