[INFO] fetching crate embedded-hal-compat 0.6.2...
[INFO] testing embedded-hal-compat-0.6.2 against 1.69.0 for beta-1.70-1
[INFO] extracting crate embedded-hal-compat 0.6.2 into /workspace/builds/worker-0-tc1/source
[INFO] validating manifest of crates.io crate embedded-hal-compat 0.6.2 on toolchain 1.69.0
[INFO] running `Command { std: CARGO_HOME="/workspace/cargo-home" RUSTUP_HOME="/workspace/rustup-home" "/workspace/cargo-home/bin/cargo" "+1.69.0" "metadata" "--manifest-path" "Cargo.toml" "--no-deps", kill_on_drop: false }`
[INFO] started tweaking crates.io crate embedded-hal-compat 0.6.2
[INFO] finished tweaking crates.io crate embedded-hal-compat 0.6.2
[INFO] tweaked toml for crates.io crate embedded-hal-compat 0.6.2 written to /workspace/builds/worker-0-tc1/source/Cargo.toml
[INFO] running `Command { std: CARGO_HOME="/workspace/cargo-home" RUSTUP_HOME="/workspace/rustup-home" __CARGO_TEST_CHANNEL_OVERRIDE_DO_NOT_USE_THIS="nightly" "/workspace/cargo-home/bin/cargo" "+1.69.0" "generate-lockfile" "--manifest-path" "Cargo.toml" "-Zno-index-update", kill_on_drop: false }`
[INFO] running `Command { std: CARGO_HOME="/workspace/cargo-home" RUSTUP_HOME="/workspace/rustup-home" "/workspace/cargo-home/bin/cargo" "+1.69.0" "fetch" "--manifest-path" "Cargo.toml", kill_on_drop: false }`
[INFO] [stderr]  Downloading crates ...
[INFO] [stderr]   Downloaded embedded-hal v1.0.0-alpha.7
[INFO] running `Command { std: "docker" "create" "-v" "/var/lib/crater-agent-workspace/builds/worker-0-tc1/target:/opt/rustwide/target:rw,Z" "-v" "/var/lib/crater-agent-workspace/builds/worker-0-tc1/source:/opt/rustwide/workdir:ro,Z" "-v" "/var/lib/crater-agent-workspace/cargo-home:/opt/rustwide/cargo-home:ro,Z" "-v" "/var/lib/crater-agent-workspace/rustup-home:/opt/rustwide/rustup-home:ro,Z" "-e" "SOURCE_DIR=/opt/rustwide/workdir" "-e" "CARGO_TARGET_DIR=/opt/rustwide/target" "-e" "CARGO_HOME=/opt/rustwide/cargo-home" "-e" "RUSTUP_HOME=/opt/rustwide/rustup-home" "-w" "/opt/rustwide/workdir" "-m" "1610612736" "--user" "0:0" "--network" "none" "ghcr.io/rust-lang/crates-build-env/linux@sha256:5ff2268d62e97bff2cde7d5815dd6ed5b47097566f13b8d0ca110b04b60e07ed" "/opt/rustwide/cargo-home/bin/cargo" "+1.69.0" "metadata" "--no-deps" "--format-version=1", kill_on_drop: false }`
[INFO] [stdout] 8bde97e1de05d58d1153c78dc1d4abae09fb7a6b13668add7861f3df20814f37
[INFO] running `Command { std: "docker" "start" "-a" "8bde97e1de05d58d1153c78dc1d4abae09fb7a6b13668add7861f3df20814f37", kill_on_drop: false }`
[INFO] running `Command { std: "docker" "inspect" "8bde97e1de05d58d1153c78dc1d4abae09fb7a6b13668add7861f3df20814f37", kill_on_drop: false }`
[INFO] running `Command { std: "docker" "rm" "-f" "8bde97e1de05d58d1153c78dc1d4abae09fb7a6b13668add7861f3df20814f37", kill_on_drop: false }`
[INFO] [stdout] 8bde97e1de05d58d1153c78dc1d4abae09fb7a6b13668add7861f3df20814f37
[INFO] running `Command { std: "docker" "create" "-v" "/var/lib/crater-agent-workspace/builds/worker-0-tc1/target:/opt/rustwide/target:rw,Z" "-v" "/var/lib/crater-agent-workspace/builds/worker-0-tc1/source:/opt/rustwide/workdir:ro,Z" "-v" "/var/lib/crater-agent-workspace/cargo-home:/opt/rustwide/cargo-home:ro,Z" "-v" "/var/lib/crater-agent-workspace/rustup-home:/opt/rustwide/rustup-home:ro,Z" "-e" "SOURCE_DIR=/opt/rustwide/workdir" "-e" "CARGO_TARGET_DIR=/opt/rustwide/target" "-e" "CARGO_INCREMENTAL=0" "-e" "RUST_BACKTRACE=full" "-e" "RUSTFLAGS=--cap-lints=warn" "-e" "RUSTDOCFLAGS=--cap-lints=warn" "-e" "CARGO_HOME=/opt/rustwide/cargo-home" "-e" "RUSTUP_HOME=/opt/rustwide/rustup-home" "-w" "/opt/rustwide/workdir" "-m" "1610612736" "--user" "0:0" "--network" "none" "ghcr.io/rust-lang/crates-build-env/linux@sha256:5ff2268d62e97bff2cde7d5815dd6ed5b47097566f13b8d0ca110b04b60e07ed" "/opt/rustwide/cargo-home/bin/cargo" "+1.69.0" "build" "--frozen" "--message-format=json", kill_on_drop: false }`
[INFO] [stdout] a0ee1a8ebd27922cea68d35c7a3c829663cf627b6d79be6fa6fc9f6262818881
[INFO] running `Command { std: "docker" "start" "-a" "a0ee1a8ebd27922cea68d35c7a3c829663cf627b6d79be6fa6fc9f6262818881", kill_on_drop: false }`
[INFO] [stderr]    Compiling nb v0.1.3
[INFO] [stderr]    Compiling embedded-hal v1.0.0-alpha.7
[INFO] [stderr]    Compiling embedded-hal v0.2.7
[INFO] [stderr]    Compiling embedded-hal-compat v0.6.2 (/opt/rustwide/workdir)
[INFO] [stderr]     Finished dev [unoptimized + debuginfo] target(s) in 0.40s
[INFO] running `Command { std: "docker" "inspect" "a0ee1a8ebd27922cea68d35c7a3c829663cf627b6d79be6fa6fc9f6262818881", kill_on_drop: false }`
[INFO] running `Command { std: "docker" "rm" "-f" "a0ee1a8ebd27922cea68d35c7a3c829663cf627b6d79be6fa6fc9f6262818881", kill_on_drop: false }`
[INFO] [stdout] a0ee1a8ebd27922cea68d35c7a3c829663cf627b6d79be6fa6fc9f6262818881
[INFO] running `Command { std: "docker" "create" "-v" "/var/lib/crater-agent-workspace/builds/worker-0-tc1/target:/opt/rustwide/target:rw,Z" "-v" "/var/lib/crater-agent-workspace/builds/worker-0-tc1/source:/opt/rustwide/workdir:ro,Z" "-v" "/var/lib/crater-agent-workspace/cargo-home:/opt/rustwide/cargo-home:ro,Z" "-v" "/var/lib/crater-agent-workspace/rustup-home:/opt/rustwide/rustup-home:ro,Z" "-e" "SOURCE_DIR=/opt/rustwide/workdir" "-e" "CARGO_TARGET_DIR=/opt/rustwide/target" "-e" "CARGO_INCREMENTAL=0" "-e" "RUST_BACKTRACE=full" "-e" "RUSTFLAGS=--cap-lints=warn" "-e" "RUSTDOCFLAGS=--cap-lints=warn" "-e" "CARGO_HOME=/opt/rustwide/cargo-home" "-e" "RUSTUP_HOME=/opt/rustwide/rustup-home" "-w" "/opt/rustwide/workdir" "-m" "1610612736" "--user" "0:0" "--network" "none" "ghcr.io/rust-lang/crates-build-env/linux@sha256:5ff2268d62e97bff2cde7d5815dd6ed5b47097566f13b8d0ca110b04b60e07ed" "/opt/rustwide/cargo-home/bin/cargo" "+1.69.0" "test" "--frozen" "--no-run" "--message-format=json", kill_on_drop: false }`
[INFO] [stdout] 835c6517623077dbbbe870813c79e882bcbe48982fdadfac1ea0811215864274
[INFO] running `Command { std: "docker" "start" "-a" "835c6517623077dbbbe870813c79e882bcbe48982fdadfac1ea0811215864274", kill_on_drop: false }`
[INFO] [stderr]    Compiling embedded-hal-compat v0.6.2 (/opt/rustwide/workdir)
[INFO] [stderr]     Finished test [unoptimized + debuginfo] target(s) in 0.30s
[INFO] running `Command { std: "docker" "inspect" "835c6517623077dbbbe870813c79e882bcbe48982fdadfac1ea0811215864274", kill_on_drop: false }`
[INFO] running `Command { std: "docker" "rm" "-f" "835c6517623077dbbbe870813c79e882bcbe48982fdadfac1ea0811215864274", kill_on_drop: false }`
[INFO] [stdout] 835c6517623077dbbbe870813c79e882bcbe48982fdadfac1ea0811215864274
[INFO] running `Command { std: "docker" "create" "-v" "/var/lib/crater-agent-workspace/builds/worker-0-tc1/target:/opt/rustwide/target:rw,Z" "-v" "/var/lib/crater-agent-workspace/builds/worker-0-tc1/source:/opt/rustwide/workdir:ro,Z" "-v" "/var/lib/crater-agent-workspace/cargo-home:/opt/rustwide/cargo-home:ro,Z" "-v" "/var/lib/crater-agent-workspace/rustup-home:/opt/rustwide/rustup-home:ro,Z" "-e" "SOURCE_DIR=/opt/rustwide/workdir" "-e" "CARGO_TARGET_DIR=/opt/rustwide/target" "-e" "CARGO_INCREMENTAL=0" "-e" "RUST_BACKTRACE=full" "-e" "RUSTFLAGS=--cap-lints=warn" "-e" "RUSTDOCFLAGS=--cap-lints=warn" "-e" "CARGO_HOME=/opt/rustwide/cargo-home" "-e" "RUSTUP_HOME=/opt/rustwide/rustup-home" "-w" "/opt/rustwide/workdir" "-m" "1610612736" "--user" "0:0" "--network" "none" "ghcr.io/rust-lang/crates-build-env/linux@sha256:5ff2268d62e97bff2cde7d5815dd6ed5b47097566f13b8d0ca110b04b60e07ed" "/opt/rustwide/cargo-home/bin/cargo" "+1.69.0" "test" "--frozen", kill_on_drop: false }`
[INFO] [stdout] bbc100c562e68c2d55b7a5b4247129a169d7609b7686150f9e7eb7a6845276fa
[INFO] running `Command { std: "docker" "start" "-a" "bbc100c562e68c2d55b7a5b4247129a169d7609b7686150f9e7eb7a6845276fa", kill_on_drop: false }`
[INFO] [stderr]     Finished test [unoptimized + debuginfo] target(s) in 0.01s
[INFO] [stderr]      Running unittests src/lib.rs (/opt/rustwide/target/debug/deps/embedded_hal_compat-296e96267b72b88c)
[INFO] [stdout] 
[INFO] [stdout] running 0 tests
[INFO] [stdout] 
[INFO] [stdout] test result: ok. 0 passed; 0 failed; 0 ignored; 0 measured; 0 filtered out; finished in 0.00s
[INFO] [stdout] 
[INFO] [stderr]    Doc-tests embedded-hal-compat
[INFO] [stdout] 
[INFO] [stdout] running 2 tests
[INFO] [stdout] test src/lib.rs - (line 12) ... FAILED
[INFO] [stdout] test src/lib.rs - (line 29) ... ok
[INFO] [stdout] 
[INFO] [stdout] failures:
[INFO] [stdout] 
[INFO] [stdout] ---- src/lib.rs - (line 12) stdout ----
[INFO] [stdout] error[E0271]: type mismatch resolving `<OutputPin0_2 as InputPin>::Error == Infallible`
[INFO] [stdout]   --> src/lib.rs:24:56
[INFO] [stdout]    |
[INFO] [stdout] 15 |  let _ = eh1_0::digital::blocking::OutputPin::set_high(&mut new);
[INFO] [stdout]    |          --------------------------------------------- ^^^^^^^^ expected `Infallible`, found `()`
[INFO] [stdout]    |          |
[INFO] [stdout]    |          required by a bound introduced by this call
[INFO] [stdout]    |
[INFO] [stdout]    = note: required for `Forward<OutputPin0_2>` to implement `embedded_hal::digital::blocking::OutputPin`
[INFO] [stdout] 
[INFO] [stdout] error[E0277]: the trait bound `OutputPin0_2: _embedded_hal_digital_InputPin` is not satisfied
[INFO] [stdout]   --> src/lib.rs:24:56
[INFO] [stdout]    |
[INFO] [stdout] 15 |  let _ = eh1_0::digital::blocking::OutputPin::set_high(&mut new);
[INFO] [stdout]    |          --------------------------------------------- ^^^^^^^^ the trait `_embedded_hal_digital_InputPin` is not implemented for `OutputPin0_2`
[INFO] [stdout]    |          |
[INFO] [stdout]    |          required by a bound introduced by this call
[INFO] [stdout]    |
[INFO] [stdout]    = help: the trait `_embedded_hal_digital_InputPin` is implemented for `OldInputPin<T>`
[INFO] [stdout]    = note: required for `OutputPin0_2` to implement `embedded_hal::digital::v2::InputPin`
[INFO] [stdout]    = note: required for `Forward<OutputPin0_2>` to implement `embedded_hal::digital::ErrorType`
[INFO] [stdout] note: required by a bound in `embedded_hal::digital::blocking::OutputPin::set_high`
[INFO] [stdout]   --> /opt/rustwide/cargo-home/registry/src/github.com-1ecc6299db9ec823/embedded-hal-1.0.0-alpha.7/src/digital.rs:63:26
[INFO] [stdout]    |
[INFO] [stdout] 63 |     pub trait OutputPin: super::ErrorType {
[INFO] [stdout]    |                          ^^^^^^^^^^^^^^^^ required by this bound in `OutputPin::set_high`
[INFO] [stdout] 
[INFO] [stdout] error: aborting due to 2 previous errors
[INFO] [stdout] 
[INFO] [stdout] Some errors have detailed explanations: E0271, E0277.
[INFO] [stdout] For more information about an error, try `rustc --explain E0271`.
[INFO] [stdout] Couldn't compile the test.
[INFO] [stdout] 
[INFO] [stdout] failures:
[INFO] [stdout]     src/lib.rs - (line 12)
[INFO] [stdout] 
[INFO] [stdout] test result: FAILED. 1 passed; 1 failed; 0 ignored; 0 measured; 0 filtered out; finished in 0.15s
[INFO] [stdout] 
[INFO] [stderr] error: doctest failed, to rerun pass `--doc`
[INFO] running `Command { std: "docker" "inspect" "bbc100c562e68c2d55b7a5b4247129a169d7609b7686150f9e7eb7a6845276fa", kill_on_drop: false }`
[INFO] running `Command { std: "docker" "rm" "-f" "bbc100c562e68c2d55b7a5b4247129a169d7609b7686150f9e7eb7a6845276fa", kill_on_drop: false }`
[INFO] [stdout] bbc100c562e68c2d55b7a5b4247129a169d7609b7686150f9e7eb7a6845276fa
