[INFO] fetching crate embedded-graphics-web-simulator 0.3.0...
[INFO] testing embedded-graphics-web-simulator-0.3.0 against 1.69.0 for beta-1.70-1
[INFO] extracting crate embedded-graphics-web-simulator 0.3.0 into /workspace/builds/worker-2-tc1/source
[INFO] validating manifest of crates.io crate embedded-graphics-web-simulator 0.3.0 on toolchain 1.69.0
[INFO] running `Command { std: CARGO_HOME="/workspace/cargo-home" RUSTUP_HOME="/workspace/rustup-home" "/workspace/cargo-home/bin/cargo" "+1.69.0" "metadata" "--manifest-path" "Cargo.toml" "--no-deps", kill_on_drop: false }`
[INFO] started tweaking crates.io crate embedded-graphics-web-simulator 0.3.0
[INFO] finished tweaking crates.io crate embedded-graphics-web-simulator 0.3.0
[INFO] tweaked toml for crates.io crate embedded-graphics-web-simulator 0.3.0 written to /workspace/builds/worker-2-tc1/source/Cargo.toml
[INFO] running `Command { std: CARGO_HOME="/workspace/cargo-home" RUSTUP_HOME="/workspace/rustup-home" __CARGO_TEST_CHANNEL_OVERRIDE_DO_NOT_USE_THIS="nightly" "/workspace/cargo-home/bin/cargo" "+1.69.0" "generate-lockfile" "--manifest-path" "Cargo.toml" "-Zno-index-update", kill_on_drop: false }`
[INFO] running `Command { std: CARGO_HOME="/workspace/cargo-home" RUSTUP_HOME="/workspace/rustup-home" "/workspace/cargo-home/bin/cargo" "+1.69.0" "fetch" "--manifest-path" "Cargo.toml", kill_on_drop: false }`
[INFO] [stderr]  Downloading crates ...
[INFO] [stderr]   Downloaded float-cmp v0.8.0
[INFO] [stderr]   Downloaded embedded-graphics-core v0.3.3
[INFO] [stderr]   Downloaded embedded-graphics v0.7.1
[INFO] running `Command { std: "docker" "create" "-v" "/var/lib/crater-agent-workspace/builds/worker-2-tc1/target:/opt/rustwide/target:rw,Z" "-v" "/var/lib/crater-agent-workspace/builds/worker-2-tc1/source:/opt/rustwide/workdir:ro,Z" "-v" "/var/lib/crater-agent-workspace/cargo-home:/opt/rustwide/cargo-home:ro,Z" "-v" "/var/lib/crater-agent-workspace/rustup-home:/opt/rustwide/rustup-home:ro,Z" "-e" "SOURCE_DIR=/opt/rustwide/workdir" "-e" "CARGO_TARGET_DIR=/opt/rustwide/target" "-e" "CARGO_HOME=/opt/rustwide/cargo-home" "-e" "RUSTUP_HOME=/opt/rustwide/rustup-home" "-w" "/opt/rustwide/workdir" "-m" "1610612736" "--user" "0:0" "--network" "none" "ghcr.io/rust-lang/crates-build-env/linux@sha256:5ff2268d62e97bff2cde7d5815dd6ed5b47097566f13b8d0ca110b04b60e07ed" "/opt/rustwide/cargo-home/bin/cargo" "+1.69.0" "metadata" "--no-deps" "--format-version=1", kill_on_drop: false }`
[INFO] [stdout] 31d8bae851b51b9be2825d2ccb1a89e7c82f96cb68c9c639650fb67a450b98e1
[INFO] running `Command { std: "docker" "start" "-a" "31d8bae851b51b9be2825d2ccb1a89e7c82f96cb68c9c639650fb67a450b98e1", kill_on_drop: false }`
[INFO] running `Command { std: "docker" "inspect" "31d8bae851b51b9be2825d2ccb1a89e7c82f96cb68c9c639650fb67a450b98e1", kill_on_drop: false }`
[INFO] running `Command { std: "docker" "rm" "-f" "31d8bae851b51b9be2825d2ccb1a89e7c82f96cb68c9c639650fb67a450b98e1", kill_on_drop: false }`
[INFO] [stdout] 31d8bae851b51b9be2825d2ccb1a89e7c82f96cb68c9c639650fb67a450b98e1
[INFO] running `Command { std: "docker" "create" "-v" "/var/lib/crater-agent-workspace/builds/worker-2-tc1/target:/opt/rustwide/target:rw,Z" "-v" "/var/lib/crater-agent-workspace/builds/worker-2-tc1/source:/opt/rustwide/workdir:ro,Z" "-v" "/var/lib/crater-agent-workspace/cargo-home:/opt/rustwide/cargo-home:ro,Z" "-v" "/var/lib/crater-agent-workspace/rustup-home:/opt/rustwide/rustup-home:ro,Z" "-e" "SOURCE_DIR=/opt/rustwide/workdir" "-e" "CARGO_TARGET_DIR=/opt/rustwide/target" "-e" "CARGO_INCREMENTAL=0" "-e" "RUST_BACKTRACE=full" "-e" "RUSTFLAGS=--cap-lints=warn" "-e" "RUSTDOCFLAGS=--cap-lints=warn" "-e" "CARGO_HOME=/opt/rustwide/cargo-home" "-e" "RUSTUP_HOME=/opt/rustwide/rustup-home" "-w" "/opt/rustwide/workdir" "-m" "1610612736" "--user" "0:0" "--network" "none" "ghcr.io/rust-lang/crates-build-env/linux@sha256:5ff2268d62e97bff2cde7d5815dd6ed5b47097566f13b8d0ca110b04b60e07ed" "/opt/rustwide/cargo-home/bin/cargo" "+1.69.0" "build" "--frozen" "--message-format=json", kill_on_drop: false }`
[INFO] [stdout] f7408de4244aeb27a581c0a7d78ea2bb2d954496e21efba5384c9405d584c299
[INFO] running `Command { std: "docker" "start" "-a" "f7408de4244aeb27a581c0a7d78ea2bb2d954496e21efba5384c9405d584c299", kill_on_drop: false }`
[INFO] [stderr]    Compiling proc-macro2 v1.0.56
[INFO] [stderr]    Compiling wasm-bindgen-shared v0.2.84
[INFO] [stderr]    Compiling syn v1.0.109
[INFO] [stderr]    Compiling once_cell v1.17.1
[INFO] [stderr]    Compiling log v0.4.17
[INFO] [stderr]    Compiling bumpalo v3.12.1
[INFO] [stderr]    Compiling num-traits v0.2.15
[INFO] [stderr]    Compiling az v1.2.1
[INFO] [stderr]    Compiling wasm-bindgen v0.2.84
[INFO] [stderr]    Compiling byteorder v1.4.3
[INFO] [stderr]    Compiling micromath v1.1.1
[INFO] [stderr]    Compiling quote v1.0.26
[INFO] [stderr]    Compiling embedded-graphics-core v0.3.3
[INFO] [stderr]    Compiling float-cmp v0.8.0
[INFO] [stderr]    Compiling embedded-graphics v0.7.1
[INFO] [stderr]    Compiling wasm-bindgen-backend v0.2.84
[INFO] [stderr]    Compiling wasm-bindgen-macro-support v0.2.84
[INFO] [stderr]    Compiling wasm-bindgen-macro v0.2.84
[INFO] [stderr]    Compiling js-sys v0.3.61
[INFO] [stderr]    Compiling web-sys v0.3.61
[INFO] [stderr]    Compiling embedded-graphics-web-simulator v0.3.0 (/opt/rustwide/workdir)
[INFO] [stdout] warning: field `canvas` is never read
[INFO] [stdout]   --> src/display.rs:17:5
[INFO] [stdout]    |
[INFO] [stdout] 14 | pub struct WebSimulatorDisplay<C> {
[INFO] [stdout]    |            ------------------- field in this struct
[INFO] [stdout] ...
[INFO] [stdout] 17 |     canvas: HtmlCanvasElement,
[INFO] [stdout]    |     ^^^^^^
[INFO] [stdout]    |
[INFO] [stdout]    = note: `#[warn(dead_code)]` on by default
[INFO] [stdout] 
[INFO] [stdout] 
[INFO] [stdout] warning: 1 warning emitted
[INFO] [stdout] 
[INFO] [stdout] 
[INFO] [stderr]     Finished dev [unoptimized + debuginfo] target(s) in 18.37s
[INFO] running `Command { std: "docker" "inspect" "f7408de4244aeb27a581c0a7d78ea2bb2d954496e21efba5384c9405d584c299", kill_on_drop: false }`
[INFO] running `Command { std: "docker" "rm" "-f" "f7408de4244aeb27a581c0a7d78ea2bb2d954496e21efba5384c9405d584c299", kill_on_drop: false }`
[INFO] [stdout] f7408de4244aeb27a581c0a7d78ea2bb2d954496e21efba5384c9405d584c299
[INFO] running `Command { std: "docker" "create" "-v" "/var/lib/crater-agent-workspace/builds/worker-2-tc1/target:/opt/rustwide/target:rw,Z" "-v" "/var/lib/crater-agent-workspace/builds/worker-2-tc1/source:/opt/rustwide/workdir:ro,Z" "-v" "/var/lib/crater-agent-workspace/cargo-home:/opt/rustwide/cargo-home:ro,Z" "-v" "/var/lib/crater-agent-workspace/rustup-home:/opt/rustwide/rustup-home:ro,Z" "-e" "SOURCE_DIR=/opt/rustwide/workdir" "-e" "CARGO_TARGET_DIR=/opt/rustwide/target" "-e" "CARGO_INCREMENTAL=0" "-e" "RUST_BACKTRACE=full" "-e" "RUSTFLAGS=--cap-lints=warn" "-e" "RUSTDOCFLAGS=--cap-lints=warn" "-e" "CARGO_HOME=/opt/rustwide/cargo-home" "-e" "RUSTUP_HOME=/opt/rustwide/rustup-home" "-w" "/opt/rustwide/workdir" "-m" "1610612736" "--user" "0:0" "--network" "none" "ghcr.io/rust-lang/crates-build-env/linux@sha256:5ff2268d62e97bff2cde7d5815dd6ed5b47097566f13b8d0ca110b04b60e07ed" "/opt/rustwide/cargo-home/bin/cargo" "+1.69.0" "test" "--frozen" "--no-run" "--message-format=json", kill_on_drop: false }`
[INFO] [stdout] 436a8504c7a616025ddb9e4d291380576104553ddcdf8d88d01eb0ff6d3cdab9
[INFO] running `Command { std: "docker" "start" "-a" "436a8504c7a616025ddb9e4d291380576104553ddcdf8d88d01eb0ff6d3cdab9", kill_on_drop: false }`
[INFO] [stderr]    Compiling embedded-graphics-web-simulator v0.3.0 (/opt/rustwide/workdir)
[INFO] [stdout] warning: field `canvas` is never read
[INFO] [stdout]   --> src/display.rs:17:5
[INFO] [stdout]    |
[INFO] [stdout] 14 | pub struct WebSimulatorDisplay<C> {
[INFO] [stdout]    |            ------------------- field in this struct
[INFO] [stdout] ...
[INFO] [stdout] 17 |     canvas: HtmlCanvasElement,
[INFO] [stdout]    |     ^^^^^^
[INFO] [stdout]    |
[INFO] [stdout]    = note: `#[warn(dead_code)]` on by default
[INFO] [stdout] 
[INFO] [stdout] 
[INFO] [stdout] warning: 1 warning emitted
[INFO] [stdout] 
[INFO] [stdout] 
[INFO] [stdout] warning: field `canvas` is never read
[INFO] [stdout]   --> src/display.rs:17:5
[INFO] [stdout]    |
[INFO] [stdout] 14 | pub struct WebSimulatorDisplay<C> {
[INFO] [stdout]    |            ------------------- field in this struct
[INFO] [stdout] ...
[INFO] [stdout] 17 |     canvas: HtmlCanvasElement,
[INFO] [stdout]    |     ^^^^^^
[INFO] [stdout]    |
[INFO] [stdout]    = note: `#[warn(dead_code)]` on by default
[INFO] [stdout] 
[INFO] [stdout] 
[INFO] [stdout] warning: 1 warning emitted
[INFO] [stdout] 
[INFO] [stdout] 
[INFO] [stderr]     Finished test [unoptimized + debuginfo] target(s) in 0.48s
[INFO] running `Command { std: "docker" "inspect" "436a8504c7a616025ddb9e4d291380576104553ddcdf8d88d01eb0ff6d3cdab9", kill_on_drop: false }`
[INFO] running `Command { std: "docker" "rm" "-f" "436a8504c7a616025ddb9e4d291380576104553ddcdf8d88d01eb0ff6d3cdab9", kill_on_drop: false }`
[INFO] [stdout] 436a8504c7a616025ddb9e4d291380576104553ddcdf8d88d01eb0ff6d3cdab9
[INFO] running `Command { std: "docker" "create" "-v" "/var/lib/crater-agent-workspace/builds/worker-2-tc1/target:/opt/rustwide/target:rw,Z" "-v" "/var/lib/crater-agent-workspace/builds/worker-2-tc1/source:/opt/rustwide/workdir:ro,Z" "-v" "/var/lib/crater-agent-workspace/cargo-home:/opt/rustwide/cargo-home:ro,Z" "-v" "/var/lib/crater-agent-workspace/rustup-home:/opt/rustwide/rustup-home:ro,Z" "-e" "SOURCE_DIR=/opt/rustwide/workdir" "-e" "CARGO_TARGET_DIR=/opt/rustwide/target" "-e" "CARGO_INCREMENTAL=0" "-e" "RUST_BACKTRACE=full" "-e" "RUSTFLAGS=--cap-lints=warn" "-e" "RUSTDOCFLAGS=--cap-lints=warn" "-e" "CARGO_HOME=/opt/rustwide/cargo-home" "-e" "RUSTUP_HOME=/opt/rustwide/rustup-home" "-w" "/opt/rustwide/workdir" "-m" "1610612736" "--user" "0:0" "--network" "none" "ghcr.io/rust-lang/crates-build-env/linux@sha256:5ff2268d62e97bff2cde7d5815dd6ed5b47097566f13b8d0ca110b04b60e07ed" "/opt/rustwide/cargo-home/bin/cargo" "+1.69.0" "test" "--frozen", kill_on_drop: false }`
[INFO] [stdout] 7aafaa8b8a16e807a5562a08db727074879a5d68896fb5518ca201a3cb2360e7
[INFO] running `Command { std: "docker" "start" "-a" "7aafaa8b8a16e807a5562a08db727074879a5d68896fb5518ca201a3cb2360e7", kill_on_drop: false }`
[INFO] [stderr] warning: field `canvas` is never read
[INFO] [stderr]   --> src/display.rs:17:5
[INFO] [stderr]    |
[INFO] [stderr] 14 | pub struct WebSimulatorDisplay<C> {
[INFO] [stderr]    |            ------------------- field in this struct
[INFO] [stderr] ...
[INFO] [stderr] 17 |     canvas: HtmlCanvasElement,
[INFO] [stderr]    |     ^^^^^^
[INFO] [stderr]    |
[INFO] [stderr]    = note: `#[warn(dead_code)]` on by default
[INFO] [stderr] 
[INFO] [stderr] warning: `embedded-graphics-web-simulator` (lib) generated 1 warning
[INFO] [stderr] warning: `embedded-graphics-web-simulator` (lib test) generated 1 warning (1 duplicate)
[INFO] [stderr]     Finished test [unoptimized + debuginfo] target(s) in 0.05s
[INFO] [stderr]      Running unittests src/lib.rs (/opt/rustwide/target/debug/deps/embedded_graphics_web_simulator-fadbe14b74226fe0)
[INFO] [stdout] 
[INFO] [stdout] running 0 tests
[INFO] [stdout] 
[INFO] [stdout] test result: ok. 0 passed; 0 failed; 0 ignored; 0 measured; 0 filtered out; finished in 0.00s
[INFO] [stdout] 
[INFO] [stderr]    Doc-tests embedded-graphics-web-simulator
[INFO] [stdout] 
[INFO] [stdout] running 1 test
[INFO] [stderr] error: doctest failed, to rerun pass `--doc`
[INFO] [stdout] test src/lib.rs - (line 14) - compile ... FAILED
[INFO] [stdout] 
[INFO] [stdout] failures:
[INFO] [stdout] 
[INFO] [stdout] ---- src/lib.rs - (line 14) stdout ----
[INFO] [stdout] error: couldn't read src/./assets/rust-pride.bmp: No such file or directory (os error 2)
[INFO] [stdout]   --> src/lib.rs:42:30
[INFO] [stdout]    |
[INFO] [stdout] 31 |    let bmp = Bmp::from_slice(include_bytes!("./assets/rust-pride.bmp")).unwrap();
[INFO] [stdout]    |                              ^^^^^^^^^^^^^^^^^^^^^^^^^^^^^^^^^^^^^^^^^
[INFO] [stdout]    |
[INFO] [stdout]    = note: this error originates in the macro `include_bytes` (in Nightly builds, run with -Z macro-backtrace for more info)
[INFO] [stdout] 
[INFO] [stdout] error[E0432]: unresolved import `embedded_graphics::primitive_style`
[INFO] [stdout]   --> src/lib.rs:25:4
[INFO] [stdout]    |
[INFO] [stdout] 14 |    primitive_style,
[INFO] [stdout]    |    ^^^^^^^^^^^^^^^
[INFO] [stdout]    |    |
[INFO] [stdout]    |    no `primitive_style` in the root
[INFO] [stdout]    |    help: a similar name exists in the module: `primitives`
[INFO] [stdout] 
[INFO] [stdout] error[E0432]: unresolved import `tinybmp`
[INFO] [stdout]   --> src/lib.rs:27:5
[INFO] [stdout]    |
[INFO] [stdout] 16 | use tinybmp::Bmp;
[INFO] [stdout]    |     ^^^^^^^ use of undeclared crate or module `tinybmp`
[INFO] [stdout] 
[INFO] [stdout] error[E0107]: struct takes 1 generic argument but 2 generic arguments were supplied
[INFO] [stdout]    --> src/lib.rs:43:15
[INFO] [stdout]     |
[INFO] [stdout] 32  |    let image: Image<Bmp, Rgb565> = Image::new(&bmp, Point::new(32, 32));
[INFO] [stdout]     |               ^^^^^      ------ help: remove this generic argument
[INFO] [stdout]     |               |
[INFO] [stdout]     |               expected 1 generic argument
[INFO] [stdout]     |
[INFO] [stdout] note: struct defined here, with 1 generic parameter: `T`
[INFO] [stdout]    --> /opt/rustwide/cargo-home/registry/src/github.com-1ecc6299db9ec823/embedded-graphics-0.7.1/src/image/mod.rs:135:12
[INFO] [stdout]     |
[INFO] [stdout] 135 | pub struct Image<'a, T> {
[INFO] [stdout]     |            ^^^^^     -
[INFO] [stdout] 
[INFO] [stdout] error[E0433]: failed to resolve: use of undeclared crate or module `console_error_panic_hook`
[INFO] [stdout]   --> src/lib.rs:36:4
[INFO] [stdout]    |
[INFO] [stdout] 25 |    console_error_panic_hook::set_once();
[INFO] [stdout]    |    ^^^^^^^^^^^^^^^^^^^^^^^^ use of undeclared crate or module `console_error_panic_hook`
[INFO] [stdout] 
[INFO] [stdout] error[E0061]: this function takes 3 arguments but 2 arguments were supplied
[INFO] [stdout]   --> src/lib.rs:39:22
[INFO] [stdout]    |
[INFO] [stdout] 28 |    let mut display = WebSimulatorDisplay::new((128, 128), &output_settings);
[INFO] [stdout]    |                      ^^^^^^^^^^^^^^^^^^^^^^^^------------------------------ an argument of type `Option<&Element>` is missing
[INFO] [stdout]    |
[INFO] [stdout] note: associated function defined here
[INFO] [stdout]   --> /opt/rustwide/workdir/src/display.rs:32:12
[INFO] [stdout]    |
[INFO] [stdout] 32 |     pub fn new(
[INFO] [stdout]    |            ^^^
[INFO] [stdout] help: provide the argument
[INFO] [stdout]    |
[INFO] [stdout] 28 |    let mut display = WebSimulatorDisplay::new((128, 128), &output_settings, /* Option<&Element> */);
[INFO] [stdout]    |                                              ~~~~~~~~~~~~~~~~~~~~~~~~~~~~~~~~~~~~~~~~~~~~~~~~~~~~~~
[INFO] [stdout] 
[INFO] [stdout] error: aborting due to 6 previous errors
[INFO] [stdout] 
[INFO] [stdout] Some errors have detailed explanations: E0061, E0107, E0432, E0433.
[INFO] [stdout] For more information about an error, try `rustc --explain E0061`.
[INFO] [stdout] Couldn't compile the test.
[INFO] [stdout] 
[INFO] [stdout] failures:
[INFO] [stdout]     src/lib.rs - (line 14)
[INFO] [stdout] 
[INFO] [stdout] test result: FAILED. 0 passed; 1 failed; 0 ignored; 0 measured; 0 filtered out; finished in 0.11s
[INFO] [stdout] 
[INFO] running `Command { std: "docker" "inspect" "7aafaa8b8a16e807a5562a08db727074879a5d68896fb5518ca201a3cb2360e7", kill_on_drop: false }`
[INFO] running `Command { std: "docker" "rm" "-f" "7aafaa8b8a16e807a5562a08db727074879a5d68896fb5518ca201a3cb2360e7", kill_on_drop: false }`
[INFO] [stdout] 7aafaa8b8a16e807a5562a08db727074879a5d68896fb5518ca201a3cb2360e7
