[INFO] fetching crate embassy-time 0.1.1...
[INFO] testing embassy-time-0.1.1 against 1.69.0 for beta-1.70-1
[INFO] extracting crate embassy-time 0.1.1 into /workspace/builds/worker-1-tc1/source
[INFO] validating manifest of crates.io crate embassy-time 0.1.1 on toolchain 1.69.0
[INFO] running `Command { std: CARGO_HOME="/workspace/cargo-home" RUSTUP_HOME="/workspace/rustup-home" "/workspace/cargo-home/bin/cargo" "+1.69.0" "metadata" "--manifest-path" "Cargo.toml" "--no-deps", kill_on_drop: false }`
[INFO] started tweaking crates.io crate embassy-time 0.1.1
[INFO] finished tweaking crates.io crate embassy-time 0.1.1
[INFO] tweaked toml for crates.io crate embassy-time 0.1.1 written to /workspace/builds/worker-1-tc1/source/Cargo.toml
[INFO] running `Command { std: CARGO_HOME="/workspace/cargo-home" RUSTUP_HOME="/workspace/rustup-home" __CARGO_TEST_CHANNEL_OVERRIDE_DO_NOT_USE_THIS="nightly" "/workspace/cargo-home/bin/cargo" "+1.69.0" "generate-lockfile" "--manifest-path" "Cargo.toml" "-Zno-index-update", kill_on_drop: false }`
[INFO] running `Command { std: CARGO_HOME="/workspace/cargo-home" RUSTUP_HOME="/workspace/rustup-home" "/workspace/cargo-home/bin/cargo" "+1.69.0" "fetch" "--manifest-path" "Cargo.toml", kill_on_drop: false }`
[INFO] [stderr]  Downloading crates ...
[INFO] [stderr]   Downloaded serial_test v0.9.0
[INFO] [stderr]   Downloaded atomic-polyfill v1.0.2
[INFO] [stderr]   Downloaded embedded-hal-async v0.2.0-alpha.1
[INFO] [stderr]   Downloaded defmt v0.3.4
[INFO] [stderr]   Downloaded defmt-parser v0.3.2
[INFO] [stderr]   Downloaded defmt-macros v0.3.4
[INFO] [stderr]   Downloaded serial_test_derive v0.9.0
[INFO] [stderr]   Downloaded embedded-hal v1.0.0-alpha.10
[INFO] [stderr]   Downloaded wasm-timer v0.2.5
[INFO] running `Command { std: "docker" "create" "-v" "/var/lib/crater-agent-workspace/builds/worker-1-tc1/target:/opt/rustwide/target:rw,Z" "-v" "/var/lib/crater-agent-workspace/builds/worker-1-tc1/source:/opt/rustwide/workdir:ro,Z" "-v" "/var/lib/crater-agent-workspace/cargo-home:/opt/rustwide/cargo-home:ro,Z" "-v" "/var/lib/crater-agent-workspace/rustup-home:/opt/rustwide/rustup-home:ro,Z" "-e" "SOURCE_DIR=/opt/rustwide/workdir" "-e" "CARGO_TARGET_DIR=/opt/rustwide/target" "-e" "CARGO_HOME=/opt/rustwide/cargo-home" "-e" "RUSTUP_HOME=/opt/rustwide/rustup-home" "-w" "/opt/rustwide/workdir" "-m" "1610612736" "--user" "0:0" "--network" "none" "ghcr.io/rust-lang/crates-build-env/linux@sha256:5ff2268d62e97bff2cde7d5815dd6ed5b47097566f13b8d0ca110b04b60e07ed" "/opt/rustwide/cargo-home/bin/cargo" "+1.69.0" "metadata" "--no-deps" "--format-version=1", kill_on_drop: false }`
[INFO] [stdout] d00ff3fa48ccce78e11e3969d566021c44987504bb0b25315aa4d8941d34991f
[INFO] running `Command { std: "docker" "start" "-a" "d00ff3fa48ccce78e11e3969d566021c44987504bb0b25315aa4d8941d34991f", kill_on_drop: false }`
[INFO] running `Command { std: "docker" "inspect" "d00ff3fa48ccce78e11e3969d566021c44987504bb0b25315aa4d8941d34991f", kill_on_drop: false }`
[INFO] running `Command { std: "docker" "rm" "-f" "d00ff3fa48ccce78e11e3969d566021c44987504bb0b25315aa4d8941d34991f", kill_on_drop: false }`
[INFO] [stdout] d00ff3fa48ccce78e11e3969d566021c44987504bb0b25315aa4d8941d34991f
[INFO] running `Command { std: "docker" "create" "-v" "/var/lib/crater-agent-workspace/builds/worker-1-tc1/target:/opt/rustwide/target:rw,Z" "-v" "/var/lib/crater-agent-workspace/builds/worker-1-tc1/source:/opt/rustwide/workdir:ro,Z" "-v" "/var/lib/crater-agent-workspace/cargo-home:/opt/rustwide/cargo-home:ro,Z" "-v" "/var/lib/crater-agent-workspace/rustup-home:/opt/rustwide/rustup-home:ro,Z" "-e" "SOURCE_DIR=/opt/rustwide/workdir" "-e" "CARGO_TARGET_DIR=/opt/rustwide/target" "-e" "CARGO_INCREMENTAL=0" "-e" "RUST_BACKTRACE=full" "-e" "RUSTFLAGS=--cap-lints=warn" "-e" "RUSTDOCFLAGS=--cap-lints=warn" "-e" "CARGO_HOME=/opt/rustwide/cargo-home" "-e" "RUSTUP_HOME=/opt/rustwide/rustup-home" "-w" "/opt/rustwide/workdir" "-m" "1610612736" "--user" "0:0" "--network" "none" "ghcr.io/rust-lang/crates-build-env/linux@sha256:5ff2268d62e97bff2cde7d5815dd6ed5b47097566f13b8d0ca110b04b60e07ed" "/opt/rustwide/cargo-home/bin/cargo" "+1.69.0" "build" "--frozen" "--message-format=json", kill_on_drop: false }`
[INFO] [stdout] 16bb4dee8e3a79a93df377f64381e47cd8fb7fc12bc2db1564f5ee3425d98880
[INFO] running `Command { std: "docker" "start" "-a" "16bb4dee8e3a79a93df377f64381e47cd8fb7fc12bc2db1564f5ee3425d98880", kill_on_drop: false }`
[INFO] [stderr]    Compiling semver v1.0.17
[INFO] [stderr]    Compiling futures-task v0.3.28
[INFO] [stderr]    Compiling futures-core v0.3.28
[INFO] [stderr]    Compiling scopeguard v1.1.0
[INFO] [stderr]    Compiling byteorder v1.4.3
[INFO] [stderr]    Compiling atomic-polyfill v1.0.2
[INFO] [stderr]    Compiling futures-util v0.3.28
[INFO] [stderr]    Compiling lock_api v0.4.9
[INFO] [stderr]    Compiling critical-section v1.1.1
[INFO] [stderr]    Compiling stable_deref_trait v1.2.0
[INFO] [stderr]    Compiling hash32 v0.2.1
[INFO] [stderr]    Compiling pin-utils v0.1.0
[INFO] [stderr]    Compiling pin-project-lite v0.2.9
[INFO] [stderr]    Compiling cfg-if v1.0.0
[INFO] [stderr]    Compiling spin v0.9.8
[INFO] [stderr]    Compiling rustc_version v0.4.0
[INFO] [stderr]    Compiling heapless v0.7.16
[INFO] [stderr]    Compiling embassy-time v0.1.1 (/opt/rustwide/workdir)
[INFO] [stderr]     Finished dev [unoptimized + debuginfo] target(s) in 5.95s
[INFO] running `Command { std: "docker" "inspect" "16bb4dee8e3a79a93df377f64381e47cd8fb7fc12bc2db1564f5ee3425d98880", kill_on_drop: false }`
[INFO] running `Command { std: "docker" "rm" "-f" "16bb4dee8e3a79a93df377f64381e47cd8fb7fc12bc2db1564f5ee3425d98880", kill_on_drop: false }`
[INFO] [stdout] 16bb4dee8e3a79a93df377f64381e47cd8fb7fc12bc2db1564f5ee3425d98880
[INFO] running `Command { std: "docker" "create" "-v" "/var/lib/crater-agent-workspace/builds/worker-1-tc1/target:/opt/rustwide/target:rw,Z" "-v" "/var/lib/crater-agent-workspace/builds/worker-1-tc1/source:/opt/rustwide/workdir:ro,Z" "-v" "/var/lib/crater-agent-workspace/cargo-home:/opt/rustwide/cargo-home:ro,Z" "-v" "/var/lib/crater-agent-workspace/rustup-home:/opt/rustwide/rustup-home:ro,Z" "-e" "SOURCE_DIR=/opt/rustwide/workdir" "-e" "CARGO_TARGET_DIR=/opt/rustwide/target" "-e" "CARGO_INCREMENTAL=0" "-e" "RUST_BACKTRACE=full" "-e" "RUSTFLAGS=--cap-lints=warn" "-e" "RUSTDOCFLAGS=--cap-lints=warn" "-e" "CARGO_HOME=/opt/rustwide/cargo-home" "-e" "RUSTUP_HOME=/opt/rustwide/rustup-home" "-w" "/opt/rustwide/workdir" "-m" "1610612736" "--user" "0:0" "--network" "none" "ghcr.io/rust-lang/crates-build-env/linux@sha256:5ff2268d62e97bff2cde7d5815dd6ed5b47097566f13b8d0ca110b04b60e07ed" "/opt/rustwide/cargo-home/bin/cargo" "+1.69.0" "test" "--frozen" "--no-run" "--message-format=json", kill_on_drop: false }`
[INFO] [stdout] dc67cd0524612eac57bffc7d9503479c42ad1282a5d429b77edffefee86d0653
[INFO] running `Command { std: "docker" "start" "-a" "dc67cd0524612eac57bffc7d9503479c42ad1282a5d429b77edffefee86d0653", kill_on_drop: false }`
[INFO] [stderr]    Compiling futures-core v0.3.28
[INFO] [stderr]    Compiling version_check v0.9.4
[INFO] [stderr]    Compiling slab v0.4.8
[INFO] [stderr]    Compiling futures-task v0.3.28
[INFO] [stderr]    Compiling futures-channel v0.3.28
[INFO] [stderr]    Compiling memchr v2.5.0
[INFO] [stderr]    Compiling futures-sink v0.3.28
[INFO] [stderr]    Compiling futures-util v0.3.28
[INFO] [stderr]    Compiling libc v0.2.142
[INFO] [stderr]    Compiling syn v1.0.109
[INFO] [stderr]    Compiling futures-io v0.3.28
[INFO] [stderr]    Compiling proc-macro-error-attr v1.0.4
[INFO] [stderr]    Compiling parking_lot_core v0.9.7
[INFO] [stderr]    Compiling proc-macro-error v1.0.4
[INFO] [stderr]    Compiling smallvec v1.10.0
[INFO] [stderr]    Compiling log v0.4.17
[INFO] [stderr]    Compiling once_cell v1.17.1
[INFO] [stderr]    Compiling critical-section v1.1.1
[INFO] [stderr]    Compiling hashbrown v0.12.3
[INFO] [stderr]    Compiling atomic-polyfill v1.0.2
[INFO] [stderr]    Compiling parking_lot v0.12.1
[INFO] [stderr]    Compiling dashmap v5.4.0
[INFO] [stderr]    Compiling futures-executor v0.3.28
[INFO] [stderr]    Compiling embassy-time v0.1.1 (/opt/rustwide/workdir)
[INFO] [stderr]    Compiling serial_test_derive v0.9.0
[INFO] [stderr]    Compiling futures v0.3.28
[INFO] [stderr]    Compiling serial_test v0.9.0
[INFO] [stderr]     Finished test [unoptimized + debuginfo] target(s) in 17.68s
[INFO] running `Command { std: "docker" "inspect" "dc67cd0524612eac57bffc7d9503479c42ad1282a5d429b77edffefee86d0653", kill_on_drop: false }`
[INFO] running `Command { std: "docker" "rm" "-f" "dc67cd0524612eac57bffc7d9503479c42ad1282a5d429b77edffefee86d0653", kill_on_drop: false }`
[INFO] [stdout] dc67cd0524612eac57bffc7d9503479c42ad1282a5d429b77edffefee86d0653
[INFO] running `Command { std: "docker" "create" "-v" "/var/lib/crater-agent-workspace/builds/worker-1-tc1/target:/opt/rustwide/target:rw,Z" "-v" "/var/lib/crater-agent-workspace/builds/worker-1-tc1/source:/opt/rustwide/workdir:ro,Z" "-v" "/var/lib/crater-agent-workspace/cargo-home:/opt/rustwide/cargo-home:ro,Z" "-v" "/var/lib/crater-agent-workspace/rustup-home:/opt/rustwide/rustup-home:ro,Z" "-e" "SOURCE_DIR=/opt/rustwide/workdir" "-e" "CARGO_TARGET_DIR=/opt/rustwide/target" "-e" "CARGO_INCREMENTAL=0" "-e" "RUST_BACKTRACE=full" "-e" "RUSTFLAGS=--cap-lints=warn" "-e" "RUSTDOCFLAGS=--cap-lints=warn" "-e" "CARGO_HOME=/opt/rustwide/cargo-home" "-e" "RUSTUP_HOME=/opt/rustwide/rustup-home" "-w" "/opt/rustwide/workdir" "-m" "1610612736" "--user" "0:0" "--network" "none" "ghcr.io/rust-lang/crates-build-env/linux@sha256:5ff2268d62e97bff2cde7d5815dd6ed5b47097566f13b8d0ca110b04b60e07ed" "/opt/rustwide/cargo-home/bin/cargo" "+1.69.0" "test" "--frozen", kill_on_drop: false }`
[INFO] [stdout] a42da45f8a9824e5eb7f3d5325568ad670de516ef1d703037e682a30b4343f7d
[INFO] running `Command { std: "docker" "start" "-a" "a42da45f8a9824e5eb7f3d5325568ad670de516ef1d703037e682a30b4343f7d", kill_on_drop: false }`
[INFO] [stderr]     Finished test [unoptimized + debuginfo] target(s) in 0.10s
[INFO] [stderr]      Running unittests src/lib.rs (/opt/rustwide/target/debug/deps/embassy_time-92980ee34ebd85ae)
[INFO] [stdout] 
[INFO] [stdout] running 0 tests
[INFO] [stdout] 
[INFO] [stdout] test result: ok. 0 passed; 0 failed; 0 ignored; 0 measured; 0 filtered out; finished in 0.00s
[INFO] [stdout] 
[INFO] [stderr]    Doc-tests embassy-time
[INFO] [stdout] 
[INFO] [stdout] running 5 tests
[INFO] [stdout] test src/timer.rs - timer::Ticker (line 88) - compile ... FAILED
[INFO] [stdout] test src/timer.rs - timer::Ticker (line 108) - compile ... FAILED
[INFO] [stdout] test src/timer.rs - timer::Timer::after (line 48) - compile ... FAILED
[INFO] [stdout] test src/driver.rs - driver (line 36) ... FAILED
[INFO] [stdout] test src/queue.rs - queue (line 19) ... ok
[INFO] [stdout] 
[INFO] [stderr] error: doctest failed, to rerun pass `--doc`
[INFO] [stdout] failures:
[INFO] [stdout] 
[INFO] [stdout] ---- src/timer.rs - timer::Ticker (line 88) stdout ----
[INFO] [stdout] error[E0433]: failed to resolve: use of undeclared crate or module `embassy_executor`
[INFO] [stdout]  --> src/timer.rs:94:3
[INFO] [stdout]   |
[INFO] [stdout] 9 | #[embassy_executor::task]
[INFO] [stdout]   |   ^^^^^^^^^^^^^^^^ use of undeclared crate or module `embassy_executor`
[INFO] [stdout] 
[INFO] [stdout] error[E0554]: `#![feature]` may not be used on the stable release channel
[INFO] [stdout]  --> src/timer.rs:87:1
[INFO] [stdout]   |
[INFO] [stdout] 2 | #![feature(type_alias_impl_trait)]
[INFO] [stdout]   | ^^^^^^^^^^^^^^^^^^^^^^^^^^^^^^^^^^
[INFO] [stdout] 
[INFO] [stdout] error: aborting due to 2 previous errors
[INFO] [stdout] 
[INFO] [stdout] Some errors have detailed explanations: E0433, E0554.
[INFO] [stdout] For more information about an error, try `rustc --explain E0433`.
[INFO] [stdout] Couldn't compile the test.
[INFO] [stdout] ---- src/timer.rs - timer::Ticker (line 108) stdout ----
[INFO] [stdout] error[E0432]: unresolved import `futures`
[INFO] [stdout]  --> src/timer.rs:112:5
[INFO] [stdout]   |
[INFO] [stdout] 7 | use futures::StreamExt;
[INFO] [stdout]   |     ^^^^^^^ use of undeclared crate or module `futures`
[INFO] [stdout] 
[INFO] [stdout] error[E0433]: failed to resolve: use of undeclared crate or module `embassy_executor`
[INFO] [stdout]   --> src/timer.rs:115:3
[INFO] [stdout]    |
[INFO] [stdout] 10 | #[embassy_executor::task]
[INFO] [stdout]    |   ^^^^^^^^^^^^^^^^ use of undeclared crate or module `embassy_executor`
[INFO] [stdout] 
[INFO] [stdout] error[E0554]: `#![feature]` may not be used on the stable release channel
[INFO] [stdout]  --> src/timer.rs:107:1
[INFO] [stdout]   |
[INFO] [stdout] 2 | #![feature(type_alias_impl_trait)]
[INFO] [stdout]   | ^^^^^^^^^^^^^^^^^^^^^^^^^^^^^^^^^^
[INFO] [stdout] 
[INFO] [stdout] error: aborting due to 3 previous errors
[INFO] [stdout] 
[INFO] [stdout] Some errors have detailed explanations: E0432, E0433, E0554.
[INFO] [stdout] For more information about an error, try `rustc --explain E0432`.
[INFO] [stdout] Couldn't compile the test.
[INFO] [stdout] ---- src/timer.rs - timer::Timer::after (line 48) stdout ----
[INFO] [stdout] error[E0433]: failed to resolve: use of undeclared crate or module `embassy_executor`
[INFO] [stdout]  --> src/timer.rs:54:3
[INFO] [stdout]   |
[INFO] [stdout] 9 | #[embassy_executor::task]
[INFO] [stdout]   |   ^^^^^^^^^^^^^^^^ use of undeclared crate or module `embassy_executor`
[INFO] [stdout] 
[INFO] [stdout] error[E0554]: `#![feature]` may not be used on the stable release channel
[INFO] [stdout]  --> src/timer.rs:47:1
[INFO] [stdout]   |
[INFO] [stdout] 2 | #![feature(type_alias_impl_trait)]
[INFO] [stdout]   | ^^^^^^^^^^^^^^^^^^^^^^^^^^^^^^^^^^
[INFO] [stdout] 
[INFO] [stdout] error: aborting due to 2 previous errors
[INFO] [stdout] 
[INFO] [stdout] Some errors have detailed explanations: E0433, E0554.
[INFO] [stdout] For more information about an error, try `rustc --explain E0433`.
[INFO] [stdout] Couldn't compile the test.
[INFO] [stdout] ---- src/driver.rs - driver (line 36) stdout ----
[INFO] [stdout] error[E0053]: method `set_alarm` has an incompatible type for trait
[INFO] [stdout]   --> src/driver.rs:52:61
[INFO] [stdout]    |
[INFO] [stdout] 19 |     fn set_alarm(&self, alarm: AlarmHandle, timestamp: u64) {
[INFO] [stdout]    |                                                             ^ expected `bool`, found `()`
[INFO] [stdout]    |
[INFO] [stdout]    = note: expected signature `fn(&MyDriver, AlarmHandle, _) -> bool`
[INFO] [stdout]               found signature `fn(&MyDriver, AlarmHandle, _)`
[INFO] [stdout] help: change the output type to match the trait
[INFO] [stdout]    |
[INFO] [stdout] 19 |     fn set_alarm(&self, alarm: AlarmHandle, timestamp: u64) -> bool {
[INFO] [stdout]    |                                                             +++++++
[INFO] [stdout] 
[INFO] [stdout] error: aborting due to previous error
[INFO] [stdout] 
[INFO] [stdout] For more information about this error, try `rustc --explain E0053`.
[INFO] [stdout] Couldn't compile the test.
[INFO] [stdout] 
[INFO] [stdout] failures:
[INFO] [stdout]     src/driver.rs - driver (line 36)
[INFO] [stdout]     src/timer.rs - timer::Ticker (line 108)
[INFO] [stdout]     src/timer.rs - timer::Ticker (line 88)
[INFO] [stdout]     src/timer.rs - timer::Timer::after (line 48)
[INFO] [stdout] 
[INFO] [stdout] test result: FAILED. 1 passed; 4 failed; 0 ignored; 0 measured; 0 filtered out; finished in 0.49s
[INFO] [stdout] 
[INFO] running `Command { std: "docker" "inspect" "a42da45f8a9824e5eb7f3d5325568ad670de516ef1d703037e682a30b4343f7d", kill_on_drop: false }`
[INFO] running `Command { std: "docker" "rm" "-f" "a42da45f8a9824e5eb7f3d5325568ad670de516ef1d703037e682a30b4343f7d", kill_on_drop: false }`
[INFO] [stdout] a42da45f8a9824e5eb7f3d5325568ad670de516ef1d703037e682a30b4343f7d
