[INFO] fetching crate elvis-backend 0.1.2...
[INFO] testing elvis-backend-0.1.2 against 1.69.0 for beta-1.70-1
[INFO] extracting crate elvis-backend 0.1.2 into /workspace/builds/worker-2-tc1/source
[INFO] validating manifest of crates.io crate elvis-backend 0.1.2 on toolchain 1.69.0
[INFO] running `Command { std: CARGO_HOME="/workspace/cargo-home" RUSTUP_HOME="/workspace/rustup-home" "/workspace/cargo-home/bin/cargo" "+1.69.0" "metadata" "--manifest-path" "Cargo.toml" "--no-deps", kill_on_drop: false }`
[INFO] started tweaking crates.io crate elvis-backend 0.1.2
[INFO] finished tweaking crates.io crate elvis-backend 0.1.2
[INFO] tweaked toml for crates.io crate elvis-backend 0.1.2 written to /workspace/builds/worker-2-tc1/source/Cargo.toml
[INFO] running `Command { std: CARGO_HOME="/workspace/cargo-home" RUSTUP_HOME="/workspace/rustup-home" __CARGO_TEST_CHANNEL_OVERRIDE_DO_NOT_USE_THIS="nightly" "/workspace/cargo-home/bin/cargo" "+1.69.0" "generate-lockfile" "--manifest-path" "Cargo.toml" "-Zno-index-update", kill_on_drop: false }`
[INFO] running `Command { std: CARGO_HOME="/workspace/cargo-home" RUSTUP_HOME="/workspace/rustup-home" "/workspace/cargo-home/bin/cargo" "+1.69.0" "fetch" "--manifest-path" "Cargo.toml", kill_on_drop: false }`
[INFO] [stderr]  Downloading crates ...
[INFO] [stderr]   Downloaded serde_ignored v0.1.7
[INFO] [stderr]   Downloaded multipart v0.17.1
[INFO] [stderr]   Downloaded tungstenite v0.11.1
[INFO] [stderr]   Downloaded input_buffer v0.3.1
[INFO] [stderr]   Downloaded tokio-tungstenite v0.11.0
[INFO] [stderr]   Downloaded warp v0.2.5
[INFO] [stderr]   Downloaded etc v0.1.16
[INFO] [stderr]   Downloaded binaryen v0.10.0
[INFO] [stderr]   Downloaded binaryen-sys v0.10.1
[INFO] running `Command { std: "docker" "create" "-v" "/var/lib/crater-agent-workspace/builds/worker-2-tc1/target:/opt/rustwide/target:rw,Z" "-v" "/var/lib/crater-agent-workspace/builds/worker-2-tc1/source:/opt/rustwide/workdir:ro,Z" "-v" "/var/lib/crater-agent-workspace/cargo-home:/opt/rustwide/cargo-home:ro,Z" "-v" "/var/lib/crater-agent-workspace/rustup-home:/opt/rustwide/rustup-home:ro,Z" "-e" "SOURCE_DIR=/opt/rustwide/workdir" "-e" "CARGO_TARGET_DIR=/opt/rustwide/target" "-e" "CARGO_HOME=/opt/rustwide/cargo-home" "-e" "RUSTUP_HOME=/opt/rustwide/rustup-home" "-w" "/opt/rustwide/workdir" "-m" "1610612736" "--user" "0:0" "--network" "none" "ghcr.io/rust-lang/crates-build-env/linux@sha256:5ff2268d62e97bff2cde7d5815dd6ed5b47097566f13b8d0ca110b04b60e07ed" "/opt/rustwide/cargo-home/bin/cargo" "+1.69.0" "metadata" "--no-deps" "--format-version=1", kill_on_drop: false }`
[INFO] [stdout] 44b691ab1c5fd20a4681400b58ef81266504d1b915a6730e72c5d596683807ae
[INFO] running `Command { std: "docker" "start" "-a" "44b691ab1c5fd20a4681400b58ef81266504d1b915a6730e72c5d596683807ae", kill_on_drop: false }`
[INFO] running `Command { std: "docker" "inspect" "44b691ab1c5fd20a4681400b58ef81266504d1b915a6730e72c5d596683807ae", kill_on_drop: false }`
[INFO] running `Command { std: "docker" "rm" "-f" "44b691ab1c5fd20a4681400b58ef81266504d1b915a6730e72c5d596683807ae", kill_on_drop: false }`
[INFO] [stdout] 44b691ab1c5fd20a4681400b58ef81266504d1b915a6730e72c5d596683807ae
[INFO] running `Command { std: "docker" "create" "-v" "/var/lib/crater-agent-workspace/builds/worker-2-tc1/target:/opt/rustwide/target:rw,Z" "-v" "/var/lib/crater-agent-workspace/builds/worker-2-tc1/source:/opt/rustwide/workdir:ro,Z" "-v" "/var/lib/crater-agent-workspace/cargo-home:/opt/rustwide/cargo-home:ro,Z" "-v" "/var/lib/crater-agent-workspace/rustup-home:/opt/rustwide/rustup-home:ro,Z" "-e" "SOURCE_DIR=/opt/rustwide/workdir" "-e" "CARGO_TARGET_DIR=/opt/rustwide/target" "-e" "CARGO_INCREMENTAL=0" "-e" "RUST_BACKTRACE=full" "-e" "RUSTFLAGS=--cap-lints=warn" "-e" "RUSTDOCFLAGS=--cap-lints=warn" "-e" "CARGO_HOME=/opt/rustwide/cargo-home" "-e" "RUSTUP_HOME=/opt/rustwide/rustup-home" "-w" "/opt/rustwide/workdir" "-m" "1610612736" "--user" "0:0" "--network" "none" "ghcr.io/rust-lang/crates-build-env/linux@sha256:5ff2268d62e97bff2cde7d5815dd6ed5b47097566f13b8d0ca110b04b60e07ed" "/opt/rustwide/cargo-home/bin/cargo" "+1.69.0" "build" "--frozen" "--message-format=json", kill_on_drop: false }`
[INFO] [stdout] aa9ee5274dac2147ea17113f3363c5ca09323d06b49df72c678dc3b4c9c4f8ac
[INFO] running `Command { std: "docker" "start" "-a" "aa9ee5274dac2147ea17113f3363c5ca09323d06b49df72c678dc3b4c9c4f8ac", kill_on_drop: false }`
[INFO] [stderr]    Compiling unicode-ident v1.0.8
[INFO] [stderr]    Compiling libc v0.2.142
[INFO] [stderr]    Compiling memchr v2.5.0
[INFO] [stderr]    Compiling heck v0.3.3
[INFO] [stderr]    Compiling leb128 v0.2.5
[INFO] [stderr]    Compiling anyhow v1.0.71
[INFO] [stderr]    Compiling serde v1.0.160
[INFO] [stderr]    Compiling bytes v0.5.6
[INFO] [stderr]    Compiling getrandom v0.1.16
[INFO] [stderr]    Compiling id-arena v2.2.1
[INFO] [stderr]    Compiling wasmparser v0.77.0
[INFO] [stderr]    Compiling unicase v2.6.0
[INFO] [stderr]    Compiling wit-schema-version v0.1.0
[INFO] [stderr]    Compiling pin-project-lite v0.1.12
[INFO] [stderr]    Compiling tracing-core v0.1.30
[INFO] [stderr]    Compiling indexmap v1.9.3
[INFO] [stderr]    Compiling proc-macro2 v1.0.56
[INFO] [stderr]    Compiling cc v1.0.79
[INFO] [stderr]    Compiling pin-project-internal v0.4.30
[INFO] [stderr]    Compiling safemem v0.3.3
[INFO] [stderr]    Compiling byteorder v1.4.3
[INFO] [stderr]    Compiling block-buffer v0.9.0
[INFO] [stderr]    Compiling digest v0.9.0
[INFO] [stderr]    Compiling opaque-debug v0.3.0
[INFO] [stderr]    Compiling mime v0.3.17
[INFO] [stderr]    Compiling quick-error v1.2.3
[INFO] [stderr]    Compiling digest v0.10.6
[INFO] [stderr]    Compiling sha-1 v0.9.8
[INFO] [stderr]    Compiling quote v1.0.26
[INFO] [stderr]    Compiling tracing v0.1.37
[INFO] [stderr]    Compiling wit-parser v0.2.0
[INFO] [stderr]    Compiling input_buffer v0.3.1
[INFO] [stderr]    Compiling syn v1.0.109
[INFO] [stderr]    Compiling syn v2.0.15
[INFO] [stderr]    Compiling aho-corasick v1.0.1
[INFO] [stderr]    Compiling cmake v0.1.50
[INFO] [stderr]    Compiling wit-writer v0.2.0
[INFO] [stderr]    Compiling base64 v0.12.3
[INFO] [stderr]    Compiling utf-8 v0.7.6
[INFO] [stderr]    Compiling itoa v0.4.8
[INFO] [stderr]    Compiling wasm-bindgen-shared v0.2.84
[INFO] [stderr]    Compiling mime_guess v2.0.4
[INFO] [stderr]    Compiling try-lock v0.2.4
[INFO] [stderr]    Compiling twoway v0.1.8
[INFO] [stderr]    Compiling want v0.3.0
[INFO] [stderr]    Compiling buf_redux v0.8.4
[INFO] [stderr]    Compiling sha1 v0.10.5
[INFO] [stderr]    Compiling http-body v0.3.1
[INFO] [stderr]    Compiling wast v21.0.0
[INFO] [stderr]    Compiling headers-core v0.2.0
[INFO] [stderr]    Compiling tower-service v0.3.2
[INFO] [stderr]    Compiling dtoa v0.4.8
[INFO] [stderr]    Compiling semver-parser v0.7.0
[INFO] [stderr]    Compiling httpdate v0.3.2
[INFO] [stderr]    Compiling wasmparser v0.59.0
[INFO] [stderr]    Compiling lazycell v1.3.0
[INFO] [stderr]    Compiling walkdir v2.3.3
[INFO] [stderr]    Compiling headers v0.3.8
[INFO] [stderr]    Compiling humantime v1.3.0
[INFO] [stderr]    Compiling base64 v0.9.3
[INFO] [stderr]    Compiling rustc-demangle v0.1.23
[INFO] [stderr]    Compiling urlencoding v1.3.3
[INFO] [stderr]    Compiling net2 v0.2.38
[INFO] [stderr]    Compiling iovec v0.1.4
[INFO] [stderr]    Compiling regex v1.8.1
[INFO] [stderr]    Compiling rand_core v0.5.1
[INFO] [stderr]    Compiling io-lifetimes v1.0.10
[INFO] [stderr]    Compiling mio v0.6.23
[INFO] [stderr]    Compiling inotify-sys v0.1.5
[INFO] [stderr]    Compiling socket2 v0.3.19
[INFO] [stderr]    Compiling rustix v0.37.18
[INFO] [stderr]    Compiling inotify v0.7.1
[INFO] [stderr]    Compiling rand_chacha v0.2.2
[INFO] [stderr]    Compiling filetime v0.2.21
[INFO] [stderr]    Compiling atty v0.2.14
[INFO] [stderr]    Compiling rand v0.7.3
[INFO] [stderr]    Compiling scoped-tls v1.0.1
[INFO] [stderr]    Compiling termcolor v1.2.0
[INFO] [stderr]    Compiling etc v0.1.16
[INFO] [stderr]    Compiling strsim v0.10.0
[INFO] [stderr]    Compiling wit-validator v0.2.1
[INFO] [stderr]    Compiling mio-extras v2.0.6
[INFO] [stderr]    Compiling tungstenite v0.11.1
[INFO] [stderr]    Compiling env_logger v0.7.1
[INFO] [stderr]    Compiling notify v4.0.17
[INFO] [stderr]    Compiling serde_derive v1.0.160
[INFO] [stderr]    Compiling futures-macro v0.3.28
[INFO] [stderr]    Compiling tempfile v3.5.0
[INFO] [stderr]    Compiling binaryen-sys v0.10.1
[INFO] [stderr]    Compiling multipart v0.17.1
[INFO] [stderr]    Compiling wit-text v0.8.0
[INFO] [stderr]    Compiling walrus-macro v0.19.0
[INFO] [stderr]    Compiling tokio-macros v0.2.6
[INFO] [stderr]    Compiling pin-project-internal v1.0.12
[INFO] [stderr]    Compiling futures-util v0.3.28
[INFO] [stderr]    Compiling tokio v0.2.25
[INFO] [stderr]    Compiling walrus v0.19.0
[INFO] [stderr]    Compiling pin-project v1.0.12
[INFO] [stderr]    Compiling tracing-futures v0.2.5
[INFO] [stderr]    Compiling pin-project v0.4.30
[INFO] [stderr] error: could not compile `futures-util`
[INFO] [stderr] 
[INFO] [stderr] Caused by:
[INFO] [stderr]   process didn't exit successfully: `rustc --crate-name futures_util --edition=2018 /opt/rustwide/cargo-home/registry/src/github.com-1ecc6299db9ec823/futures-util-0.3.28/src/lib.rs --error-format=json --json=diagnostic-rendered-ansi,artifacts,future-incompat --crate-type lib --emit=dep-info,metadata,link -C embed-bitcode=no -C debuginfo=2 --cfg 'feature="alloc"' --cfg 'feature="async-await"' --cfg 'feature="async-await-macro"' --cfg 'feature="channel"' --cfg 'feature="futures-channel"' --cfg 'feature="futures-io"' --cfg 'feature="futures-macro"' --cfg 'feature="futures-sink"' --cfg 'feature="io"' --cfg 'feature="memchr"' --cfg 'feature="sink"' --cfg 'feature="slab"' --cfg 'feature="std"' -C metadata=9790e483c4f87b4a -C extra-filename=-9790e483c4f87b4a --out-dir /opt/rustwide/target/debug/deps -L dependency=/opt/rustwide/target/debug/deps --extern futures_channel=/opt/rustwide/target/debug/deps/libfutures_channel-6efe3e36c9bebe99.rmeta --extern futures_core=/opt/rustwide/target/debug/deps/libfutures_core-6002dc2ff0ad2c7a.rmeta --extern futures_io=/opt/rustwide/target/debug/deps/libfutures_io-4614e9b19a26d89f.rmeta --extern futures_macro=/opt/rustwide/target/debug/deps/libfutures_macro-3b20b527da1b0ace.so --extern futures_sink=/opt/rustwide/target/debug/deps/libfutures_sink-0848eae0e91803d6.rmeta --extern futures_task=/opt/rustwide/target/debug/deps/libfutures_task-b59556b3c537ad98.rmeta --extern memchr=/opt/rustwide/target/debug/deps/libmemchr-399e4d4e829e4e4b.rmeta --extern pin_project_lite=/opt/rustwide/target/debug/deps/libpin_project_lite-e66e1bab7310d569.rmeta --extern pin_utils=/opt/rustwide/target/debug/deps/libpin_utils-0d8eaf4ac0fcb221.rmeta --extern slab=/opt/rustwide/target/debug/deps/libslab-8bb798f134a0a9e7.rmeta --cap-lints allow --cap-lints=warn` (signal: 9, SIGKILL: kill)
[INFO] [stderr] warning: build failed, waiting for other jobs to finish...
[INFO] [stderr] error: could not compile `walrus`
[INFO] [stderr] 
[INFO] [stderr] Caused by:
[INFO] [stderr]   process didn't exit successfully: `rustc --crate-name walrus --edition=2018 /opt/rustwide/cargo-home/registry/src/github.com-1ecc6299db9ec823/walrus-0.19.0/src/lib.rs --error-format=json --json=diagnostic-rendered-ansi,artifacts,future-incompat --crate-type lib --emit=dep-info,metadata,link -C embed-bitcode=no -C debuginfo=2 -C metadata=928eb13776c7142b -C extra-filename=-928eb13776c7142b --out-dir /opt/rustwide/target/debug/deps -L dependency=/opt/rustwide/target/debug/deps --extern anyhow=/opt/rustwide/target/debug/deps/libanyhow-2a8b4879abb5c883.rmeta --extern id_arena=/opt/rustwide/target/debug/deps/libid_arena-ba9e235781a05378.rmeta --extern leb128=/opt/rustwide/target/debug/deps/libleb128-d310cd221d0164fe.rmeta --extern log=/opt/rustwide/target/debug/deps/liblog-e4acea3c8ca43b70.rmeta --extern walrus_macro=/opt/rustwide/target/debug/deps/libwalrus_macro-2c6922547020a3d8.so --extern wasmparser=/opt/rustwide/target/debug/deps/libwasmparser-57decd8c65c86eeb.rmeta --cap-lints allow --cap-lints=warn` (signal: 9, SIGKILL: kill)
[INFO] [stderr] error: could not compile `tokio`
[INFO] [stderr] 
[INFO] [stderr] Caused by:
[INFO] [stderr]   process didn't exit successfully: `rustc --crate-name tokio --edition=2018 /opt/rustwide/cargo-home/registry/src/github.com-1ecc6299db9ec823/tokio-0.2.25/src/lib.rs --error-format=json --json=diagnostic-rendered-ansi,artifacts,future-incompat --crate-type lib --emit=dep-info,metadata,link -C embed-bitcode=no -C debuginfo=2 --cfg 'feature="blocking"' --cfg 'feature="default"' --cfg 'feature="fnv"' --cfg 'feature="fs"' --cfg 'feature="futures-core"' --cfg 'feature="io-driver"' --cfg 'feature="io-util"' --cfg 'feature="iovec"' --cfg 'feature="lazy_static"' --cfg 'feature="macros"' --cfg 'feature="memchr"' --cfg 'feature="mio"' --cfg 'feature="rt-core"' --cfg 'feature="slab"' --cfg 'feature="stream"' --cfg 'feature="sync"' --cfg 'feature="tcp"' --cfg 'feature="time"' --cfg 'feature="tokio-macros"' -C metadata=4af0f88c85a16d4f -C extra-filename=-4af0f88c85a16d4f --out-dir /opt/rustwide/target/debug/deps -L dependency=/opt/rustwide/target/debug/deps --extern bytes=/opt/rustwide/target/debug/deps/libbytes-5cb1d87b13df8e8c.rmeta --extern fnv=/opt/rustwide/target/debug/deps/libfnv-41a559218f992797.rmeta --extern futures_core=/opt/rustwide/target/debug/deps/libfutures_core-6002dc2ff0ad2c7a.rmeta --extern iovec=/opt/rustwide/target/debug/deps/libiovec-ca16bbcb6c95000a.rmeta --extern lazy_static=/opt/rustwide/target/debug/deps/liblazy_static-a15e1ed0a3c31761.rmeta --extern memchr=/opt/rustwide/target/debug/deps/libmemchr-399e4d4e829e4e4b.rmeta --extern mio=/opt/rustwide/target/debug/deps/libmio-259a742f76da5722.rmeta --extern pin_project_lite=/opt/rustwide/target/debug/deps/libpin_project_lite-887720c86d2e0f5d.rmeta --extern slab=/opt/rustwide/target/debug/deps/libslab-8bb798f134a0a9e7.rmeta --extern tokio_macros=/opt/rustwide/target/debug/deps/libtokio_macros-484b21bbb0358807.so --cap-lints allow --cap-lints=warn` (signal: 9, SIGKILL: kill)
[INFO] [stderr] error: could not compile `serde`
[INFO] [stderr] 
[INFO] [stderr] Caused by:
[INFO] [stderr]   process didn't exit successfully: `rustc --crate-name serde /opt/rustwide/cargo-home/registry/src/github.com-1ecc6299db9ec823/serde-1.0.160/src/lib.rs --error-format=json --json=diagnostic-rendered-ansi,artifacts,future-incompat --crate-type lib --emit=dep-info,metadata,link -C embed-bitcode=no -C debuginfo=2 --cfg 'feature="alloc"' --cfg 'feature="default"' --cfg 'feature="derive"' --cfg 'feature="serde_derive"' --cfg 'feature="std"' -C metadata=d4c673f14439486d -C extra-filename=-d4c673f14439486d --out-dir /opt/rustwide/target/debug/deps -L dependency=/opt/rustwide/target/debug/deps --extern serde_derive=/opt/rustwide/target/debug/deps/libserde_derive-20e46e28427b7d83.so --cap-lints allow --cap-lints=warn` (signal: 9, SIGKILL: kill)
[INFO] [stderr] error: failed to run custom build command for `binaryen-sys v0.10.1`
[INFO] [stderr] note: To improve backtraces for build dependencies, set the CARGO_PROFILE_DEV_BUILD_OVERRIDE_DEBUG=true environment variable to enable debug information generation.
[INFO] [stderr] 
[INFO] [stderr] Caused by:
[INFO] [stderr]   process didn't exit successfully: `/opt/rustwide/target/debug/build/binaryen-sys-a2c0ba4d1a71b60c/build-script-build` (exit status: 101)
[INFO] [stderr]   --- stdout
[INFO] [stderr]   CMAKE_TOOLCHAIN_FILE_x86_64-unknown-linux-gnu = None
[INFO] [stderr]   CMAKE_TOOLCHAIN_FILE_x86_64_unknown_linux_gnu = None
[INFO] [stderr]   HOST_CMAKE_TOOLCHAIN_FILE = None
[INFO] [stderr]   CMAKE_TOOLCHAIN_FILE = None
[INFO] [stderr]   CMAKE_GENERATOR_x86_64-unknown-linux-gnu = None
[INFO] [stderr]   CMAKE_GENERATOR_x86_64_unknown_linux_gnu = None
[INFO] [stderr]   HOST_CMAKE_GENERATOR = None
[INFO] [stderr]   CMAKE_GENERATOR = None
[INFO] [stderr]   CMAKE_PREFIX_PATH_x86_64-unknown-linux-gnu = None
[INFO] [stderr]   CMAKE_PREFIX_PATH_x86_64_unknown_linux_gnu = None
[INFO] [stderr]   HOST_CMAKE_PREFIX_PATH = None
[INFO] [stderr]   CMAKE_PREFIX_PATH = None
[INFO] [stderr]   CMAKE_x86_64-unknown-linux-gnu = None
[INFO] [stderr]   CMAKE_x86_64_unknown_linux_gnu = None
[INFO] [stderr]   HOST_CMAKE = None
[INFO] [stderr]   CMAKE = None
[INFO] [stderr]   running: cd "/opt/rustwide/target/debug/build/binaryen-sys-4301a9bb1390960d/out/build" && CMAKE_PREFIX_PATH="" "cmake" "/opt/rustwide/cargo-home/registry/src/github.com-1ecc6299db9ec823/binaryen-sys-0.10.1/binaryen" "-DBUILD_STATIC_LIB=ON" "-DENABLE_WERROR=OFF" "-DCMAKE_INSTALL_PREFIX=/opt/rustwide/target/debug/build/binaryen-sys-4301a9bb1390960d/out" "-DCMAKE_C_FLAGS= -ffunction-sections -fdata-sections -fPIC -m64" "-DCMAKE_C_COMPILER=/usr/bin/cc" "-DCMAKE_CXX_FLAGS= -ffunction-sections -fdata-sections -fPIC -m64" "-DCMAKE_CXX_COMPILER=/usr/bin/c++" "-DCMAKE_ASM_FLAGS= -ffunction-sections -fdata-sections -fPIC -m64" "-DCMAKE_ASM_COMPILER=/usr/bin/cc" "-DCMAKE_BUILD_TYPE=Debug"
[INFO] [stderr]   -- The C compiler identification is GNU 11.3.0
[INFO] [stderr]   -- The CXX compiler identification is GNU 11.3.0
[INFO] [stderr]   -- Detecting C compiler ABI info
[INFO] [stderr]   -- Detecting C compiler ABI info - done
[INFO] [stderr]   -- Check for working C compiler: /usr/bin/cc - skipped
[INFO] [stderr]   -- Detecting C compile features
[INFO] [stderr]   -- Detecting C compile features - done
[INFO] [stderr]   -- Detecting CXX compiler ABI info
[INFO] [stderr]   -- Detecting CXX compiler ABI info - done
[INFO] [stderr]   -- Check for working CXX compiler: /usr/bin/c++ - skipped
[INFO] [stderr]   -- Detecting CXX compile features
[INFO] [stderr]   -- Detecting CXX compile features - done
[INFO] [stderr]   -- Building with -DBUILD_LLVM_DWARF
[INFO] [stderr]   -- Looking for pthread.h
[INFO] [stderr]   -- Looking for pthread.h - found
[INFO] [stderr]   -- Performing Test CMAKE_HAVE_LIBC_PTHREAD
[INFO] [stderr]   -- Performing Test CMAKE_HAVE_LIBC_PTHREAD - Success
[INFO] [stderr]   -- Found Threads: TRUE  
[INFO] [stderr]   -- Building with -std=c++14
[INFO] [stderr]   -- Building with -Wall
[INFO] [stderr]   -- Building with -Wextra
[INFO] [stderr]   -- Building with -Wno-unused-parameter
[INFO] [stderr]   -- Building with -fno-omit-frame-pointer
[INFO] [stderr]   -- Building with -Wno-implicit-int-float-conversion
[INFO] [stderr]   -- Building with -Wno-unknown-warning-option
[INFO] [stderr]   -- Building with -Wswitch
[INFO] [stderr]   -- Building with -fPIC
[INFO] [stderr]   -- Building with -O0
[INFO] [stderr]   -- Building with -g3
[INFO] [stderr]   -- Building libbinaryen as statically linked library.
[INFO] [stderr]   -- Configuring done
[INFO] [stderr]   -- Generating done
[INFO] [stderr]   -- Build files have been written to: /opt/rustwide/target/debug/build/binaryen-sys-4301a9bb1390960d/out/build
[INFO] [stderr]   running: cd "/opt/rustwide/target/debug/build/binaryen-sys-4301a9bb1390960d/out/build" && MAKEFLAGS="-j --jobserver-fds=6,7 --jobserver-auth=6,7" "cmake" "--build" "." "--target" "install" "--config" "Debug"
[INFO] [stderr]   [  3%] Building CXX object src/ir/CMakeFiles/ir.dir/ExpressionManipulator.cpp.o
[INFO] [stderr]   [  4%] Building CXX object src/ir/CMakeFiles/ir.dir/LocalGraph.cpp.o
[INFO] [stderr]   [  5%] Generating WasmIntrinsics.cpp
[INFO] [stderr]   [  5%] Building CXX object src/wasm/CMakeFiles/wasm.dir/literal.cpp.o
[INFO] [stderr]   [  3%] Building CXX object src/wasm/CMakeFiles/wasm.dir/wasm.cpp.o
[INFO] [stderr]   [  5%] Building CXX object src/ir/CMakeFiles/ir.dir/ExpressionAnalyzer.cpp.o
[INFO] [stderr]   [  5%] Building CXX object src/support/CMakeFiles/support.dir/archive.cpp.o
[INFO] [stderr]   [  5%] Building CXX object src/wasm/CMakeFiles/wasm.dir/wasm-binary.cpp.o
[INFO] [stderr]   [  6%] Building CXX object src/cfg/CMakeFiles/cfg.dir/Relooper.cpp.o
[INFO] [stderr]   [  6%] Building CXX object src/asmjs/CMakeFiles/asmjs.dir/asm_v_wasm.cpp.o
[INFO] [stderr]   [  6%] Building CXX object src/emscripten-optimizer/CMakeFiles/emscripten-optimizer.dir/optimizer-shared.cpp.o
[INFO] [stderr]   [  6%] Building CXX object third_party/llvm-project/CMakeFiles/llvm_dwarf.dir/Binary.cpp.o
[INFO] [stderr]   [  7%] Building CXX object src/asmjs/CMakeFiles/asmjs.dir/asmangle.cpp.o
[INFO] [stderr]   [  8%] Building CXX object src/emscripten-optimizer/CMakeFiles/emscripten-optimizer.dir/parser.cpp.o
[INFO] [stderr]   [  8%] Building CXX object src/emscripten-optimizer/CMakeFiles/emscripten-optimizer.dir/simple_ast.cpp.o
[INFO] [stderr]   [  8%] Building CXX object src/wasm/CMakeFiles/wasm.dir/wasm-debug.cpp.o
[INFO] [stderr]   [  9%] Building CXX object src/support/CMakeFiles/support.dir/bits.cpp.o
[INFO] [stderr]   [ 10%] Building CXX object third_party/llvm-project/CMakeFiles/llvm_dwarf.dir/ConvertUTF.cpp.o
[INFO] [stderr]   [ 10%] Building CXX object third_party/llvm-project/CMakeFiles/llvm_dwarf.dir/DataExtractor.cpp.o
[INFO] [stderr]   [ 11%] Building CXX object third_party/llvm-project/CMakeFiles/llvm_dwarf.dir/Debug.cpp.o
[INFO] [stderr]   [ 11%] Building CXX object third_party/llvm-project/CMakeFiles/llvm_dwarf.dir/DJB.cpp.o
[INFO] [stderr]   [ 11%] Building CXX object src/support/CMakeFiles/support.dir/colors.cpp.o
[INFO] [stderr]   [ 12%] Building CXX object third_party/llvm-project/CMakeFiles/llvm_dwarf.dir/Dwarf.cpp.o
[INFO] [stderr]   [ 13%] Building CXX object src/support/CMakeFiles/support.dir/command-line.cpp.o
[INFO] [stderr]   [ 13%] Building CXX object src/asmjs/CMakeFiles/asmjs.dir/shared-constants.cpp.o
[INFO] [stderr]   [ 13%] Building CXX object third_party/llvm-project/CMakeFiles/llvm_dwarf.dir/dwarf2yaml.cpp.o
[INFO] [stderr]   [ 13%] Building CXX object src/support/CMakeFiles/support.dir/debug.cpp.o
[INFO] [stderr]   [ 14%] Building CXX object src/support/CMakeFiles/support.dir/file.cpp.o
[INFO] [stderr]   [ 14%] Building CXX object src/support/CMakeFiles/support.dir/path.cpp.o
[INFO] [stderr]   [ 15%] Building CXX object third_party/llvm-project/CMakeFiles/llvm_dwarf.dir/DWARFAbbreviationDeclaration.cpp.o
[INFO] [stderr]   [ 15%] Building CXX object third_party/llvm-project/CMakeFiles/llvm_dwarf.dir/DWARFAcceleratorTable.cpp.o
[INFO] [stderr]   [ 16%] Building CXX object src/support/CMakeFiles/support.dir/safe_integer.cpp.o
[INFO] [stderr]   [ 19%] Building CXX object src/support/CMakeFiles/support.dir/utilities.cpp.o
[INFO] [stderr]   [ 19%] Building CXX object third_party/llvm-project/CMakeFiles/llvm_dwarf.dir/DWARFAddressRange.cpp.o
[INFO] [stderr]   [ 18%] Building CXX object src/support/CMakeFiles/support.dir/threads.cpp.o
[INFO] [stderr]   [ 19%] Building CXX object third_party/llvm-project/CMakeFiles/llvm_dwarf.dir/DWARFContext.cpp.o
[INFO] [stderr]   [ 18%] Building CXX object third_party/llvm-project/CMakeFiles/llvm_dwarf.dir/DWARFCompileUnit.cpp.o
[INFO] [stderr]   [ 19%] Building CXX object third_party/llvm-project/CMakeFiles/llvm_dwarf.dir/DWARFDataExtractor.cpp.o
[INFO] [stderr]   [ 19%] Built target emscripten-optimizer
[INFO] [stderr]   [ 20%] Building CXX object third_party/llvm-project/CMakeFiles/llvm_dwarf.dir/DWARFDebugAbbrev.cpp.o
[INFO] [stderr]   [ 21%] Building CXX object third_party/llvm-project/CMakeFiles/llvm_dwarf.dir/DWARFDebugAddr.cpp.o
[INFO] [stderr]   [ 21%] Building CXX object third_party/llvm-project/CMakeFiles/llvm_dwarf.dir/DWARFDebugAranges.cpp.o
[INFO] [stderr]   [ 22%] Building CXX object third_party/llvm-project/CMakeFiles/llvm_dwarf.dir/DWARFDebugArangeSet.cpp.o
[INFO] [stderr]   [ 22%] Building CXX object third_party/llvm-project/CMakeFiles/llvm_dwarf.dir/DWARFDebugFrame.cpp.o
[INFO] [stderr]   [ 22%] Built target asmjs
[INFO] [stderr]   [ 23%] Building CXX object third_party/llvm-project/CMakeFiles/llvm_dwarf.dir/DWARFDebugInfoEntry.cpp.o
[INFO] [stderr]   [ 23%] Building CXX object third_party/llvm-project/CMakeFiles/llvm_dwarf.dir/DWARFDebugLine.cpp.o
[INFO] [stderr]   [ 23%] Built target support
[INFO] [stderr]   [ 24%] Building CXX object third_party/llvm-project/CMakeFiles/llvm_dwarf.dir/DWARFDebugLoc.cpp.o
[INFO] [stderr]   [ 24%] Building CXX object third_party/llvm-project/CMakeFiles/llvm_dwarf.dir/DWARFDebugMacro.cpp.o
[INFO] [stderr] 
[INFO] [stderr]   --- stderr
[INFO] [stderr]   fatal: not a git repository (or any parent up to mount point /opt/rustwide)
[INFO] [stderr]   Stopping at filesystem boundary (GIT_DISCOVERY_ACROSS_FILESYSTEM not set).
[INFO] [stderr]   CMake Warning:
[INFO] [stderr]     Manually-specified variables were not used by the project:
[INFO] [stderr] 
[INFO] [stderr]       CMAKE_ASM_COMPILER
[INFO] [stderr]       CMAKE_ASM_FLAGS
[INFO] [stderr] 
[INFO] [stderr] 
[INFO] [stderr]   /bin/sh: 1: python: not found
[INFO] [stderr]   gmake[2]: *** [src/passes/CMakeFiles/passes.dir/build.make:75: src/passes/WasmIntrinsics.cpp] Error 127
[INFO] [stderr]   gmake[1]: *** [CMakeFiles/Makefile2:727: src/passes/CMakeFiles/passes.dir/all] Error 2
[INFO] [stderr]   gmake[1]: *** Waiting for unfinished jobs....
[INFO] [stderr]   c++: fatal error: Killed signal terminated program cc1plus
[INFO] [stderr]   compilation terminated.
[INFO] [stderr]   gmake[2]: *** [src/ir/CMakeFiles/ir.dir/build.make:104: src/ir/CMakeFiles/ir.dir/LocalGraph.cpp.o] Error 1
[INFO] [stderr]   gmake[2]: *** Waiting for unfinished jobs....
[INFO] [stderr]   c++: fatal error: Killed signal terminated program cc1plus
[INFO] [stderr]   compilation terminated.
[INFO] [stderr]   gmake[2]: *** [src/wasm/CMakeFiles/wasm.dir/build.make:104: src/wasm/CMakeFiles/wasm.dir/wasm-binary.cpp.o] Error 1
[INFO] [stderr]   gmake[2]: *** Waiting for unfinished jobs....
[INFO] [stderr]   c++: fatal error: Killed signal terminated program cc1plus
[INFO] [stderr]   compilation terminated.
[INFO] [stderr]   gmake[2]: *** [src/ir/CMakeFiles/ir.dir/build.make:90: src/ir/CMakeFiles/ir.dir/ExpressionManipulator.cpp.o] Error 1
[INFO] [stderr]   c++: fatal error: Killed signal terminated program cc1plus
[INFO] [stderr]   compilation terminated.
[INFO] [stderr]   gmake[2]: *** [src/wasm/CMakeFiles/wasm.dir/build.make:90: src/wasm/CMakeFiles/wasm.dir/wasm.cpp.o] Error 1
[INFO] [stderr]   c++: fatal error: Killed signal terminated program cc1plus
[INFO] [stderr]   compilation terminated.
[INFO] [stderr]   gmake[2]: *** [src/cfg/CMakeFiles/cfg.dir/build.make:76: src/cfg/CMakeFiles/cfg.dir/Relooper.cpp.o] Error 1
[INFO] [stderr]   gmake[1]: *** [CMakeFiles/Makefile2:676: src/cfg/CMakeFiles/cfg.dir/all] Error 2
[INFO] [stderr]   c++: fatal error: Killed signal terminated program cc1plus
[INFO] [stderr]   compilation terminated.
[INFO] [stderr]   gmake[2]: *** [src/ir/CMakeFiles/ir.dir/build.make:76: src/ir/CMakeFiles/ir.dir/ExpressionAnalyzer.cpp.o] Error 1
[INFO] [stderr]   gmake[1]: *** [CMakeFiles/Makefile2:624: src/ir/CMakeFiles/ir.dir/all] Error 2
[INFO] [stderr]   c++: fatal error: Killed signal terminated program cc1plus
[INFO] [stderr]   compilation terminated.
[INFO] [stderr]   gmake[2]: *** [src/wasm/CMakeFiles/wasm.dir/build.make:118: src/wasm/CMakeFiles/wasm.dir/wasm-debug.cpp.o] Error 1
[INFO] [stderr]   gmake[1]: *** [CMakeFiles/Makefile2:780: src/wasm/CMakeFiles/wasm.dir/all] Error 2
[INFO] [stderr]   c++: fatal error: Killed signal terminated program cc1plus
[INFO] [stderr]   compilation terminated.
[INFO] [stderr]   gmake[2]: *** [third_party/llvm-project/CMakeFiles/llvm_dwarf.dir/build.make:160: third_party/llvm-project/CMakeFiles/llvm_dwarf.dir/dwarf2yaml.cpp.o] Error 1
[INFO] [stderr]   gmake[2]: *** Waiting for unfinished jobs....
[INFO] [stderr]   c++: fatal error: Killed signal terminated program cc1plus
[INFO] [stderr]   compilation terminated.
[INFO] [stderr]   gmake[2]: *** [third_party/llvm-project/CMakeFiles/llvm_dwarf.dir/build.make:188: third_party/llvm-project/CMakeFiles/llvm_dwarf.dir/DWARFAcceleratorTable.cpp.o] Error 1
[INFO] [stderr]   c++: fatal error: Killed signal terminated program cc1plus
[INFO] [stderr]   compilation terminated.
[INFO] [stderr]   gmake[2]: *** [third_party/llvm-project/CMakeFiles/llvm_dwarf.dir/build.make:244: third_party/llvm-project/CMakeFiles/llvm_dwarf.dir/DWARFDataExtractor.cpp.o] Error 1
[INFO] [stderr]   c++: fatal error: Killed signal terminated program cc1plus
[INFO] [stderr]   compilation terminated.
[INFO] [stderr]   gmake[2]: *** [third_party/llvm-project/CMakeFiles/llvm_dwarf.dir/build.make:174: third_party/llvm-project/CMakeFiles/llvm_dwarf.dir/DWARFAbbreviationDeclaration.cpp.o] Error 1
[INFO] [stderr]   c++: fatal error: Killed signal terminated program cc1plus
[INFO] [stderr]   compilation terminated.
[INFO] [stderr]   gmake[2]: *** [third_party/llvm-project/CMakeFiles/llvm_dwarf.dir/build.make:230: third_party/llvm-project/CMakeFiles/llvm_dwarf.dir/DWARFContext.cpp.o] Error 1
[INFO] [stderr]   gmake[1]: *** [CMakeFiles/Makefile2:806: third_party/llvm-project/CMakeFiles/llvm_dwarf.dir/all] Error 2
[INFO] [stderr]   gmake: *** [Makefile:146: all] Error 2
[INFO] [stderr]   thread 'main' panicked at '
[INFO] [stderr]   command did not execute successfully, got: exit status: 2
[INFO] [stderr] 
[INFO] [stderr]   build script failed, must exit now', /opt/rustwide/cargo-home/registry/src/github.com-1ecc6299db9ec823/cmake-0.1.50/src/lib.rs:1098:5
[INFO] [stderr]   stack backtrace:
[INFO] [stderr]      0:     0x55d1717d2f2a - std::backtrace_rs::backtrace::libunwind::trace::ha9053a9a07ca49cb
[INFO] [stderr]                                  at /rustc/84c898d65adf2f39a5a98507f1fe0ce10a2b8dbc/library/std/src/../../backtrace/src/backtrace/libunwind.rs:93:5
[INFO] [stderr]      1:     0x55d1717d2f2a - std::backtrace_rs::backtrace::trace_unsynchronized::h9c2852a457ad564e
[INFO] [stderr]                                  at /rustc/84c898d65adf2f39a5a98507f1fe0ce10a2b8dbc/library/std/src/../../backtrace/src/backtrace/mod.rs:66:5
[INFO] [stderr]      2:     0x55d1717d2f2a - std::sys_common::backtrace::_print_fmt::h457936fbfaa0070f
[INFO] [stderr]                                  at /rustc/84c898d65adf2f39a5a98507f1fe0ce10a2b8dbc/library/std/src/sys_common/backtrace.rs:65:5
[INFO] [stderr]      3:     0x55d1717d2f2a - <std::sys_common::backtrace::_print::DisplayBacktrace as core::fmt::Display>::fmt::h5779d7bf7f70cb0c
[INFO] [stderr]                                  at /rustc/84c898d65adf2f39a5a98507f1fe0ce10a2b8dbc/library/std/src/sys_common/backtrace.rs:44:22
[INFO] [stderr]      4:     0x55d1717f465e - core::fmt::write::h5a4baaff1bcd3eb5
[INFO] [stderr]                                  at /rustc/84c898d65adf2f39a5a98507f1fe0ce10a2b8dbc/library/core/src/fmt/mod.rs:1232:17
[INFO] [stderr]      5:     0x55d1717cf905 - std::io::Write::write_fmt::h4bc1f301cb9e9cce
[INFO] [stderr]                                  at /rustc/84c898d65adf2f39a5a98507f1fe0ce10a2b8dbc/library/std/src/io/mod.rs:1684:15
[INFO] [stderr]      6:     0x55d1717d2cf5 - std::sys_common::backtrace::_print::h5fcdc36060f177e8
[INFO] [stderr]                                  at /rustc/84c898d65adf2f39a5a98507f1fe0ce10a2b8dbc/library/std/src/sys_common/backtrace.rs:47:5
[INFO] [stderr]      7:     0x55d1717d2cf5 - std::sys_common::backtrace::print::h54ca9458b876c8bf
[INFO] [stderr]                                  at /rustc/84c898d65adf2f39a5a98507f1fe0ce10a2b8dbc/library/std/src/sys_common/backtrace.rs:34:9
[INFO] [stderr]      8:     0x55d1717d46cf - std::panicking::default_hook::{{closure}}::hbe471161c7664ed6
[INFO] [stderr]                                  at /rustc/84c898d65adf2f39a5a98507f1fe0ce10a2b8dbc/library/std/src/panicking.rs:271:22
[INFO] [stderr]      9:     0x55d1717d440b - std::panicking::default_hook::ha3500da57aa4ac4f
[INFO] [stderr]                                  at /rustc/84c898d65adf2f39a5a98507f1fe0ce10a2b8dbc/library/std/src/panicking.rs:290:9
[INFO] [stderr]     10:     0x55d1717d4c78 - std::panicking::rust_panic_with_hook::h50c09d000dc561d2
[INFO] [stderr]                                  at /rustc/84c898d65adf2f39a5a98507f1fe0ce10a2b8dbc/library/std/src/panicking.rs:692:13
[INFO] [stderr]     11:     0x55d1717d4b79 - std::panicking::begin_panic_handler::{{closure}}::h9e2b2176e00e0d9c
[INFO] [stderr]                                  at /rustc/84c898d65adf2f39a5a98507f1fe0ce10a2b8dbc/library/std/src/panicking.rs:583:13
[INFO] [stderr]     12:     0x55d1717d3396 - std::sys_common::backtrace::__rust_end_short_backtrace::h5739b8e512c09d02
[INFO] [stderr]                                  at /rustc/84c898d65adf2f39a5a98507f1fe0ce10a2b8dbc/library/std/src/sys_common/backtrace.rs:150:18
[INFO] [stderr]     13:     0x55d1717d4882 - rust_begin_unwind
[INFO] [stderr]                                  at /rustc/84c898d65adf2f39a5a98507f1fe0ce10a2b8dbc/library/std/src/panicking.rs:579:5
[INFO] [stderr]     14:     0x55d17154bec3 - core::panicking::panic_fmt::hf33a1475b4dc5c3e
[INFO] [stderr]                                  at /rustc/84c898d65adf2f39a5a98507f1fe0ce10a2b8dbc/library/core/src/panicking.rs:64:14
[INFO] [stderr]     15:     0x55d17174f5af - cmake::fail::he523feb31d426beb
[INFO] [stderr]     16:     0x55d17174f0a3 - cmake::run::h28b9026df7e93e8d
[INFO] [stderr]     17:     0x55d17174bbd3 - cmake::Config::build::h36ec1f0187cbfcd5
[INFO] [stderr]     18:     0x55d171551548 - build_script_build::main::h34050000b08294d9
[INFO] [stderr]     19:     0x55d1715528d3 - core::ops::function::FnOnce::call_once::h22331cf172142a06
[INFO] [stderr]     20:     0x55d171553459 - std::sys_common::backtrace::__rust_begin_short_backtrace::ha6ad2d26b71057da
[INFO] [stderr]     21:     0x55d171553209 - std::rt::lang_start::{{closure}}::h9cc8c635332a2bdb
[INFO] [stderr]     22:     0x55d1717cb43c - core::ops::function::impls::<impl core::ops::function::FnOnce<A> for &F>::call_once::hd6efcd3bec896f2c
[INFO] [stderr]                                  at /rustc/84c898d65adf2f39a5a98507f1fe0ce10a2b8dbc/library/core/src/ops/function.rs:287:13
[INFO] [stderr]     23:     0x55d1717cb43c - std::panicking::try::do_call::hce04e543bb1f4cbb
[INFO] [stderr]                                  at /rustc/84c898d65adf2f39a5a98507f1fe0ce10a2b8dbc/library/std/src/panicking.rs:487:40
[INFO] [stderr]     24:     0x55d1717cb43c - std::panicking::try::h3342dd4e1f680968
[INFO] [stderr]                                  at /rustc/84c898d65adf2f39a5a98507f1fe0ce10a2b8dbc/library/std/src/panicking.rs:451:19
[INFO] [stderr]     25:     0x55d1717cb43c - std::panic::catch_unwind::h148ce1e59ac0cee7
[INFO] [stderr]                                  at /rustc/84c898d65adf2f39a5a98507f1fe0ce10a2b8dbc/library/std/src/panic.rs:140:14
[INFO] [stderr]     26:     0x55d1717cb43c - std::rt::lang_start_internal::{{closure}}::h25f9dda2057a67fe
[INFO] [stderr]                                  at /rustc/84c898d65adf2f39a5a98507f1fe0ce10a2b8dbc/library/std/src/rt.rs:148:48
[INFO] [stderr]     27:     0x55d1717cb43c - std::panicking::try::do_call::h7caaaeaf9401650b
[INFO] [stderr]                                  at /rustc/84c898d65adf2f39a5a98507f1fe0ce10a2b8dbc/library/std/src/panicking.rs:487:40
[INFO] [stderr]     28:     0x55d1717cb43c - std::panicking::try::he7d15285746cbbc2
[INFO] [stderr]                                  at /rustc/84c898d65adf2f39a5a98507f1fe0ce10a2b8dbc/library/std/src/panicking.rs:451:19
[INFO] [stderr]     29:     0x55d1717cb43c - std::panic::catch_unwind::h89fb4f50c0301fe0
[INFO] [stderr]                                  at /rustc/84c898d65adf2f39a5a98507f1fe0ce10a2b8dbc/library/std/src/panic.rs:140:14
[INFO] [stderr]     30:     0x55d1717cb43c - std::rt::lang_start_internal::h078acd489417d3c1
[INFO] [stderr]                                  at /rustc/84c898d65adf2f39a5a98507f1fe0ce10a2b8dbc/library/std/src/rt.rs:148:20
[INFO] [stderr]     31:     0x55d1715531e7 - std::rt::lang_start::h72ff4fc9d1e81b6c
[INFO] [stderr]     32:     0x55d171551da5 - main
[INFO] [stderr]     33:     0x7f314533dd90 - <unknown>
[INFO] [stderr]     34:     0x7f314533de40 - __libc_start_main
[INFO] [stderr]     35:     0x55d17154c4f5 - _start
[INFO] [stderr]     36:                0x0 - <unknown>
[INFO] running `Command { std: "docker" "inspect" "aa9ee5274dac2147ea17113f3363c5ca09323d06b49df72c678dc3b4c9c4f8ac", kill_on_drop: false }`
[INFO] running `Command { std: "docker" "rm" "-f" "aa9ee5274dac2147ea17113f3363c5ca09323d06b49df72c678dc3b4c9c4f8ac", kill_on_drop: false }`
[INFO] [stdout] aa9ee5274dac2147ea17113f3363c5ca09323d06b49df72c678dc3b4c9c4f8ac
