[INFO] fetching crate egui_inspect 0.1.3...
[INFO] testing egui_inspect-0.1.3 against 1.69.0 for beta-1.70-1
[INFO] extracting crate egui_inspect 0.1.3 into /workspace/builds/worker-5-tc1/source
[INFO] validating manifest of crates.io crate egui_inspect 0.1.3 on toolchain 1.69.0
[INFO] running `Command { std: CARGO_HOME="/workspace/cargo-home" RUSTUP_HOME="/workspace/rustup-home" "/workspace/cargo-home/bin/cargo" "+1.69.0" "metadata" "--manifest-path" "Cargo.toml" "--no-deps", kill_on_drop: false }`
[INFO] started tweaking crates.io crate egui_inspect 0.1.3
[INFO] finished tweaking crates.io crate egui_inspect 0.1.3
[INFO] tweaked toml for crates.io crate egui_inspect 0.1.3 written to /workspace/builds/worker-5-tc1/source/Cargo.toml
[INFO] running `Command { std: CARGO_HOME="/workspace/cargo-home" RUSTUP_HOME="/workspace/rustup-home" __CARGO_TEST_CHANNEL_OVERRIDE_DO_NOT_USE_THIS="nightly" "/workspace/cargo-home/bin/cargo" "+1.69.0" "generate-lockfile" "--manifest-path" "Cargo.toml" "-Zno-index-update", kill_on_drop: false }`
[INFO] running `Command { std: CARGO_HOME="/workspace/cargo-home" RUSTUP_HOME="/workspace/rustup-home" "/workspace/cargo-home/bin/cargo" "+1.69.0" "fetch" "--manifest-path" "Cargo.toml", kill_on_drop: false }`
[INFO] [stderr]  Downloading crates ...
[INFO] [stderr]   Downloaded atomic_refcell v0.1.10
[INFO] [stderr]   Downloaded ttf-parser v0.19.0
[INFO] [stderr]   Downloaded ab_glyph_rasterizer v0.1.8
[INFO] [stderr]   Downloaded epaint v0.16.0
[INFO] [stderr]   Downloaded owned_ttf_parser v0.19.0
[INFO] [stderr]   Downloaded emath v0.16.0
[INFO] [stderr]   Downloaded egui v0.16.1
[INFO] [stderr]   Downloaded egui_inspect_derive v0.1.3
[INFO] [stderr]   Downloaded ab_glyph v0.2.21
[INFO] [stderr]   Downloaded nohash-hasher v0.2.0
[INFO] running `Command { std: "docker" "create" "-v" "/var/lib/crater-agent-workspace/builds/worker-5-tc1/target:/opt/rustwide/target:rw,Z" "-v" "/var/lib/crater-agent-workspace/builds/worker-5-tc1/source:/opt/rustwide/workdir:ro,Z" "-v" "/var/lib/crater-agent-workspace/cargo-home:/opt/rustwide/cargo-home:ro,Z" "-v" "/var/lib/crater-agent-workspace/rustup-home:/opt/rustwide/rustup-home:ro,Z" "-e" "SOURCE_DIR=/opt/rustwide/workdir" "-e" "CARGO_TARGET_DIR=/opt/rustwide/target" "-e" "CARGO_HOME=/opt/rustwide/cargo-home" "-e" "RUSTUP_HOME=/opt/rustwide/rustup-home" "-w" "/opt/rustwide/workdir" "-m" "1610612736" "--user" "0:0" "--network" "none" "ghcr.io/rust-lang/crates-build-env/linux@sha256:5ff2268d62e97bff2cde7d5815dd6ed5b47097566f13b8d0ca110b04b60e07ed" "/opt/rustwide/cargo-home/bin/cargo" "+1.69.0" "metadata" "--no-deps" "--format-version=1", kill_on_drop: false }`
[INFO] [stdout] 690dc3e431f052084c11d12cac6c5285f0f042b0155fdffb9a76538e0c5afd7d
[INFO] running `Command { std: "docker" "start" "-a" "690dc3e431f052084c11d12cac6c5285f0f042b0155fdffb9a76538e0c5afd7d", kill_on_drop: false }`
[INFO] running `Command { std: "docker" "inspect" "690dc3e431f052084c11d12cac6c5285f0f042b0155fdffb9a76538e0c5afd7d", kill_on_drop: false }`
[INFO] running `Command { std: "docker" "rm" "-f" "690dc3e431f052084c11d12cac6c5285f0f042b0155fdffb9a76538e0c5afd7d", kill_on_drop: false }`
[INFO] [stdout] 690dc3e431f052084c11d12cac6c5285f0f042b0155fdffb9a76538e0c5afd7d
[INFO] running `Command { std: "docker" "create" "-v" "/var/lib/crater-agent-workspace/builds/worker-5-tc1/target:/opt/rustwide/target:rw,Z" "-v" "/var/lib/crater-agent-workspace/builds/worker-5-tc1/source:/opt/rustwide/workdir:ro,Z" "-v" "/var/lib/crater-agent-workspace/cargo-home:/opt/rustwide/cargo-home:ro,Z" "-v" "/var/lib/crater-agent-workspace/rustup-home:/opt/rustwide/rustup-home:ro,Z" "-e" "SOURCE_DIR=/opt/rustwide/workdir" "-e" "CARGO_TARGET_DIR=/opt/rustwide/target" "-e" "CARGO_INCREMENTAL=0" "-e" "RUST_BACKTRACE=full" "-e" "RUSTFLAGS=--cap-lints=warn" "-e" "RUSTDOCFLAGS=--cap-lints=warn" "-e" "CARGO_HOME=/opt/rustwide/cargo-home" "-e" "RUSTUP_HOME=/opt/rustwide/rustup-home" "-w" "/opt/rustwide/workdir" "-m" "1610612736" "--user" "0:0" "--network" "none" "ghcr.io/rust-lang/crates-build-env/linux@sha256:5ff2268d62e97bff2cde7d5815dd6ed5b47097566f13b8d0ca110b04b60e07ed" "/opt/rustwide/cargo-home/bin/cargo" "+1.69.0" "build" "--frozen" "--message-format=json", kill_on_drop: false }`
[INFO] [stdout] faf89e3ce55613cd35b651ac8f4fbcf4df979cf6a40b808d85c444a65fc29452
[INFO] running `Command { std: "docker" "start" "-a" "faf89e3ce55613cd35b651ac8f4fbcf4df979cf6a40b808d85c444a65fc29452", kill_on_drop: false }`
[INFO] [stderr]    Compiling ttf-parser v0.19.0
[INFO] [stderr]    Compiling strsim v0.10.0
[INFO] [stderr]    Compiling ahash v0.7.6
[INFO] [stderr]    Compiling fnv v1.0.7
[INFO] [stderr]    Compiling ident_case v1.0.1
[INFO] [stderr]    Compiling getrandom v0.2.9
[INFO] [stderr]    Compiling once_cell v1.17.1
[INFO] [stderr]    Compiling ab_glyph_rasterizer v0.1.8
[INFO] [stderr]    Compiling nohash-hasher v0.2.0
[INFO] [stderr]    Compiling atomic_refcell v0.1.10
[INFO] [stderr]    Compiling emath v0.16.0
[INFO] [stderr]    Compiling darling_core v0.13.4
[INFO] [stderr]    Compiling owned_ttf_parser v0.19.0
[INFO] [stderr]    Compiling darling_macro v0.13.4
[INFO] [stderr]    Compiling ab_glyph v0.2.21
[INFO] [stderr]    Compiling epaint v0.16.0
[INFO] [stderr]    Compiling darling v0.13.4
[INFO] [stderr]    Compiling egui_inspect_derive v0.1.3
[INFO] [stderr]    Compiling egui v0.16.1
[INFO] [stderr]    Compiling egui_inspect v0.1.3 (/opt/rustwide/workdir)
[INFO] [stdout] warning: unused variable: `i`
[INFO] [stdout]    --> src/base_type_inspect.rs:136:18
[INFO] [stdout]     |
[INFO] [stdout] 136 |             for (i, item) in self.iter().enumerate() {
[INFO] [stdout]     |                  ^ help: if this is intentional, prefix it with an underscore: `_i`
[INFO] [stdout]     |
[INFO] [stdout]     = note: `#[warn(unused_variables)]` on by default
[INFO] [stdout] 
[INFO] [stdout] 
[INFO] [stdout] warning: unused variable: `i`
[INFO] [stdout]    --> src/base_type_inspect.rs:144:18
[INFO] [stdout]     |
[INFO] [stdout] 144 |             for (i, item) in self.iter_mut().enumerate() {
[INFO] [stdout]     |                  ^ help: if this is intentional, prefix it with an underscore: `_i`
[INFO] [stdout] 
[INFO] [stdout] 
[INFO] [stdout] warning: unused variable: `i`
[INFO] [stdout]    --> src/base_type_inspect.rs:154:18
[INFO] [stdout]     |
[INFO] [stdout] 154 |             for (i, item) in self.iter().enumerate() {
[INFO] [stdout]     |                  ^ help: if this is intentional, prefix it with an underscore: `_i`
[INFO] [stdout] 
[INFO] [stdout] 
[INFO] [stdout] warning: unused variable: `i`
[INFO] [stdout]    --> src/base_type_inspect.rs:164:22
[INFO] [stdout]     |
[INFO] [stdout] 164 |                 for (i, item) in self.iter_mut().enumerate() {
[INFO] [stdout]     |                      ^ help: if this is intentional, prefix it with an underscore: `_i`
[INFO] [stdout] 
[INFO] [stdout] 
[INFO] [stdout] warning: 4 warnings emitted
[INFO] [stdout] 
[INFO] [stdout] 
[INFO] [stderr]     Finished dev [unoptimized + debuginfo] target(s) in 6.33s
[INFO] running `Command { std: "docker" "inspect" "faf89e3ce55613cd35b651ac8f4fbcf4df979cf6a40b808d85c444a65fc29452", kill_on_drop: false }`
[INFO] running `Command { std: "docker" "rm" "-f" "faf89e3ce55613cd35b651ac8f4fbcf4df979cf6a40b808d85c444a65fc29452", kill_on_drop: false }`
[INFO] [stdout] faf89e3ce55613cd35b651ac8f4fbcf4df979cf6a40b808d85c444a65fc29452
[INFO] running `Command { std: "docker" "create" "-v" "/var/lib/crater-agent-workspace/builds/worker-5-tc1/target:/opt/rustwide/target:rw,Z" "-v" "/var/lib/crater-agent-workspace/builds/worker-5-tc1/source:/opt/rustwide/workdir:ro,Z" "-v" "/var/lib/crater-agent-workspace/cargo-home:/opt/rustwide/cargo-home:ro,Z" "-v" "/var/lib/crater-agent-workspace/rustup-home:/opt/rustwide/rustup-home:ro,Z" "-e" "SOURCE_DIR=/opt/rustwide/workdir" "-e" "CARGO_TARGET_DIR=/opt/rustwide/target" "-e" "CARGO_INCREMENTAL=0" "-e" "RUST_BACKTRACE=full" "-e" "RUSTFLAGS=--cap-lints=warn" "-e" "RUSTDOCFLAGS=--cap-lints=warn" "-e" "CARGO_HOME=/opt/rustwide/cargo-home" "-e" "RUSTUP_HOME=/opt/rustwide/rustup-home" "-w" "/opt/rustwide/workdir" "-m" "1610612736" "--user" "0:0" "--network" "none" "ghcr.io/rust-lang/crates-build-env/linux@sha256:5ff2268d62e97bff2cde7d5815dd6ed5b47097566f13b8d0ca110b04b60e07ed" "/opt/rustwide/cargo-home/bin/cargo" "+1.69.0" "test" "--frozen" "--no-run" "--message-format=json", kill_on_drop: false }`
[INFO] [stdout] d12deed52d0c83a74594a8f00d016052c20bba86713e23187d449af24a26556e
[INFO] running `Command { std: "docker" "start" "-a" "d12deed52d0c83a74594a8f00d016052c20bba86713e23187d449af24a26556e", kill_on_drop: false }`
[INFO] [stdout] warning: unused variable: `i`
[INFO] [stdout]    --> src/base_type_inspect.rs:136:18
[INFO] [stdout]     |
[INFO] [stdout] 136 |             for (i, item) in self.iter().enumerate() {
[INFO] [stdout]     |                  ^ help: if this is intentional, prefix it with an underscore: `_i`
[INFO] [stdout]     |
[INFO] [stdout]     = note: `#[warn(unused_variables)]` on by default
[INFO] [stdout] 
[INFO] [stdout] 
[INFO] [stdout] warning: unused variable: `i`
[INFO] [stdout]    --> src/base_type_inspect.rs:144:18
[INFO] [stdout]     |
[INFO] [stdout] 144 |             for (i, item) in self.iter_mut().enumerate() {
[INFO] [stdout]     |                  ^ help: if this is intentional, prefix it with an underscore: `_i`
[INFO] [stdout] 
[INFO] [stdout] 
[INFO] [stdout] warning: unused variable: `i`
[INFO] [stdout]    --> src/base_type_inspect.rs:154:18
[INFO] [stdout]     |
[INFO] [stdout] 154 |             for (i, item) in self.iter().enumerate() {
[INFO] [stdout]     |                  ^ help: if this is intentional, prefix it with an underscore: `_i`
[INFO] [stdout] 
[INFO] [stdout] 
[INFO] [stdout] warning: unused variable: `i`
[INFO] [stdout]    --> src/base_type_inspect.rs:164:22
[INFO] [stdout]     |
[INFO] [stdout] 164 |                 for (i, item) in self.iter_mut().enumerate() {
[INFO] [stdout]     |                      ^ help: if this is intentional, prefix it with an underscore: `_i`
[INFO] [stdout] 
[INFO] [stdout] 
[INFO] [stderr]    Compiling egui_inspect v0.1.3 (/opt/rustwide/workdir)
[INFO] [stdout] warning: 4 warnings emitted
[INFO] [stdout] 
[INFO] [stdout] 
[INFO] [stdout] warning: unused variable: `i`
[INFO] [stdout]    --> src/base_type_inspect.rs:136:18
[INFO] [stdout]     |
[INFO] [stdout] 136 |             for (i, item) in self.iter().enumerate() {
[INFO] [stdout]     |                  ^ help: if this is intentional, prefix it with an underscore: `_i`
[INFO] [stdout]     |
[INFO] [stdout]     = note: `#[warn(unused_variables)]` on by default
[INFO] [stdout] 
[INFO] [stdout] 
[INFO] [stdout] warning: unused variable: `i`
[INFO] [stdout]    --> src/base_type_inspect.rs:144:18
[INFO] [stdout]     |
[INFO] [stdout] 144 |             for (i, item) in self.iter_mut().enumerate() {
[INFO] [stdout]     |                  ^ help: if this is intentional, prefix it with an underscore: `_i`
[INFO] [stdout] 
[INFO] [stdout] 
[INFO] [stdout] warning: unused variable: `i`
[INFO] [stdout]    --> src/base_type_inspect.rs:154:18
[INFO] [stdout]     |
[INFO] [stdout] 154 |             for (i, item) in self.iter().enumerate() {
[INFO] [stdout]     |                  ^ help: if this is intentional, prefix it with an underscore: `_i`
[INFO] [stdout] 
[INFO] [stdout] 
[INFO] [stdout] warning: unused variable: `i`
[INFO] [stdout]    --> src/base_type_inspect.rs:164:22
[INFO] [stdout]     |
[INFO] [stdout] 164 |                 for (i, item) in self.iter_mut().enumerate() {
[INFO] [stdout]     |                      ^ help: if this is intentional, prefix it with an underscore: `_i`
[INFO] [stdout] 
[INFO] [stdout] 
[INFO] [stdout] warning: 4 warnings emitted
[INFO] [stdout] 
[INFO] [stdout] 
[INFO] [stderr]     Finished test [unoptimized + debuginfo] target(s) in 0.28s
[INFO] running `Command { std: "docker" "inspect" "d12deed52d0c83a74594a8f00d016052c20bba86713e23187d449af24a26556e", kill_on_drop: false }`
[INFO] running `Command { std: "docker" "rm" "-f" "d12deed52d0c83a74594a8f00d016052c20bba86713e23187d449af24a26556e", kill_on_drop: false }`
[INFO] [stdout] d12deed52d0c83a74594a8f00d016052c20bba86713e23187d449af24a26556e
[INFO] running `Command { std: "docker" "create" "-v" "/var/lib/crater-agent-workspace/builds/worker-5-tc1/target:/opt/rustwide/target:rw,Z" "-v" "/var/lib/crater-agent-workspace/builds/worker-5-tc1/source:/opt/rustwide/workdir:ro,Z" "-v" "/var/lib/crater-agent-workspace/cargo-home:/opt/rustwide/cargo-home:ro,Z" "-v" "/var/lib/crater-agent-workspace/rustup-home:/opt/rustwide/rustup-home:ro,Z" "-e" "SOURCE_DIR=/opt/rustwide/workdir" "-e" "CARGO_TARGET_DIR=/opt/rustwide/target" "-e" "CARGO_INCREMENTAL=0" "-e" "RUST_BACKTRACE=full" "-e" "RUSTFLAGS=--cap-lints=warn" "-e" "RUSTDOCFLAGS=--cap-lints=warn" "-e" "CARGO_HOME=/opt/rustwide/cargo-home" "-e" "RUSTUP_HOME=/opt/rustwide/rustup-home" "-w" "/opt/rustwide/workdir" "-m" "1610612736" "--user" "0:0" "--network" "none" "ghcr.io/rust-lang/crates-build-env/linux@sha256:5ff2268d62e97bff2cde7d5815dd6ed5b47097566f13b8d0ca110b04b60e07ed" "/opt/rustwide/cargo-home/bin/cargo" "+1.69.0" "test" "--frozen", kill_on_drop: false }`
[INFO] [stdout] 8978eb3cc1a19ecc1b911154cd2140ee953fdb114ae702821b4f87ce3a72c7ba
[INFO] running `Command { std: "docker" "start" "-a" "8978eb3cc1a19ecc1b911154cd2140ee953fdb114ae702821b4f87ce3a72c7ba", kill_on_drop: false }`
[INFO] [stderr] warning: unused variable: `i`
[INFO] [stderr]    --> src/base_type_inspect.rs:136:18
[INFO] [stderr]     |
[INFO] [stderr] 136 |             for (i, item) in self.iter().enumerate() {
[INFO] [stderr]     |                  ^ help: if this is intentional, prefix it with an underscore: `_i`
[INFO] [stderr]     |
[INFO] [stderr]     = note: `#[warn(unused_variables)]` on by default
[INFO] [stderr] 
[INFO] [stderr] warning: unused variable: `i`
[INFO] [stderr]    --> src/base_type_inspect.rs:144:18
[INFO] [stderr]     |
[INFO] [stderr] 144 |             for (i, item) in self.iter_mut().enumerate() {
[INFO] [stderr]     |                  ^ help: if this is intentional, prefix it with an underscore: `_i`
[INFO] [stderr] 
[INFO] [stderr] warning: unused variable: `i`
[INFO] [stderr]    --> src/base_type_inspect.rs:154:18
[INFO] [stderr]     |
[INFO] [stderr] 154 |             for (i, item) in self.iter().enumerate() {
[INFO] [stderr]     |                  ^ help: if this is intentional, prefix it with an underscore: `_i`
[INFO] [stderr] 
[INFO] [stderr] warning: unused variable: `i`
[INFO] [stderr]    --> src/base_type_inspect.rs:164:22
[INFO] [stderr]     |
[INFO] [stderr] 164 |                 for (i, item) in self.iter_mut().enumerate() {
[INFO] [stderr]     |                      ^ help: if this is intentional, prefix it with an underscore: `_i`
[INFO] [stderr] 
[INFO] [stderr] warning: `egui_inspect` (lib) generated 4 warnings (run `cargo fix --lib -p egui_inspect` to apply 4 suggestions)
[INFO] [stderr] warning: `egui_inspect` (lib test) generated 4 warnings (4 duplicates)
[INFO] [stderr]     Finished test [unoptimized + debuginfo] target(s) in 0.02s
[INFO] [stderr]      Running unittests src/lib.rs (/opt/rustwide/target/debug/deps/egui_inspect-c964297a0bfdd1ed)
[INFO] [stderr]    Doc-tests egui_inspect
[INFO] [stdout] 
[INFO] [stdout] running 0 tests
[INFO] [stdout] 
[INFO] [stdout] test result: ok. 0 passed; 0 failed; 0 ignored; 0 measured; 0 filtered out; finished in 0.00s
[INFO] [stdout] 
[INFO] [stdout] 
[INFO] [stdout] running 1 test
[INFO] [stdout] test src/lib.rs - (line 6) ... FAILED
[INFO] [stdout] 
[INFO] [stdout] failures:
[INFO] [stdout] 
[INFO] [stdout] ---- src/lib.rs - (line 6) stdout ----
[INFO] [stdout] error[E0425]: cannot find value `ui` in this scope
[INFO] [stdout]   --> src/lib.rs:33:28
[INFO] [stdout]    |
[INFO] [stdout] 29 |     app.inspect("My App", &ui); // here `ui` would be some `&mut egui::Ui`
[INFO] [stdout]    |                            ^^ not found in this scope
[INFO] [stdout] 
[INFO] [stdout] error[E0599]: no function or associated item named `default` found for struct `MyApp` in the current scope
[INFO] [stdout]   --> src/lib.rs:32:22
[INFO] [stdout]    |
[INFO] [stdout] 5  | struct MyApp {
[INFO] [stdout]    | ------------ function or associated item `default` not found for this struct
[INFO] [stdout] ...
[INFO] [stdout] 28 |     let app = MyApp::default();
[INFO] [stdout]    |                      ^^^^^^^ function or associated item not found in `MyApp`
[INFO] [stdout]    |
[INFO] [stdout]    = help: items from traits can only be used if the trait is implemented and in scope
[INFO] [stdout]    = note: the following trait defines an item `default`, perhaps you need to implement it:
[INFO] [stdout]            candidate #1: `std::default::Default`
[INFO] [stdout] 
[INFO] [stdout] error: aborting due to 2 previous errors
[INFO] [stdout] 
[INFO] [stdout] Some errors have detailed explanations: E0425, E0599.
[INFO] [stdout] For more information about an error, try `rustc --explain E0425`.
[INFO] [stdout] Couldn't compile the test.
[INFO] [stdout] 
[INFO] [stdout] failures:
[INFO] [stdout]     src/lib.rs - (line 6)
[INFO] [stdout] 
[INFO] [stdout] test result: FAILED. 0 passed; 1 failed; 0 ignored; 0 measured; 0 filtered out; finished in 0.05s
[INFO] [stdout] 
[INFO] [stderr] error: doctest failed, to rerun pass `--doc`
[INFO] running `Command { std: "docker" "inspect" "8978eb3cc1a19ecc1b911154cd2140ee953fdb114ae702821b4f87ce3a72c7ba", kill_on_drop: false }`
[INFO] running `Command { std: "docker" "rm" "-f" "8978eb3cc1a19ecc1b911154cd2140ee953fdb114ae702821b4f87ce3a72c7ba", kill_on_drop: false }`
[INFO] [stdout] 8978eb3cc1a19ecc1b911154cd2140ee953fdb114ae702821b4f87ce3a72c7ba
