[INFO] fetching crate egui_backend 0.2.0...
[INFO] testing egui_backend-0.2.0 against 1.69.0 for beta-1.70-1
[INFO] extracting crate egui_backend 0.2.0 into /workspace/builds/worker-1-tc1/source
[INFO] validating manifest of crates.io crate egui_backend 0.2.0 on toolchain 1.69.0
[INFO] running `Command { std: CARGO_HOME="/workspace/cargo-home" RUSTUP_HOME="/workspace/rustup-home" "/workspace/cargo-home/bin/cargo" "+1.69.0" "metadata" "--manifest-path" "Cargo.toml" "--no-deps", kill_on_drop: false }`
[INFO] started tweaking crates.io crate egui_backend 0.2.0
[INFO] finished tweaking crates.io crate egui_backend 0.2.0
[INFO] tweaked toml for crates.io crate egui_backend 0.2.0 written to /workspace/builds/worker-1-tc1/source/Cargo.toml
[INFO] running `Command { std: CARGO_HOME="/workspace/cargo-home" RUSTUP_HOME="/workspace/rustup-home" __CARGO_TEST_CHANNEL_OVERRIDE_DO_NOT_USE_THIS="nightly" "/workspace/cargo-home/bin/cargo" "+1.69.0" "generate-lockfile" "--manifest-path" "Cargo.toml" "-Zno-index-update", kill_on_drop: false }`
[INFO] running `Command { std: CARGO_HOME="/workspace/cargo-home" RUSTUP_HOME="/workspace/rustup-home" "/workspace/cargo-home/bin/cargo" "+1.69.0" "fetch" "--manifest-path" "Cargo.toml", kill_on_drop: false }`
[INFO] [stderr]  Downloading crates ...
[INFO] [stderr]   Downloaded emath v0.19.0
[INFO] [stderr]   Downloaded ab_glyph v0.2.21
[INFO] [stderr]   Downloaded egui v0.19.0
[INFO] [stderr]   Downloaded cint v0.3.1
[INFO] [stderr]   Downloaded epaint v0.19.0
[INFO] [stderr]   Downloaded ttf-parser v0.19.0
[INFO] [stderr]   Downloaded owned_ttf_parser v0.19.0
[INFO] [stderr]   Downloaded color-hex v0.2.0
[INFO] running `Command { std: "docker" "create" "-v" "/var/lib/crater-agent-workspace/builds/worker-1-tc1/target:/opt/rustwide/target:rw,Z" "-v" "/var/lib/crater-agent-workspace/builds/worker-1-tc1/source:/opt/rustwide/workdir:ro,Z" "-v" "/var/lib/crater-agent-workspace/cargo-home:/opt/rustwide/cargo-home:ro,Z" "-v" "/var/lib/crater-agent-workspace/rustup-home:/opt/rustwide/rustup-home:ro,Z" "-e" "SOURCE_DIR=/opt/rustwide/workdir" "-e" "CARGO_TARGET_DIR=/opt/rustwide/target" "-e" "CARGO_HOME=/opt/rustwide/cargo-home" "-e" "RUSTUP_HOME=/opt/rustwide/rustup-home" "-w" "/opt/rustwide/workdir" "-m" "1610612736" "--user" "0:0" "--network" "none" "ghcr.io/rust-lang/crates-build-env/linux@sha256:97d61d7686bf65f8ecb15491ab51835e82dc9176a96a831f143a431b191fc501" "/opt/rustwide/cargo-home/bin/cargo" "+1.69.0" "metadata" "--no-deps" "--format-version=1", kill_on_drop: false }`
[INFO] [stdout] 26aad984a08fca0f18ad3fc596b64a07ef92c77ce7770c79ffdae048c756fec9
[INFO] running `Command { std: "docker" "start" "-a" "26aad984a08fca0f18ad3fc596b64a07ef92c77ce7770c79ffdae048c756fec9", kill_on_drop: false }`
[INFO] running `Command { std: "docker" "inspect" "26aad984a08fca0f18ad3fc596b64a07ef92c77ce7770c79ffdae048c756fec9", kill_on_drop: false }`
[INFO] running `Command { std: "docker" "rm" "-f" "26aad984a08fca0f18ad3fc596b64a07ef92c77ce7770c79ffdae048c756fec9", kill_on_drop: false }`
[INFO] [stdout] 26aad984a08fca0f18ad3fc596b64a07ef92c77ce7770c79ffdae048c756fec9
[INFO] running `Command { std: "docker" "create" "-v" "/var/lib/crater-agent-workspace/builds/worker-1-tc1/target:/opt/rustwide/target:rw,Z" "-v" "/var/lib/crater-agent-workspace/builds/worker-1-tc1/source:/opt/rustwide/workdir:ro,Z" "-v" "/var/lib/crater-agent-workspace/cargo-home:/opt/rustwide/cargo-home:ro,Z" "-v" "/var/lib/crater-agent-workspace/rustup-home:/opt/rustwide/rustup-home:ro,Z" "-e" "SOURCE_DIR=/opt/rustwide/workdir" "-e" "CARGO_TARGET_DIR=/opt/rustwide/target" "-e" "CARGO_INCREMENTAL=0" "-e" "RUST_BACKTRACE=full" "-e" "RUSTFLAGS=--cap-lints=warn" "-e" "RUSTDOCFLAGS=--cap-lints=warn" "-e" "CARGO_HOME=/opt/rustwide/cargo-home" "-e" "RUSTUP_HOME=/opt/rustwide/rustup-home" "-w" "/opt/rustwide/workdir" "-m" "1610612736" "--user" "0:0" "--network" "none" "ghcr.io/rust-lang/crates-build-env/linux@sha256:97d61d7686bf65f8ecb15491ab51835e82dc9176a96a831f143a431b191fc501" "/opt/rustwide/cargo-home/bin/cargo" "+1.69.0" "build" "--frozen" "--message-format=json", kill_on_drop: false }`
[INFO] [stdout] a6ab80cab491f8a39429a335e13da9526971912d96878df5616fec3f7c1563da
[INFO] running `Command { std: "docker" "start" "-a" "a6ab80cab491f8a39429a335e13da9526971912d96878df5616fec3f7c1563da", kill_on_drop: false }`
[INFO] [stderr]    Compiling ttf-parser v0.19.0
[INFO] [stderr]    Compiling ahash v0.8.3
[INFO] [stderr]    Compiling ab_glyph_rasterizer v0.1.8
[INFO] [stderr]    Compiling once_cell v1.17.1
[INFO] [stderr]    Compiling emath v0.19.0
[INFO] [stderr]    Compiling getrandom v0.2.9
[INFO] [stderr]    Compiling parking_lot_core v0.9.7
[INFO] [stderr]    Compiling nohash-hasher v0.2.0
[INFO] [stderr]    Compiling cty v0.2.2
[INFO] [stderr]    Compiling raw-window-handle v0.4.3
[INFO] [stderr]    Compiling parking_lot v0.12.1
[INFO] [stderr]    Compiling owned_ttf_parser v0.19.0
[INFO] [stderr]    Compiling ab_glyph v0.2.21
[INFO] [stderr]    Compiling epaint v0.19.0
[INFO] [stderr]    Compiling egui v0.19.0
[INFO] [stderr]    Compiling egui_backend v0.2.0 (/opt/rustwide/workdir)
[INFO] [stderr]     Finished dev [unoptimized + debuginfo] target(s) in 13.57s
[INFO] running `Command { std: "docker" "inspect" "a6ab80cab491f8a39429a335e13da9526971912d96878df5616fec3f7c1563da", kill_on_drop: false }`
[INFO] running `Command { std: "docker" "rm" "-f" "a6ab80cab491f8a39429a335e13da9526971912d96878df5616fec3f7c1563da", kill_on_drop: false }`
[INFO] [stdout] a6ab80cab491f8a39429a335e13da9526971912d96878df5616fec3f7c1563da
[INFO] running `Command { std: "docker" "create" "-v" "/var/lib/crater-agent-workspace/builds/worker-1-tc1/target:/opt/rustwide/target:rw,Z" "-v" "/var/lib/crater-agent-workspace/builds/worker-1-tc1/source:/opt/rustwide/workdir:ro,Z" "-v" "/var/lib/crater-agent-workspace/cargo-home:/opt/rustwide/cargo-home:ro,Z" "-v" "/var/lib/crater-agent-workspace/rustup-home:/opt/rustwide/rustup-home:ro,Z" "-e" "SOURCE_DIR=/opt/rustwide/workdir" "-e" "CARGO_TARGET_DIR=/opt/rustwide/target" "-e" "CARGO_INCREMENTAL=0" "-e" "RUST_BACKTRACE=full" "-e" "RUSTFLAGS=--cap-lints=warn" "-e" "RUSTDOCFLAGS=--cap-lints=warn" "-e" "CARGO_HOME=/opt/rustwide/cargo-home" "-e" "RUSTUP_HOME=/opt/rustwide/rustup-home" "-w" "/opt/rustwide/workdir" "-m" "1610612736" "--user" "0:0" "--network" "none" "ghcr.io/rust-lang/crates-build-env/linux@sha256:97d61d7686bf65f8ecb15491ab51835e82dc9176a96a831f143a431b191fc501" "/opt/rustwide/cargo-home/bin/cargo" "+1.69.0" "test" "--frozen" "--no-run" "--message-format=json", kill_on_drop: false }`
[INFO] [stdout] 65e4c42b6e73c4d6e5e199a0e0e44fc2daa4d43b4cd32a4dff7394a21a7b7b3c
[INFO] running `Command { std: "docker" "start" "-a" "65e4c42b6e73c4d6e5e199a0e0e44fc2daa4d43b4cd32a4dff7394a21a7b7b3c", kill_on_drop: false }`
[INFO] [stderr]    Compiling egui_backend v0.2.0 (/opt/rustwide/workdir)
[INFO] [stderr]     Finished test [unoptimized + debuginfo] target(s) in 0.47s
[INFO] running `Command { std: "docker" "inspect" "65e4c42b6e73c4d6e5e199a0e0e44fc2daa4d43b4cd32a4dff7394a21a7b7b3c", kill_on_drop: false }`
[INFO] running `Command { std: "docker" "rm" "-f" "65e4c42b6e73c4d6e5e199a0e0e44fc2daa4d43b4cd32a4dff7394a21a7b7b3c", kill_on_drop: false }`
[INFO] [stdout] 65e4c42b6e73c4d6e5e199a0e0e44fc2daa4d43b4cd32a4dff7394a21a7b7b3c
[INFO] running `Command { std: "docker" "create" "-v" "/var/lib/crater-agent-workspace/builds/worker-1-tc1/target:/opt/rustwide/target:rw,Z" "-v" "/var/lib/crater-agent-workspace/builds/worker-1-tc1/source:/opt/rustwide/workdir:ro,Z" "-v" "/var/lib/crater-agent-workspace/cargo-home:/opt/rustwide/cargo-home:ro,Z" "-v" "/var/lib/crater-agent-workspace/rustup-home:/opt/rustwide/rustup-home:ro,Z" "-e" "SOURCE_DIR=/opt/rustwide/workdir" "-e" "CARGO_TARGET_DIR=/opt/rustwide/target" "-e" "CARGO_INCREMENTAL=0" "-e" "RUST_BACKTRACE=full" "-e" "RUSTFLAGS=--cap-lints=warn" "-e" "RUSTDOCFLAGS=--cap-lints=warn" "-e" "CARGO_HOME=/opt/rustwide/cargo-home" "-e" "RUSTUP_HOME=/opt/rustwide/rustup-home" "-w" "/opt/rustwide/workdir" "-m" "1610612736" "--user" "0:0" "--network" "none" "ghcr.io/rust-lang/crates-build-env/linux@sha256:97d61d7686bf65f8ecb15491ab51835e82dc9176a96a831f143a431b191fc501" "/opt/rustwide/cargo-home/bin/cargo" "+1.69.0" "test" "--frozen", kill_on_drop: false }`
[INFO] [stdout] 084cbc24f9c3c80f64b5c3a23c747d75eb74ca7f8784ded5fa50b4953d160e95
[INFO] running `Command { std: "docker" "start" "-a" "084cbc24f9c3c80f64b5c3a23c747d75eb74ca7f8784ded5fa50b4953d160e95", kill_on_drop: false }`
[INFO] [stderr]     Finished test [unoptimized + debuginfo] target(s) in 0.04s
[INFO] [stderr]      Running unittests src/lib.rs (/opt/rustwide/target/debug/deps/egui_backend-9fc9b4f0f4395e9a)
[INFO] [stdout] 
[INFO] [stdout] running 0 tests
[INFO] [stdout] 
[INFO] [stdout] test result: ok. 0 passed; 0 failed; 0 ignored; 0 measured; 0 filtered out; finished in 0.00s
[INFO] [stdout] 
[INFO] [stderr]    Doc-tests egui_backend
[INFO] [stdout] 
[INFO] [stdout] running 2 tests
[INFO] [stdout] test src/lib.rs - UserApp (line 200) ... FAILED
[INFO] [stderr] error: doctest failed, to rerun pass `--doc`
[INFO] [stdout] test src/lib.rs - UserApp (line 212) ... FAILED
[INFO] [stdout] 
[INFO] [stdout] failures:
[INFO] [stdout] 
[INFO] [stdout] ---- src/lib.rs - UserApp (line 200) stdout ----
[INFO] [stdout] error[E0405]: cannot find trait `UserApp` in this scope
[INFO] [stdout]  --> src/lib.rs:202:42
[INFO] [stdout]   |
[INFO] [stdout] 4 | impl<W: WindowBackend, G: GfxBackend<W>> UserApp<W, G> for App {
[INFO] [stdout]   |                                          ^^^^^^^ not found in this scope
[INFO] [stdout]   |
[INFO] [stdout] help: consider importing this trait
[INFO] [stdout]   |
[INFO] [stdout] 2 | use egui_backend::UserApp;
[INFO] [stdout]   |
[INFO] [stdout] 
[INFO] [stdout] error[E0405]: cannot find trait `WindowBackend` in this scope
[INFO] [stdout]  --> src/lib.rs:202:9
[INFO] [stdout]   |
[INFO] [stdout] 4 | impl<W: WindowBackend, G: GfxBackend<W>> UserApp<W, G> for App {
[INFO] [stdout]   |         ^^^^^^^^^^^^^ not found in this scope
[INFO] [stdout]   |
[INFO] [stdout] help: consider importing this trait
[INFO] [stdout]   |
[INFO] [stdout] 2 | use egui_backend::WindowBackend;
[INFO] [stdout]   |
[INFO] [stdout] 
[INFO] [stdout] error[E0405]: cannot find trait `GfxBackend` in this scope
[INFO] [stdout]  --> src/lib.rs:202:27
[INFO] [stdout]   |
[INFO] [stdout] 4 | impl<W: WindowBackend, G: GfxBackend<W>> UserApp<W, G> for App {
[INFO] [stdout]   |                           ^^^^^^^^^^ not found in this scope
[INFO] [stdout]   |
[INFO] [stdout] help: consider importing this trait
[INFO] [stdout]   |
[INFO] [stdout] 2 | use egui_backend::GfxBackend;
[INFO] [stdout]   |
[INFO] [stdout] 
[INFO] [stdout] error: aborting due to 3 previous errors
[INFO] [stdout] 
[INFO] [stdout] For more information about this error, try `rustc --explain E0405`.
[INFO] [stdout] Couldn't compile the test.
[INFO] [stdout] ---- src/lib.rs - UserApp (line 212) stdout ----
[INFO] [stdout] error[E0405]: cannot find trait `UserApp` in this scope
[INFO] [stdout]  --> src/lib.rs:214:6
[INFO] [stdout]   |
[INFO] [stdout] 4 | impl UserApp<WinitBackend, WgpuBackend> for App {
[INFO] [stdout]   |      ^^^^^^^ not found in this scope
[INFO] [stdout]   |
[INFO] [stdout] help: consider importing this trait
[INFO] [stdout]   |
[INFO] [stdout] 2 | use egui_backend::UserApp;
[INFO] [stdout]   |
[INFO] [stdout] 
[INFO] [stdout] error[E0412]: cannot find type `WinitBackend` in this scope
[INFO] [stdout]  --> src/lib.rs:214:14
[INFO] [stdout]   |
[INFO] [stdout] 4 | impl UserApp<WinitBackend, WgpuBackend> for App {
[INFO] [stdout]   |              ^^^^^^^^^^^^ not found in this scope
[INFO] [stdout]   |
[INFO] [stdout] help: you might be missing a type parameter
[INFO] [stdout]   |
[INFO] [stdout] 4 | impl<WinitBackend> UserApp<WinitBackend, WgpuBackend> for App {
[INFO] [stdout]   |     ++++++++++++++
[INFO] [stdout] 
[INFO] [stdout] error[E0412]: cannot find type `WgpuBackend` in this scope
[INFO] [stdout]  --> src/lib.rs:214:28
[INFO] [stdout]   |
[INFO] [stdout] 4 | impl UserApp<WinitBackend, WgpuBackend> for App {
[INFO] [stdout]   |                            ^^^^^^^^^^^ not found in this scope
[INFO] [stdout]   |
[INFO] [stdout] help: you might be missing a type parameter
[INFO] [stdout]   |
[INFO] [stdout] 4 | impl<WgpuBackend> UserApp<WinitBackend, WgpuBackend> for App {
[INFO] [stdout]   |     +++++++++++++
[INFO] [stdout] 
[INFO] [stdout] error[E0412]: cannot find type `WinitBackend` in this scope
[INFO] [stdout]  --> src/lib.rs:215:74
[INFO] [stdout]   |
[INFO] [stdout] 5 |     fn run(&mut self, egui_context: &egui::Context, window_backend: &mut WinitBackend, gfx_backend: &mut WgpuBackend) {
[INFO] [stdout]   |                                                                          ^^^^^^^^^^^^ not found in this scope
[INFO] [stdout] 
[INFO] [stdout] error[E0412]: cannot find type `WgpuBackend` in this scope
[INFO] [stdout]  --> src/lib.rs:215:106
[INFO] [stdout]   |
[INFO] [stdout] 5 |     fn run(&mut self, egui_context: &egui::Context, window_backend: &mut WinitBackend, gfx_backend: &mut WgpuBackend) {
[INFO] [stdout]   |                                                                                                          ^^^^^^^^^^^ not found in this scope
[INFO] [stdout] 
[INFO] [stdout] error: aborting due to 5 previous errors
[INFO] [stdout] 
[INFO] [stdout] Some errors have detailed explanations: E0405, E0412.
[INFO] [stdout] For more information about an error, try `rustc --explain E0405`.
[INFO] [stdout] Couldn't compile the test.
[INFO] [stdout] 
[INFO] [stdout] failures:
[INFO] [stdout]     src/lib.rs - UserApp (line 200)
[INFO] [stdout]     src/lib.rs - UserApp (line 212)
[INFO] [stdout] 
[INFO] [stdout] test result: FAILED. 0 passed; 2 failed; 0 ignored; 0 measured; 0 filtered out; finished in 0.12s
[INFO] [stdout] 
[INFO] running `Command { std: "docker" "inspect" "084cbc24f9c3c80f64b5c3a23c747d75eb74ca7f8784ded5fa50b4953d160e95", kill_on_drop: false }`
[INFO] running `Command { std: "docker" "rm" "-f" "084cbc24f9c3c80f64b5c3a23c747d75eb74ca7f8784ded5fa50b4953d160e95", kill_on_drop: false }`
[INFO] [stdout] 084cbc24f9c3c80f64b5c3a23c747d75eb74ca7f8784ded5fa50b4953d160e95
