[INFO] fetching crate efw 0.1.0...
[INFO] testing efw-0.1.0 against 1.69.0 for beta-1.70-1
[INFO] extracting crate efw 0.1.0 into /workspace/builds/worker-1-tc1/source
[INFO] validating manifest of crates.io crate efw 0.1.0 on toolchain 1.69.0
[INFO] running `Command { std: CARGO_HOME="/workspace/cargo-home" RUSTUP_HOME="/workspace/rustup-home" "/workspace/cargo-home/bin/cargo" "+1.69.0" "metadata" "--manifest-path" "Cargo.toml" "--no-deps", kill_on_drop: false }`
[INFO] removed /workspace/builds/worker-1-tc1/source/rust-toolchain
[INFO] started tweaking crates.io crate efw 0.1.0
[INFO] finished tweaking crates.io crate efw 0.1.0
[INFO] tweaked toml for crates.io crate efw 0.1.0 written to /workspace/builds/worker-1-tc1/source/Cargo.toml
[INFO] running `Command { std: CARGO_HOME="/workspace/cargo-home" RUSTUP_HOME="/workspace/rustup-home" __CARGO_TEST_CHANNEL_OVERRIDE_DO_NOT_USE_THIS="nightly" "/workspace/cargo-home/bin/cargo" "+1.69.0" "generate-lockfile" "--manifest-path" "Cargo.toml" "-Zno-index-update", kill_on_drop: false }`
[INFO] running `Command { std: CARGO_HOME="/workspace/cargo-home" RUSTUP_HOME="/workspace/rustup-home" "/workspace/cargo-home/bin/cargo" "+1.69.0" "fetch" "--manifest-path" "Cargo.toml", kill_on_drop: false }`
[INFO] [stderr]  Downloading crates ...
[INFO] [stderr]   Downloaded late-static v0.3.0
[INFO] [stderr]   Downloaded ucs2 v0.1.0
[INFO] [stderr]   Downloaded r-efi v2.2.0
[INFO] running `Command { std: "docker" "create" "-v" "/var/lib/crater-agent-workspace/builds/worker-1-tc1/target:/opt/rustwide/target:rw,Z" "-v" "/var/lib/crater-agent-workspace/builds/worker-1-tc1/source:/opt/rustwide/workdir:ro,Z" "-v" "/var/lib/crater-agent-workspace/cargo-home:/opt/rustwide/cargo-home:ro,Z" "-v" "/var/lib/crater-agent-workspace/rustup-home:/opt/rustwide/rustup-home:ro,Z" "-e" "SOURCE_DIR=/opt/rustwide/workdir" "-e" "CARGO_TARGET_DIR=/opt/rustwide/target" "-e" "CARGO_HOME=/opt/rustwide/cargo-home" "-e" "RUSTUP_HOME=/opt/rustwide/rustup-home" "-w" "/opt/rustwide/workdir" "-m" "1610612736" "--user" "0:0" "--network" "none" "ghcr.io/rust-lang/crates-build-env/linux@sha256:5ff2268d62e97bff2cde7d5815dd6ed5b47097566f13b8d0ca110b04b60e07ed" "/opt/rustwide/cargo-home/bin/cargo" "+1.69.0" "metadata" "--no-deps" "--format-version=1", kill_on_drop: false }`
[INFO] [stdout] 7fcc4ec950b2f6bfd99b05c44c05784c7e5da4df8e3b9e2edaebbcf185a5c5cf
[INFO] running `Command { std: "docker" "start" "-a" "7fcc4ec950b2f6bfd99b05c44c05784c7e5da4df8e3b9e2edaebbcf185a5c5cf", kill_on_drop: false }`
[INFO] running `Command { std: "docker" "inspect" "7fcc4ec950b2f6bfd99b05c44c05784c7e5da4df8e3b9e2edaebbcf185a5c5cf", kill_on_drop: false }`
[INFO] running `Command { std: "docker" "rm" "-f" "7fcc4ec950b2f6bfd99b05c44c05784c7e5da4df8e3b9e2edaebbcf185a5c5cf", kill_on_drop: false }`
[INFO] [stdout] 7fcc4ec950b2f6bfd99b05c44c05784c7e5da4df8e3b9e2edaebbcf185a5c5cf
[INFO] running `Command { std: "docker" "create" "-v" "/var/lib/crater-agent-workspace/builds/worker-1-tc1/target:/opt/rustwide/target:rw,Z" "-v" "/var/lib/crater-agent-workspace/builds/worker-1-tc1/source:/opt/rustwide/workdir:ro,Z" "-v" "/var/lib/crater-agent-workspace/cargo-home:/opt/rustwide/cargo-home:ro,Z" "-v" "/var/lib/crater-agent-workspace/rustup-home:/opt/rustwide/rustup-home:ro,Z" "-e" "SOURCE_DIR=/opt/rustwide/workdir" "-e" "CARGO_TARGET_DIR=/opt/rustwide/target" "-e" "CARGO_INCREMENTAL=0" "-e" "RUST_BACKTRACE=full" "-e" "RUSTFLAGS=--cap-lints=warn" "-e" "RUSTDOCFLAGS=--cap-lints=warn" "-e" "CARGO_HOME=/opt/rustwide/cargo-home" "-e" "RUSTUP_HOME=/opt/rustwide/rustup-home" "-w" "/opt/rustwide/workdir" "-m" "1610612736" "--user" "0:0" "--network" "none" "ghcr.io/rust-lang/crates-build-env/linux@sha256:5ff2268d62e97bff2cde7d5815dd6ed5b47097566f13b8d0ca110b04b60e07ed" "/opt/rustwide/cargo-home/bin/cargo" "+1.69.0" "build" "--frozen" "--message-format=json", kill_on_drop: false }`
[INFO] [stdout] 9de56df2636d5a977d6fc17053229778f9473dfb9b84bfbf593a25c1ee084acd
[INFO] running `Command { std: "docker" "start" "-a" "9de56df2636d5a977d6fc17053229778f9473dfb9b84bfbf593a25c1ee084acd", kill_on_drop: false }`
[INFO] [stderr]    Compiling ucs2 v0.1.0
[INFO] [stderr]    Compiling late-static v0.3.0
[INFO] [stderr]    Compiling r-efi v2.2.0
[INFO] [stderr]    Compiling efw v0.1.0 (/opt/rustwide/workdir)
[INFO] [stdout] error[E0433]: failed to resolve: could not find `prelude` in `alloc`
[INFO] [stdout]   --> src/lib.rs:15:12
[INFO] [stdout]    |
[INFO] [stdout] 15 | use alloc::prelude::v1::*;
[INFO] [stdout]    |            ^^^^^^^ could not find `prelude` in `alloc`
[INFO] [stdout] 
[INFO] [stdout] 
[INFO] [stdout] error[E0433]: failed to resolve: use of undeclared type `Vec`
[INFO] [stdout]   --> src/efi/boot_services.rs:45:26
[INFO] [stdout]    |
[INFO] [stdout] 45 |         let mut buffer = Vec::new();
[INFO] [stdout]    |                          ^^^ use of undeclared type `Vec`
[INFO] [stdout]    |
[INFO] [stdout] help: consider importing one of these items
[INFO] [stdout]    |
[INFO] [stdout] 1  | use alloc::vec::Vec;
[INFO] [stdout]    |
[INFO] [stdout] 1  | use crate::vec::Vec;
[INFO] [stdout]    |
[INFO] [stdout] 
[INFO] [stdout] 
[INFO] [stdout] error[E0412]: cannot find type `Vec` in this scope
[INFO] [stdout]   --> src/efi/boot_services.rs:60:150
[INFO] [stdout]    |
[INFO] [stdout] 60 | ...:Guid, search_key: *mut core::ffi::c_void) -> Result<Vec<Handle>> {
[INFO] [stdout]    |                                                         ^^^ not found in this scope
[INFO] [stdout]    |
[INFO] [stdout] help: consider importing one of these items
[INFO] [stdout]    |
[INFO] [stdout] 1  | use alloc::vec::Vec;
[INFO] [stdout]    |
[INFO] [stdout] 1  | use crate::vec::Vec;
[INFO] [stdout]    |
[INFO] [stdout] 
[INFO] [stdout] 
[INFO] [stdout] error[E0412]: cannot find type `Vec` in this scope
[INFO] [stdout]   --> src/efi/boot_services.rs:69:25
[INFO] [stdout]    |
[INFO] [stdout] 69 |         let mut vector: Vec<Handle> = Vec::new();
[INFO] [stdout]    |                         ^^^ not found in this scope
[INFO] [stdout]    |
[INFO] [stdout] help: consider importing one of these items
[INFO] [stdout]    |
[INFO] [stdout] 1  | use alloc::vec::Vec;
[INFO] [stdout]    |
[INFO] [stdout] 1  | use crate::vec::Vec;
[INFO] [stdout]    |
[INFO] [stdout] 
[INFO] [stdout] 
[INFO] [stdout] error[E0433]: failed to resolve: use of undeclared type `Vec`
[INFO] [stdout]   --> src/efi/boot_services.rs:69:39
[INFO] [stdout]    |
[INFO] [stdout] 69 |         let mut vector: Vec<Handle> = Vec::new();
[INFO] [stdout]    |                                       ^^^ use of undeclared type `Vec`
[INFO] [stdout]    |
[INFO] [stdout] help: consider importing one of these items
[INFO] [stdout]    |
[INFO] [stdout] 1  | use alloc::vec::Vec;
[INFO] [stdout]    |
[INFO] [stdout] 1  | use crate::vec::Vec;
[INFO] [stdout]    |
[INFO] [stdout] 
[INFO] [stdout] 
[INFO] [stdout] error[E0412]: cannot find type `Vec` in this scope
[INFO] [stdout]  --> src/efi/memory_map.rs:5:24
[INFO] [stdout]   |
[INFO] [stdout] 5 |     pub(crate) buffer: Vec<u8>,
[INFO] [stdout]   |                        ^^^ not found in this scope
[INFO] [stdout]   |
[INFO] [stdout] help: consider importing one of these items
[INFO] [stdout]   |
[INFO] [stdout] 1 | use alloc::vec::Vec;
[INFO] [stdout]   |
[INFO] [stdout] 1 | use crate::vec::Vec;
[INFO] [stdout]   |
[INFO] [stdout] 
[INFO] [stdout] 
[INFO] [stdout] error[E0412]: cannot find type `Vec` in this scope
[INFO] [stdout]   --> src/efi/memory_map.rs:12:31
[INFO] [stdout]    |
[INFO] [stdout] 12 |     pub(crate) fn new(buffer: Vec<u8>, map_key: usize, desc_size: usize, desc_ver: u32) -> Self {
[INFO] [stdout]    |                               ^^^ not found in this scope
[INFO] [stdout]    |
[INFO] [stdout] help: consider importing one of these items
[INFO] [stdout]    |
[INFO] [stdout] 1  | use alloc::vec::Vec;
[INFO] [stdout]    |
[INFO] [stdout] 1  | use crate::vec::Vec;
[INFO] [stdout]    |
[INFO] [stdout] 
[INFO] [stdout] 
[INFO] [stdout] error[E0412]: cannot find type `Vec` in this scope
[INFO] [stdout]  --> src/efi/protocol.rs:8:44
[INFO] [stdout]   |
[INFO] [stdout] 8 |     fn find_supporting_handles() -> Result<Vec<Handle>> {
[INFO] [stdout]   |                                            ^^^ not found in this scope
[INFO] [stdout]   |
[INFO] [stdout] help: consider importing one of these items
[INFO] [stdout]   |
[INFO] [stdout] 1 | use alloc::vec::Vec;
[INFO] [stdout]   |
[INFO] [stdout] 1 | use crate::vec::Vec;
[INFO] [stdout]   |
[INFO] [stdout] 
[INFO] [stdout] 
[INFO] [stdout] error[E0412]: cannot find type `Vec` in this scope
[INFO] [stdout]   --> src/efi/protocol.rs:14:35
[INFO] [stdout]    |
[INFO] [stdout] 14 |     fn find_instances() -> Result<Vec<Self>> {
[INFO] [stdout]    |                                   ^^^ not found in this scope
[INFO] [stdout]    |
[INFO] [stdout] help: consider importing one of these items
[INFO] [stdout]    |
[INFO] [stdout] 1  | use alloc::vec::Vec;
[INFO] [stdout]    |
[INFO] [stdout] 1  | use crate::vec::Vec;
[INFO] [stdout]    |
[INFO] [stdout] 
[INFO] [stdout] 
[INFO] [stdout] error[E0554]: `#![feature]` may not be used on the stable release channel
[INFO] [stdout]  --> src/lib.rs:2:1
[INFO] [stdout]   |
[INFO] [stdout] 2 | #![feature(alloc)]
[INFO] [stdout]   | ^^^^^^^^^^^^^^^^^^
[INFO] [stdout] 
[INFO] [stdout] 
[INFO] [stdout] error[E0554]: `#![feature]` may not be used on the stable release channel
[INFO] [stdout]  --> src/lib.rs:3:1
[INFO] [stdout]   |
[INFO] [stdout] 3 | #![feature(alloc_error_handler)]
[INFO] [stdout]   | ^^^^^^^^^^^^^^^^^^^^^^^^^^^^^^^^
[INFO] [stdout] 
[INFO] [stdout] 
[INFO] [stdout] error[E0554]: `#![feature]` may not be used on the stable release channel
[INFO] [stdout]  --> src/lib.rs:4:1
[INFO] [stdout]   |
[INFO] [stdout] 4 | #![feature(alloc_prelude)]
[INFO] [stdout]   | ^^^^^^^^^^^^^^^^^^^^^^^^^^
[INFO] [stdout] 
[INFO] [stdout] 
[INFO] [stdout] error[E0554]: `#![feature]` may not be used on the stable release channel
[INFO] [stdout]  --> src/lib.rs:5:1
[INFO] [stdout]   |
[INFO] [stdout] 5 | #![feature(panic_info_message)]
[INFO] [stdout]   | ^^^^^^^^^^^^^^^^^^^^^^^^^^^^^^^
[INFO] [stdout] 
[INFO] [stdout] 
[INFO] [stdout] warning: `#[no_mangle]` has no effect on a foreign function
[INFO] [stdout]   --> src/lib.rs:26:5
[INFO] [stdout]    |
[INFO] [stdout] 26 |     #[no_mangle]
[INFO] [stdout]    |     ^^^^^^^^^^^^ help: remove this attribute
[INFO] [stdout] 27 |     fn efw_main();
[INFO] [stdout]    |     -------------- foreign function
[INFO] [stdout]    |
[INFO] [stdout]    = warning: this was previously accepted by the compiler but is being phased out; it will become a hard error in a future release!
[INFO] [stdout]    = note: symbol names in extern blocks are not mangled
[INFO] [stdout]    = note: `#[warn(unused_attributes)]` on by default
[INFO] [stdout] 
[INFO] [stdout] 
[INFO] [stdout] error[E0554]: `#![feature]` may not be used on the stable release channel
[INFO] [stdout]  --> src/lib.rs:2:12
[INFO] [stdout]   |
[INFO] [stdout] 2 | #![feature(alloc)]
[INFO] [stdout]   |            ^^^^^
[INFO] [stdout] 
[INFO] [stdout] 
[INFO] [stdout] error[E0554]: `#![feature]` may not be used on the stable release channel
[INFO] [stdout]  --> src/lib.rs:4:12
[INFO] [stdout]   |
[INFO] [stdout] 4 | #![feature(alloc_prelude)]
[INFO] [stdout]   |            ^^^^^^^^^^^^^
[INFO] [stdout] 
[INFO] [stdout] 
[INFO] [stdout] error[E0554]: `#![feature]` may not be used on the stable release channel
[INFO] [stdout]  --> src/lib.rs:5:12
[INFO] [stdout]   |
[INFO] [stdout] 5 | #![feature(panic_info_message)]
[INFO] [stdout]   |            ^^^^^^^^^^^^^^^^^^
[INFO] [stdout] 
[INFO] [stdout] 
[INFO] [stdout] warning: the feature `alloc` has been stable since 1.36.0 and no longer requires an attribute to enable
[INFO] [stdout]  --> src/lib.rs:2:12
[INFO] [stdout]   |
[INFO] [stdout] 2 | #![feature(alloc)]
[INFO] [stdout]   |            ^^^^^
[INFO] [stdout]   |
[INFO] [stdout]   = note: `#[warn(stable_features)]` on by default
[INFO] [stdout] 
[INFO] [stdout] 
[INFO] [stdout] error[E0635]: unknown feature `alloc_prelude`
[INFO] [stdout]  --> src/lib.rs:4:12
[INFO] [stdout]   |
[INFO] [stdout] 4 | #![feature(alloc_prelude)]
[INFO] [stdout]   |            ^^^^^^^^^^^^^
[INFO] [stdout] 
[INFO] [stdout] 
[INFO] [stdout] error: aborting due to 17 previous errors; 2 warnings emitted
[INFO] [stdout] 
[INFO] [stdout] 
[INFO] [stdout] Some errors have detailed explanations: E0412, E0433, E0554, E0635.
[INFO] [stdout] 
[INFO] [stdout] For more information about an error, try `rustc --explain E0412`.
[INFO] [stdout] 
[INFO] [stderr] error: could not compile `efw` due to 18 previous errors; 2 warnings emitted
[INFO] running `Command { std: "docker" "inspect" "9de56df2636d5a977d6fc17053229778f9473dfb9b84bfbf593a25c1ee084acd", kill_on_drop: false }`
[INFO] running `Command { std: "docker" "rm" "-f" "9de56df2636d5a977d6fc17053229778f9473dfb9b84bfbf593a25c1ee084acd", kill_on_drop: false }`
[INFO] [stdout] 9de56df2636d5a977d6fc17053229778f9473dfb9b84bfbf593a25c1ee084acd
