[INFO] fetching crate edgedb-query 0.2.2...
[INFO] testing edgedb-query-0.2.2 against 1.69.0 for beta-1.70-1
[INFO] extracting crate edgedb-query 0.2.2 into /workspace/builds/worker-5-tc1/source
[INFO] validating manifest of crates.io crate edgedb-query 0.2.2 on toolchain 1.69.0
[INFO] running `Command { std: CARGO_HOME="/workspace/cargo-home" RUSTUP_HOME="/workspace/rustup-home" "/workspace/cargo-home/bin/cargo" "+1.69.0" "metadata" "--manifest-path" "Cargo.toml" "--no-deps", kill_on_drop: false }`
[INFO] started tweaking crates.io crate edgedb-query 0.2.2
[INFO] removed 0 missing tests
[INFO] finished tweaking crates.io crate edgedb-query 0.2.2
[INFO] tweaked toml for crates.io crate edgedb-query 0.2.2 written to /workspace/builds/worker-5-tc1/source/Cargo.toml
[INFO] running `Command { std: CARGO_HOME="/workspace/cargo-home" RUSTUP_HOME="/workspace/rustup-home" __CARGO_TEST_CHANNEL_OVERRIDE_DO_NOT_USE_THIS="nightly" "/workspace/cargo-home/bin/cargo" "+1.69.0" "generate-lockfile" "--manifest-path" "Cargo.toml" "-Zno-index-update", kill_on_drop: false }`
[INFO] [stderr]     Blocking waiting for file lock on package cache
[INFO] running `Command { std: CARGO_HOME="/workspace/cargo-home" RUSTUP_HOME="/workspace/rustup-home" "/workspace/cargo-home/bin/cargo" "+1.69.0" "fetch" "--manifest-path" "Cargo.toml", kill_on_drop: false }`
[INFO] [stderr]  Downloading crates ...
[INFO] [stderr]   Downloaded edgedb-errors v0.3.0
[INFO] [stderr]   Downloaded edgedb-derive v0.4.0
[INFO] [stderr]   Downloaded edgedb-protocol v0.4.0
[INFO] [stderr]   Downloaded edgedb v0.1.0
[INFO] running `Command { std: "docker" "create" "-v" "/var/lib/crater-agent-workspace/builds/worker-5-tc1/target:/opt/rustwide/target:rw,Z" "-v" "/var/lib/crater-agent-workspace/builds/worker-5-tc1/source:/opt/rustwide/workdir:ro,Z" "-v" "/var/lib/crater-agent-workspace/cargo-home:/opt/rustwide/cargo-home:ro,Z" "-v" "/var/lib/crater-agent-workspace/rustup-home:/opt/rustwide/rustup-home:ro,Z" "-e" "SOURCE_DIR=/opt/rustwide/workdir" "-e" "CARGO_TARGET_DIR=/opt/rustwide/target" "-e" "CARGO_HOME=/opt/rustwide/cargo-home" "-e" "RUSTUP_HOME=/opt/rustwide/rustup-home" "-w" "/opt/rustwide/workdir" "-m" "1610612736" "--user" "0:0" "--network" "none" "ghcr.io/rust-lang/crates-build-env/linux@sha256:5ff2268d62e97bff2cde7d5815dd6ed5b47097566f13b8d0ca110b04b60e07ed" "/opt/rustwide/cargo-home/bin/cargo" "+1.69.0" "metadata" "--no-deps" "--format-version=1", kill_on_drop: false }`
[INFO] [stdout] 7730774f3633f28e3a2eeb09fa3c585347f1a61ec27a66e335f373958c85ab37
[INFO] running `Command { std: "docker" "start" "-a" "7730774f3633f28e3a2eeb09fa3c585347f1a61ec27a66e335f373958c85ab37", kill_on_drop: false }`
[INFO] running `Command { std: "docker" "inspect" "7730774f3633f28e3a2eeb09fa3c585347f1a61ec27a66e335f373958c85ab37", kill_on_drop: false }`
[INFO] running `Command { std: "docker" "rm" "-f" "7730774f3633f28e3a2eeb09fa3c585347f1a61ec27a66e335f373958c85ab37", kill_on_drop: false }`
[INFO] [stdout] 7730774f3633f28e3a2eeb09fa3c585347f1a61ec27a66e335f373958c85ab37
[INFO] running `Command { std: "docker" "create" "-v" "/var/lib/crater-agent-workspace/builds/worker-5-tc1/target:/opt/rustwide/target:rw,Z" "-v" "/var/lib/crater-agent-workspace/builds/worker-5-tc1/source:/opt/rustwide/workdir:ro,Z" "-v" "/var/lib/crater-agent-workspace/cargo-home:/opt/rustwide/cargo-home:ro,Z" "-v" "/var/lib/crater-agent-workspace/rustup-home:/opt/rustwide/rustup-home:ro,Z" "-e" "SOURCE_DIR=/opt/rustwide/workdir" "-e" "CARGO_TARGET_DIR=/opt/rustwide/target" "-e" "CARGO_INCREMENTAL=0" "-e" "RUST_BACKTRACE=full" "-e" "RUSTFLAGS=--cap-lints=warn" "-e" "RUSTDOCFLAGS=--cap-lints=warn" "-e" "CARGO_HOME=/opt/rustwide/cargo-home" "-e" "RUSTUP_HOME=/opt/rustwide/rustup-home" "-w" "/opt/rustwide/workdir" "-m" "1610612736" "--user" "0:0" "--network" "none" "ghcr.io/rust-lang/crates-build-env/linux@sha256:5ff2268d62e97bff2cde7d5815dd6ed5b47097566f13b8d0ca110b04b60e07ed" "/opt/rustwide/cargo-home/bin/cargo" "+1.69.0" "build" "--frozen" "--message-format=json", kill_on_drop: false }`
[INFO] [stdout] 47d4cefec8ccb205ee5f789ee1248b1425707a447a90ceb665407297be7a2b90
[INFO] running `Command { std: "docker" "start" "-a" "47d4cefec8ccb205ee5f789ee1248b1425707a447a90ceb665407297be7a2b90", kill_on_drop: false }`
[INFO] [stderr]    Compiling doc-comment v0.3.3
[INFO] [stderr]    Compiling trybuild v1.0.80
[INFO] [stderr]    Compiling heck v0.4.1
[INFO] [stderr]    Compiling once_cell v1.17.1
[INFO] [stderr]    Compiling serde v1.0.160
[INFO] [stderr]    Compiling glob v0.3.1
[INFO] [stderr]    Compiling termcolor v1.2.0
[INFO] [stderr]    Compiling edgedb-errors v0.3.0
[INFO] [stderr]    Compiling edgedb v0.1.0
[INFO] [stderr]    Compiling getrandom v0.2.9
[INFO] [stderr]    Compiling serde_derive v1.0.160
[INFO] [stderr]    Compiling uuid v1.3.2
[INFO] [stderr]    Compiling snafu-derive v0.7.4
[INFO] [stderr]    Compiling snafu v0.7.4
[INFO] [stderr]    Compiling edgedb-protocol v0.4.0
[INFO] [stderr]    Compiling basic-toml v0.1.2
[INFO] [stderr]    Compiling serde_json v1.0.96
[INFO] [stderr]    Compiling edgedb-derive v0.4.0
[INFO] [stderr]    Compiling edgedb-query v0.2.2 (/opt/rustwide/workdir)
[INFO] [stdout] warning: use of deprecated struct `chrono::Date`: Use `NaiveDate` or `DateTime<Tz>` instead
[INFO] [stdout]    --> src/lib.rs:174:13
[INFO] [stdout]     |
[INFO] [stdout] 174 |     chrono::Date<chrono::Local> => { scalar: "<cal::local_date>"},
[INFO] [stdout]     |             ^^^^
[INFO] [stdout]     |
[INFO] [stdout]     = note: `#[warn(deprecated)]` on by default
[INFO] [stdout] 
[INFO] [stdout] 
[INFO] [stdout] warning: 1 warning emitted
[INFO] [stdout] 
[INFO] [stdout] 
[INFO] [stderr]     Finished dev [unoptimized + debuginfo] target(s) in 12.87s
[INFO] running `Command { std: "docker" "inspect" "47d4cefec8ccb205ee5f789ee1248b1425707a447a90ceb665407297be7a2b90", kill_on_drop: false }`
[INFO] running `Command { std: "docker" "rm" "-f" "47d4cefec8ccb205ee5f789ee1248b1425707a447a90ceb665407297be7a2b90", kill_on_drop: false }`
[INFO] [stdout] 47d4cefec8ccb205ee5f789ee1248b1425707a447a90ceb665407297be7a2b90
[INFO] running `Command { std: "docker" "create" "-v" "/var/lib/crater-agent-workspace/builds/worker-5-tc1/target:/opt/rustwide/target:rw,Z" "-v" "/var/lib/crater-agent-workspace/builds/worker-5-tc1/source:/opt/rustwide/workdir:ro,Z" "-v" "/var/lib/crater-agent-workspace/cargo-home:/opt/rustwide/cargo-home:ro,Z" "-v" "/var/lib/crater-agent-workspace/rustup-home:/opt/rustwide/rustup-home:ro,Z" "-e" "SOURCE_DIR=/opt/rustwide/workdir" "-e" "CARGO_TARGET_DIR=/opt/rustwide/target" "-e" "CARGO_INCREMENTAL=0" "-e" "RUST_BACKTRACE=full" "-e" "RUSTFLAGS=--cap-lints=warn" "-e" "RUSTDOCFLAGS=--cap-lints=warn" "-e" "CARGO_HOME=/opt/rustwide/cargo-home" "-e" "RUSTUP_HOME=/opt/rustwide/rustup-home" "-w" "/opt/rustwide/workdir" "-m" "1610612736" "--user" "0:0" "--network" "none" "ghcr.io/rust-lang/crates-build-env/linux@sha256:5ff2268d62e97bff2cde7d5815dd6ed5b47097566f13b8d0ca110b04b60e07ed" "/opt/rustwide/cargo-home/bin/cargo" "+1.69.0" "test" "--frozen" "--no-run" "--message-format=json", kill_on_drop: false }`
[INFO] [stdout] f1c80a1df23c69811abb018e5781166b363407785e63cdb4429b1df07ea68372
[INFO] running `Command { std: "docker" "start" "-a" "f1c80a1df23c69811abb018e5781166b363407785e63cdb4429b1df07ea68372", kill_on_drop: false }`
[INFO] [stdout] warning: use of deprecated struct `chrono::Date`: Use `NaiveDate` or `DateTime<Tz>` instead
[INFO] [stdout]    --> src/lib.rs:174:13
[INFO] [stdout]     |
[INFO] [stdout] 174 |     chrono::Date<chrono::Local> => { scalar: "<cal::local_date>"},
[INFO] [stdout]     |             ^^^^
[INFO] [stdout]     |
[INFO] [stdout]     = note: `#[warn(deprecated)]` on by default
[INFO] [stdout] 
[INFO] [stdout] 
[INFO] [stderr]    Compiling edgedb-query v0.2.2 (/opt/rustwide/workdir)
[INFO] [stdout] warning: 1 warning emitted
[INFO] [stdout] 
[INFO] [stdout] 
[INFO] [stdout] warning: use of deprecated struct `chrono::Date`: Use `NaiveDate` or `DateTime<Tz>` instead
[INFO] [stdout]    --> src/lib.rs:174:13
[INFO] [stdout]     |
[INFO] [stdout] 174 |     chrono::Date<chrono::Local> => { scalar: "<cal::local_date>"},
[INFO] [stdout]     |             ^^^^
[INFO] [stdout]     |
[INFO] [stdout]     = note: `#[warn(deprecated)]` on by default
[INFO] [stdout] 
[INFO] [stdout] 
[INFO] [stdout] warning: 1 warning emitted
[INFO] [stdout] 
[INFO] [stdout] 
[INFO] [stderr]     Finished test [unoptimized + debuginfo] target(s) in 0.72s
[INFO] running `Command { std: "docker" "inspect" "f1c80a1df23c69811abb018e5781166b363407785e63cdb4429b1df07ea68372", kill_on_drop: false }`
[INFO] running `Command { std: "docker" "rm" "-f" "f1c80a1df23c69811abb018e5781166b363407785e63cdb4429b1df07ea68372", kill_on_drop: false }`
[INFO] [stdout] f1c80a1df23c69811abb018e5781166b363407785e63cdb4429b1df07ea68372
[INFO] running `Command { std: "docker" "create" "-v" "/var/lib/crater-agent-workspace/builds/worker-5-tc1/target:/opt/rustwide/target:rw,Z" "-v" "/var/lib/crater-agent-workspace/builds/worker-5-tc1/source:/opt/rustwide/workdir:ro,Z" "-v" "/var/lib/crater-agent-workspace/cargo-home:/opt/rustwide/cargo-home:ro,Z" "-v" "/var/lib/crater-agent-workspace/rustup-home:/opt/rustwide/rustup-home:ro,Z" "-e" "SOURCE_DIR=/opt/rustwide/workdir" "-e" "CARGO_TARGET_DIR=/opt/rustwide/target" "-e" "CARGO_INCREMENTAL=0" "-e" "RUST_BACKTRACE=full" "-e" "RUSTFLAGS=--cap-lints=warn" "-e" "RUSTDOCFLAGS=--cap-lints=warn" "-e" "CARGO_HOME=/opt/rustwide/cargo-home" "-e" "RUSTUP_HOME=/opt/rustwide/rustup-home" "-w" "/opt/rustwide/workdir" "-m" "1610612736" "--user" "0:0" "--network" "none" "ghcr.io/rust-lang/crates-build-env/linux@sha256:5ff2268d62e97bff2cde7d5815dd6ed5b47097566f13b8d0ca110b04b60e07ed" "/opt/rustwide/cargo-home/bin/cargo" "+1.69.0" "test" "--frozen", kill_on_drop: false }`
[INFO] [stdout] 06e57d19f0922f9d1f34e89c37422ab5a26a6c86b885d2c7edc7668b4b2354a1
[INFO] running `Command { std: "docker" "start" "-a" "06e57d19f0922f9d1f34e89c37422ab5a26a6c86b885d2c7edc7668b4b2354a1", kill_on_drop: false }`
[INFO] [stderr] warning: use of deprecated struct `chrono::Date`: Use `NaiveDate` or `DateTime<Tz>` instead
[INFO] [stderr]    --> src/lib.rs:174:13
[INFO] [stderr]     |
[INFO] [stderr] 174 |     chrono::Date<chrono::Local> => { scalar: "<cal::local_date>"},
[INFO] [stderr]     |             ^^^^
[INFO] [stderr]     |
[INFO] [stderr]     = note: `#[warn(deprecated)]` on by default
[INFO] [stderr] 
[INFO] [stderr] warning: `edgedb-query` (lib) generated 1 warning
[INFO] [stderr] warning: `edgedb-query` (lib test) generated 1 warning (1 duplicate)
[INFO] [stderr]     Finished test [unoptimized + debuginfo] target(s) in 0.04s
[INFO] [stderr]      Running unittests src/lib.rs (/opt/rustwide/target/debug/deps/edgedb_query-59b1d00e86532c79)
[INFO] [stdout] 
[INFO] [stdout] running 0 tests
[INFO] [stdout] 
[INFO] [stdout] test result: ok. 0 passed; 0 failed; 0 ignored; 0 measured; 0 filtered out; finished in 0.00s
[INFO] [stdout] 
[INFO] [stderr]      Running test/tests.rs (/opt/rustwide/target/debug/deps/lib_tests-9a378ed22d0535f2)
[INFO] [stdout] 
[INFO] [stdout] running 11 tests
[INFO] [stdout] test queries::conflict::conflict_test::parse_conflict_with_else_fn ... ok
[INFO] [stdout] test queries::conflict::conflict_test::parse_conflict_with_no_on_no_else_fn ... ok
[INFO] [stdout] test queries::conflict::conflict_test::parse_conflict_with_on ... ok
[INFO] [stdout] test queries::select::select_tests::parse_with_module_specified_and_order_options ... ok
[INFO] [stdout] test queries::conflict::conflict_test::parse_conflict_with_one_on_and_else_fn ... ok
[INFO] [stdout] test queries::select::select_tests::parse_with_no_module_specified_and_order_by_options ... ok
[INFO] [stdout] test queries::select::select_tests::parse_with_module_specified_and_order_options_and_page_options ... ok
[INFO] [stdout] test queries::select::select_tests::parse_with_no_module_specified_and_order_options ... ok
[INFO] [stdout] test queries::select::select_tests::parse_with_no_options ... ok
[INFO] [stdout] test queries::conflict::conflict_test::parse_conflict_with_on_and_else_fn ... ok
[INFO] [stdout] test queries::select::select_tests::parse_with_module_specified_and_order_options_and_limit_options ... ok
[INFO] [stdout] 
[INFO] [stdout] test result: ok. 11 passed; 0 failed; 0 ignored; 0 measured; 0 filtered out; finished in 0.00s
[INFO] [stdout] 
[INFO] [stderr]    Doc-tests edgedb-query
[INFO] [stdout] 
[INFO] [stdout] running 3 tests
[INFO] [stdout] test src/queries/conflict.rs - queries::conflict::parse_conflict (line 62) ... FAILED
[INFO] [stdout] test src/models/edge_query.rs - models::edge_query::EdgeQuery (line 20) ... ok
[INFO] [stdout] test src/queries/select.rs - queries::select::parse_options (line 27) ... ok
[INFO] [stdout] 
[INFO] [stdout] failures:
[INFO] [stdout] 
[INFO] [stdout] ---- src/queries/conflict.rs - queries::conflict::parse_conflict (line 62) stdout ----
[INFO] [stdout] error[E0053]: method `to_edgeql` has an incompatible type for trait
[INFO] [stdout]   --> src/queries/conflict.rs:71:26
[INFO] [stdout]    |
[INFO] [stdout] 11 |   fn to_edgeql(&self) -> String {
[INFO] [stdout]    |                          ^^^^^^
[INFO] [stdout]    |                          |
[INFO] [stdout]    |                          expected `EdgeQl`, found `String`
[INFO] [stdout]    |                          help: change the output type to match the trait: `EdgeQl`
[INFO] [stdout]    |
[INFO] [stdout]    = note: expected signature `fn(&FindUser) -> EdgeQl`
[INFO] [stdout]               found signature `fn(&FindUser) -> String`
[INFO] [stdout] 
[INFO] [stdout] error[E0277]: the trait bound `Option<FindUser>: ToEdgeQuery` is not satisfied
[INFO] [stdout]   --> src/queries/conflict.rs:86:19
[INFO] [stdout]    |
[INFO] [stdout] 26 |       else_query: Some(FindUser{}),
[INFO] [stdout]    |                   ^^^^^^^^^^^^^^^^ the trait `ToEdgeQuery` is not implemented for `Option<FindUser>`
[INFO] [stdout]    |
[INFO] [stdout]    = help: the following other types implement trait `ToEdgeQuery`:
[INFO] [stdout]              EmptyQuery
[INFO] [stdout]              FindUser
[INFO] [stdout] note: required by a bound in `UnlessConflictElse`
[INFO] [stdout]   --> /opt/rustwide/workdir/src/queries/conflict.rs:19:34
[INFO] [stdout]    |
[INFO] [stdout] 19 | pub struct UnlessConflictElse<T: ToEdgeQuery> {
[INFO] [stdout]    |                                  ^^^^^^^^^^^ required by this bound in `UnlessConflictElse`
[INFO] [stdout] 
[INFO] [stdout] error[E0277]: the trait bound `Option<FindUser>: ToEdgeQuery` is not satisfied
[INFO] [stdout]   --> src/queries/conflict.rs:89:29
[INFO] [stdout]    |
[INFO] [stdout] 29 |   let stmt = parse_conflict(&insert_conflict, vec!["name", "age"]);
[INFO] [stdout]    |              -------------- ^^^^^^^^^^^^^^^^ the trait `ToEdgeQuery` is not implemented for `Option<FindUser>`
[INFO] [stdout]    |              |
[INFO] [stdout]    |              required by a bound introduced by this call
[INFO] [stdout]    |
[INFO] [stdout]    = help: the following other types implement trait `ToEdgeQuery`:
[INFO] [stdout]              EmptyQuery
[INFO] [stdout]              FindUser
[INFO] [stdout]    = note: required for `UnlessConflictElse<Option<FindUser>>` to implement `Conflict<Option<FindUser>>`
[INFO] [stdout] note: required by a bound in `parse_conflict`
[INFO] [stdout]   --> /opt/rustwide/workdir/src/queries/conflict.rs:94:50
[INFO] [stdout]    |
[INFO] [stdout] 94 | pub fn parse_conflict<T: ToEdgeQuery + Clone, R: Conflict<T>>(conflict: &R, on_fields: Vec<&str>) -> String {
[INFO] [stdout]    |                                                  ^^^^^^^^^^^ required by this bound in `parse_conflict`
[INFO] [stdout] 
[INFO] [stdout] error: aborting due to 3 previous errors
[INFO] [stdout] 
[INFO] [stdout] Some errors have detailed explanations: E0053, E0277.
[INFO] [stdout] For more information about an error, try `rustc --explain E0053`.
[INFO] [stdout] Couldn't compile the test.
[INFO] [stdout] 
[INFO] [stdout] failures:
[INFO] [stdout]     src/queries/conflict.rs - queries::conflict::parse_conflict (line 62)
[INFO] [stdout] 
[INFO] [stdout] test result: FAILED. 2 passed; 1 failed; 0 ignored; 0 measured; 0 filtered out; finished in 0.43s
[INFO] [stdout] 
[INFO] [stderr] error: doctest failed, to rerun pass `--doc`
[INFO] running `Command { std: "docker" "inspect" "06e57d19f0922f9d1f34e89c37422ab5a26a6c86b885d2c7edc7668b4b2354a1", kill_on_drop: false }`
[INFO] running `Command { std: "docker" "rm" "-f" "06e57d19f0922f9d1f34e89c37422ab5a26a6c86b885d2c7edc7668b4b2354a1", kill_on_drop: false }`
[INFO] [stdout] 06e57d19f0922f9d1f34e89c37422ab5a26a6c86b885d2c7edc7668b4b2354a1
