[INFO] fetching crate dynamodb-mutex 0.1.2...
[INFO] testing dynamodb-mutex-0.1.2 against 1.69.0 for beta-1.70-1
[INFO] extracting crate dynamodb-mutex 0.1.2 into /workspace/builds/worker-4-tc1/source
[INFO] validating manifest of crates.io crate dynamodb-mutex 0.1.2 on toolchain 1.69.0
[INFO] running `Command { std: CARGO_HOME="/workspace/cargo-home" RUSTUP_HOME="/workspace/rustup-home" "/workspace/cargo-home/bin/cargo" "+1.69.0" "metadata" "--manifest-path" "Cargo.toml" "--no-deps", kill_on_drop: false }`
[INFO] started tweaking crates.io crate dynamodb-mutex 0.1.2
[INFO] finished tweaking crates.io crate dynamodb-mutex 0.1.2
[INFO] tweaked toml for crates.io crate dynamodb-mutex 0.1.2 written to /workspace/builds/worker-4-tc1/source/Cargo.toml
[INFO] running `Command { std: CARGO_HOME="/workspace/cargo-home" RUSTUP_HOME="/workspace/rustup-home" __CARGO_TEST_CHANNEL_OVERRIDE_DO_NOT_USE_THIS="nightly" "/workspace/cargo-home/bin/cargo" "+1.69.0" "generate-lockfile" "--manifest-path" "Cargo.toml" "-Zno-index-update", kill_on_drop: false }`
[INFO] running `Command { std: CARGO_HOME="/workspace/cargo-home" RUSTUP_HOME="/workspace/rustup-home" "/workspace/cargo-home/bin/cargo" "+1.69.0" "fetch" "--manifest-path" "Cargo.toml", kill_on_drop: false }`
[INFO] [stderr]  Downloading crates ...
[INFO] [stderr]   Downloaded rusoto_signature v0.46.0
[INFO] [stderr]   Downloaded rusoto_core v0.46.0
[INFO] [stderr]   Downloaded rusoto_credential v0.46.0
[INFO] [stderr]   Downloaded rusoto_dynamodb v0.46.0
[INFO] running `Command { std: "docker" "create" "-v" "/var/lib/crater-agent-workspace/builds/worker-4-tc1/target:/opt/rustwide/target:rw,Z" "-v" "/var/lib/crater-agent-workspace/builds/worker-4-tc1/source:/opt/rustwide/workdir:ro,Z" "-v" "/var/lib/crater-agent-workspace/cargo-home:/opt/rustwide/cargo-home:ro,Z" "-v" "/var/lib/crater-agent-workspace/rustup-home:/opt/rustwide/rustup-home:ro,Z" "-e" "SOURCE_DIR=/opt/rustwide/workdir" "-e" "CARGO_TARGET_DIR=/opt/rustwide/target" "-e" "CARGO_HOME=/opt/rustwide/cargo-home" "-e" "RUSTUP_HOME=/opt/rustwide/rustup-home" "-w" "/opt/rustwide/workdir" "-m" "1610612736" "--user" "0:0" "--network" "none" "ghcr.io/rust-lang/crates-build-env/linux@sha256:5ff2268d62e97bff2cde7d5815dd6ed5b47097566f13b8d0ca110b04b60e07ed" "/opt/rustwide/cargo-home/bin/cargo" "+1.69.0" "metadata" "--no-deps" "--format-version=1", kill_on_drop: false }`
[INFO] [stdout] 3956ac62ea33a722755106bfa621fac02ac66af764bc27647285817ac1b7b7c8
[INFO] running `Command { std: "docker" "start" "-a" "3956ac62ea33a722755106bfa621fac02ac66af764bc27647285817ac1b7b7c8", kill_on_drop: false }`
[INFO] running `Command { std: "docker" "inspect" "3956ac62ea33a722755106bfa621fac02ac66af764bc27647285817ac1b7b7c8", kill_on_drop: false }`
[INFO] running `Command { std: "docker" "rm" "-f" "3956ac62ea33a722755106bfa621fac02ac66af764bc27647285817ac1b7b7c8", kill_on_drop: false }`
[INFO] [stdout] 3956ac62ea33a722755106bfa621fac02ac66af764bc27647285817ac1b7b7c8
[INFO] running `Command { std: "docker" "create" "-v" "/var/lib/crater-agent-workspace/builds/worker-4-tc1/target:/opt/rustwide/target:rw,Z" "-v" "/var/lib/crater-agent-workspace/builds/worker-4-tc1/source:/opt/rustwide/workdir:ro,Z" "-v" "/var/lib/crater-agent-workspace/cargo-home:/opt/rustwide/cargo-home:ro,Z" "-v" "/var/lib/crater-agent-workspace/rustup-home:/opt/rustwide/rustup-home:ro,Z" "-e" "SOURCE_DIR=/opt/rustwide/workdir" "-e" "CARGO_TARGET_DIR=/opt/rustwide/target" "-e" "CARGO_INCREMENTAL=0" "-e" "RUST_BACKTRACE=full" "-e" "RUSTFLAGS=--cap-lints=warn" "-e" "RUSTDOCFLAGS=--cap-lints=warn" "-e" "CARGO_HOME=/opt/rustwide/cargo-home" "-e" "RUSTUP_HOME=/opt/rustwide/rustup-home" "-w" "/opt/rustwide/workdir" "-m" "1610612736" "--user" "0:0" "--network" "none" "ghcr.io/rust-lang/crates-build-env/linux@sha256:5ff2268d62e97bff2cde7d5815dd6ed5b47097566f13b8d0ca110b04b60e07ed" "/opt/rustwide/cargo-home/bin/cargo" "+1.69.0" "build" "--frozen" "--message-format=json", kill_on_drop: false }`
[INFO] [stdout] b3fdcffea0ef123f34ceff896e9cb931de47d6af228d773a090b3c135fcaf3a0
[INFO] running `Command { std: "docker" "start" "-a" "b3fdcffea0ef123f34ceff896e9cb931de47d6af228d773a090b3c135fcaf3a0", kill_on_drop: false }`
[INFO] [stderr]    Compiling proc-macro2 v1.0.56
[INFO] [stderr]    Compiling unicode-ident v1.0.8
[INFO] [stderr]    Compiling quote v1.0.26
[INFO] [stderr]    Compiling libc v0.2.142
[INFO] [stderr]    Compiling pin-project-lite v0.2.9
[INFO] [stderr]    Compiling futures-core v0.3.28
[INFO] [stderr]    Compiling futures-task v0.3.28
[INFO] [stderr]    Compiling futures-channel v0.3.28
[INFO] [stderr]    Compiling typenum v1.16.0
[INFO] [stderr]    Compiling cc v1.0.79
[INFO] [stderr]    Compiling pkg-config v0.3.26
[INFO] [stderr]    Compiling slab v0.4.8
[INFO] [stderr]    Compiling once_cell v1.17.1
[INFO] [stderr]    Compiling generic-array v0.14.7
[INFO] [stderr]    Compiling futures-sink v0.3.28
[INFO] [stderr]    Compiling bytes v1.4.0
[INFO] [stderr]    Compiling futures-util v0.3.28
[INFO] [stderr]    Compiling tokio v1.28.0
[INFO] [stderr]    Compiling itoa v1.0.6
[INFO] [stderr]    Compiling serde_derive v1.0.160
[INFO] [stderr]    Compiling futures-io v0.3.28
[INFO] [stderr]    Compiling standback v0.2.17
[INFO] [stderr]    Compiling serde v1.0.160
[INFO] [stderr]    Compiling syn v1.0.109
[INFO] [stderr]    Compiling httparse v1.8.0
[INFO] [stderr]    Compiling proc-macro-hack v0.5.20+deprecated
[INFO] [stderr]    Compiling http v0.2.9
[INFO] [stderr]    Compiling tracing-core v0.1.30
[INFO] [stderr]    Compiling try-lock v0.2.4
[INFO] [stderr]    Compiling foreign-types-shared v0.1.1
[INFO] [stderr]    Compiling openssl v0.10.52
[INFO] [stderr]    Compiling foreign-types v0.3.2
[INFO] [stderr]    Compiling want v0.3.0
[INFO] [stderr]    Compiling serde_json v1.0.96
[INFO] [stderr]    Compiling tower-service v0.3.2
[INFO] [stderr]    Compiling native-tls v0.2.11
[INFO] [stderr]    Compiling httpdate v1.0.2
[INFO] [stderr]    Compiling const_fn v0.4.9
[INFO] [stderr]    Compiling async-trait v0.1.68
[INFO] [stderr]    Compiling semver-parser v0.7.0
[INFO] [stderr]    Compiling tracing v0.1.37
[INFO] [stderr]    Compiling syn v2.0.15
[INFO] [stderr]    Compiling openssl-sys v0.9.87
[INFO] [stderr]    Compiling semver v0.9.0
[INFO] [stderr]    Compiling time v0.2.27
[INFO] [stderr]    Compiling openssl-probe v0.1.5
[INFO] [stderr]    Compiling iana-time-zone v0.1.56
[INFO] [stderr]    Compiling ryu v1.0.13
[INFO] [stderr]    Compiling subtle v2.4.1
[INFO] [stderr]    Compiling http-body v0.4.5
[INFO] [stderr]    Compiling rustc_version v0.2.3
[INFO] [stderr]    Compiling cpufeatures v0.2.7
[INFO] [stderr]    Compiling opaque-debug v0.3.0
[INFO] [stderr]    Compiling shlex v0.1.1
[INFO] [stderr]    Compiling zeroize v1.6.0
[INFO] [stderr]    Compiling hex v0.4.3
[INFO] [stderr]    Compiling md5 v0.7.0
[INFO] [stderr]    Compiling base64 v0.13.1
[INFO] [stderr]    Compiling mio v0.8.6
[INFO] [stderr]    Compiling socket2 v0.4.9
[INFO] [stderr]    Compiling num_cpus v1.15.0
[INFO] [stderr]    Compiling signal-hook-registry v1.4.1
[INFO] [stderr]    Compiling digest v0.9.0
[INFO] [stderr]    Compiling dirs-sys-next v0.1.2
[INFO] [stderr]    Compiling time v0.1.45
[INFO] [stderr]    Compiling block-buffer v0.9.0
[INFO] [stderr]    Compiling dirs-next v2.0.0
[INFO] [stderr]    Compiling crypto-mac v0.10.1
[INFO] [stderr]    Compiling rusoto_core v0.46.0
[INFO] [stderr]    Compiling sha2 v0.9.9
[INFO] [stderr]    Compiling percent-encoding v2.2.0
[INFO] [stderr]    Compiling thiserror v1.0.40
[INFO] [stderr]    Compiling xml-rs v0.8.4
[INFO] [stderr]    Compiling hmac v0.10.1
[INFO] [stderr]    Compiling futures-macro v0.3.28
[INFO] [stderr]    Compiling tokio-macros v2.1.0
[INFO] [stderr]    Compiling openssl-macros v0.1.1
[INFO] [stderr]    Compiling thiserror-impl v1.0.40
[INFO] [stderr]    Compiling time-macros-impl v0.1.2
[INFO] [stderr]    Compiling time-macros v0.1.1
[INFO] [stderr]    Compiling futures-executor v0.3.28
[INFO] [stderr]    Compiling futures v0.3.28
[INFO] [stderr]    Compiling hyper v0.14.26
[INFO] [stderr]    Compiling tokio-native-tls v0.3.1
[INFO] [stderr]    Compiling chrono v0.4.24
[INFO] [stderr]    Compiling hyper-tls v0.5.0
[INFO] [stderr]    Compiling rusoto_credential v0.46.0
[INFO] [stderr]    Compiling rusoto_signature v0.46.0
[INFO] [stderr]    Compiling rusoto_dynamodb v0.46.0
[INFO] [stderr]    Compiling dynamodb-mutex v0.1.2 (/opt/rustwide/workdir)
[INFO] [stderr]     Finished dev [unoptimized + debuginfo] target(s) in 21.28s
[INFO] running `Command { std: "docker" "inspect" "b3fdcffea0ef123f34ceff896e9cb931de47d6af228d773a090b3c135fcaf3a0", kill_on_drop: false }`
[INFO] running `Command { std: "docker" "rm" "-f" "b3fdcffea0ef123f34ceff896e9cb931de47d6af228d773a090b3c135fcaf3a0", kill_on_drop: false }`
[INFO] [stdout] b3fdcffea0ef123f34ceff896e9cb931de47d6af228d773a090b3c135fcaf3a0
[INFO] running `Command { std: "docker" "create" "-v" "/var/lib/crater-agent-workspace/builds/worker-4-tc1/target:/opt/rustwide/target:rw,Z" "-v" "/var/lib/crater-agent-workspace/builds/worker-4-tc1/source:/opt/rustwide/workdir:ro,Z" "-v" "/var/lib/crater-agent-workspace/cargo-home:/opt/rustwide/cargo-home:ro,Z" "-v" "/var/lib/crater-agent-workspace/rustup-home:/opt/rustwide/rustup-home:ro,Z" "-e" "SOURCE_DIR=/opt/rustwide/workdir" "-e" "CARGO_TARGET_DIR=/opt/rustwide/target" "-e" "CARGO_INCREMENTAL=0" "-e" "RUST_BACKTRACE=full" "-e" "RUSTFLAGS=--cap-lints=warn" "-e" "RUSTDOCFLAGS=--cap-lints=warn" "-e" "CARGO_HOME=/opt/rustwide/cargo-home" "-e" "RUSTUP_HOME=/opt/rustwide/rustup-home" "-w" "/opt/rustwide/workdir" "-m" "1610612736" "--user" "0:0" "--network" "none" "ghcr.io/rust-lang/crates-build-env/linux@sha256:5ff2268d62e97bff2cde7d5815dd6ed5b47097566f13b8d0ca110b04b60e07ed" "/opt/rustwide/cargo-home/bin/cargo" "+1.69.0" "test" "--frozen" "--no-run" "--message-format=json", kill_on_drop: false }`
[INFO] [stdout] 4a7b01ab45d13fcb6665c64348df936701b211ecebe900e67ec6832eb57453e1
[INFO] running `Command { std: "docker" "start" "-a" "4a7b01ab45d13fcb6665c64348df936701b211ecebe900e67ec6832eb57453e1", kill_on_drop: false }`
[INFO] [stderr]    Compiling dynamodb-mutex v0.1.2 (/opt/rustwide/workdir)
[INFO] [stderr]     Finished test [unoptimized + debuginfo] target(s) in 2.69s
[INFO] running `Command { std: "docker" "inspect" "4a7b01ab45d13fcb6665c64348df936701b211ecebe900e67ec6832eb57453e1", kill_on_drop: false }`
[INFO] running `Command { std: "docker" "rm" "-f" "4a7b01ab45d13fcb6665c64348df936701b211ecebe900e67ec6832eb57453e1", kill_on_drop: false }`
[INFO] [stdout] 4a7b01ab45d13fcb6665c64348df936701b211ecebe900e67ec6832eb57453e1
[INFO] running `Command { std: "docker" "create" "-v" "/var/lib/crater-agent-workspace/builds/worker-4-tc1/target:/opt/rustwide/target:rw,Z" "-v" "/var/lib/crater-agent-workspace/builds/worker-4-tc1/source:/opt/rustwide/workdir:ro,Z" "-v" "/var/lib/crater-agent-workspace/cargo-home:/opt/rustwide/cargo-home:ro,Z" "-v" "/var/lib/crater-agent-workspace/rustup-home:/opt/rustwide/rustup-home:ro,Z" "-e" "SOURCE_DIR=/opt/rustwide/workdir" "-e" "CARGO_TARGET_DIR=/opt/rustwide/target" "-e" "CARGO_INCREMENTAL=0" "-e" "RUST_BACKTRACE=full" "-e" "RUSTFLAGS=--cap-lints=warn" "-e" "RUSTDOCFLAGS=--cap-lints=warn" "-e" "CARGO_HOME=/opt/rustwide/cargo-home" "-e" "RUSTUP_HOME=/opt/rustwide/rustup-home" "-w" "/opt/rustwide/workdir" "-m" "1610612736" "--user" "0:0" "--network" "none" "ghcr.io/rust-lang/crates-build-env/linux@sha256:5ff2268d62e97bff2cde7d5815dd6ed5b47097566f13b8d0ca110b04b60e07ed" "/opt/rustwide/cargo-home/bin/cargo" "+1.69.0" "test" "--frozen", kill_on_drop: false }`
[INFO] [stdout] de835e5290f5d200dcac683deab88d538d570c7e5c423d23a335d06d914cfa50
[INFO] running `Command { std: "docker" "start" "-a" "de835e5290f5d200dcac683deab88d538d570c7e5c423d23a335d06d914cfa50", kill_on_drop: false }`
[INFO] [stderr]     Finished test [unoptimized + debuginfo] target(s) in 0.14s
[INFO] [stderr]      Running unittests src/lib.rs (/opt/rustwide/target/debug/deps/dynamodb_mutex-77b5f3ef36b2c689)
[INFO] [stdout] 
[INFO] [stdout] running 2 tests
[INFO] [stdout] test tests::it_works ... FAILED
[INFO] [stdout] test tests::check_async ... FAILED
[INFO] [stdout] 
[INFO] [stdout] failures:
[INFO] [stdout] 
[INFO] [stdout] ---- tests::it_works stdout ----
[INFO] [stdout] Error: UpdateItem(Credentials(CredentialsError { message: "Couldn't find AWS credentials in environment, credentials file, or IAM role." }))
[INFO] [stdout] 
[INFO] [stdout] ---- tests::check_async stdout ----
[INFO] [stdout] 0:-1
[INFO] [stdout] 1:-1
[INFO] [stdout] 2:-1
[INFO] [stdout] 3:-1
[INFO] [stdout] 4:-1
[INFO] [stdout] 5:-1
[INFO] [stdout] 6:-1
[INFO] [stdout] 7:-1
[INFO] [stdout] 8:-1
[INFO] [stdout] 9:-1
[INFO] [stdout] Error: DeleteItem(Credentials(CredentialsError { message: "Couldn't find AWS credentials in environment, credentials file, or IAM role." }))
[INFO] [stdout] 
[INFO] [stdout] 
[INFO] [stdout] failures:
[INFO] [stdout]     tests::check_async
[INFO] [stdout]     tests::it_works
[INFO] [stdout] 
[INFO] [stdout] test result: FAILED. 0 passed; 2 failed; 0 ignored; 0 measured; 0 filtered out; finished in 0.08s
[INFO] [stdout] 
[INFO] [stderr] error: test failed, to rerun pass `--lib`
[INFO] running `Command { std: "docker" "inspect" "de835e5290f5d200dcac683deab88d538d570c7e5c423d23a335d06d914cfa50", kill_on_drop: false }`
[INFO] running `Command { std: "docker" "rm" "-f" "de835e5290f5d200dcac683deab88d538d570c7e5c423d23a335d06d914cfa50", kill_on_drop: false }`
[INFO] [stdout] de835e5290f5d200dcac683deab88d538d570c7e5c423d23a335d06d914cfa50
