[INFO] fetching crate dynamodb-adapter 0.1.0...
[INFO] testing dynamodb-adapter-0.1.0 against 1.69.0 for beta-1.70-1
[INFO] extracting crate dynamodb-adapter 0.1.0 into /workspace/builds/worker-5-tc1/source
[INFO] validating manifest of crates.io crate dynamodb-adapter 0.1.0 on toolchain 1.69.0
[INFO] running `Command { std: CARGO_HOME="/workspace/cargo-home" RUSTUP_HOME="/workspace/rustup-home" "/workspace/cargo-home/bin/cargo" "+1.69.0" "metadata" "--manifest-path" "Cargo.toml" "--no-deps", kill_on_drop: false }`
[INFO] started tweaking crates.io crate dynamodb-adapter 0.1.0
[INFO] finished tweaking crates.io crate dynamodb-adapter 0.1.0
[INFO] tweaked toml for crates.io crate dynamodb-adapter 0.1.0 written to /workspace/builds/worker-5-tc1/source/Cargo.toml
[INFO] running `Command { std: CARGO_HOME="/workspace/cargo-home" RUSTUP_HOME="/workspace/rustup-home" __CARGO_TEST_CHANNEL_OVERRIDE_DO_NOT_USE_THIS="nightly" "/workspace/cargo-home/bin/cargo" "+1.69.0" "generate-lockfile" "--manifest-path" "Cargo.toml" "-Zno-index-update", kill_on_drop: false }`
[INFO] running `Command { std: CARGO_HOME="/workspace/cargo-home" RUSTUP_HOME="/workspace/rustup-home" "/workspace/cargo-home/bin/cargo" "+1.69.0" "fetch" "--manifest-path" "Cargo.toml", kill_on_drop: false }`
[INFO] [stderr]  Downloading crates ...
[INFO] [stderr]   Downloaded aws-smithy-types v0.48.0
[INFO] [stderr]   Downloaded casbin v2.0.9
[INFO] [stderr]   Downloaded aws-smithy-http-tower v0.48.0
[INFO] [stderr]   Downloaded aws-smithy-http v0.48.0
[INFO] [stderr]   Downloaded aws-smithy-client v0.48.0
[INFO] [stderr]   Downloaded aws-smithy-async v0.48.0
[INFO] [stderr]   Downloaded aws-sig-auth v0.48.0
[INFO] [stderr]   Downloaded aws-smithy-json v0.48.0
[INFO] [stderr]   Downloaded aws-endpoint v0.48.0
[INFO] [stderr]   Downloaded aws-http v0.48.0
[INFO] [stderr]   Downloaded aws-smithy-xml v0.48.0
[INFO] [stderr]   Downloaded aws-config v0.48.0
[INFO] [stderr]   Downloaded aws-sdk-sts v0.18.0
[INFO] [stderr]   Downloaded aws-sdk-sso v0.18.0
[INFO] [stderr]   Downloaded rhai v1.13.0
[INFO] [stderr]   Downloaded aws-smithy-query v0.48.0
[INFO] [stderr]   Downloaded aws-types v0.48.0
[INFO] [stderr]   Downloaded ritelinked v0.3.2
[INFO] [stderr]   Downloaded rhai_codegen v1.5.0
[INFO] [stderr]   Downloaded aws-sigv4 v0.48.1
[INFO] [stderr]   Downloaded aws-sdk-dynamodb v0.18.0
[INFO] running `Command { std: "docker" "create" "-v" "/var/lib/crater-agent-workspace/builds/worker-5-tc1/target:/opt/rustwide/target:rw,Z" "-v" "/var/lib/crater-agent-workspace/builds/worker-5-tc1/source:/opt/rustwide/workdir:ro,Z" "-v" "/var/lib/crater-agent-workspace/cargo-home:/opt/rustwide/cargo-home:ro,Z" "-v" "/var/lib/crater-agent-workspace/rustup-home:/opt/rustwide/rustup-home:ro,Z" "-e" "SOURCE_DIR=/opt/rustwide/workdir" "-e" "CARGO_TARGET_DIR=/opt/rustwide/target" "-e" "CARGO_HOME=/opt/rustwide/cargo-home" "-e" "RUSTUP_HOME=/opt/rustwide/rustup-home" "-w" "/opt/rustwide/workdir" "-m" "1610612736" "--user" "0:0" "--network" "none" "ghcr.io/rust-lang/crates-build-env/linux@sha256:5ff2268d62e97bff2cde7d5815dd6ed5b47097566f13b8d0ca110b04b60e07ed" "/opt/rustwide/cargo-home/bin/cargo" "+1.69.0" "metadata" "--no-deps" "--format-version=1", kill_on_drop: false }`
[INFO] [stdout] 591092755f550b05af23ff78cd1cb702b4712ac60020f585b9eb26f2f8c47a5b
[INFO] running `Command { std: "docker" "start" "-a" "591092755f550b05af23ff78cd1cb702b4712ac60020f585b9eb26f2f8c47a5b", kill_on_drop: false }`
[INFO] running `Command { std: "docker" "inspect" "591092755f550b05af23ff78cd1cb702b4712ac60020f585b9eb26f2f8c47a5b", kill_on_drop: false }`
[INFO] running `Command { std: "docker" "rm" "-f" "591092755f550b05af23ff78cd1cb702b4712ac60020f585b9eb26f2f8c47a5b", kill_on_drop: false }`
[INFO] [stdout] 591092755f550b05af23ff78cd1cb702b4712ac60020f585b9eb26f2f8c47a5b
[INFO] running `Command { std: "docker" "create" "-v" "/var/lib/crater-agent-workspace/builds/worker-5-tc1/target:/opt/rustwide/target:rw,Z" "-v" "/var/lib/crater-agent-workspace/builds/worker-5-tc1/source:/opt/rustwide/workdir:ro,Z" "-v" "/var/lib/crater-agent-workspace/cargo-home:/opt/rustwide/cargo-home:ro,Z" "-v" "/var/lib/crater-agent-workspace/rustup-home:/opt/rustwide/rustup-home:ro,Z" "-e" "SOURCE_DIR=/opt/rustwide/workdir" "-e" "CARGO_TARGET_DIR=/opt/rustwide/target" "-e" "CARGO_INCREMENTAL=0" "-e" "RUST_BACKTRACE=full" "-e" "RUSTFLAGS=--cap-lints=warn" "-e" "RUSTDOCFLAGS=--cap-lints=warn" "-e" "CARGO_HOME=/opt/rustwide/cargo-home" "-e" "RUSTUP_HOME=/opt/rustwide/rustup-home" "-w" "/opt/rustwide/workdir" "-m" "1610612736" "--user" "0:0" "--network" "none" "ghcr.io/rust-lang/crates-build-env/linux@sha256:5ff2268d62e97bff2cde7d5815dd6ed5b47097566f13b8d0ca110b04b60e07ed" "/opt/rustwide/cargo-home/bin/cargo" "+1.69.0" "build" "--frozen" "--message-format=json", kill_on_drop: false }`
[INFO] [stdout] d751405b3721b33f13966d70751b026cbcd2f4b25cefa5647e4e374ca078f3ce
[INFO] running `Command { std: "docker" "start" "-a" "d751405b3721b33f13966d70751b026cbcd2f4b25cefa5647e4e374ca078f3ce", kill_on_drop: false }`
[INFO] [stderr]    Compiling once_cell v1.17.1
[INFO] [stderr]    Compiling parking_lot_core v0.9.7
[INFO] [stderr]    Compiling tokio v1.28.0
[INFO] [stderr]    Compiling futures-core v0.3.28
[INFO] [stderr]    Compiling futures-util v0.3.28
[INFO] [stderr]    Compiling syn v1.0.109
[INFO] [stderr]    Compiling mio v0.8.6
[INFO] [stderr]    Compiling socket2 v0.4.9
[INFO] [stderr]    Compiling signal-hook-registry v1.4.1
[INFO] [stderr]    Compiling syn v2.0.15
[INFO] [stderr]    Compiling num-integer v0.1.45
[INFO] [stderr]    Compiling futures-sink v0.3.28
[INFO] [stderr]    Compiling futures-channel v0.3.28
[INFO] [stderr]    Compiling httparse v1.8.0
[INFO] [stderr]    Compiling try-lock v0.2.4
[INFO] [stderr]    Compiling tower-service v0.3.2
[INFO] [stderr]    Compiling time-core v0.1.0
[INFO] [stderr]    Compiling http-body v0.4.5
[INFO] [stderr]    Compiling want v0.3.0
[INFO] [stderr]    Compiling tracing-core v0.1.30
[INFO] [stderr]    Compiling ring v0.16.20
[INFO] [stderr]    Compiling time v0.3.20
[INFO] [stderr]    Compiling httpdate v1.0.2
[INFO] [stderr]    Compiling semver v1.0.17
[INFO] [stderr]    Compiling either v1.8.1
[INFO] [stderr]    Compiling getrandom v0.2.9
[INFO] [stderr]    Compiling openssl-probe v0.1.5
[INFO] [stderr]    Compiling bytes-utils v0.1.3
[INFO] [stderr]    Compiling tower-layer v0.3.2
[INFO] [stderr]    Compiling proc-macro-hack v0.5.20+deprecated
[INFO] [stderr]    Compiling tiny-keccak v2.0.2
[INFO] [stderr]    Compiling fastrand v1.9.0
[INFO] [stderr]    Compiling zeroize v1.6.0
[INFO] [stderr]    Compiling smartstring v1.0.1
[INFO] [stderr]    Compiling ahash v0.8.3
[INFO] [stderr]    Compiling ahash v0.7.6
[INFO] [stderr]    Compiling bstr v1.4.0
[INFO] [stderr]    Compiling aho-corasick v0.7.20
[INFO] [stderr]    Compiling md5 v0.7.0
[INFO] [stderr]    Compiling rustc_version v0.4.0
[INFO] [stderr]    Compiling hashbrown v0.11.2
[INFO] [stderr]    Compiling aws-types v0.48.0
[INFO] [stderr]    Compiling aws-smithy-types v0.48.0
[INFO] [stderr]    Compiling sct v0.6.1
[INFO] [stderr]    Compiling webpki v0.21.4
[INFO] [stderr]    Compiling ritelinked v0.3.2
[INFO] [stderr]    Compiling ct-logs v0.8.0
[INFO] [stderr]    Compiling globset v0.4.10
[INFO] [stderr]    Compiling rustls v0.19.1
[INFO] [stderr]    Compiling const-random-macro v0.1.15
[INFO] [stderr]    Compiling aws-smithy-json v0.48.0
[INFO] [stderr]    Compiling const-random v0.1.15
[INFO] [stderr]    Compiling rustls-native-certs v0.5.0
[INFO] [stderr]    Compiling serde_derive v1.0.160
[INFO] [stderr]    Compiling tokio-macros v2.1.0
[INFO] [stderr]    Compiling tracing-attributes v0.1.24
[INFO] [stderr]    Compiling futures-macro v0.3.28
[INFO] [stderr]    Compiling thiserror-impl v1.0.40
[INFO] [stderr]    Compiling async-trait v0.1.68
[INFO] [stderr]    Compiling pin-project-internal v1.0.12
[INFO] [stderr]    Compiling rhai_codegen v1.5.0
[INFO] [stderr]    Compiling thiserror v1.0.40
[INFO] [stderr]    Compiling tracing v0.1.37
[INFO] [stderr]    Compiling pin-project v1.0.12
[INFO] [stderr]    Compiling serde v1.0.160
[INFO] [stderr]    Compiling smallvec v1.10.0
[INFO] [stderr]    Compiling parking_lot_core v0.8.6
[INFO] [stderr]    Compiling rhai v1.13.0
[INFO] [stderr]    Compiling parking_lot v0.12.1
[INFO] [stderr]    Compiling parking_lot v0.11.2
[INFO] [stderr]    Compiling tokio-util v0.7.8
[INFO] [stderr]    Compiling tokio-rustls v0.22.0
[INFO] [stderr]    Compiling tokio-stream v0.1.14
[INFO] [stderr]    Compiling tower v0.4.13
[INFO] [stderr]    Compiling aws-smithy-async v0.48.0
[INFO] [stderr]    Compiling h2 v0.3.18
[INFO] [stderr]    Compiling casbin v2.0.9
[INFO] [stderr]    Compiling hyper v0.14.26
[INFO] [stderr]    Compiling aws-smithy-http v0.48.0
[INFO] [stderr]    Compiling hyper-rustls v0.22.1
[INFO] [stderr]    Compiling aws-smithy-http-tower v0.48.0
[INFO] [stderr]    Compiling aws-sigv4 v0.48.1
[INFO] [stderr]    Compiling aws-smithy-client v0.48.0
[INFO] [stderr]    Compiling aws-endpoint v0.48.0
[INFO] [stderr]    Compiling aws-http v0.48.0
[INFO] [stderr]    Compiling aws-sig-auth v0.48.0
[INFO] [stderr]    Compiling aws-sdk-dynamodb v0.18.0
[INFO] [stderr]    Compiling dynamodb-adapter v0.1.0 (/opt/rustwide/workdir)
[INFO] [stderr]     Finished dev [unoptimized + debuginfo] target(s) in 47.42s
[INFO] running `Command { std: "docker" "inspect" "d751405b3721b33f13966d70751b026cbcd2f4b25cefa5647e4e374ca078f3ce", kill_on_drop: false }`
[INFO] running `Command { std: "docker" "rm" "-f" "d751405b3721b33f13966d70751b026cbcd2f4b25cefa5647e4e374ca078f3ce", kill_on_drop: false }`
[INFO] [stdout] d751405b3721b33f13966d70751b026cbcd2f4b25cefa5647e4e374ca078f3ce
[INFO] running `Command { std: "docker" "create" "-v" "/var/lib/crater-agent-workspace/builds/worker-5-tc1/target:/opt/rustwide/target:rw,Z" "-v" "/var/lib/crater-agent-workspace/builds/worker-5-tc1/source:/opt/rustwide/workdir:ro,Z" "-v" "/var/lib/crater-agent-workspace/cargo-home:/opt/rustwide/cargo-home:ro,Z" "-v" "/var/lib/crater-agent-workspace/rustup-home:/opt/rustwide/rustup-home:ro,Z" "-e" "SOURCE_DIR=/opt/rustwide/workdir" "-e" "CARGO_TARGET_DIR=/opt/rustwide/target" "-e" "CARGO_INCREMENTAL=0" "-e" "RUST_BACKTRACE=full" "-e" "RUSTFLAGS=--cap-lints=warn" "-e" "RUSTDOCFLAGS=--cap-lints=warn" "-e" "CARGO_HOME=/opt/rustwide/cargo-home" "-e" "RUSTUP_HOME=/opt/rustwide/rustup-home" "-w" "/opt/rustwide/workdir" "-m" "1610612736" "--user" "0:0" "--network" "none" "ghcr.io/rust-lang/crates-build-env/linux@sha256:5ff2268d62e97bff2cde7d5815dd6ed5b47097566f13b8d0ca110b04b60e07ed" "/opt/rustwide/cargo-home/bin/cargo" "+1.69.0" "test" "--frozen" "--no-run" "--message-format=json", kill_on_drop: false }`
[INFO] [stdout] 42ebd87bfa5b72126171b85653b225974e77f8fd82d5d16a4df179aa92e6dc29
[INFO] running `Command { std: "docker" "start" "-a" "42ebd87bfa5b72126171b85653b225974e77f8fd82d5d16a4df179aa92e6dc29", kill_on_drop: false }`
[INFO] [stderr]    Compiling xmlparser v0.13.3
[INFO] [stderr]    Compiling urlencoding v2.1.2
[INFO] [stderr]    Compiling aws-sdk-sso v0.18.0
[INFO] [stderr]    Compiling aws-smithy-query v0.48.0
[INFO] [stderr]    Compiling aws-smithy-xml v0.48.0
[INFO] [stderr]    Compiling aws-sdk-sts v0.18.0
[INFO] [stderr]    Compiling aws-config v0.48.0
[INFO] [stderr]    Compiling dynamodb-adapter v0.1.0 (/opt/rustwide/workdir)
[INFO] [stderr]     Finished test [unoptimized + debuginfo] target(s) in 13.49s
[INFO] running `Command { std: "docker" "inspect" "42ebd87bfa5b72126171b85653b225974e77f8fd82d5d16a4df179aa92e6dc29", kill_on_drop: false }`
[INFO] running `Command { std: "docker" "rm" "-f" "42ebd87bfa5b72126171b85653b225974e77f8fd82d5d16a4df179aa92e6dc29", kill_on_drop: false }`
[INFO] [stdout] 42ebd87bfa5b72126171b85653b225974e77f8fd82d5d16a4df179aa92e6dc29
[INFO] running `Command { std: "docker" "create" "-v" "/var/lib/crater-agent-workspace/builds/worker-5-tc1/target:/opt/rustwide/target:rw,Z" "-v" "/var/lib/crater-agent-workspace/builds/worker-5-tc1/source:/opt/rustwide/workdir:ro,Z" "-v" "/var/lib/crater-agent-workspace/cargo-home:/opt/rustwide/cargo-home:ro,Z" "-v" "/var/lib/crater-agent-workspace/rustup-home:/opt/rustwide/rustup-home:ro,Z" "-e" "SOURCE_DIR=/opt/rustwide/workdir" "-e" "CARGO_TARGET_DIR=/opt/rustwide/target" "-e" "CARGO_INCREMENTAL=0" "-e" "RUST_BACKTRACE=full" "-e" "RUSTFLAGS=--cap-lints=warn" "-e" "RUSTDOCFLAGS=--cap-lints=warn" "-e" "CARGO_HOME=/opt/rustwide/cargo-home" "-e" "RUSTUP_HOME=/opt/rustwide/rustup-home" "-w" "/opt/rustwide/workdir" "-m" "1610612736" "--user" "0:0" "--network" "none" "ghcr.io/rust-lang/crates-build-env/linux@sha256:5ff2268d62e97bff2cde7d5815dd6ed5b47097566f13b8d0ca110b04b60e07ed" "/opt/rustwide/cargo-home/bin/cargo" "+1.69.0" "test" "--frozen", kill_on_drop: false }`
[INFO] [stdout] e0107a01db5b5ee682939a31a72a8bfe7750a49cf40f2c7bfa62478866e253b4
[INFO] running `Command { std: "docker" "start" "-a" "e0107a01db5b5ee682939a31a72a8bfe7750a49cf40f2c7bfa62478866e253b4", kill_on_drop: false }`
[INFO] [stderr]     Finished test [unoptimized + debuginfo] target(s) in 0.11s
[INFO] [stderr]      Running unittests src/lib.rs (/opt/rustwide/target/debug/deps/dynamodb_adapter-2e682dd2f6d7560f)
[INFO] [stdout] 
[INFO] [stdout] running 2 tests
[INFO] [stdout] test tests::test_casbin_adapter ... FAILED
[INFO] [stdout] test tests::test_adapter ... FAILED
[INFO] [stdout] 
[INFO] [stdout] failures:
[INFO] [stdout] 
[INFO] [stdout] ---- tests::test_casbin_adapter stdout ----
[INFO] [stdout] Error: AdapterError(AdapterError(ConstructionFailure(EndpointResolutionError(Error { message: "no region in params", extra: None }))))
[INFO] [stdout] 
[INFO] [stdout] ---- tests::test_adapter stdout ----
[INFO] [stdout] thread 'tests::test_adapter' panicked at 'assertion failed: adapter.save_policy(e.get_mut_model()).await.is_ok()', src/lib.rs:79:9
[INFO] [stdout] stack backtrace:
[INFO] [stdout]    0:     0x5646c2dcf88a - std::backtrace_rs::backtrace::libunwind::trace::ha9053a9a07ca49cb
[INFO] [stdout]                                at /rustc/84c898d65adf2f39a5a98507f1fe0ce10a2b8dbc/library/std/src/../../backtrace/src/backtrace/libunwind.rs:93:5
[INFO] [stdout]    1:     0x5646c2dcf88a - std::backtrace_rs::backtrace::trace_unsynchronized::h9c2852a457ad564e
[INFO] [stdout]                                at /rustc/84c898d65adf2f39a5a98507f1fe0ce10a2b8dbc/library/std/src/../../backtrace/src/backtrace/mod.rs:66:5
[INFO] [stdout]    2:     0x5646c2dcf88a - std::sys_common::backtrace::_print_fmt::h457936fbfaa0070f
[INFO] [stdout]                                at /rustc/84c898d65adf2f39a5a98507f1fe0ce10a2b8dbc/library/std/src/sys_common/backtrace.rs:65:5
[INFO] [stdout]    3:     0x5646c2dcf88a - <std::sys_common::backtrace::_print::DisplayBacktrace as core::fmt::Display>::fmt::h5779d7bf7f70cb0c
[INFO] [stdout]                                at /rustc/84c898d65adf2f39a5a98507f1fe0ce10a2b8dbc/library/std/src/sys_common/backtrace.rs:44:22
[INFO] [stdout]    4:     0x5646c2df98be - core::fmt::write::h5a4baaff1bcd3eb5
[INFO] [stdout]                                at /rustc/84c898d65adf2f39a5a98507f1fe0ce10a2b8dbc/library/core/src/fmt/mod.rs:1232:17
[INFO] [stdout]    5:     0x5646c2dcbb85 - std::io::Write::write_fmt::h478f79c628ef31d1
[INFO] [stdout]                                at /rustc/84c898d65adf2f39a5a98507f1fe0ce10a2b8dbc/library/std/src/io/mod.rs:1684:15
[INFO] [stdout]    6:     0x5646c2dcf655 - std::sys_common::backtrace::_print::h5fcdc36060f177e8
[INFO] [stdout]                                at /rustc/84c898d65adf2f39a5a98507f1fe0ce10a2b8dbc/library/std/src/sys_common/backtrace.rs:47:5
[INFO] [stdout]    7:     0x5646c2dcf655 - std::sys_common::backtrace::print::h54ca9458b876c8bf
[INFO] [stdout]                                at /rustc/84c898d65adf2f39a5a98507f1fe0ce10a2b8dbc/library/std/src/sys_common/backtrace.rs:34:9
[INFO] [stdout]    8:     0x5646c2dd149f - std::panicking::default_hook::{{closure}}::hbe471161c7664ed6
[INFO] [stdout]                                at /rustc/84c898d65adf2f39a5a98507f1fe0ce10a2b8dbc/library/std/src/panicking.rs:271:22
[INFO] [stdout]    9:     0x5646c2dd115f - std::panicking::default_hook::ha3500da57aa4ac4f
[INFO] [stdout]                                at /rustc/84c898d65adf2f39a5a98507f1fe0ce10a2b8dbc/library/std/src/panicking.rs:287:9
[INFO] [stdout]   10:     0x5646c2247ae7 - <alloc::boxed::Box<F,A> as core::ops::function::Fn<Args>>::call::hdf1b89dd137ece34
[INFO] [stdout]                                at /rustc/84c898d65adf2f39a5a98507f1fe0ce10a2b8dbc/library/alloc/src/boxed.rs:2001:9
[INFO] [stdout]   11:     0x5646c2247ae7 - test::test_main::{{closure}}::h9081a79f20e75698
[INFO] [stdout]                                at /rustc/84c898d65adf2f39a5a98507f1fe0ce10a2b8dbc/library/test/src/lib.rs:135:21
[INFO] [stdout]   12:     0x5646c2dd1bcd - <alloc::boxed::Box<F,A> as core::ops::function::Fn<Args>>::call::h6507bddc3eebb4a5
[INFO] [stdout]                                at /rustc/84c898d65adf2f39a5a98507f1fe0ce10a2b8dbc/library/alloc/src/boxed.rs:2001:9
[INFO] [stdout]   13:     0x5646c2dd1bcd - std::panicking::rust_panic_with_hook::h50c09d000dc561d2
[INFO] [stdout]                                at /rustc/84c898d65adf2f39a5a98507f1fe0ce10a2b8dbc/library/std/src/panicking.rs:696:13
[INFO] [stdout]   14:     0x5646c2dd1902 - std::panicking::begin_panic_handler::{{closure}}::h9e2b2176e00e0d9c
[INFO] [stdout]                                at /rustc/84c898d65adf2f39a5a98507f1fe0ce10a2b8dbc/library/std/src/panicking.rs:581:13
[INFO] [stdout]   15:     0x5646c2dcfcf6 - std::sys_common::backtrace::__rust_end_short_backtrace::h5739b8e512c09d02
[INFO] [stdout]                                at /rustc/84c898d65adf2f39a5a98507f1fe0ce10a2b8dbc/library/std/src/sys_common/backtrace.rs:150:18
[INFO] [stdout]   16:     0x5646c2dd1652 - rust_begin_unwind
[INFO] [stdout]                                at /rustc/84c898d65adf2f39a5a98507f1fe0ce10a2b8dbc/library/std/src/panicking.rs:579:5
[INFO] [stdout]   17:     0x5646c1e482d3 - core::panicking::panic_fmt::hf33a1475b4dc5c3e
[INFO] [stdout]                                at /rustc/84c898d65adf2f39a5a98507f1fe0ce10a2b8dbc/library/core/src/panicking.rs:64:14
[INFO] [stdout]   18:     0x5646c1e4836d - core::panicking::panic::h9533b2fee90b999e
[INFO] [stdout]                                at /rustc/84c898d65adf2f39a5a98507f1fe0ce10a2b8dbc/library/core/src/panicking.rs:114:5
[INFO] [stdout]   19:     0x5646c1e96d26 - dynamodb_adapter::tests::test_adapter::{{closure}}::h8bc809d98d105a43
[INFO] [stdout]                                at /opt/rustwide/workdir/src/lib.rs:79:9
[INFO] [stdout]   20:     0x5646c1e7127d - <core::pin::Pin<P> as core::future::future::Future>::poll::hb4d5087f1a5143e8
[INFO] [stdout]                                at /rustc/84c898d65adf2f39a5a98507f1fe0ce10a2b8dbc/library/core/src/future/future.rs:125:9
[INFO] [stdout]   21:     0x5646c1e70fda - <core::pin::Pin<P> as core::future::future::Future>::poll::h09da7416260759c3
[INFO] [stdout]                                at /rustc/84c898d65adf2f39a5a98507f1fe0ce10a2b8dbc/library/core/src/future/future.rs:125:9
[INFO] [stdout]   22:     0x5646c1ebcb33 - tokio::runtime::scheduler::current_thread::CoreGuard::block_on::{{closure}}::{{closure}}::{{closure}}::h1ab5cac8d6a8c143
[INFO] [stdout]                                at /opt/rustwide/cargo-home/registry/src/github.com-1ecc6299db9ec823/tokio-1.28.0/src/runtime/scheduler/current_thread.rs:541:57
[INFO] [stdout]   23:     0x5646c1ebca6c - tokio::runtime::coop::with_budget::hb1c2ebf5f382a1da
[INFO] [stdout]                                at /opt/rustwide/cargo-home/registry/src/github.com-1ecc6299db9ec823/tokio-1.28.0/src/runtime/coop.rs:107:5
[INFO] [stdout]   24:     0x5646c1ebca6c - tokio::runtime::coop::budget::hd73129f703b85a7a
[INFO] [stdout]                                at /opt/rustwide/cargo-home/registry/src/github.com-1ecc6299db9ec823/tokio-1.28.0/src/runtime/coop.rs:73:5
[INFO] [stdout]   25:     0x5646c1ebca6c - tokio::runtime::scheduler::current_thread::CoreGuard::block_on::{{closure}}::{{closure}}::hcc1fbc09bd9916e4
[INFO] [stdout]                                at /opt/rustwide/cargo-home/registry/src/github.com-1ecc6299db9ec823/tokio-1.28.0/src/runtime/scheduler/current_thread.rs:541:25
[INFO] [stdout]   26:     0x5646c1ebb42c - tokio::runtime::scheduler::current_thread::Context::enter::h84190e2c1cb6c066
[INFO] [stdout]                                at /opt/rustwide/cargo-home/registry/src/github.com-1ecc6299db9ec823/tokio-1.28.0/src/runtime/scheduler/current_thread.rs:350:19
[INFO] [stdout]   27:     0x5646c1ebbfca - tokio::runtime::scheduler::current_thread::CoreGuard::block_on::{{closure}}::h6309d2a5a28580cf
[INFO] [stdout]                                at /opt/rustwide/cargo-home/registry/src/github.com-1ecc6299db9ec823/tokio-1.28.0/src/runtime/scheduler/current_thread.rs:540:36
[INFO] [stdout]   28:     0x5646c1ebbc72 - tokio::runtime::scheduler::current_thread::CoreGuard::enter::{{closure}}::h5115266d3ee7bcfb
[INFO] [stdout]                                at /opt/rustwide/cargo-home/registry/src/github.com-1ecc6299db9ec823/tokio-1.28.0/src/runtime/scheduler/current_thread.rs:615:57
[INFO] [stdout]   29:     0x5646c1e6f22f - tokio::macros::scoped_tls::ScopedKey<T>::set::h600f066401a57009
[INFO] [stdout]                                at /opt/rustwide/cargo-home/registry/src/github.com-1ecc6299db9ec823/tokio-1.28.0/src/macros/scoped_tls.rs:61:9
[INFO] [stdout]   30:     0x5646c1ebba0d - tokio::runtime::scheduler::current_thread::CoreGuard::enter::h026ae449906e1594
[INFO] [stdout]                                at /opt/rustwide/cargo-home/registry/src/github.com-1ecc6299db9ec823/tokio-1.28.0/src/runtime/scheduler/current_thread.rs:615:27
[INFO] [stdout]   31:     0x5646c1ebbcb2 - tokio::runtime::scheduler::current_thread::CoreGuard::block_on::h180387cd686854e1
[INFO] [stdout]                                at /opt/rustwide/cargo-home/registry/src/github.com-1ecc6299db9ec823/tokio-1.28.0/src/runtime/scheduler/current_thread.rs:530:19
[INFO] [stdout]   32:     0x5646c1ebaa7c - tokio::runtime::scheduler::current_thread::CurrentThread::block_on::h6658728de079d437
[INFO] [stdout]                                at /opt/rustwide/cargo-home/registry/src/github.com-1ecc6299db9ec823/tokio-1.28.0/src/runtime/scheduler/current_thread.rs:154:24
[INFO] [stdout]   33:     0x5646c1ee8ce1 - tokio::runtime::runtime::Runtime::block_on::h7f8aab98c25622e5
[INFO] [stdout]                                at /opt/rustwide/cargo-home/registry/src/github.com-1ecc6299db9ec823/tokio-1.28.0/src/runtime/runtime.rs:302:47
[INFO] [stdout]   34:     0x5646c1e954cf - dynamodb_adapter::tests::test_adapter::h9f99153074a2cd08
[INFO] [stdout]                                at /opt/rustwide/workdir/src/lib.rs:249:9
[INFO] [stdout]   35:     0x5646c1e9532c - dynamodb_adapter::tests::test_adapter::{{closure}}::h0b8a8cc3fcaec362
[INFO] [stdout]                                at /opt/rustwide/workdir/src/lib.rs:59:32
[INFO] [stdout]   36:     0x5646c1e48d65 - core::ops::function::FnOnce::call_once::hd0e4af3e616d3839
[INFO] [stdout]                                at /rustc/84c898d65adf2f39a5a98507f1fe0ce10a2b8dbc/library/core/src/ops/function.rs:250:5
[INFO] [stdout]   37:     0x5646c224cecf - core::ops::function::FnOnce::call_once::h7d969581be7d0075
[INFO] [stdout]                                at /rustc/84c898d65adf2f39a5a98507f1fe0ce10a2b8dbc/library/core/src/ops/function.rs:250:5
[INFO] [stdout]   38:     0x5646c224cecf - test::__rust_begin_short_backtrace::hca25a52684e56655
[INFO] [stdout]                                at /rustc/84c898d65adf2f39a5a98507f1fe0ce10a2b8dbc/library/test/src/lib.rs:656:18
[INFO] [stdout]   39:     0x5646c221e4ec - test::run_test::{{closure}}::ha8ac744c4af1a4bb
[INFO] [stdout]                                at /rustc/84c898d65adf2f39a5a98507f1fe0ce10a2b8dbc/library/test/src/lib.rs:647:30
[INFO] [stdout]   40:     0x5646c221e4ec - core::ops::function::FnOnce::call_once{{vtable.shim}}::h7b411a9ed45bdecf
[INFO] [stdout]                                at /rustc/84c898d65adf2f39a5a98507f1fe0ce10a2b8dbc/library/core/src/ops/function.rs:250:5
[INFO] [stdout]   41:     0x5646c224be96 - <alloc::boxed::Box<F,A> as core::ops::function::FnOnce<Args>>::call_once::hd05328869a8ed200
[INFO] [stdout]                                at /rustc/84c898d65adf2f39a5a98507f1fe0ce10a2b8dbc/library/alloc/src/boxed.rs:1987:9
[INFO] [stdout]   42:     0x5646c224be96 - <core::panic::unwind_safe::AssertUnwindSafe<F> as core::ops::function::FnOnce<()>>::call_once::h0c601ce20bd5b2be
[INFO] [stdout]                                at /rustc/84c898d65adf2f39a5a98507f1fe0ce10a2b8dbc/library/core/src/panic/unwind_safe.rs:271:9
[INFO] [stdout]   43:     0x5646c224be96 - std::panicking::try::do_call::ha4be5c164fe30854
[INFO] [stdout]                                at /rustc/84c898d65adf2f39a5a98507f1fe0ce10a2b8dbc/library/std/src/panicking.rs:487:40
[INFO] [stdout]   44:     0x5646c224be96 - std::panicking::try::h604546f3609af05f
[INFO] [stdout]                                at /rustc/84c898d65adf2f39a5a98507f1fe0ce10a2b8dbc/library/std/src/panicking.rs:451:19
[INFO] [stdout]   45:     0x5646c224be96 - std::panic::catch_unwind::h5bfa8afe44c9c2f9
[INFO] [stdout]                                at /rustc/84c898d65adf2f39a5a98507f1fe0ce10a2b8dbc/library/std/src/panic.rs:140:14
[INFO] [stdout]   46:     0x5646c224be96 - test::run_test_in_process::hd50dee55dd63e6aa
[INFO] [stdout]                                at /rustc/84c898d65adf2f39a5a98507f1fe0ce10a2b8dbc/library/test/src/lib.rs:679:27
[INFO] [stdout]   47:     0x5646c224be96 - test::run_test::run_test_inner::{{closure}}::h4aa0f433aa85cea8
[INFO] [stdout]                                at /rustc/84c898d65adf2f39a5a98507f1fe0ce10a2b8dbc/library/test/src/lib.rs:573:39
[INFO] [stdout]   48:     0x5646c2218b61 - test::run_test::run_test_inner::{{closure}}::had56431adf24b4d6
[INFO] [stdout]                                at /rustc/84c898d65adf2f39a5a98507f1fe0ce10a2b8dbc/library/test/src/lib.rs:600:37
[INFO] [stdout]   49:     0x5646c2218b61 - std::sys_common::backtrace::__rust_begin_short_backtrace::ha8d9890e0c73bf13
[INFO] [stdout]                                at /rustc/84c898d65adf2f39a5a98507f1fe0ce10a2b8dbc/library/std/src/sys_common/backtrace.rs:134:18
[INFO] [stdout]   50:     0x5646c221e57b - std::thread::Builder::spawn_unchecked_::{{closure}}::{{closure}}::h251832bcb4a95327
[INFO] [stdout]                                at /rustc/84c898d65adf2f39a5a98507f1fe0ce10a2b8dbc/library/std/src/thread/mod.rs:560:17
[INFO] [stdout]   51:     0x5646c221e57b - <core::panic::unwind_safe::AssertUnwindSafe<F> as core::ops::function::FnOnce<()>>::call_once::h8fdff598fa414831
[INFO] [stdout]                                at /rustc/84c898d65adf2f39a5a98507f1fe0ce10a2b8dbc/library/core/src/panic/unwind_safe.rs:271:9
[INFO] [stdout]   52:     0x5646c221e57b - std::panicking::try::do_call::h455dd2f7764a950f
[INFO] [stdout]                                at /rustc/84c898d65adf2f39a5a98507f1fe0ce10a2b8dbc/library/std/src/panicking.rs:487:40
[INFO] [stdout]   53:     0x5646c221e57b - std::panicking::try::had6f23b7b73ae72a
[INFO] [stdout]                                at /rustc/84c898d65adf2f39a5a98507f1fe0ce10a2b8dbc/library/std/src/panicking.rs:451:19
[INFO] [stdout]   54:     0x5646c221e57b - std::panic::catch_unwind::ha6a5ca3915b4dad0
[INFO] [stdout]                                at /rustc/84c898d65adf2f39a5a98507f1fe0ce10a2b8dbc/library/std/src/panic.rs:140:14
[INFO] [stdout]   55:     0x5646c221e57b - std::thread::Builder::spawn_unchecked_::{{closure}}::h883b72ef75da6231
[INFO] [stdout]                                at /rustc/84c898d65adf2f39a5a98507f1fe0ce10a2b8dbc/library/std/src/thread/mod.rs:559:30
[INFO] [stdout]   56:     0x5646c221e57b - core::ops::function::FnOnce::call_once{{vtable.shim}}::hb7dff73dc8bd2ccb
[INFO] [stdout]                                at /rustc/84c898d65adf2f39a5a98507f1fe0ce10a2b8dbc/library/core/src/ops/function.rs:250:5
[INFO] [stdout]   57:     0x5646c2dd6863 - <alloc::boxed::Box<F,A> as core::ops::function::FnOnce<Args>>::call_once::h39990b24eedef2ab
[INFO] [stdout]                                at /rustc/84c898d65adf2f39a5a98507f1fe0ce10a2b8dbc/library/alloc/src/boxed.rs:1987:9
[INFO] [stdout]   58:     0x5646c2dd6863 - <alloc::boxed::Box<F,A> as core::ops::function::FnOnce<Args>>::call_once::h01a027258444143b
[INFO] [stdout]                                at /rustc/84c898d65adf2f39a5a98507f1fe0ce10a2b8dbc/library/alloc/src/boxed.rs:1987:9
[INFO] [stdout]   59:     0x5646c2dd6863 - std::sys::unix::thread::Thread::new::thread_start::ha4f1cdd9c25884ba
[INFO] [stdout]                                at /rustc/84c898d65adf2f39a5a98507f1fe0ce10a2b8dbc/library/std/src/sys/unix/thread.rs:108:17
[INFO] [stdout]   60:     0x7fa1a336cb43 - <unknown>
[INFO] [stdout]   61:     0x7fa1a33fdbb4 - __clone
[INFO] [stdout]   62:                0x0 - <unknown>
[INFO] [stdout] 
[INFO] [stdout] 
[INFO] [stdout] failures:
[INFO] [stdout]     tests::test_adapter
[INFO] [stdout]     tests::test_casbin_adapter
[INFO] [stdout] 
[INFO] [stdout] test result: FAILED. 0 passed; 2 failed; 0 ignored; 0 measured; 0 filtered out; finished in 0.05s
[INFO] [stdout] 
[INFO] [stderr] error: test failed, to rerun pass `--lib`
[INFO] running `Command { std: "docker" "inspect" "e0107a01db5b5ee682939a31a72a8bfe7750a49cf40f2c7bfa62478866e253b4", kill_on_drop: false }`
[INFO] running `Command { std: "docker" "rm" "-f" "e0107a01db5b5ee682939a31a72a8bfe7750a49cf40f2c7bfa62478866e253b4", kill_on_drop: false }`
[INFO] [stdout] e0107a01db5b5ee682939a31a72a8bfe7750a49cf40f2c7bfa62478866e253b4
