[INFO] fetching crate dynamic-object 0.1.2...
[INFO] testing dynamic-object-0.1.2 against 1.69.0 for beta-1.70-1
[INFO] extracting crate dynamic-object 0.1.2 into /workspace/builds/worker-1-tc1/source
[INFO] validating manifest of crates.io crate dynamic-object 0.1.2 on toolchain 1.69.0
[INFO] running `Command { std: CARGO_HOME="/workspace/cargo-home" RUSTUP_HOME="/workspace/rustup-home" "/workspace/cargo-home/bin/cargo" "+1.69.0" "metadata" "--manifest-path" "Cargo.toml" "--no-deps", kill_on_drop: false }`
[INFO] started tweaking crates.io crate dynamic-object 0.1.2
[INFO] finished tweaking crates.io crate dynamic-object 0.1.2
[INFO] tweaked toml for crates.io crate dynamic-object 0.1.2 written to /workspace/builds/worker-1-tc1/source/Cargo.toml
[INFO] running `Command { std: CARGO_HOME="/workspace/cargo-home" RUSTUP_HOME="/workspace/rustup-home" __CARGO_TEST_CHANNEL_OVERRIDE_DO_NOT_USE_THIS="nightly" "/workspace/cargo-home/bin/cargo" "+1.69.0" "generate-lockfile" "--manifest-path" "Cargo.toml" "-Zno-index-update", kill_on_drop: false }`
[INFO] running `Command { std: CARGO_HOME="/workspace/cargo-home" RUSTUP_HOME="/workspace/rustup-home" "/workspace/cargo-home/bin/cargo" "+1.69.0" "fetch" "--manifest-path" "Cargo.toml", kill_on_drop: false }`
[INFO] [stderr]  Downloading crates ...
[INFO] [stderr]   Downloaded dynamic-object-derive v0.1.2
[INFO] running `Command { std: "docker" "create" "-v" "/var/lib/crater-agent-workspace/builds/worker-1-tc1/target:/opt/rustwide/target:rw,Z" "-v" "/var/lib/crater-agent-workspace/builds/worker-1-tc1/source:/opt/rustwide/workdir:ro,Z" "-v" "/var/lib/crater-agent-workspace/cargo-home:/opt/rustwide/cargo-home:ro,Z" "-v" "/var/lib/crater-agent-workspace/rustup-home:/opt/rustwide/rustup-home:ro,Z" "-e" "SOURCE_DIR=/opt/rustwide/workdir" "-e" "CARGO_TARGET_DIR=/opt/rustwide/target" "-e" "CARGO_HOME=/opt/rustwide/cargo-home" "-e" "RUSTUP_HOME=/opt/rustwide/rustup-home" "-w" "/opt/rustwide/workdir" "-m" "1610612736" "--user" "0:0" "--network" "none" "ghcr.io/rust-lang/crates-build-env/linux@sha256:5ff2268d62e97bff2cde7d5815dd6ed5b47097566f13b8d0ca110b04b60e07ed" "/opt/rustwide/cargo-home/bin/cargo" "+1.69.0" "metadata" "--no-deps" "--format-version=1", kill_on_drop: false }`
[INFO] [stdout] 6eb557790760cb6d91f00bdf32c9a3382b32909b3081ea2f1a2a23df3d838abf
[INFO] running `Command { std: "docker" "start" "-a" "6eb557790760cb6d91f00bdf32c9a3382b32909b3081ea2f1a2a23df3d838abf", kill_on_drop: false }`
[INFO] running `Command { std: "docker" "inspect" "6eb557790760cb6d91f00bdf32c9a3382b32909b3081ea2f1a2a23df3d838abf", kill_on_drop: false }`
[INFO] running `Command { std: "docker" "rm" "-f" "6eb557790760cb6d91f00bdf32c9a3382b32909b3081ea2f1a2a23df3d838abf", kill_on_drop: false }`
[INFO] [stdout] 6eb557790760cb6d91f00bdf32c9a3382b32909b3081ea2f1a2a23df3d838abf
[INFO] running `Command { std: "docker" "create" "-v" "/var/lib/crater-agent-workspace/builds/worker-1-tc1/target:/opt/rustwide/target:rw,Z" "-v" "/var/lib/crater-agent-workspace/builds/worker-1-tc1/source:/opt/rustwide/workdir:ro,Z" "-v" "/var/lib/crater-agent-workspace/cargo-home:/opt/rustwide/cargo-home:ro,Z" "-v" "/var/lib/crater-agent-workspace/rustup-home:/opt/rustwide/rustup-home:ro,Z" "-e" "SOURCE_DIR=/opt/rustwide/workdir" "-e" "CARGO_TARGET_DIR=/opt/rustwide/target" "-e" "CARGO_INCREMENTAL=0" "-e" "RUST_BACKTRACE=full" "-e" "RUSTFLAGS=--cap-lints=warn" "-e" "RUSTDOCFLAGS=--cap-lints=warn" "-e" "CARGO_HOME=/opt/rustwide/cargo-home" "-e" "RUSTUP_HOME=/opt/rustwide/rustup-home" "-w" "/opt/rustwide/workdir" "-m" "1610612736" "--user" "0:0" "--network" "none" "ghcr.io/rust-lang/crates-build-env/linux@sha256:5ff2268d62e97bff2cde7d5815dd6ed5b47097566f13b8d0ca110b04b60e07ed" "/opt/rustwide/cargo-home/bin/cargo" "+1.69.0" "build" "--frozen" "--message-format=json", kill_on_drop: false }`
[INFO] [stdout] 5c4a9762d140c19b717a97af5215b7c1a946fbf2f65b0990050424349d189407
[INFO] running `Command { std: "docker" "start" "-a" "5c4a9762d140c19b717a97af5215b7c1a946fbf2f65b0990050424349d189407", kill_on_drop: false }`
[INFO] [stderr]    Compiling libc v0.2.142
[INFO] [stderr]    Compiling proc-macro2 v1.0.56
[INFO] [stderr]    Compiling cfg-if v1.0.0
[INFO] [stderr]    Compiling syn v1.0.109
[INFO] [stderr]    Compiling quote v1.0.26
[INFO] [stderr]    Compiling getrandom v0.2.9
[INFO] [stderr]    Compiling uuid v1.3.2
[INFO] [stderr]    Compiling dynamic-object-derive v0.1.2
[INFO] [stderr]    Compiling dynamic-object v0.1.2 (/opt/rustwide/workdir)
[INFO] [stderr]     Finished dev [unoptimized + debuginfo] target(s) in 6.90s
[INFO] running `Command { std: "docker" "inspect" "5c4a9762d140c19b717a97af5215b7c1a946fbf2f65b0990050424349d189407", kill_on_drop: false }`
[INFO] running `Command { std: "docker" "rm" "-f" "5c4a9762d140c19b717a97af5215b7c1a946fbf2f65b0990050424349d189407", kill_on_drop: false }`
[INFO] [stdout] 5c4a9762d140c19b717a97af5215b7c1a946fbf2f65b0990050424349d189407
[INFO] running `Command { std: "docker" "create" "-v" "/var/lib/crater-agent-workspace/builds/worker-1-tc1/target:/opt/rustwide/target:rw,Z" "-v" "/var/lib/crater-agent-workspace/builds/worker-1-tc1/source:/opt/rustwide/workdir:ro,Z" "-v" "/var/lib/crater-agent-workspace/cargo-home:/opt/rustwide/cargo-home:ro,Z" "-v" "/var/lib/crater-agent-workspace/rustup-home:/opt/rustwide/rustup-home:ro,Z" "-e" "SOURCE_DIR=/opt/rustwide/workdir" "-e" "CARGO_TARGET_DIR=/opt/rustwide/target" "-e" "CARGO_INCREMENTAL=0" "-e" "RUST_BACKTRACE=full" "-e" "RUSTFLAGS=--cap-lints=warn" "-e" "RUSTDOCFLAGS=--cap-lints=warn" "-e" "CARGO_HOME=/opt/rustwide/cargo-home" "-e" "RUSTUP_HOME=/opt/rustwide/rustup-home" "-w" "/opt/rustwide/workdir" "-m" "1610612736" "--user" "0:0" "--network" "none" "ghcr.io/rust-lang/crates-build-env/linux@sha256:5ff2268d62e97bff2cde7d5815dd6ed5b47097566f13b8d0ca110b04b60e07ed" "/opt/rustwide/cargo-home/bin/cargo" "+1.69.0" "test" "--frozen" "--no-run" "--message-format=json", kill_on_drop: false }`
[INFO] [stdout] dd7a9a10ba6e982310e84ad44076b4b38dbfd9ce28e1d45f42500c85b64a1fc7
[INFO] running `Command { std: "docker" "start" "-a" "dd7a9a10ba6e982310e84ad44076b4b38dbfd9ce28e1d45f42500c85b64a1fc7", kill_on_drop: false }`
[INFO] [stderr]    Compiling dynamic-object v0.1.2 (/opt/rustwide/workdir)
[INFO] [stderr]     Finished test [unoptimized + debuginfo] target(s) in 0.38s
[INFO] running `Command { std: "docker" "inspect" "dd7a9a10ba6e982310e84ad44076b4b38dbfd9ce28e1d45f42500c85b64a1fc7", kill_on_drop: false }`
[INFO] running `Command { std: "docker" "rm" "-f" "dd7a9a10ba6e982310e84ad44076b4b38dbfd9ce28e1d45f42500c85b64a1fc7", kill_on_drop: false }`
[INFO] [stdout] dd7a9a10ba6e982310e84ad44076b4b38dbfd9ce28e1d45f42500c85b64a1fc7
[INFO] running `Command { std: "docker" "create" "-v" "/var/lib/crater-agent-workspace/builds/worker-1-tc1/target:/opt/rustwide/target:rw,Z" "-v" "/var/lib/crater-agent-workspace/builds/worker-1-tc1/source:/opt/rustwide/workdir:ro,Z" "-v" "/var/lib/crater-agent-workspace/cargo-home:/opt/rustwide/cargo-home:ro,Z" "-v" "/var/lib/crater-agent-workspace/rustup-home:/opt/rustwide/rustup-home:ro,Z" "-e" "SOURCE_DIR=/opt/rustwide/workdir" "-e" "CARGO_TARGET_DIR=/opt/rustwide/target" "-e" "CARGO_INCREMENTAL=0" "-e" "RUST_BACKTRACE=full" "-e" "RUSTFLAGS=--cap-lints=warn" "-e" "RUSTDOCFLAGS=--cap-lints=warn" "-e" "CARGO_HOME=/opt/rustwide/cargo-home" "-e" "RUSTUP_HOME=/opt/rustwide/rustup-home" "-w" "/opt/rustwide/workdir" "-m" "1610612736" "--user" "0:0" "--network" "none" "ghcr.io/rust-lang/crates-build-env/linux@sha256:5ff2268d62e97bff2cde7d5815dd6ed5b47097566f13b8d0ca110b04b60e07ed" "/opt/rustwide/cargo-home/bin/cargo" "+1.69.0" "test" "--frozen", kill_on_drop: false }`
[INFO] [stdout] e7f7c58d645ad950e22267239d8693890f68dbfb4008e64112440b401ef54bd1
[INFO] running `Command { std: "docker" "start" "-a" "e7f7c58d645ad950e22267239d8693890f68dbfb4008e64112440b401ef54bd1", kill_on_drop: false }`
[INFO] [stderr]     Finished test [unoptimized + debuginfo] target(s) in 0.02s
[INFO] [stderr]      Running unittests src/lib.rs (/opt/rustwide/target/debug/deps/dynamic_object-6375b819d137b95b)
[INFO] [stdout] 
[INFO] [stdout] running 5 tests
[INFO] [stdout] test test::isa ... ok
[INFO] [stdout] test test::casting ... ok
[INFO] [stdout] test typing::test::isSameClass ... ok
[INFO] [stdout] test typing::test::offsetof ... ok
[INFO] [stdout] test typing::test::subclassOf ... ok
[INFO] [stderr]    Doc-tests dynamic-object
[INFO] [stdout] 
[INFO] [stdout] test result: ok. 5 passed; 0 failed; 0 ignored; 0 measured; 0 filtered out; finished in 0.00s
[INFO] [stdout] 
[INFO] [stdout] 
[INFO] [stdout] running 4 tests
[INFO] [stdout] test src/lib.rs - DynamicObjectBase (line 209) ... FAILED
[INFO] [stdout] test src/lib.rs - Object<T,ContainerT>::new (line 47) ... FAILED
[INFO] [stdout] test src/lib.rs - Object<T,ContainerT>::isa (line 65) ... FAILED
[INFO] [stdout] test src/lib.rs - Object<T,ContainerT>::cast (line 80) ... FAILED
[INFO] [stdout] 
[INFO] [stdout] failures:
[INFO] [stdout] 
[INFO] [stdout] ---- src/lib.rs - DynamicObjectBase (line 209) stdout ----
[INFO] [stdout] error: cannot find attribute `subclass` in this scope
[INFO] [stdout]  --> src/lib.rs:210:3
[INFO] [stdout]   |
[INFO] [stdout] 3 | #[subclass(DynamicObjectBase)]
[INFO] [stdout]   |   ^^^^^^^^
[INFO] [stdout]   |
[INFO] [stdout]   = help: consider importing one of these items:
[INFO] [stdout]           dynamic_object::subclass
[INFO] [stdout]           dynamic_object_derive::subclass
[INFO] [stdout] 
[INFO] [stdout] error: aborting due to previous error
[INFO] [stdout] 
[INFO] [stdout] Couldn't compile the test.
[INFO] [stdout] ---- src/lib.rs - Object<T,ContainerT>::new (line 47) stdout ----
[INFO] [stdout] error: cannot find attribute `subclass` in this scope
[INFO] [stdout]  --> src/lib.rs:48:3
[INFO] [stdout]   |
[INFO] [stdout] 3 | #[subclass(DynamicObjectBase)]
[INFO] [stdout]   |   ^^^^^^^^
[INFO] [stdout]   |
[INFO] [stdout]   = help: consider importing one of these items:
[INFO] [stdout]           dynamic_object::subclass
[INFO] [stdout]           dynamic_object_derive::subclass
[INFO] [stdout] 
[INFO] [stdout] error[E0433]: failed to resolve: use of undeclared type `Object`
[INFO] [stdout]  --> src/lib.rs:51:14
[INFO] [stdout]   |
[INFO] [stdout] 6 | let object = Object::<MyObject>::new(Box::new(MyObject {}));
[INFO] [stdout]   |              ^^^^^^ use of undeclared type `Object`
[INFO] [stdout]   |
[INFO] [stdout] help: a struct with a similar name exists
[INFO] [stdout]   |
[INFO] [stdout] 6 | let object = MyObject::<MyObject>::new(Box::new(MyObject {}));
[INFO] [stdout]   |              ~~~~~~~~
[INFO] [stdout] help: consider importing this struct
[INFO] [stdout]   |
[INFO] [stdout] 2 | use dynamic_object::Object;
[INFO] [stdout]   |
[INFO] [stdout] 
[INFO] [stdout] error: aborting due to 2 previous errors
[INFO] [stdout] 
[INFO] [stdout] For more information about this error, try `rustc --explain E0433`.
[INFO] [stdout] Couldn't compile the test.
[INFO] [stdout] ---- src/lib.rs - Object<T,ContainerT>::isa (line 65) stdout ----
[INFO] [stdout] error: expected identifier, found `>`
[INFO] [stdout]  --> src/lib.rs:70:41
[INFO] [stdout]   |
[INFO] [stdout] 7 | assert!(object.isa::<DynamicObjectBase::>());
[INFO] [stdout]   |                                         ^ expected identifier
[INFO] [stdout] 
[INFO] [stdout] error: cannot find attribute `subclass` in this scope
[INFO] [stdout]  --> src/lib.rs:66:3
[INFO] [stdout]   |
[INFO] [stdout] 3 | #[subclass(DynamicObjectBase)]
[INFO] [stdout]   |   ^^^^^^^^
[INFO] [stdout]   |
[INFO] [stdout]   = help: consider importing one of these items:
[INFO] [stdout]           dynamic_object::subclass
[INFO] [stdout]           dynamic_object_derive::subclass
[INFO] [stdout] 
[INFO] [stdout] error[E0433]: failed to resolve: use of undeclared type `Object`
[INFO] [stdout]  --> src/lib.rs:69:14
[INFO] [stdout]   |
[INFO] [stdout] 6 | let object = Object::<MyObject>::new(Box::new(MyObject {}));
[INFO] [stdout]   |              ^^^^^^ use of undeclared type `Object`
[INFO] [stdout]   |
[INFO] [stdout] help: a struct with a similar name exists
[INFO] [stdout]   |
[INFO] [stdout] 6 | let object = MyObject::<MyObject>::new(Box::new(MyObject {}));
[INFO] [stdout]   |              ~~~~~~~~
[INFO] [stdout] help: consider importing this struct
[INFO] [stdout]   |
[INFO] [stdout] 2 | use dynamic_object::Object;
[INFO] [stdout]   |
[INFO] [stdout] 
[INFO] [stdout] error: aborting due to 3 previous errors
[INFO] [stdout] 
[INFO] [stdout] For more information about this error, try `rustc --explain E0433`.
[INFO] [stdout] Couldn't compile the test.
[INFO] [stdout] ---- src/lib.rs - Object<T,ContainerT>::cast (line 80) stdout ----
[INFO] [stdout] error: cannot find attribute `subclass` in this scope
[INFO] [stdout]  --> src/lib.rs:81:3
[INFO] [stdout]   |
[INFO] [stdout] 3 | #[subclass(DynamicObjectBase)]
[INFO] [stdout]   |   ^^^^^^^^
[INFO] [stdout]   |
[INFO] [stdout]   = help: consider importing one of these items:
[INFO] [stdout]           dynamic_object::subclass
[INFO] [stdout]           dynamic_object_derive::subclass
[INFO] [stdout] 
[INFO] [stdout] error: cannot find attribute `subclass` in this scope
[INFO] [stdout]  --> src/lib.rs:86:3
[INFO] [stdout]   |
[INFO] [stdout] 8 | #[subclass(Class, parent)]
[INFO] [stdout]   |   ^^^^^^^^
[INFO] [stdout]   |
[INFO] [stdout]   = help: consider importing one of these items:
[INFO] [stdout]           dynamic_object::subclass
[INFO] [stdout]           dynamic_object_derive::subclass
[INFO] [stdout] 
[INFO] [stdout] error[E0433]: failed to resolve: use of undeclared type `Object`
[INFO] [stdout]   --> src/lib.rs:100:14
[INFO] [stdout]    |
[INFO] [stdout] 22 | let object = Object::<Derived>::new(Box::new(object));
[INFO] [stdout]    |              ^^^^^^ use of undeclared type `Object`
[INFO] [stdout]    |
[INFO] [stdout] help: consider importing this struct
[INFO] [stdout]    |
[INFO] [stdout] 2  | use dynamic_object::Object;
[INFO] [stdout]    |
[INFO] [stdout] 
[INFO] [stdout] error: aborting due to 3 previous errors
[INFO] [stdout] 
[INFO] [stdout] For more information about this error, try `rustc --explain E0433`.
[INFO] [stdout] Couldn't compile the test.
[INFO] [stdout] 
[INFO] [stdout] failures:
[INFO] [stdout]     src/lib.rs - DynamicObjectBase (line 209)
[INFO] [stdout]     src/lib.rs - Object<T,ContainerT>::cast (line 80)
[INFO] [stdout]     src/lib.rs - Object<T,ContainerT>::isa (line 65)
[INFO] [stdout]     src/lib.rs - Object<T,ContainerT>::new (line 47)
[INFO] [stdout] 
[INFO] [stdout] test result: FAILED. 0 passed; 4 failed; 0 ignored; 0 measured; 0 filtered out; finished in 0.06s
[INFO] [stdout] 
[INFO] [stderr] error: doctest failed, to rerun pass `--doc`
[INFO] running `Command { std: "docker" "inspect" "e7f7c58d645ad950e22267239d8693890f68dbfb4008e64112440b401ef54bd1", kill_on_drop: false }`
[INFO] running `Command { std: "docker" "rm" "-f" "e7f7c58d645ad950e22267239d8693890f68dbfb4008e64112440b401ef54bd1", kill_on_drop: false }`
[INFO] [stdout] e7f7c58d645ad950e22267239d8693890f68dbfb4008e64112440b401ef54bd1
