[INFO] fetching crate dynamic-graphql 0.7.3...
[INFO] testing dynamic-graphql-0.7.3 against 1.69.0 for beta-1.70-1
[INFO] extracting crate dynamic-graphql 0.7.3 into /workspace/builds/worker-1-tc1/source
[INFO] validating manifest of crates.io crate dynamic-graphql 0.7.3 on toolchain 1.69.0
[INFO] running `Command { std: CARGO_HOME="/workspace/cargo-home" RUSTUP_HOME="/workspace/rustup-home" "/workspace/cargo-home/bin/cargo" "+1.69.0" "metadata" "--manifest-path" "Cargo.toml" "--no-deps", kill_on_drop: false }`
[INFO] started tweaking crates.io crate dynamic-graphql 0.7.3
[INFO] finished tweaking crates.io crate dynamic-graphql 0.7.3
[INFO] tweaked toml for crates.io crate dynamic-graphql 0.7.3 written to /workspace/builds/worker-1-tc1/source/Cargo.toml
[INFO] running `Command { std: CARGO_HOME="/workspace/cargo-home" RUSTUP_HOME="/workspace/rustup-home" __CARGO_TEST_CHANNEL_OVERRIDE_DO_NOT_USE_THIS="nightly" "/workspace/cargo-home/bin/cargo" "+1.69.0" "generate-lockfile" "--manifest-path" "Cargo.toml" "-Zno-index-update", kill_on_drop: false }`
[INFO] running `Command { std: CARGO_HOME="/workspace/cargo-home" RUSTUP_HOME="/workspace/rustup-home" "/workspace/cargo-home/bin/cargo" "+1.69.0" "fetch" "--manifest-path" "Cargo.toml", kill_on_drop: false }`
[INFO] [stderr]  Downloading crates ...
[INFO] [stderr]   Downloaded async-graphql-value v5.0.7
[INFO] [stderr]   Downloaded unreachable v1.0.0
[INFO] [stderr]   Downloaded combine v3.8.1
[INFO] [stderr]   Downloaded async-graphql-parser v5.0.7
[INFO] [stderr]   Downloaded ascii v0.9.3
[INFO] [stderr]   Downloaded async-graphql-derive v5.0.7
[INFO] [stderr]   Downloaded graphql-parser v0.4.0
[INFO] [stderr]   Downloaded handlebars v4.3.6
[INFO] [stderr]   Downloaded async-graphql v5.0.7
[INFO] [stderr]   Downloaded dynamic-graphql-derive v0.7.3
[INFO] running `Command { std: "docker" "create" "-v" "/var/lib/crater-agent-workspace/builds/worker-1-tc1/target:/opt/rustwide/target:rw,Z" "-v" "/var/lib/crater-agent-workspace/builds/worker-1-tc1/source:/opt/rustwide/workdir:ro,Z" "-v" "/var/lib/crater-agent-workspace/cargo-home:/opt/rustwide/cargo-home:ro,Z" "-v" "/var/lib/crater-agent-workspace/rustup-home:/opt/rustwide/rustup-home:ro,Z" "-e" "SOURCE_DIR=/opt/rustwide/workdir" "-e" "CARGO_TARGET_DIR=/opt/rustwide/target" "-e" "CARGO_HOME=/opt/rustwide/cargo-home" "-e" "RUSTUP_HOME=/opt/rustwide/rustup-home" "-w" "/opt/rustwide/workdir" "-m" "1610612736" "--user" "0:0" "--network" "none" "ghcr.io/rust-lang/crates-build-env/linux@sha256:5ff2268d62e97bff2cde7d5815dd6ed5b47097566f13b8d0ca110b04b60e07ed" "/opt/rustwide/cargo-home/bin/cargo" "+1.69.0" "metadata" "--no-deps" "--format-version=1", kill_on_drop: false }`
[INFO] [stdout] b2d048363a0fc6f150832039fc930233b0e258a2b143194a0c0f5aa35d0afe76
[INFO] running `Command { std: "docker" "start" "-a" "b2d048363a0fc6f150832039fc930233b0e258a2b143194a0c0f5aa35d0afe76", kill_on_drop: false }`
[INFO] running `Command { std: "docker" "inspect" "b2d048363a0fc6f150832039fc930233b0e258a2b143194a0c0f5aa35d0afe76", kill_on_drop: false }`
[INFO] running `Command { std: "docker" "rm" "-f" "b2d048363a0fc6f150832039fc930233b0e258a2b143194a0c0f5aa35d0afe76", kill_on_drop: false }`
[INFO] [stdout] b2d048363a0fc6f150832039fc930233b0e258a2b143194a0c0f5aa35d0afe76
[INFO] running `Command { std: "docker" "create" "-v" "/var/lib/crater-agent-workspace/builds/worker-1-tc1/target:/opt/rustwide/target:rw,Z" "-v" "/var/lib/crater-agent-workspace/builds/worker-1-tc1/source:/opt/rustwide/workdir:ro,Z" "-v" "/var/lib/crater-agent-workspace/cargo-home:/opt/rustwide/cargo-home:ro,Z" "-v" "/var/lib/crater-agent-workspace/rustup-home:/opt/rustwide/rustup-home:ro,Z" "-e" "SOURCE_DIR=/opt/rustwide/workdir" "-e" "CARGO_TARGET_DIR=/opt/rustwide/target" "-e" "CARGO_INCREMENTAL=0" "-e" "RUST_BACKTRACE=full" "-e" "RUSTFLAGS=--cap-lints=warn" "-e" "RUSTDOCFLAGS=--cap-lints=warn" "-e" "CARGO_HOME=/opt/rustwide/cargo-home" "-e" "RUSTUP_HOME=/opt/rustwide/rustup-home" "-w" "/opt/rustwide/workdir" "-m" "1610612736" "--user" "0:0" "--network" "none" "ghcr.io/rust-lang/crates-build-env/linux@sha256:5ff2268d62e97bff2cde7d5815dd6ed5b47097566f13b8d0ca110b04b60e07ed" "/opt/rustwide/cargo-home/bin/cargo" "+1.69.0" "build" "--frozen" "--message-format=json", kill_on_drop: false }`
[INFO] [stdout] 28819c02b4d8b3b48612e43a34020bad8f9019eba59be88aa0e83a8670493d4c
[INFO] running `Command { std: "docker" "start" "-a" "28819c02b4d8b3b48612e43a34020bad8f9019eba59be88aa0e83a8670493d4c", kill_on_drop: false }`
[INFO] [stderr]    Compiling serde v1.0.160
[INFO] [stderr]    Compiling ucd-trie v0.1.5
[INFO] [stderr]    Compiling syn v1.0.109
[INFO] [stderr]    Compiling indexmap v1.9.3
[INFO] [stderr]    Compiling ident_case v1.0.1
[INFO] [stderr]    Compiling futures-core v0.3.28
[INFO] [stderr]    Compiling libc v0.2.142
[INFO] [stderr]    Compiling strsim v0.10.0
[INFO] [stderr]    Compiling slab v0.4.8
[INFO] [stderr]    Compiling toml_datetime v0.6.1
[INFO] [stderr]    Compiling winnow v0.4.4
[INFO] [stderr]    Compiling syn v2.0.15
[INFO] [stderr]    Compiling io-lifetimes v1.0.10
[INFO] [stderr]    Compiling futures-task v0.3.28
[INFO] [stderr]    Compiling lazy_static v1.4.0
[INFO] [stderr]    Compiling rustix v0.37.18
[INFO] [stderr]    Compiling futures-util v0.3.28
[INFO] [stderr]    Compiling version_check v0.9.4
[INFO] [stderr]    Compiling Inflector v0.11.4
[INFO] [stderr]    Compiling num-traits v0.2.15
[INFO] [stderr]    Compiling linux-raw-sys v0.3.6
[INFO] [stderr]    Compiling futures-io v0.3.28
[INFO] [stderr]    Compiling futures-sink v0.3.28
[INFO] [stderr]    Compiling async-trait v0.1.68
[INFO] [stderr]    Compiling encoding_rs v0.8.32
[INFO] [stderr]    Compiling ascii_utils v0.9.3
[INFO] [stderr]    Compiling fastrand v1.9.0
[INFO] [stderr]    Compiling multer v2.1.0
[INFO] [stderr]    Compiling mime v0.3.17
[INFO] [stderr]    Compiling spin v0.9.8
[INFO] [stderr]    Compiling fast_chemail v0.9.6
[INFO] [stderr]    Compiling static_assertions v1.1.0
[INFO] [stderr]    Compiling serde_derive v1.0.160
[INFO] [stderr]    Compiling thiserror-impl v1.0.40
[INFO] [stderr]    Compiling async-stream-impl v0.3.5
[INFO] [stderr]    Compiling tempfile v3.5.0
[INFO] [stderr]    Compiling async-stream v0.3.5
[INFO] [stderr]    Compiling darling_core v0.14.4
[INFO] [stderr]    Compiling thiserror v1.0.40
[INFO] [stderr]    Compiling pest v2.6.0
[INFO] [stderr]    Compiling pest_meta v2.6.0
[INFO] [stderr]    Compiling darling_macro v0.14.4
[INFO] [stderr]    Compiling pest_generator v2.6.0
[INFO] [stderr]    Compiling darling v0.14.4
[INFO] [stderr]    Compiling pest_derive v2.6.0
[INFO] [stderr]    Compiling bytes v1.4.0
[INFO] [stderr]    Compiling serde_json v1.0.96
[INFO] [stderr]    Compiling serde_urlencoded v0.7.1
[INFO] [stderr]    Compiling toml_edit v0.19.8
[INFO] [stderr]    Compiling http v0.2.9
[INFO] [stderr]    Compiling async-graphql-value v5.0.7
[INFO] [stderr]    Compiling handlebars v4.3.6
[INFO] [stderr]    Compiling async-graphql-parser v5.0.7
[INFO] [stderr]    Compiling proc-macro-crate v1.3.1
[INFO] [stderr]    Compiling dynamic-graphql-derive v0.7.3
[INFO] [stderr]    Compiling async-graphql-derive v5.0.7
[INFO] [stderr]    Compiling async-graphql v5.0.7
[INFO] [stderr]    Compiling dynamic-graphql v0.7.3 (/opt/rustwide/workdir)
[INFO] [stderr]     Finished dev [unoptimized + debuginfo] target(s) in 38.20s
[INFO] running `Command { std: "docker" "inspect" "28819c02b4d8b3b48612e43a34020bad8f9019eba59be88aa0e83a8670493d4c", kill_on_drop: false }`
[INFO] running `Command { std: "docker" "rm" "-f" "28819c02b4d8b3b48612e43a34020bad8f9019eba59be88aa0e83a8670493d4c", kill_on_drop: false }`
[INFO] [stdout] 28819c02b4d8b3b48612e43a34020bad8f9019eba59be88aa0e83a8670493d4c
[INFO] running `Command { std: "docker" "create" "-v" "/var/lib/crater-agent-workspace/builds/worker-1-tc1/target:/opt/rustwide/target:rw,Z" "-v" "/var/lib/crater-agent-workspace/builds/worker-1-tc1/source:/opt/rustwide/workdir:ro,Z" "-v" "/var/lib/crater-agent-workspace/cargo-home:/opt/rustwide/cargo-home:ro,Z" "-v" "/var/lib/crater-agent-workspace/rustup-home:/opt/rustwide/rustup-home:ro,Z" "-e" "SOURCE_DIR=/opt/rustwide/workdir" "-e" "CARGO_TARGET_DIR=/opt/rustwide/target" "-e" "CARGO_INCREMENTAL=0" "-e" "RUST_BACKTRACE=full" "-e" "RUSTFLAGS=--cap-lints=warn" "-e" "RUSTDOCFLAGS=--cap-lints=warn" "-e" "CARGO_HOME=/opt/rustwide/cargo-home" "-e" "RUSTUP_HOME=/opt/rustwide/rustup-home" "-w" "/opt/rustwide/workdir" "-m" "1610612736" "--user" "0:0" "--network" "none" "ghcr.io/rust-lang/crates-build-env/linux@sha256:5ff2268d62e97bff2cde7d5815dd6ed5b47097566f13b8d0ca110b04b60e07ed" "/opt/rustwide/cargo-home/bin/cargo" "+1.69.0" "test" "--frozen" "--no-run" "--message-format=json", kill_on_drop: false }`
[INFO] [stdout] a502fb21ccc8eaa36447626937e7fdec0a0f711065ecab7c2568aab6f92fa596
[INFO] running `Command { std: "docker" "start" "-a" "a502fb21ccc8eaa36447626937e7fdec0a0f711065ecab7c2568aab6f92fa596", kill_on_drop: false }`
[INFO] [stderr]     Blocking waiting for file lock on package cache
[INFO] [stderr]    Compiling memchr v2.5.0
[INFO] [stderr]    Compiling tokio v1.28.0
[INFO] [stderr]    Compiling void v1.0.2
[INFO] [stderr]    Compiling ascii v0.9.3
[INFO] [stderr]    Compiling either v1.8.1
[INFO] [stderr]    Compiling byteorder v1.4.3
[INFO] [stderr]    Compiling unreachable v1.0.0
[INFO] [stderr]    Compiling aho-corasick v1.0.1
[INFO] [stderr]    Compiling futures-util v0.3.28
[INFO] [stderr]    Compiling combine v3.8.1
[INFO] [stderr]    Compiling regex v1.8.1
[INFO] [stderr]    Compiling tokio-stream v0.1.14
[INFO] [stderr]    Compiling tokio-test v0.4.2
[INFO] [stderr]    Compiling Inflector v0.11.4
[INFO] [stderr]    Compiling multer v2.1.0
[INFO] [stderr]    Compiling async-graphql-derive v5.0.7
[INFO] [stderr]    Compiling dynamic-graphql-derive v0.7.3
[INFO] [stderr]    Compiling graphql-parser v0.4.0
[INFO] [stderr]    Compiling async-graphql v5.0.7
[INFO] [stderr]    Compiling dynamic-graphql v0.7.3 (/opt/rustwide/workdir)
[INFO] [stderr]     Finished test [unoptimized + debuginfo] target(s) in 29.44s
[INFO] running `Command { std: "docker" "inspect" "a502fb21ccc8eaa36447626937e7fdec0a0f711065ecab7c2568aab6f92fa596", kill_on_drop: false }`
[INFO] running `Command { std: "docker" "rm" "-f" "a502fb21ccc8eaa36447626937e7fdec0a0f711065ecab7c2568aab6f92fa596", kill_on_drop: false }`
[INFO] [stdout] a502fb21ccc8eaa36447626937e7fdec0a0f711065ecab7c2568aab6f92fa596
[INFO] running `Command { std: "docker" "create" "-v" "/var/lib/crater-agent-workspace/builds/worker-1-tc1/target:/opt/rustwide/target:rw,Z" "-v" "/var/lib/crater-agent-workspace/builds/worker-1-tc1/source:/opt/rustwide/workdir:ro,Z" "-v" "/var/lib/crater-agent-workspace/cargo-home:/opt/rustwide/cargo-home:ro,Z" "-v" "/var/lib/crater-agent-workspace/rustup-home:/opt/rustwide/rustup-home:ro,Z" "-e" "SOURCE_DIR=/opt/rustwide/workdir" "-e" "CARGO_TARGET_DIR=/opt/rustwide/target" "-e" "CARGO_INCREMENTAL=0" "-e" "RUST_BACKTRACE=full" "-e" "RUSTFLAGS=--cap-lints=warn" "-e" "RUSTDOCFLAGS=--cap-lints=warn" "-e" "CARGO_HOME=/opt/rustwide/cargo-home" "-e" "RUSTUP_HOME=/opt/rustwide/rustup-home" "-w" "/opt/rustwide/workdir" "-m" "1610612736" "--user" "0:0" "--network" "none" "ghcr.io/rust-lang/crates-build-env/linux@sha256:5ff2268d62e97bff2cde7d5815dd6ed5b47097566f13b8d0ca110b04b60e07ed" "/opt/rustwide/cargo-home/bin/cargo" "+1.69.0" "test" "--frozen", kill_on_drop: false }`
[INFO] [stdout] e4f5c7625e506962a15e4efb47d05760e5f747716f7403d023697632ee104a24
[INFO] running `Command { std: "docker" "start" "-a" "e4f5c7625e506962a15e4efb47d05760e5f747716f7403d023697632ee104a24", kill_on_drop: false }`
[INFO] [stderr]     Finished test [unoptimized + debuginfo] target(s) in 0.10s
[INFO] [stderr]      Running unittests src/lib.rs (/opt/rustwide/target/debug/deps/dynamic_graphql-2fca1bf58f6798ee)
[INFO] [stdout] 
[INFO] [stdout] running 2 tests
[INFO] [stdout] test types::common::tests::test_get_input_type_ref ... ok
[INFO] [stdout] test types::common::tests::test_get_output_type_ref ... ok
[INFO] [stdout] 
[INFO] [stdout] test result: ok. 2 passed; 0 failed; 0 ignored; 0 measured; 0 filtered out; finished in 0.00s
[INFO] [stdout] 
[INFO] [stderr]    Doc-tests dynamic-graphql
[INFO] [stdout] 
[INFO] [stdout] running 8 tests
[INFO] [stdout] test src/lib.rs - SimpleObject (line 221) ... FAILED
[INFO] [stdout] test src/lib.rs - SimpleObject (line 183) ... FAILED
[INFO] [stdout] test src/lib.rs - ResolvedObjectFields (line 274) ... FAILED
[INFO] [stdout] test src/lib.rs - SimpleObject (line 139) ... FAILED
[INFO] [stdout] test src/lib.rs - ResolvedObjectFields (line 213) ... FAILED
[INFO] [stdout] test src/lib.rs - ResolvedObjectFields (line 339) ... FAILED
[INFO] [stdout] test src/lib.rs - ResolvedObjectFields (line 157) ... FAILED
[INFO] [stdout] test src/lib.rs - Interface (line 136) ... FAILED
[INFO] [stdout] 
[INFO] [stdout] failures:
[INFO] [stdout] 
[INFO] [stdout] ---- src/lib.rs - SimpleObject (line 221) stdout ----
[INFO] [stdout] error[E0433]: failed to resolve: unresolved import
[INFO] [stdout]   --> src/lib.rs:228:10
[INFO] [stdout]    |
[INFO] [stdout] 10 | #[derive(SimpleObject)]
[INFO] [stdout]    |          ^^^^^^^^^^^^
[INFO] [stdout]    |          |
[INFO] [stdout]    |          unresolved import
[INFO] [stdout]    |          help: a similar path exists: `dynamic_graphql::internal`
[INFO] [stdout]    |
[INFO] [stdout]    = note: this error originates in the derive macro `SimpleObject` (in Nightly builds, run with -Z macro-backtrace for more info)
[INFO] [stdout] 
[INFO] [stdout] error[E0433]: failed to resolve: unresolved import
[INFO] [stdout]   --> src/lib.rs:244:10
[INFO] [stdout]    |
[INFO] [stdout] 26 | #[derive(App)]
[INFO] [stdout]    |          ^^^
[INFO] [stdout]    |          |
[INFO] [stdout]    |          unresolved import
[INFO] [stdout]    |          help: a similar path exists: `dynamic_graphql::internal`
[INFO] [stdout]    |
[INFO] [stdout]    = note: this error originates in the derive macro `App` (in Nightly builds, run with -Z macro-backtrace for more info)
[INFO] [stdout] 
[INFO] [stdout] error[E0433]: failed to resolve: unresolved import
[INFO] [stdout]   --> src/lib.rs:244:10
[INFO] [stdout]    |
[INFO] [stdout] 26 | #[derive(App)]
[INFO] [stdout]    |          ^^^
[INFO] [stdout]    |          |
[INFO] [stdout]    |          unresolved import
[INFO] [stdout]    |          help: a similar path exists: `async_graphql::dynamic`
[INFO] [stdout]    |
[INFO] [stdout]    = note: this error originates in the derive macro `App` (in Nightly builds, run with -Z macro-backtrace for more info)
[INFO] [stdout] 
[INFO] [stdout] error[E0412]: cannot find type `Context` in the crate root
[INFO] [stdout]   --> src/lib.rs:228:10
[INFO] [stdout]    |
[INFO] [stdout] 10 | #[derive(SimpleObject)]
[INFO] [stdout]    |          ^^^^^^^^^^^^ not found in the crate root
[INFO] [stdout]    |
[INFO] [stdout]    = note: this error originates in the derive macro `SimpleObject` (in Nightly builds, run with -Z macro-backtrace for more info)
[INFO] [stdout] help: consider importing one of these items
[INFO] [stdout]    |
[INFO] [stdout] 2  | use async_graphql::Context;
[INFO] [stdout]    |
[INFO] [stdout] 2  | use core::task::Context;
[INFO] [stdout]    |
[INFO] [stdout] 2  | use dynamic_graphql::Context;
[INFO] [stdout]    |
[INFO] [stdout] 2  | use std::task::Context;
[INFO] [stdout]    |
[INFO] [stdout] help: if you import `Context`, refer to it directly
[INFO] [stdout]    |
[INFO] [stdout] 10 | #[derive(SimpleObject)]
[INFO] [stdout]    |
[INFO] [stdout] 
[INFO] [stdout] error[E0412]: cannot find type `Result` in the crate root
[INFO] [stdout]   --> src/lib.rs:228:10
[INFO] [stdout]    |
[INFO] [stdout] 10 | #[derive(SimpleObject)]
[INFO] [stdout]    |          ^^^^^^^^^^^^ not found in the crate root
[INFO] [stdout]    |
[INFO] [stdout]    = note: this error originates in the derive macro `SimpleObject` (in Nightly builds, run with -Z macro-backtrace for more info)
[INFO] [stdout] help: consider importing one of these items
[INFO] [stdout]    |
[INFO] [stdout] 2  | use async_graphql::Result;
[INFO] [stdout]    |
[INFO] [stdout] 2  | use core::fmt::Result;
[INFO] [stdout]    |
[INFO] [stdout] 2  | use core::result::Result;
[INFO] [stdout]    |
[INFO] [stdout] 2  | use dynamic_graphql::Result;
[INFO] [stdout]    |
[INFO] [stdout]      and 4 other candidates
[INFO] [stdout] help: if you import `Result`, refer to it directly
[INFO] [stdout]    |
[INFO] [stdout] 10 | #[derive(SimpleObject)]
[INFO] [stdout]    |
[INFO] [stdout] 
[INFO] [stdout] error[E0412]: cannot find type `FieldValue` in the crate root
[INFO] [stdout]   --> src/lib.rs:228:10
[INFO] [stdout]    |
[INFO] [stdout] 10 | #[derive(SimpleObject)]
[INFO] [stdout]    |          ^^^^^^^^^^^^ not found in the crate root
[INFO] [stdout]    |
[INFO] [stdout]    = note: this error originates in the derive macro `SimpleObject` (in Nightly builds, run with -Z macro-backtrace for more info)
[INFO] [stdout] help: consider importing one of these items
[INFO] [stdout]    |
[INFO] [stdout] 2  | use async_graphql::dynamic::FieldValue;
[INFO] [stdout]    |
[INFO] [stdout] 2  | use dynamic_graphql::FieldValue;
[INFO] [stdout]    |
[INFO] [stdout] help: if you import `FieldValue`, refer to it directly
[INFO] [stdout]    |
[INFO] [stdout] 10 | #[derive(SimpleObject)]
[INFO] [stdout]    |
[INFO] [stdout] 
[INFO] [stdout] error[E0433]: failed to resolve: could not find `FieldValue` in the crate root
[INFO] [stdout]   --> src/lib.rs:228:10
[INFO] [stdout]    |
[INFO] [stdout] 10 | #[derive(SimpleObject)]
[INFO] [stdout]    |          ^^^^^^^^^^^^ could not find `FieldValue` in the crate root
[INFO] [stdout]    |
[INFO] [stdout]    = note: this error originates in the derive macro `SimpleObject` (in Nightly builds, run with -Z macro-backtrace for more info)
[INFO] [stdout] help: consider importing one of these items
[INFO] [stdout]    |
[INFO] [stdout] 2  | use async_graphql::dynamic::FieldValue;
[INFO] [stdout]    |
[INFO] [stdout] 2  | use dynamic_graphql::FieldValue;
[INFO] [stdout]    |
[INFO] [stdout] help: if you import `FieldValue`, refer to it directly
[INFO] [stdout]    |
[INFO] [stdout] 10 | #[derive(SimpleObject)]
[INFO] [stdout]    |
[INFO] [stdout] 
[INFO] [stdout] error[E0433]: failed to resolve: unresolved import
[INFO] [stdout]   --> src/lib.rs:228:10
[INFO] [stdout]    |
[INFO] [stdout] 10 | #[derive(SimpleObject)]
[INFO] [stdout]    |          ^^^^^^^^^^^^ unresolved import
[INFO] [stdout]    |
[INFO] [stdout]    = note: this error originates in the derive macro `SimpleObject` (in Nightly builds, run with -Z macro-backtrace for more info)
[INFO] [stdout] help: a similar path exists
[INFO] [stdout]    |
[INFO] [stdout] 10 | #[derive(async_graphql::dynamic)]
[INFO] [stdout]    |          ~~~~~~~~~~~~~~~~~~~~~~
[INFO] [stdout] help: consider importing one of these items
[INFO] [stdout]    |
[INFO] [stdout] 2  | use async_graphql::dynamic::Object;
[INFO] [stdout]    |
[INFO] [stdout] 2  | use dynamic_graphql::dynamic::Object;
[INFO] [stdout]    |
[INFO] [stdout] 2  | use dynamic_graphql::internal::Object;
[INFO] [stdout]    |
[INFO] [stdout] help: if you import `Object`, refer to it directly
[INFO] [stdout]    |
[INFO] [stdout] 10 | #[derive(SimpleObject)]
[INFO] [stdout]    |
[INFO] [stdout] 
[INFO] [stdout] error[E0433]: failed to resolve: unresolved import
[INFO] [stdout]   --> src/lib.rs:228:10
[INFO] [stdout]    |
[INFO] [stdout] 10 | #[derive(SimpleObject)]
[INFO] [stdout]    |          ^^^^^^^^^^^^ unresolved import
[INFO] [stdout]    |
[INFO] [stdout]    = note: this error originates in the derive macro `SimpleObject` (in Nightly builds, run with -Z macro-backtrace for more info)
[INFO] [stdout] help: a similar path exists
[INFO] [stdout]    |
[INFO] [stdout] 10 | #[derive(async_graphql::dynamic)]
[INFO] [stdout]    |          ~~~~~~~~~~~~~~~~~~~~~~
[INFO] [stdout] help: consider importing one of these items
[INFO] [stdout]    |
[INFO] [stdout] 2  | use async_graphql::dynamic::Field;
[INFO] [stdout]    |
[INFO] [stdout] 2  | use dynamic_graphql::dynamic::Field;
[INFO] [stdout]    |
[INFO] [stdout] 2  | use graphql_parser::query::Field;
[INFO] [stdout]    |
[INFO] [stdout] 2  | use graphql_parser::schema::Field;
[INFO] [stdout]    |
[INFO] [stdout] help: if you import `Field`, refer to it directly
[INFO] [stdout]    |
[INFO] [stdout] 10 | #[derive(SimpleObject)]
[INFO] [stdout]    |
[INFO] [stdout] 
[INFO] [stdout] error[E0433]: failed to resolve: unresolved import
[INFO] [stdout]   --> src/lib.rs:228:10
[INFO] [stdout]    |
[INFO] [stdout] 10 | #[derive(SimpleObject)]
[INFO] [stdout]    |          ^^^^^^^^^^^^ unresolved import
[INFO] [stdout]    |
[INFO] [stdout]    = note: this error originates in the derive macro `SimpleObject` (in Nightly builds, run with -Z macro-backtrace for more info)
[INFO] [stdout] help: a similar path exists
[INFO] [stdout]    |
[INFO] [stdout] 10 | #[derive(async_graphql::dynamic)]
[INFO] [stdout]    |          ~~~~~~~~~~~~~~~~~~~~~~
[INFO] [stdout] help: consider importing one of these items
[INFO] [stdout]    |
[INFO] [stdout] 2  | use async_graphql::dynamic::FieldFuture;
[INFO] [stdout]    |
[INFO] [stdout] 2  | use dynamic_graphql::dynamic::FieldFuture;
[INFO] [stdout]    |
[INFO] [stdout] help: if you import `FieldFuture`, refer to it directly
[INFO] [stdout]    |
[INFO] [stdout] 10 | #[derive(SimpleObject)]
[INFO] [stdout]    |
[INFO] [stdout] 
[INFO] [stdout] error[E0433]: failed to resolve: unresolved import
[INFO] [stdout]   --> src/lib.rs:228:10
[INFO] [stdout]    |
[INFO] [stdout] 10 | #[derive(SimpleObject)]
[INFO] [stdout]    |          ^^^^^^^^^^^^ unresolved import
[INFO] [stdout]    |
[INFO] [stdout]    = note: this error originates in the derive macro `SimpleObject` (in Nightly builds, run with -Z macro-backtrace for more info)
[INFO] [stdout] help: a similar path exists
[INFO] [stdout]    |
[INFO] [stdout] 10 | #[derive(dynamic_graphql::internal)]
[INFO] [stdout]    |          ~~~~~~~~~~~~~~~~~~~~~~~~~
[INFO] [stdout] help: consider importing this trait
[INFO] [stdout]    |
[INFO] [stdout] 2  | use dynamic_graphql::internal::Resolve;
[INFO] [stdout]    |
[INFO] [stdout] help: if you import `Resolve`, refer to it directly
[INFO] [stdout]    |
[INFO] [stdout] 10 | #[derive(SimpleObject)]
[INFO] [stdout]    |
[INFO] [stdout] 
[INFO] [stdout] error[E0433]: failed to resolve: unresolved import
[INFO] [stdout]   --> src/lib.rs:244:10
[INFO] [stdout]    |
[INFO] [stdout] 26 | #[derive(App)]
[INFO] [stdout]    |          ^^^ unresolved import
[INFO] [stdout]    |
[INFO] [stdout]    = note: this error originates in the derive macro `App` (in Nightly builds, run with -Z macro-backtrace for more info)
[INFO] [stdout] help: a similar path exists
[INFO] [stdout]    |
[INFO] [stdout] 26 | #[derive(dynamic_graphql::internal)]
[INFO] [stdout]    |          ~~~~~~~~~~~~~~~~~~~~~~~~~
[INFO] [stdout] help: consider importing one of these items
[INFO] [stdout]    |
[INFO] [stdout] 2  | use async_graphql::registry::Registry;
[INFO] [stdout]    |
[INFO] [stdout] 2  | use dynamic_graphql::internal::Registry;
[INFO] [stdout]    |
[INFO] [stdout] help: if you import `Registry`, refer to it directly
[INFO] [stdout]    |
[INFO] [stdout] 26 | #[derive(App)]
[INFO] [stdout]    |
[INFO] [stdout] 
[INFO] [stdout] error: aborting due to 12 previous errors
[INFO] [stdout] 
[INFO] [stdout] Some errors have detailed explanations: E0412, E0433.
[INFO] [stdout] For more information about an error, try `rustc --explain E0412`.
[INFO] [stdout] Couldn't compile the test.
[INFO] [stdout] ---- src/lib.rs - SimpleObject (line 183) stdout ----
[INFO] [stdout] error[E0433]: failed to resolve: unresolved import
[INFO] [stdout]   --> src/lib.rs:190:10
[INFO] [stdout]    |
[INFO] [stdout] 10 | #[derive(SimpleObject)]
[INFO] [stdout]    |          ^^^^^^^^^^^^
[INFO] [stdout]    |          |
[INFO] [stdout]    |          unresolved import
[INFO] [stdout]    |          help: a similar path exists: `dynamic_graphql::internal`
[INFO] [stdout]    |
[INFO] [stdout]    = note: this error originates in the derive macro `SimpleObject` (in Nightly builds, run with -Z macro-backtrace for more info)
[INFO] [stdout] 
[INFO] [stdout] error[E0433]: failed to resolve: unresolved import
[INFO] [stdout]   --> src/lib.rs:199:10
[INFO] [stdout]    |
[INFO] [stdout] 19 | #[derive(App)]
[INFO] [stdout]    |          ^^^
[INFO] [stdout]    |          |
[INFO] [stdout]    |          unresolved import
[INFO] [stdout]    |          help: a similar path exists: `dynamic_graphql::internal`
[INFO] [stdout]    |
[INFO] [stdout]    = note: this error originates in the derive macro `App` (in Nightly builds, run with -Z macro-backtrace for more info)
[INFO] [stdout] 
[INFO] [stdout] error[E0433]: failed to resolve: unresolved import
[INFO] [stdout]   --> src/lib.rs:199:10
[INFO] [stdout]    |
[INFO] [stdout] 19 | #[derive(App)]
[INFO] [stdout]    |          ^^^
[INFO] [stdout]    |          |
[INFO] [stdout]    |          unresolved import
[INFO] [stdout]    |          help: a similar path exists: `async_graphql::dynamic`
[INFO] [stdout]    |
[INFO] [stdout]    = note: this error originates in the derive macro `App` (in Nightly builds, run with -Z macro-backtrace for more info)
[INFO] [stdout] 
[INFO] [stdout] error[E0412]: cannot find type `Context` in the crate root
[INFO] [stdout]   --> src/lib.rs:190:10
[INFO] [stdout]    |
[INFO] [stdout] 10 | #[derive(SimpleObject)]
[INFO] [stdout]    |          ^^^^^^^^^^^^ not found in the crate root
[INFO] [stdout]    |
[INFO] [stdout]    = note: this error originates in the derive macro `SimpleObject` (in Nightly builds, run with -Z macro-backtrace for more info)
[INFO] [stdout] help: consider importing one of these items
[INFO] [stdout]    |
[INFO] [stdout] 2  | use async_graphql::Context;
[INFO] [stdout]    |
[INFO] [stdout] 2  | use core::task::Context;
[INFO] [stdout]    |
[INFO] [stdout] 2  | use dynamic_graphql::Context;
[INFO] [stdout]    |
[INFO] [stdout] 2  | use std::task::Context;
[INFO] [stdout]    |
[INFO] [stdout] help: if you import `Context`, refer to it directly
[INFO] [stdout]    |
[INFO] [stdout] 10 | #[derive(SimpleObject)]
[INFO] [stdout]    |
[INFO] [stdout] 
[INFO] [stdout] error[E0412]: cannot find type `Result` in the crate root
[INFO] [stdout]   --> src/lib.rs:190:10
[INFO] [stdout]    |
[INFO] [stdout] 10 | #[derive(SimpleObject)]
[INFO] [stdout]    |          ^^^^^^^^^^^^ not found in the crate root
[INFO] [stdout]    |
[INFO] [stdout]    = note: this error originates in the derive macro `SimpleObject` (in Nightly builds, run with -Z macro-backtrace for more info)
[INFO] [stdout] help: consider importing one of these items
[INFO] [stdout]    |
[INFO] [stdout] 2  | use async_graphql::Result;
[INFO] [stdout]    |
[INFO] [stdout] 2  | use core::fmt::Result;
[INFO] [stdout]    |
[INFO] [stdout] 2  | use core::result::Result;
[INFO] [stdout]    |
[INFO] [stdout] 2  | use dynamic_graphql::Result;
[INFO] [stdout]    |
[INFO] [stdout]      and 4 other candidates
[INFO] [stdout] help: if you import `Result`, refer to it directly
[INFO] [stdout]    |
[INFO] [stdout] 10 | #[derive(SimpleObject)]
[INFO] [stdout]    |
[INFO] [stdout] 
[INFO] [stdout] error[E0412]: cannot find type `FieldValue` in the crate root
[INFO] [stdout]   --> src/lib.rs:190:10
[INFO] [stdout]    |
[INFO] [stdout] 10 | #[derive(SimpleObject)]
[INFO] [stdout]    |          ^^^^^^^^^^^^ not found in the crate root
[INFO] [stdout]    |
[INFO] [stdout]    = note: this error originates in the derive macro `SimpleObject` (in Nightly builds, run with -Z macro-backtrace for more info)
[INFO] [stdout] help: consider importing one of these items
[INFO] [stdout]    |
[INFO] [stdout] 2  | use async_graphql::dynamic::FieldValue;
[INFO] [stdout]    |
[INFO] [stdout] 2  | use dynamic_graphql::FieldValue;
[INFO] [stdout]    |
[INFO] [stdout] help: if you import `FieldValue`, refer to it directly
[INFO] [stdout]    |
[INFO] [stdout] 10 | #[derive(SimpleObject)]
[INFO] [stdout]    |
[INFO] [stdout] 
[INFO] [stdout] error[E0433]: failed to resolve: could not find `FieldValue` in the crate root
[INFO] [stdout]   --> src/lib.rs:190:10
[INFO] [stdout]    |
[INFO] [stdout] 10 | #[derive(SimpleObject)]
[INFO] [stdout]    |          ^^^^^^^^^^^^ could not find `FieldValue` in the crate root
[INFO] [stdout]    |
[INFO] [stdout]    = note: this error originates in the derive macro `SimpleObject` (in Nightly builds, run with -Z macro-backtrace for more info)
[INFO] [stdout] help: consider importing one of these items
[INFO] [stdout]    |
[INFO] [stdout] 2  | use async_graphql::dynamic::FieldValue;
[INFO] [stdout]    |
[INFO] [stdout] 2  | use dynamic_graphql::FieldValue;
[INFO] [stdout]    |
[INFO] [stdout] help: if you import `FieldValue`, refer to it directly
[INFO] [stdout]    |
[INFO] [stdout] 10 | #[derive(SimpleObject)]
[INFO] [stdout]    |
[INFO] [stdout] 
[INFO] [stdout] error[E0433]: failed to resolve: unresolved import
[INFO] [stdout]   --> src/lib.rs:190:10
[INFO] [stdout]    |
[INFO] [stdout] 10 | #[derive(SimpleObject)]
[INFO] [stdout]    |          ^^^^^^^^^^^^ unresolved import
[INFO] [stdout]    |
[INFO] [stdout]    = note: this error originates in the derive macro `SimpleObject` (in Nightly builds, run with -Z macro-backtrace for more info)
[INFO] [stdout] help: a similar path exists
[INFO] [stdout]    |
[INFO] [stdout] 10 | #[derive(async_graphql::dynamic)]
[INFO] [stdout]    |          ~~~~~~~~~~~~~~~~~~~~~~
[INFO] [stdout] help: consider importing one of these items
[INFO] [stdout]    |
[INFO] [stdout] 2  | use async_graphql::dynamic::Object;
[INFO] [stdout]    |
[INFO] [stdout] 2  | use dynamic_graphql::dynamic::Object;
[INFO] [stdout]    |
[INFO] [stdout] 2  | use dynamic_graphql::internal::Object;
[INFO] [stdout]    |
[INFO] [stdout] help: if you import `Object`, refer to it directly
[INFO] [stdout]    |
[INFO] [stdout] 10 | #[derive(SimpleObject)]
[INFO] [stdout]    |
[INFO] [stdout] 
[INFO] [stdout] error[E0433]: failed to resolve: unresolved import
[INFO] [stdout]   --> src/lib.rs:190:10
[INFO] [stdout]    |
[INFO] [stdout] 10 | #[derive(SimpleObject)]
[INFO] [stdout]    |          ^^^^^^^^^^^^ unresolved import
[INFO] [stdout]    |
[INFO] [stdout]    = note: this error originates in the derive macro `SimpleObject` (in Nightly builds, run with -Z macro-backtrace for more info)
[INFO] [stdout] help: a similar path exists
[INFO] [stdout]    |
[INFO] [stdout] 10 | #[derive(async_graphql::dynamic)]
[INFO] [stdout]    |          ~~~~~~~~~~~~~~~~~~~~~~
[INFO] [stdout] help: consider importing one of these items
[INFO] [stdout]    |
[INFO] [stdout] 2  | use async_graphql::dynamic::Field;
[INFO] [stdout]    |
[INFO] [stdout] 2  | use dynamic_graphql::dynamic::Field;
[INFO] [stdout]    |
[INFO] [stdout] 2  | use graphql_parser::query::Field;
[INFO] [stdout]    |
[INFO] [stdout] 2  | use graphql_parser::schema::Field;
[INFO] [stdout]    |
[INFO] [stdout] help: if you import `Field`, refer to it directly
[INFO] [stdout]    |
[INFO] [stdout] 10 | #[derive(SimpleObject)]
[INFO] [stdout]    |
[INFO] [stdout] 
[INFO] [stdout] error[E0433]: failed to resolve: unresolved import
[INFO] [stdout]   --> src/lib.rs:190:10
[INFO] [stdout]    |
[INFO] [stdout] 10 | #[derive(SimpleObject)]
[INFO] [stdout]    |          ^^^^^^^^^^^^ unresolved import
[INFO] [stdout]    |
[INFO] [stdout]    = note: this error originates in the derive macro `SimpleObject` (in Nightly builds, run with -Z macro-backtrace for more info)
[INFO] [stdout] help: a similar path exists
[INFO] [stdout]    |
[INFO] [stdout] 10 | #[derive(async_graphql::dynamic)]
[INFO] [stdout]    |          ~~~~~~~~~~~~~~~~~~~~~~
[INFO] [stdout] help: consider importing one of these items
[INFO] [stdout]    |
[INFO] [stdout] 2  | use async_graphql::dynamic::FieldFuture;
[INFO] [stdout]    |
[INFO] [stdout] 2  | use dynamic_graphql::dynamic::FieldFuture;
[INFO] [stdout]    |
[INFO] [stdout] help: if you import `FieldFuture`, refer to it directly
[INFO] [stdout]    |
[INFO] [stdout] 10 | #[derive(SimpleObject)]
[INFO] [stdout]    |
[INFO] [stdout] 
[INFO] [stdout] error[E0433]: failed to resolve: unresolved import
[INFO] [stdout]   --> src/lib.rs:190:10
[INFO] [stdout]    |
[INFO] [stdout] 10 | #[derive(SimpleObject)]
[INFO] [stdout]    |          ^^^^^^^^^^^^ unresolved import
[INFO] [stdout]    |
[INFO] [stdout]    = note: this error originates in the derive macro `SimpleObject` (in Nightly builds, run with -Z macro-backtrace for more info)
[INFO] [stdout] help: a similar path exists
[INFO] [stdout]    |
[INFO] [stdout] 10 | #[derive(dynamic_graphql::internal)]
[INFO] [stdout]    |          ~~~~~~~~~~~~~~~~~~~~~~~~~
[INFO] [stdout] help: consider importing this trait
[INFO] [stdout]    |
[INFO] [stdout] 2  | use dynamic_graphql::internal::Resolve;
[INFO] [stdout]    |
[INFO] [stdout] help: if you import `Resolve`, refer to it directly
[INFO] [stdout]    |
[INFO] [stdout] 10 | #[derive(SimpleObject)]
[INFO] [stdout]    |
[INFO] [stdout] 
[INFO] [stdout] error[E0433]: failed to resolve: unresolved import
[INFO] [stdout]   --> src/lib.rs:199:10
[INFO] [stdout]    |
[INFO] [stdout] 19 | #[derive(App)]
[INFO] [stdout]    |          ^^^ unresolved import
[INFO] [stdout]    |
[INFO] [stdout]    = note: this error originates in the derive macro `App` (in Nightly builds, run with -Z macro-backtrace for more info)
[INFO] [stdout] help: a similar path exists
[INFO] [stdout]    |
[INFO] [stdout] 19 | #[derive(dynamic_graphql::internal)]
[INFO] [stdout]    |          ~~~~~~~~~~~~~~~~~~~~~~~~~
[INFO] [stdout] help: consider importing one of these items
[INFO] [stdout]    |
[INFO] [stdout] 2  | use async_graphql::registry::Registry;
[INFO] [stdout]    |
[INFO] [stdout] 2  | use dynamic_graphql::internal::Registry;
[INFO] [stdout]    |
[INFO] [stdout] help: if you import `Registry`, refer to it directly
[INFO] [stdout]    |
[INFO] [stdout] 19 | #[derive(App)]
[INFO] [stdout]    |
[INFO] [stdout] 
[INFO] [stdout] error: aborting due to 12 previous errors
[INFO] [stdout] 
[INFO] [stdout] Some errors have detailed explanations: E0412, E0433.
[INFO] [stdout] For more information about an error, try `rustc --explain E0412`.
[INFO] [stdout] Couldn't compile the test.
[INFO] [stdout] ---- src/lib.rs - ResolvedObjectFields (line 274) stdout ----
[INFO] [stdout] error[E0433]: failed to resolve: unresolved import
[INFO] [stdout]   --> src/lib.rs:282:10
[INFO] [stdout]    |
[INFO] [stdout] 11 | #[derive(ResolvedObject)]
[INFO] [stdout]    |          ^^^^^^^^^^^^^^
[INFO] [stdout]    |          |
[INFO] [stdout]    |          unresolved import
[INFO] [stdout]    |          help: a similar path exists: `dynamic_graphql::internal`
[INFO] [stdout]    |
[INFO] [stdout]    = note: this error originates in the derive macro `ResolvedObject` (in Nightly builds, run with -Z macro-backtrace for more info)
[INFO] [stdout] 
[INFO] [stdout] error[E0433]: failed to resolve: unresolved import
[INFO] [stdout]   --> src/lib.rs:286:1
[INFO] [stdout]    |
[INFO] [stdout] 15 | #[ResolvedObjectFields]
[INFO] [stdout]    | ^^^^^^^^^^^^^^^^^^^^^^^
[INFO] [stdout]    | |
[INFO] [stdout]    | unresolved import
[INFO] [stdout]    | help: a similar path exists: `dynamic_graphql::internal`
[INFO] [stdout]    |
[INFO] [stdout]    = note: this error originates in the attribute macro `ResolvedObjectFields` (in Nightly builds, run with -Z macro-backtrace for more info)
[INFO] [stdout] 
[INFO] [stdout] error[E0433]: failed to resolve: unresolved import
[INFO] [stdout]   --> src/lib.rs:310:10
[INFO] [stdout]    |
[INFO] [stdout] 39 | #[derive(App)]
[INFO] [stdout]    |          ^^^
[INFO] [stdout]    |          |
[INFO] [stdout]    |          unresolved import
[INFO] [stdout]    |          help: a similar path exists: `dynamic_graphql::internal`
[INFO] [stdout]    |
[INFO] [stdout]    = note: this error originates in the derive macro `App` (in Nightly builds, run with -Z macro-backtrace for more info)
[INFO] [stdout] 
[INFO] [stdout] error[E0433]: failed to resolve: unresolved import
[INFO] [stdout]   --> src/lib.rs:310:10
[INFO] [stdout]    |
[INFO] [stdout] 39 | #[derive(App)]
[INFO] [stdout]    |          ^^^
[INFO] [stdout]    |          |
[INFO] [stdout]    |          unresolved import
[INFO] [stdout]    |          help: a similar path exists: `async_graphql::dynamic`
[INFO] [stdout]    |
[INFO] [stdout]    = note: this error originates in the derive macro `App` (in Nightly builds, run with -Z macro-backtrace for more info)
[INFO] [stdout] 
[INFO] [stdout] error[E0412]: cannot find type `Context` in the crate root
[INFO] [stdout]   --> src/lib.rs:282:10
[INFO] [stdout]    |
[INFO] [stdout] 11 | #[derive(ResolvedObject)]
[INFO] [stdout]    |          ^^^^^^^^^^^^^^ not found in the crate root
[INFO] [stdout]    |
[INFO] [stdout]    = note: this error originates in the derive macro `ResolvedObject` (in Nightly builds, run with -Z macro-backtrace for more info)
[INFO] [stdout] help: consider importing one of these items
[INFO] [stdout]    |
[INFO] [stdout] 2  | use async_graphql::Context;
[INFO] [stdout]    |
[INFO] [stdout] 2  | use core::task::Context;
[INFO] [stdout]    |
[INFO] [stdout] 2  | use dynamic_graphql::Context;
[INFO] [stdout]    |
[INFO] [stdout] 2  | use std::task::Context;
[INFO] [stdout]    |
[INFO] [stdout] help: if you import `Context`, refer to it directly
[INFO] [stdout]    |
[INFO] [stdout] 11 | #[derive(ResolvedObject)]
[INFO] [stdout]    |
[INFO] [stdout] 
[INFO] [stdout] error[E0412]: cannot find type `Result` in the crate root
[INFO] [stdout]   --> src/lib.rs:282:10
[INFO] [stdout]    |
[INFO] [stdout] 11 | #[derive(ResolvedObject)]
[INFO] [stdout]    |          ^^^^^^^^^^^^^^ not found in the crate root
[INFO] [stdout]    |
[INFO] [stdout]    = note: this error originates in the derive macro `ResolvedObject` (in Nightly builds, run with -Z macro-backtrace for more info)
[INFO] [stdout] help: consider importing one of these items
[INFO] [stdout]    |
[INFO] [stdout] 2  | use async_graphql::Result;
[INFO] [stdout]    |
[INFO] [stdout] 2  | use core::fmt::Result;
[INFO] [stdout]    |
[INFO] [stdout] 2  | use core::result::Result;
[INFO] [stdout]    |
[INFO] [stdout] 2  | use dynamic_graphql::Result;
[INFO] [stdout]    |
[INFO] [stdout]      and 4 other candidates
[INFO] [stdout] help: if you import `Result`, refer to it directly
[INFO] [stdout]    |
[INFO] [stdout] 11 | #[derive(ResolvedObject)]
[INFO] [stdout]    |
[INFO] [stdout] 
[INFO] [stdout] error[E0412]: cannot find type `FieldValue` in the crate root
[INFO] [stdout]   --> src/lib.rs:282:10
[INFO] [stdout]    |
[INFO] [stdout] 11 | #[derive(ResolvedObject)]
[INFO] [stdout]    |          ^^^^^^^^^^^^^^ not found in the crate root
[INFO] [stdout]    |
[INFO] [stdout]    = note: this error originates in the derive macro `ResolvedObject` (in Nightly builds, run with -Z macro-backtrace for more info)
[INFO] [stdout] help: consider importing one of these items
[INFO] [stdout]    |
[INFO] [stdout] 2  | use async_graphql::dynamic::FieldValue;
[INFO] [stdout]    |
[INFO] [stdout] 2  | use dynamic_graphql::FieldValue;
[INFO] [stdout]    |
[INFO] [stdout] help: if you import `FieldValue`, refer to it directly
[INFO] [stdout]    |
[INFO] [stdout] 11 | #[derive(ResolvedObject)]
[INFO] [stdout]    |
[INFO] [stdout] 
[INFO] [stdout] error[E0433]: failed to resolve: could not find `FieldValue` in the crate root
[INFO] [stdout]   --> src/lib.rs:282:10
[INFO] [stdout]    |
[INFO] [stdout] 11 | #[derive(ResolvedObject)]
[INFO] [stdout]    |          ^^^^^^^^^^^^^^ could not find `FieldValue` in the crate root
[INFO] [stdout]    |
[INFO] [stdout]    = note: this error originates in the derive macro `ResolvedObject` (in Nightly builds, run with -Z macro-backtrace for more info)
[INFO] [stdout] help: consider importing one of these items
[INFO] [stdout]    |
[INFO] [stdout] 2  | use async_graphql::dynamic::FieldValue;
[INFO] [stderr] error: doctest failed, to rerun pass `--doc`
[INFO] [stdout]    |
[INFO] [stdout] 2  | use dynamic_graphql::FieldValue;
[INFO] [stdout]    |
[INFO] [stdout] help: if you import `FieldValue`, refer to it directly
[INFO] [stdout]    |
[INFO] [stdout] 11 | #[derive(ResolvedObject)]
[INFO] [stdout]    |
[INFO] [stdout] 
[INFO] [stdout] error[E0433]: failed to resolve: unresolved import
[INFO] [stdout]   --> src/lib.rs:286:1
[INFO] [stdout]    |
[INFO] [stdout] 15 | #[ResolvedObjectFields]
[INFO] [stdout]    | ^^^^^^^^^^^^^^^^^^^^^^^ unresolved import
[INFO] [stdout]    |
[INFO] [stdout]    = note: this error originates in the attribute macro `ResolvedObjectFields` (in Nightly builds, run with -Z macro-backtrace for more info)
[INFO] [stdout] help: a similar path exists
[INFO] [stdout]    |
[INFO] [stdout] 15 | async_graphql::dynamic
[INFO] [stdout]    |
[INFO] [stdout] help: consider importing one of these items
[INFO] [stdout]    |
[INFO] [stdout] 2  | use async_graphql::dynamic::Object;
[INFO] [stdout]    |
[INFO] [stdout] 2  | use dynamic_graphql::dynamic::Object;
[INFO] [stdout]    |
[INFO] [stdout] 2  | use dynamic_graphql::internal::Object;
[INFO] [stdout]    |
[INFO] [stdout] 
[INFO] [stdout] error[E0433]: failed to resolve: unresolved import
[INFO] [stdout]   --> src/lib.rs:286:1
[INFO] [stdout]    |
[INFO] [stdout] 15 | #[ResolvedObjectFields]
[INFO] [stdout]    | ^^^^^^^^^^^^^^^^^^^^^^^ unresolved import
[INFO] [stdout]    |
[INFO] [stdout]    = note: this error originates in the attribute macro `ResolvedObjectFields` (in Nightly builds, run with -Z macro-backtrace for more info)
[INFO] [stdout] help: a similar path exists
[INFO] [stdout]    |
[INFO] [stdout] 15 | async_graphql::dynamic
[INFO] [stdout]    |
[INFO] [stdout] help: consider importing one of these items
[INFO] [stdout]    |
[INFO] [stdout] 2  | use async_graphql::dynamic::Field;
[INFO] [stdout]    |
[INFO] [stdout] 2  | use dynamic_graphql::dynamic::Field;
[INFO] [stdout]    |
[INFO] [stdout] 2  | use graphql_parser::query::Field;
[INFO] [stdout]    |
[INFO] [stdout] 2  | use graphql_parser::schema::Field;
[INFO] [stdout]    |
[INFO] [stdout] 
[INFO] [stdout] error[E0433]: failed to resolve: unresolved import
[INFO] [stdout]   --> src/lib.rs:286:1
[INFO] [stdout]    |
[INFO] [stdout] 15 | #[ResolvedObjectFields]
[INFO] [stdout]    | ^^^^^^^^^^^^^^^^^^^^^^^ unresolved import
[INFO] [stdout]    |
[INFO] [stdout]    = note: this error originates in the attribute macro `ResolvedObjectFields` (in Nightly builds, run with -Z macro-backtrace for more info)
[INFO] [stdout] help: a similar path exists
[INFO] [stdout]    |
[INFO] [stdout] 15 | async_graphql::dynamic
[INFO] [stdout]    |
[INFO] [stdout] help: consider importing one of these items
[INFO] [stdout]    |
[INFO] [stdout] 2  | use async_graphql::dynamic::FieldFuture;
[INFO] [stdout]    |
[INFO] [stdout] 2  | use dynamic_graphql::dynamic::FieldFuture;
[INFO] [stdout]    |
[INFO] [stdout] 
[INFO] [stdout] error[E0433]: failed to resolve: unresolved import
[INFO] [stdout]   --> src/lib.rs:286:1
[INFO] [stdout]    |
[INFO] [stdout] 15 | #[ResolvedObjectFields]
[INFO] [stdout]    | ^^^^^^^^^^^^^^^^^^^^^^^ unresolved import
[INFO] [stdout]    |
[INFO] [stdout]    = note: this error originates in the attribute macro `ResolvedObjectFields` (in Nightly builds, run with -Z macro-backtrace for more info)
[INFO] [stdout] help: a similar path exists
[INFO] [stdout]    |
[INFO] [stdout] 15 | dynamic_graphql::internal
[INFO] [stdout]    |
[INFO] [stdout] help: consider importing this trait
[INFO] [stdout]    |
[INFO] [stdout] 2  | use dynamic_graphql::internal::Resolve;
[INFO] [stdout]    |
[INFO] [stdout] 
[INFO] [stdout] error[E0433]: failed to resolve: unresolved import
[INFO] [stdout]   --> src/lib.rs:310:10
[INFO] [stdout]    |
[INFO] [stdout] 39 | #[derive(App)]
[INFO] [stdout]    |          ^^^ unresolved import
[INFO] [stdout]    |
[INFO] [stdout]    = note: this error originates in the derive macro `App` (in Nightly builds, run with -Z macro-backtrace for more info)
[INFO] [stdout] help: a similar path exists
[INFO] [stdout]    |
[INFO] [stdout] 39 | #[derive(dynamic_graphql::internal)]
[INFO] [stdout]    |          ~~~~~~~~~~~~~~~~~~~~~~~~~
[INFO] [stdout] help: consider importing one of these items
[INFO] [stdout]    |
[INFO] [stdout] 2  | use async_graphql::registry::Registry;
[INFO] [stdout]    |
[INFO] [stdout] 2  | use dynamic_graphql::internal::Registry;
[INFO] [stdout]    |
[INFO] [stdout] help: if you import `Registry`, refer to it directly
[INFO] [stdout]    |
[INFO] [stdout] 39 | #[derive(App)]
[INFO] [stdout]    |
[INFO] [stdout] 
[INFO] [stdout] error: aborting due to 13 previous errors
[INFO] [stdout] 
[INFO] [stdout] Some errors have detailed explanations: E0412, E0433.
[INFO] [stdout] For more information about an error, try `rustc --explain E0412`.
[INFO] [stdout] Couldn't compile the test.
[INFO] [stdout] ---- src/lib.rs - SimpleObject (line 139) stdout ----
[INFO] [stdout] error[E0433]: failed to resolve: unresolved import
[INFO] [stdout]   --> src/lib.rs:146:10
[INFO] [stdout]    |
[INFO] [stdout] 10 | #[derive(SimpleObject)]
[INFO] [stdout]    |          ^^^^^^^^^^^^
[INFO] [stdout]    |          |
[INFO] [stdout]    |          unresolved import
[INFO] [stdout]    |          help: a similar path exists: `dynamic_graphql::internal`
[INFO] [stdout]    |
[INFO] [stdout]    = note: this error originates in the derive macro `SimpleObject` (in Nightly builds, run with -Z macro-backtrace for more info)
[INFO] [stdout] 
[INFO] [stdout] error[E0433]: failed to resolve: unresolved import
[INFO] [stdout]   --> src/lib.rs:152:10
[INFO] [stdout]    |
[INFO] [stdout] 16 | #[derive(SimpleObject)]
[INFO] [stdout]    |          ^^^^^^^^^^^^
[INFO] [stdout]    |          |
[INFO] [stdout]    |          unresolved import
[INFO] [stdout]    |          help: a similar path exists: `dynamic_graphql::internal`
[INFO] [stdout]    |
[INFO] [stdout]    = note: this error originates in the derive macro `SimpleObject` (in Nightly builds, run with -Z macro-backtrace for more info)
[INFO] [stdout] 
[INFO] [stdout] error[E0433]: failed to resolve: unresolved import
[INFO] [stdout]   --> src/lib.rs:158:10
[INFO] [stdout]    |
[INFO] [stdout] 22 | #[derive(App)]
[INFO] [stdout]    |          ^^^
[INFO] [stdout]    |          |
[INFO] [stdout]    |          unresolved import
[INFO] [stdout]    |          help: a similar path exists: `dynamic_graphql::internal`
[INFO] [stdout]    |
[INFO] [stdout]    = note: this error originates in the derive macro `App` (in Nightly builds, run with -Z macro-backtrace for more info)
[INFO] [stdout] 
[INFO] [stdout] error[E0433]: failed to resolve: unresolved import
[INFO] [stdout]   --> src/lib.rs:158:10
[INFO] [stdout]    |
[INFO] [stdout] 22 | #[derive(App)]
[INFO] [stdout]    |          ^^^
[INFO] [stdout]    |          |
[INFO] [stdout]    |          unresolved import
[INFO] [stdout]    |          help: a similar path exists: `async_graphql::dynamic`
[INFO] [stdout]    |
[INFO] [stdout]    = note: this error originates in the derive macro `App` (in Nightly builds, run with -Z macro-backtrace for more info)
[INFO] [stdout] 
[INFO] [stdout] error[E0412]: cannot find type `Context` in the crate root
[INFO] [stdout]   --> src/lib.rs:146:10
[INFO] [stdout]    |
[INFO] [stdout] 10 | #[derive(SimpleObject)]
[INFO] [stdout]    |          ^^^^^^^^^^^^ not found in the crate root
[INFO] [stdout]    |
[INFO] [stdout]    = note: this error originates in the derive macro `SimpleObject` (in Nightly builds, run with -Z macro-backtrace for more info)
[INFO] [stdout] help: consider importing one of these items
[INFO] [stdout]    |
[INFO] [stdout] 2  | use async_graphql::Context;
[INFO] [stdout]    |
[INFO] [stdout] 2  | use core::task::Context;
[INFO] [stdout]    |
[INFO] [stdout] 2  | use dynamic_graphql::Context;
[INFO] [stdout]    |
[INFO] [stdout] 2  | use std::task::Context;
[INFO] [stdout]    |
[INFO] [stdout] help: if you import `Context`, refer to it directly
[INFO] [stdout]    |
[INFO] [stdout] 10 | #[derive(SimpleObject)]
[INFO] [stdout]    |
[INFO] [stdout] 
[INFO] [stdout] error[E0412]: cannot find type `Result` in the crate root
[INFO] [stdout]   --> src/lib.rs:146:10
[INFO] [stdout]    |
[INFO] [stdout] 10 | #[derive(SimpleObject)]
[INFO] [stdout]    |          ^^^^^^^^^^^^ not found in the crate root
[INFO] [stdout]    |
[INFO] [stdout]    = note: this error originates in the derive macro `SimpleObject` (in Nightly builds, run with -Z macro-backtrace for more info)
[INFO] [stdout] help: consider importing one of these items
[INFO] [stdout]    |
[INFO] [stdout] 2  | use async_graphql::Result;
[INFO] [stdout]    |
[INFO] [stdout] 2  | use core::fmt::Result;
[INFO] [stdout]    |
[INFO] [stdout] 2  | use core::result::Result;
[INFO] [stdout]    |
[INFO] [stdout] 2  | use dynamic_graphql::Result;
[INFO] [stdout]    |
[INFO] [stdout]      and 4 other candidates
[INFO] [stdout] help: if you import `Result`, refer to it directly
[INFO] [stdout]    |
[INFO] [stdout] 10 | #[derive(SimpleObject)]
[INFO] [stdout]    |
[INFO] [stdout] 
[INFO] [stdout] error[E0412]: cannot find type `FieldValue` in the crate root
[INFO] [stdout]   --> src/lib.rs:146:10
[INFO] [stdout]    |
[INFO] [stdout] 10 | #[derive(SimpleObject)]
[INFO] [stdout]    |          ^^^^^^^^^^^^ not found in the crate root
[INFO] [stdout]    |
[INFO] [stdout]    = note: this error originates in the derive macro `SimpleObject` (in Nightly builds, run with -Z macro-backtrace for more info)
[INFO] [stdout] help: consider importing one of these items
[INFO] [stdout]    |
[INFO] [stdout] 2  | use async_graphql::dynamic::FieldValue;
[INFO] [stdout]    |
[INFO] [stdout] 2  | use dynamic_graphql::FieldValue;
[INFO] [stdout]    |
[INFO] [stdout] help: if you import `FieldValue`, refer to it directly
[INFO] [stdout]    |
[INFO] [stdout] 10 | #[derive(SimpleObject)]
[INFO] [stdout]    |
[INFO] [stdout] 
[INFO] [stdout] error[E0433]: failed to resolve: could not find `FieldValue` in the crate root
[INFO] [stdout]   --> src/lib.rs:146:10
[INFO] [stdout]    |
[INFO] [stdout] 10 | #[derive(SimpleObject)]
[INFO] [stdout]    |          ^^^^^^^^^^^^ could not find `FieldValue` in the crate root
[INFO] [stdout]    |
[INFO] [stdout]    = note: this error originates in the derive macro `SimpleObject` (in Nightly builds, run with -Z macro-backtrace for more info)
[INFO] [stdout] help: consider importing one of these items
[INFO] [stdout]    |
[INFO] [stdout] 2  | use async_graphql::dynamic::FieldValue;
[INFO] [stdout]    |
[INFO] [stdout] 2  | use dynamic_graphql::FieldValue;
[INFO] [stdout]    |
[INFO] [stdout] help: if you import `FieldValue`, refer to it directly
[INFO] [stdout]    |
[INFO] [stdout] 10 | #[derive(SimpleObject)]
[INFO] [stdout]    |
[INFO] [stdout] 
[INFO] [stdout] error[E0433]: failed to resolve: unresolved import
[INFO] [stdout]   --> src/lib.rs:146:10
[INFO] [stdout]    |
[INFO] [stdout] 10 | #[derive(SimpleObject)]
[INFO] [stdout]    |          ^^^^^^^^^^^^ unresolved import
[INFO] [stdout]    |
[INFO] [stdout]    = note: this error originates in the derive macro `SimpleObject` (in Nightly builds, run with -Z macro-backtrace for more info)
[INFO] [stdout] help: a similar path exists
[INFO] [stdout]    |
[INFO] [stdout] 10 | #[derive(async_graphql::dynamic)]
[INFO] [stdout]    |          ~~~~~~~~~~~~~~~~~~~~~~
[INFO] [stdout] help: consider importing one of these items
[INFO] [stdout]    |
[INFO] [stdout] 2  | use async_graphql::dynamic::Object;
[INFO] [stdout]    |
[INFO] [stdout] 2  | use dynamic_graphql::dynamic::Object;
[INFO] [stdout]    |
[INFO] [stdout] 2  | use dynamic_graphql::internal::Object;
[INFO] [stdout]    |
[INFO] [stdout] help: if you import `Object`, refer to it directly
[INFO] [stdout]    |
[INFO] [stdout] 10 | #[derive(SimpleObject)]
[INFO] [stdout]    |
[INFO] [stdout] 
[INFO] [stdout] error[E0433]: failed to resolve: unresolved import
[INFO] [stdout]   --> src/lib.rs:146:10
[INFO] [stdout]    |
[INFO] [stdout] 10 | #[derive(SimpleObject)]
[INFO] [stdout]    |          ^^^^^^^^^^^^ unresolved import
[INFO] [stdout]    |
[INFO] [stdout]    = note: this error originates in the derive macro `SimpleObject` (in Nightly builds, run with -Z macro-backtrace for more info)
[INFO] [stdout] help: a similar path exists
[INFO] [stdout]    |
[INFO] [stdout] 10 | #[derive(async_graphql::dynamic)]
[INFO] [stdout]    |          ~~~~~~~~~~~~~~~~~~~~~~
[INFO] [stdout] help: consider importing one of these items
[INFO] [stdout]    |
[INFO] [stdout] 2  | use async_graphql::dynamic::Field;
[INFO] [stdout]    |
[INFO] [stdout] 2  | use dynamic_graphql::dynamic::Field;
[INFO] [stdout]    |
[INFO] [stdout] 2  | use graphql_parser::query::Field;
[INFO] [stdout]    |
[INFO] [stdout] 2  | use graphql_parser::schema::Field;
[INFO] [stdout]    |
[INFO] [stdout] help: if you import `Field`, refer to it directly
[INFO] [stdout]    |
[INFO] [stdout] 10 | #[derive(SimpleObject)]
[INFO] [stdout]    |
[INFO] [stdout] 
[INFO] [stdout] error[E0433]: failed to resolve: unresolved import
[INFO] [stdout]   --> src/lib.rs:146:10
[INFO] [stdout]    |
[INFO] [stdout] 10 | #[derive(SimpleObject)]
[INFO] [stdout]    |          ^^^^^^^^^^^^ unresolved import
[INFO] [stdout]    |
[INFO] [stdout]    = note: this error originates in the derive macro `SimpleObject` (in Nightly builds, run with -Z macro-backtrace for more info)
[INFO] [stdout] help: a similar path exists
[INFO] [stdout]    |
[INFO] [stdout] 10 | #[derive(async_graphql::dynamic)]
[INFO] [stdout]    |          ~~~~~~~~~~~~~~~~~~~~~~
[INFO] [stdout] help: consider importing one of these items
[INFO] [stdout]    |
[INFO] [stdout] 2  | use async_graphql::dynamic::FieldFuture;
[INFO] [stdout]    |
[INFO] [stdout] 2  | use dynamic_graphql::dynamic::FieldFuture;
[INFO] [stdout]    |
[INFO] [stdout] help: if you import `FieldFuture`, refer to it directly
[INFO] [stdout]    |
[INFO] [stdout] 10 | #[derive(SimpleObject)]
[INFO] [stdout]    |
[INFO] [stdout] 
[INFO] [stdout] error[E0433]: failed to resolve: unresolved import
[INFO] [stdout]   --> src/lib.rs:146:10
[INFO] [stdout]    |
[INFO] [stdout] 10 | #[derive(SimpleObject)]
[INFO] [stdout]    |          ^^^^^^^^^^^^ unresolved import
[INFO] [stdout]    |
[INFO] [stdout]    = note: this error originates in the derive macro `SimpleObject` (in Nightly builds, run with -Z macro-backtrace for more info)
[INFO] [stdout] help: a similar path exists
[INFO] [stdout]    |
[INFO] [stdout] 10 | #[derive(dynamic_graphql::internal)]
[INFO] [stdout]    |          ~~~~~~~~~~~~~~~~~~~~~~~~~
[INFO] [stdout] help: consider importing this trait
[INFO] [stdout]    |
[INFO] [stdout] 2  | use dynamic_graphql::internal::Resolve;
[INFO] [stdout]    |
[INFO] [stdout] help: if you import `Resolve`, refer to it directly
[INFO] [stdout]    |
[INFO] [stdout] 10 | #[derive(SimpleObject)]
[INFO] [stdout]    |
[INFO] [stdout] 
[INFO] [stdout] error[E0412]: cannot find type `Context` in the crate root
[INFO] [stdout]   --> src/lib.rs:152:10
[INFO] [stdout]    |
[INFO] [stdout] 16 | #[derive(SimpleObject)]
[INFO] [stdout]    |          ^^^^^^^^^^^^ not found in the crate root
[INFO] [stdout]    |
[INFO] [stdout]    = note: this error originates in the derive macro `SimpleObject` (in Nightly builds, run with -Z macro-backtrace for more info)
[INFO] [stdout] help: consider importing one of these items
[INFO] [stdout]    |
[INFO] [stdout] 2  | use async_graphql::Context;
[INFO] [stdout]    |
[INFO] [stdout] 2  | use core::task::Context;
[INFO] [stdout]    |
[INFO] [stdout] 2  | use dynamic_graphql::Context;
[INFO] [stdout]    |
[INFO] [stdout] 2  | use std::task::Context;
[INFO] [stdout]    |
[INFO] [stdout] help: if you import `Context`, refer to it directly
[INFO] [stdout]    |
[INFO] [stdout] 16 | #[derive(SimpleObject)]
[INFO] [stdout]    |
[INFO] [stdout] 
[INFO] [stdout] error[E0412]: cannot find type `Result` in the crate root
[INFO] [stdout]   --> src/lib.rs:152:10
[INFO] [stdout]    |
[INFO] [stdout] 16 | #[derive(SimpleObject)]
[INFO] [stdout]    |          ^^^^^^^^^^^^ not found in the crate root
[INFO] [stdout]    |
[INFO] [stdout]    = note: this error originates in the derive macro `SimpleObject` (in Nightly builds, run with -Z macro-backtrace for more info)
[INFO] [stdout] help: consider importing one of these items
[INFO] [stdout]    |
[INFO] [stdout] 2  | use async_graphql::Result;
[INFO] [stdout]    |
[INFO] [stdout] 2  | use core::fmt::Result;
[INFO] [stdout]    |
[INFO] [stdout] 2  | use core::result::Result;
[INFO] [stdout]    |
[INFO] [stdout] 2  | use dynamic_graphql::Result;
[INFO] [stdout]    |
[INFO] [stdout]      and 4 other candidates
[INFO] [stdout] help: if you import `Result`, refer to it directly
[INFO] [stdout]    |
[INFO] [stdout] 16 | #[derive(SimpleObject)]
[INFO] [stdout]    |
[INFO] [stdout] 
[INFO] [stdout] error[E0412]: cannot find type `FieldValue` in the crate root
[INFO] [stdout]   --> src/lib.rs:152:10
[INFO] [stdout]    |
[INFO] [stdout] 16 | #[derive(SimpleObject)]
[INFO] [stdout]    |          ^^^^^^^^^^^^ not found in the crate root
[INFO] [stdout]    |
[INFO] [stdout]    = note: this error originates in the derive macro `SimpleObject` (in Nightly builds, run with -Z macro-backtrace for more info)
[INFO] [stdout] help: consider importing one of these items
[INFO] [stdout]    |
[INFO] [stdout] 2  | use async_graphql::dynamic::FieldValue;
[INFO] [stdout]    |
[INFO] [stdout] 2  | use dynamic_graphql::FieldValue;
[INFO] [stdout]    |
[INFO] [stdout] help: if you import `FieldValue`, refer to it directly
[INFO] [stdout]    |
[INFO] [stdout] 16 | #[derive(SimpleObject)]
[INFO] [stdout]    |
[INFO] [stdout] 
[INFO] [stdout] error[E0433]: failed to resolve: could not find `FieldValue` in the crate root
[INFO] [stdout]   --> src/lib.rs:152:10
[INFO] [stdout]    |
[INFO] [stdout] 16 | #[derive(SimpleObject)]
[INFO] [stdout]    |          ^^^^^^^^^^^^ could not find `FieldValue` in the crate root
[INFO] [stdout]    |
[INFO] [stdout]    = note: this error originates in the derive macro `SimpleObject` (in Nightly builds, run with -Z macro-backtrace for more info)
[INFO] [stdout] help: consider importing one of these items
[INFO] [stdout]    |
[INFO] [stdout] 2  | use async_graphql::dynamic::FieldValue;
[INFO] [stdout]    |
[INFO] [stdout] 2  | use dynamic_graphql::FieldValue;
[INFO] [stdout]    |
[INFO] [stdout] help: if you import `FieldValue`, refer to it directly
[INFO] [stdout]    |
[INFO] [stdout] 16 | #[derive(SimpleObject)]
[INFO] [stdout]    |
[INFO] [stdout] 
[INFO] [stdout] error[E0433]: failed to resolve: unresolved import
[INFO] [stdout]   --> src/lib.rs:152:10
[INFO] [stdout]    |
[INFO] [stdout] 16 | #[derive(SimpleObject)]
[INFO] [stdout]    |          ^^^^^^^^^^^^ unresolved import
[INFO] [stdout]    |
[INFO] [stdout]    = note: this error originates in the derive macro `SimpleObject` (in Nightly builds, run with -Z macro-backtrace for more info)
[INFO] [stdout] help: a similar path exists
[INFO] [stdout]    |
[INFO] [stdout] 16 | #[derive(async_graphql::dynamic)]
[INFO] [stdout]    |          ~~~~~~~~~~~~~~~~~~~~~~
[INFO] [stdout] help: consider importing one of these items
[INFO] [stdout]    |
[INFO] [stdout] 2  | use async_graphql::dynamic::Object;
[INFO] [stdout]    |
[INFO] [stdout] 2  | use dynamic_graphql::dynamic::Object;
[INFO] [stdout]    |
[INFO] [stdout] 2  | use dynamic_graphql::internal::Object;
[INFO] [stdout]    |
[INFO] [stdout] help: if you import `Object`, refer to it directly
[INFO] [stdout]    |
[INFO] [stdout] 16 | #[derive(SimpleObject)]
[INFO] [stdout]    |
[INFO] [stdout] 
[INFO] [stdout] error[E0433]: failed to resolve: unresolved import
[INFO] [stdout]   --> src/lib.rs:152:10
[INFO] [stdout]    |
[INFO] [stdout] 16 | #[derive(SimpleObject)]
[INFO] [stdout]    |          ^^^^^^^^^^^^ unresolved import
[INFO] [stdout]    |
[INFO] [stdout]    = note: this error originates in the derive macro `SimpleObject` (in Nightly builds, run with -Z macro-backtrace for more info)
[INFO] [stdout] help: a similar path exists
[INFO] [stdout]    |
[INFO] [stdout] 16 | #[derive(async_graphql::dynamic)]
[INFO] [stdout]    |          ~~~~~~~~~~~~~~~~~~~~~~
[INFO] [stdout] help: consider importing one of these items
[INFO] [stdout]    |
[INFO] [stdout] 2  | use async_graphql::dynamic::Field;
[INFO] [stdout]    |
[INFO] [stdout] 2  | use dynamic_graphql::dynamic::Field;
[INFO] [stdout]    |
[INFO] [stdout] 2  | use graphql_parser::query::Field;
[INFO] [stdout]    |
[INFO] [stdout] 2  | use graphql_parser::schema::Field;
[INFO] [stdout]    |
[INFO] [stdout] help: if you import `Field`, refer to it directly
[INFO] [stdout]    |
[INFO] [stdout] 16 | #[derive(SimpleObject)]
[INFO] [stdout]    |
[INFO] [stdout] 
[INFO] [stdout] error[E0433]: failed to resolve: unresolved import
[INFO] [stdout]   --> src/lib.rs:152:10
[INFO] [stdout]    |
[INFO] [stdout] 16 | #[derive(SimpleObject)]
[INFO] [stdout]    |          ^^^^^^^^^^^^ unresolved import
[INFO] [stdout]    |
[INFO] [stdout]    = note: this error originates in the derive macro `SimpleObject` (in Nightly builds, run with -Z macro-backtrace for more info)
[INFO] [stdout] help: a similar path exists
[INFO] [stdout]    |
[INFO] [stdout] 16 | #[derive(async_graphql::dynamic)]
[INFO] [stdout]    |          ~~~~~~~~~~~~~~~~~~~~~~
[INFO] [stdout] help: consider importing one of these items
[INFO] [stdout]    |
[INFO] [stdout] 2  | use async_graphql::dynamic::FieldFuture;
[INFO] [stdout]    |
[INFO] [stdout] 2  | use dynamic_graphql::dynamic::FieldFuture;
[INFO] [stdout]    |
[INFO] [stdout] help: if you import `FieldFuture`, refer to it directly
[INFO] [stdout]    |
[INFO] [stdout] 16 | #[derive(SimpleObject)]
[INFO] [stdout]    |
[INFO] [stdout] 
[INFO] [stdout] error[E0433]: failed to resolve: unresolved import
[INFO] [stdout]   --> src/lib.rs:152:10
[INFO] [stdout]    |
[INFO] [stdout] 16 | #[derive(SimpleObject)]
[INFO] [stdout]    |          ^^^^^^^^^^^^ unresolved import
[INFO] [stdout]    |
[INFO] [stdout]    = note: this error originates in the derive macro `SimpleObject` (in Nightly builds, run with -Z macro-backtrace for more info)
[INFO] [stdout] help: a similar path exists
[INFO] [stdout]    |
[INFO] [stdout] 16 | #[derive(dynamic_graphql::internal)]
[INFO] [stdout]    |          ~~~~~~~~~~~~~~~~~~~~~~~~~
[INFO] [stdout] help: consider importing this trait
[INFO] [stdout]    |
[INFO] [stdout] 2  | use dynamic_graphql::internal::Resolve;
[INFO] [stdout]    |
[INFO] [stdout] help: if you import `Resolve`, refer to it directly
[INFO] [stdout]    |
[INFO] [stdout] 16 | #[derive(SimpleObject)]
[INFO] [stdout]    |
[INFO] [stdout] 
[INFO] [stdout] error[E0433]: failed to resolve: unresolved import
[INFO] [stdout]   --> src/lib.rs:158:10
[INFO] [stdout]    |
[INFO] [stdout] 22 | #[derive(App)]
[INFO] [stdout]    |          ^^^ unresolved import
[INFO] [stdout]    |
[INFO] [stdout]    = note: this error originates in the derive macro `App` (in Nightly builds, run with -Z macro-backtrace for more info)
[INFO] [stdout] help: a similar path exists
[INFO] [stdout]    |
[INFO] [stdout] 22 | #[derive(dynamic_graphql::internal)]
[INFO] [stdout]    |          ~~~~~~~~~~~~~~~~~~~~~~~~~
[INFO] [stdout] help: consider importing one of these items
[INFO] [stdout]    |
[INFO] [stdout] 2  | use async_graphql::registry::Registry;
[INFO] [stdout]    |
[INFO] [stdout] 2  | use dynamic_graphql::internal::Registry;
[INFO] [stdout]    |
[INFO] [stdout] help: if you import `Registry`, refer to it directly
[INFO] [stdout]    |
[INFO] [stdout] 22 | #[derive(App)]
[INFO] [stdout]    |
[INFO] [stdout] 
[INFO] [stdout] error: aborting due to 21 previous errors
[INFO] [stdout] 
[INFO] [stdout] Some errors have detailed explanations: E0412, E0433.
[INFO] [stdout] For more information about an error, try `rustc --explain E0412`.
[INFO] [stdout] Couldn't compile the test.
[INFO] [stdout] ---- src/lib.rs - ResolvedObjectFields (line 213) stdout ----
[INFO] [stdout] error[E0433]: failed to resolve: unresolved import
[INFO] [stdout]   --> src/lib.rs:220:10
[INFO] [stdout]    |
[INFO] [stdout] 10 | #[derive(ResolvedObject)]
[INFO] [stdout]    |          ^^^^^^^^^^^^^^
[INFO] [stdout]    |          |
[INFO] [stdout]    |          unresolved import
[INFO] [stdout]    |          help: a similar path exists: `dynamic_graphql::internal`
[INFO] [stdout]    |
[INFO] [stdout]    = note: this error originates in the derive macro `ResolvedObject` (in Nightly builds, run with -Z macro-backtrace for more info)
[INFO] [stdout] 
[INFO] [stdout] error[E0433]: failed to resolve: unresolved import
[INFO] [stdout]   --> src/lib.rs:225:1
[INFO] [stdout]    |
[INFO] [stdout] 15 | #[ResolvedObjectFields]
[INFO] [stdout]    | ^^^^^^^^^^^^^^^^^^^^^^^
[INFO] [stdout]    | |
[INFO] [stdout]    | unresolved import
[INFO] [stdout]    | help: a similar path exists: `dynamic_graphql::internal`
[INFO] [stdout]    |
[INFO] [stdout]    = note: this error originates in the attribute macro `ResolvedObjectFields` (in Nightly builds, run with -Z macro-backtrace for more info)
[INFO] [stdout] 
[INFO] [stdout] error[E0433]: failed to resolve: unresolved import
[INFO] [stdout]   --> src/lib.rs:250:10
[INFO] [stdout]    |
[INFO] [stdout] 40 | #[derive(App)]
[INFO] [stdout]    |          ^^^
[INFO] [stdout]    |          |
[INFO] [stdout]    |          unresolved import
[INFO] [stdout]    |          help: a similar path exists: `dynamic_graphql::internal`
[INFO] [stdout]    |
[INFO] [stdout]    = note: this error originates in the derive macro `App` (in Nightly builds, run with -Z macro-backtrace for more info)
[INFO] [stdout] 
[INFO] [stdout] error[E0433]: failed to resolve: unresolved import
[INFO] [stdout]   --> src/lib.rs:250:10
[INFO] [stdout]    |
[INFO] [stdout] 40 | #[derive(App)]
[INFO] [stdout]    |          ^^^
[INFO] [stdout]    |          |
[INFO] [stdout]    |          unresolved import
[INFO] [stdout]    |          help: a similar path exists: `async_graphql::dynamic`
[INFO] [stdout]    |
[INFO] [stdout]    = note: this error originates in the derive macro `App` (in Nightly builds, run with -Z macro-backtrace for more info)
[INFO] [stdout] 
[INFO] [stdout] error[E0412]: cannot find type `Context` in the crate root
[INFO] [stdout]   --> src/lib.rs:220:10
[INFO] [stdout]    |
[INFO] [stdout] 10 | #[derive(ResolvedObject)]
[INFO] [stdout]    |          ^^^^^^^^^^^^^^ not found in the crate root
[INFO] [stdout]    |
[INFO] [stdout]    = note: this error originates in the derive macro `ResolvedObject` (in Nightly builds, run with -Z macro-backtrace for more info)
[INFO] [stdout] help: consider importing one of these items
[INFO] [stdout]    |
[INFO] [stdout] 2  | use async_graphql::Context;
[INFO] [stdout]    |
[INFO] [stdout] 2  | use core::task::Context;
[INFO] [stdout]    |
[INFO] [stdout] 2  | use dynamic_graphql::Context;
[INFO] [stdout]    |
[INFO] [stdout] 2  | use std::task::Context;
[INFO] [stdout]    |
[INFO] [stdout] help: if you import `Context`, refer to it directly
[INFO] [stdout]    |
[INFO] [stdout] 10 | #[derive(ResolvedObject)]
[INFO] [stdout]    |
[INFO] [stdout] 
[INFO] [stdout] error[E0412]: cannot find type `Result` in the crate root
[INFO] [stdout]   --> src/lib.rs:220:10
[INFO] [stdout]    |
[INFO] [stdout] 10 | #[derive(ResolvedObject)]
[INFO] [stdout]    |          ^^^^^^^^^^^^^^ not found in the crate root
[INFO] [stdout]    |
[INFO] [stdout]    = note: this error originates in the derive macro `ResolvedObject` (in Nightly builds, run with -Z macro-backtrace for more info)
[INFO] [stdout] help: consider importing one of these items
[INFO] [stdout]    |
[INFO] [stdout] 2  | use async_graphql::Result;
[INFO] [stdout]    |
[INFO] [stdout] 2  | use core::fmt::Result;
[INFO] [stdout]    |
[INFO] [stdout] 2  | use core::result::Result;
[INFO] [stdout]    |
[INFO] [stdout] 2  | use dynamic_graphql::Result;
[INFO] [stdout]    |
[INFO] [stdout]      and 4 other candidates
[INFO] [stdout] help: if you import `Result`, refer to it directly
[INFO] [stdout]    |
[INFO] [stdout] 10 | #[derive(ResolvedObject)]
[INFO] [stdout]    |
[INFO] [stdout] 
[INFO] [stdout] error[E0412]: cannot find type `FieldValue` in the crate root
[INFO] [stdout]   --> src/lib.rs:220:10
[INFO] [stdout]    |
[INFO] [stdout] 10 | #[derive(ResolvedObject)]
[INFO] [stdout]    |          ^^^^^^^^^^^^^^ not found in the crate root
[INFO] [stdout]    |
[INFO] [stdout]    = note: this error originates in the derive macro `ResolvedObject` (in Nightly builds, run with -Z macro-backtrace for more info)
[INFO] [stdout] help: consider importing one of these items
[INFO] [stdout]    |
[INFO] [stdout] 2  | use async_graphql::dynamic::FieldValue;
[INFO] [stdout]    |
[INFO] [stdout] 2  | use dynamic_graphql::FieldValue;
[INFO] [stdout]    |
[INFO] [stdout] help: if you import `FieldValue`, refer to it directly
[INFO] [stdout]    |
[INFO] [stdout] 10 | #[derive(ResolvedObject)]
[INFO] [stdout]    |
[INFO] [stdout] 
[INFO] [stdout] error[E0433]: failed to resolve: could not find `FieldValue` in the crate root
[INFO] [stdout]   --> src/lib.rs:220:10
[INFO] [stdout]    |
[INFO] [stdout] 10 | #[derive(ResolvedObject)]
[INFO] [stdout]    |          ^^^^^^^^^^^^^^ could not find `FieldValue` in the crate root
[INFO] [stdout]    |
[INFO] [stdout]    = note: this error originates in the derive macro `ResolvedObject` (in Nightly builds, run with -Z macro-backtrace for more info)
[INFO] [stdout] help: consider importing one of these items
[INFO] [stdout]    |
[INFO] [stdout] 2  | use async_graphql::dynamic::FieldValue;
[INFO] [stdout]    |
[INFO] [stdout] 2  | use dynamic_graphql::FieldValue;
[INFO] [stdout]    |
[INFO] [stdout] help: if you import `FieldValue`, refer to it directly
[INFO] [stdout]    |
[INFO] [stdout] 10 | #[derive(ResolvedObject)]
[INFO] [stdout]    |
[INFO] [stdout] 
[INFO] [stdout] error[E0433]: failed to resolve: unresolved import
[INFO] [stdout]   --> src/lib.rs:225:1
[INFO] [stdout]    |
[INFO] [stdout] 15 | #[ResolvedObjectFields]
[INFO] [stdout]    | ^^^^^^^^^^^^^^^^^^^^^^^ unresolved import
[INFO] [stdout]    |
[INFO] [stdout]    = note: this error originates in the attribute macro `ResolvedObjectFields` (in Nightly builds, run with -Z macro-backtrace for more info)
[INFO] [stdout] help: a similar path exists
[INFO] [stdout]    |
[INFO] [stdout] 15 | async_graphql::dynamic
[INFO] [stdout]    |
[INFO] [stdout] help: consider importing one of these items
[INFO] [stdout]    |
[INFO] [stdout] 2  | use async_graphql::dynamic::Object;
[INFO] [stdout]    |
[INFO] [stdout] 2  | use dynamic_graphql::dynamic::Object;
[INFO] [stdout]    |
[INFO] [stdout] 2  | use dynamic_graphql::internal::Object;
[INFO] [stdout]    |
[INFO] [stdout] 
[INFO] [stdout] error[E0433]: failed to resolve: unresolved import
[INFO] [stdout]   --> src/lib.rs:225:1
[INFO] [stdout]    |
[INFO] [stdout] 15 | #[ResolvedObjectFields]
[INFO] [stdout]    | ^^^^^^^^^^^^^^^^^^^^^^^ unresolved import
[INFO] [stdout]    |
[INFO] [stdout]    = note: this error originates in the attribute macro `ResolvedObjectFields` (in Nightly builds, run with -Z macro-backtrace for more info)
[INFO] [stdout] help: a similar path exists
[INFO] [stdout]    |
[INFO] [stdout] 15 | async_graphql::dynamic
[INFO] [stdout]    |
[INFO] [stdout] help: consider importing one of these items
[INFO] [stdout]    |
[INFO] [stdout] 2  | use async_graphql::dynamic::Field;
[INFO] [stdout]    |
[INFO] [stdout] 2  | use dynamic_graphql::dynamic::Field;
[INFO] [stdout]    |
[INFO] [stdout] 2  | use graphql_parser::query::Field;
[INFO] [stdout]    |
[INFO] [stdout] 2  | use graphql_parser::schema::Field;
[INFO] [stdout]    |
[INFO] [stdout] 
[INFO] [stdout] error[E0433]: failed to resolve: unresolved import
[INFO] [stdout]   --> src/lib.rs:225:1
[INFO] [stdout]    |
[INFO] [stdout] 15 | #[ResolvedObjectFields]
[INFO] [stdout]    | ^^^^^^^^^^^^^^^^^^^^^^^ unresolved import
[INFO] [stdout]    |
[INFO] [stdout]    = note: this error originates in the attribute macro `ResolvedObjectFields` (in Nightly builds, run with -Z macro-backtrace for more info)
[INFO] [stdout] help: a similar path exists
[INFO] [stdout]    |
[INFO] [stdout] 15 | async_graphql::dynamic
[INFO] [stdout]    |
[INFO] [stdout] help: consider importing one of these items
[INFO] [stdout]    |
[INFO] [stdout] 2  | use async_graphql::dynamic::FieldFuture;
[INFO] [stdout]    |
[INFO] [stdout] 2  | use dynamic_graphql::dynamic::FieldFuture;
[INFO] [stdout]    |
[INFO] [stdout] 
[INFO] [stdout] error[E0433]: failed to resolve: unresolved import
[INFO] [stdout]   --> src/lib.rs:225:1
[INFO] [stdout]    |
[INFO] [stdout] 15 | #[ResolvedObjectFields]
[INFO] [stdout]    | ^^^^^^^^^^^^^^^^^^^^^^^ unresolved import
[INFO] [stdout]    |
[INFO] [stdout]    = note: this error originates in the attribute macro `ResolvedObjectFields` (in Nightly builds, run with -Z macro-backtrace for more info)
[INFO] [stdout] help: a similar path exists
[INFO] [stdout]    |
[INFO] [stdout] 15 | dynamic_graphql::internal
[INFO] [stdout]    |
[INFO] [stdout] help: consider importing this trait
[INFO] [stdout]    |
[INFO] [stdout] 2  | use dynamic_graphql::internal::Resolve;
[INFO] [stdout]    |
[INFO] [stdout] 
[INFO] [stdout] error[E0433]: failed to resolve: unresolved import
[INFO] [stdout]   --> src/lib.rs:225:1
[INFO] [stdout]    |
[INFO] [stdout] 15 | #[ResolvedObjectFields]
[INFO] [stdout]    | ^^^^^^^^^^^^^^^^^^^^^^^ unresolved import
[INFO] [stdout]    |
[INFO] [stdout]    = note: this error originates in the attribute macro `ResolvedObjectFields` (in Nightly builds, run with -Z macro-backtrace for more info)
[INFO] [stdout] help: a similar path exists
[INFO] [stdout]    |
[INFO] [stdout] 15 | dynamic_graphql::internal
[INFO] [stdout]    |
[INFO] [stdout] help: consider importing this trait
[INFO] [stdout]    |
[INFO] [stdout] 2  | use dynamic_graphql::internal::FromValue;
[INFO] [stdout]    |
[INFO] [stdout] 
[INFO] [stdout] error[E0433]: failed to resolve: unresolved import
[INFO] [stdout]   --> src/lib.rs:225:1
[INFO] [stdout]    |
[INFO] [stdout] 15 | #[ResolvedObjectFields]
[INFO] [stdout]    | ^^^^^^^^^^^^^^^^^^^^^^^ unresolved import
[INFO] [stdout]    |
[INFO] [stdout]    = note: this error originates in the attribute macro `ResolvedObjectFields` (in Nightly builds, run with -Z macro-backtrace for more info)
[INFO] [stdout] help: a similar path exists
[INFO] [stdout]    |
[INFO] [stdout] 15 | async_graphql::dynamic
[INFO] [stdout]    |
[INFO] [stdout] help: consider importing one of these items
[INFO] [stdout]    |
[INFO] [stdout] 2  | use async_graphql::dynamic::InputValue;
[INFO] [stdout]    |
[INFO] [stdout] 2  | use dynamic_graphql::dynamic::InputValue;
[INFO] [stdout]    |
[INFO] [stdout] 2  | use graphql_parser::schema::InputValue;
[INFO] [stdout]    |
[INFO] [stdout] 
[INFO] [stdout] error[E0433]: failed to resolve: unresolved import
[INFO] [stdout]   --> src/lib.rs:250:10
[INFO] [stdout]    |
[INFO] [stdout] 40 | #[derive(App)]
[INFO] [stdout]    |          ^^^ unresolved import
[INFO] [stdout]    |
[INFO] [stdout]    = note: this error originates in the derive macro `App` (in Nightly builds, run with -Z macro-backtrace for more info)
[INFO] [stdout] help: a similar path exists
[INFO] [stdout]    |
[INFO] [stdout] 40 | #[derive(dynamic_graphql::internal)]
[INFO] [stdout]    |          ~~~~~~~~~~~~~~~~~~~~~~~~~
[INFO] [stdout] help: consider importing one of these items
[INFO] [stdout]    |
[INFO] [stdout] 2  | use async_graphql::registry::Registry;
[INFO] [stdout]    |
[INFO] [stdout] 2  | use dynamic_graphql::internal::Registry;
[INFO] [stdout]    |
[INFO] [stdout] help: if you import `Registry`, refer to it directly
[INFO] [stdout]    |
[INFO] [stdout] 40 | #[derive(App)]
[INFO] [stdout]    |
[INFO] [stdout] 
[INFO] [stdout] error: aborting due to 15 previous errors
[INFO] [stdout] 
[INFO] [stdout] Some errors have detailed explanations: E0412, E0433.
[INFO] [stdout] For more information about an error, try `rustc --explain E0412`.
[INFO] [stdout] Couldn't compile the test.
[INFO] [stdout] ---- src/lib.rs - ResolvedObjectFields (line 339) stdout ----
[INFO] [stdout] error[E0433]: failed to resolve: unresolved import
[INFO] [stdout]   --> src/lib.rs:353:10
[INFO] [stdout]    |
[INFO] [stdout] 17 | #[derive(ResolvedObject)]
[INFO] [stdout]    |          ^^^^^^^^^^^^^^
[INFO] [stdout]    |          |
[INFO] [stdout]    |          unresolved import
[INFO] [stdout]    |          help: a similar path exists: `dynamic_graphql::internal`
[INFO] [stdout]    |
[INFO] [stdout]    = note: this error originates in the derive macro `ResolvedObject` (in Nightly builds, run with -Z macro-backtrace for more info)
[INFO] [stdout] 
[INFO] [stdout] error[E0433]: failed to resolve: unresolved import
[INFO] [stdout]   --> src/lib.rs:359:1
[INFO] [stdout]    |
[INFO] [stdout] 23 | #[ResolvedObjectFields]
[INFO] [stdout]    | ^^^^^^^^^^^^^^^^^^^^^^^
[INFO] [stdout]    | |
[INFO] [stdout]    | unresolved import
[INFO] [stdout]    | help: a similar path exists: `dynamic_graphql::internal`
[INFO] [stdout]    |
[INFO] [stdout]    = note: this error originates in the attribute macro `ResolvedObjectFields` (in Nightly builds, run with -Z macro-backtrace for more info)
[INFO] [stdout] 
[INFO] [stdout] error[E0433]: failed to resolve: unresolved import
[INFO] [stdout]   --> src/lib.rs:386:10
[INFO] [stdout]    |
[INFO] [stdout] 50 | #[derive(App)]
[INFO] [stdout]    |          ^^^
[INFO] [stdout]    |          |
[INFO] [stdout]    |          unresolved import
[INFO] [stdout]    |          help: a similar path exists: `dynamic_graphql::internal`
[INFO] [stdout]    |
[INFO] [stdout]    = note: this error originates in the derive macro `App` (in Nightly builds, run with -Z macro-backtrace for more info)
[INFO] [stdout] 
[INFO] [stdout] error[E0433]: failed to resolve: unresolved import
[INFO] [stdout]   --> src/lib.rs:386:10
[INFO] [stdout]    |
[INFO] [stdout] 50 | #[derive(App)]
[INFO] [stdout]    |          ^^^
[INFO] [stdout]    |          |
[INFO] [stdout]    |          unresolved import
[INFO] [stdout]    |          help: a similar path exists: `async_graphql::dynamic`
[INFO] [stdout]    |
[INFO] [stdout]    = note: this error originates in the derive macro `App` (in Nightly builds, run with -Z macro-backtrace for more info)
[INFO] [stdout] 
[INFO] [stdout] error[E0412]: cannot find type `Context` in the crate root
[INFO] [stdout]   --> src/lib.rs:353:10
[INFO] [stdout]    |
[INFO] [stdout] 17 | #[derive(ResolvedObject)]
[INFO] [stdout]    |          ^^^^^^^^^^^^^^ not found in the crate root
[INFO] [stdout]    |
[INFO] [stdout]    = note: this error originates in the derive macro `ResolvedObject` (in Nightly builds, run with -Z macro-backtrace for more info)
[INFO] [stdout] help: consider importing one of these items
[INFO] [stdout]    |
[INFO] [stdout] 2  | use async_graphql::Context;
[INFO] [stdout]    |
[INFO] [stdout] 2  | use core::task::Context;
[INFO] [stdout]    |
[INFO] [stdout] 2  | use dynamic_graphql::Context;
[INFO] [stdout]    |
[INFO] [stdout] 2  | use std::task::Context;
[INFO] [stdout]    |
[INFO] [stdout] help: if you import `Context`, refer to it directly
[INFO] [stdout]    |
[INFO] [stdout] 17 | #[derive(ResolvedObject)]
[INFO] [stdout]    |
[INFO] [stdout] 
[INFO] [stdout] error[E0412]: cannot find type `Result` in the crate root
[INFO] [stdout]   --> src/lib.rs:353:10
[INFO] [stdout]    |
[INFO] [stdout] 17 | #[derive(ResolvedObject)]
[INFO] [stdout]    |          ^^^^^^^^^^^^^^ not found in the crate root
[INFO] [stdout]    |
[INFO] [stdout]    = note: this error originates in the derive macro `ResolvedObject` (in Nightly builds, run with -Z macro-backtrace for more info)
[INFO] [stdout] help: consider importing one of these items
[INFO] [stdout]    |
[INFO] [stdout] 2  | use async_graphql::Result;
[INFO] [stdout]    |
[INFO] [stdout] 2  | use core::fmt::Result;
[INFO] [stdout]    |
[INFO] [stdout] 2  | use core::result::Result;
[INFO] [stdout]    |
[INFO] [stdout] 2  | use dynamic_graphql::Result;
[INFO] [stdout]    |
[INFO] [stdout]      and 4 other candidates
[INFO] [stdout] help: if you import `Result`, refer to it directly
[INFO] [stdout]    |
[INFO] [stdout] 17 | #[derive(ResolvedObject)]
[INFO] [stdout]    |
[INFO] [stdout] 
[INFO] [stdout] error[E0412]: cannot find type `FieldValue` in the crate root
[INFO] [stdout]   --> src/lib.rs:353:10
[INFO] [stdout]    |
[INFO] [stdout] 17 | #[derive(ResolvedObject)]
[INFO] [stdout]    |          ^^^^^^^^^^^^^^ not found in the crate root
[INFO] [stdout]    |
[INFO] [stdout]    = note: this error originates in the derive macro `ResolvedObject` (in Nightly builds, run with -Z macro-backtrace for more info)
[INFO] [stdout] help: consider importing one of these items
[INFO] [stdout]    |
[INFO] [stdout] 2  | use async_graphql::dynamic::FieldValue;
[INFO] [stdout]    |
[INFO] [stdout] 2  | use dynamic_graphql::FieldValue;
[INFO] [stdout]    |
[INFO] [stdout] help: if you import `FieldValue`, refer to it directly
[INFO] [stdout]    |
[INFO] [stdout] 17 | #[derive(ResolvedObject)]
[INFO] [stdout]    |
[INFO] [stdout] 
[INFO] [stdout] error[E0433]: failed to resolve: could not find `FieldValue` in the crate root
[INFO] [stdout]   --> src/lib.rs:353:10
[INFO] [stdout]    |
[INFO] [stdout] 17 | #[derive(ResolvedObject)]
[INFO] [stdout]    |          ^^^^^^^^^^^^^^ could not find `FieldValue` in the crate root
[INFO] [stdout]    |
[INFO] [stdout]    = note: this error originates in the derive macro `ResolvedObject` (in Nightly builds, run with -Z macro-backtrace for more info)
[INFO] [stdout] help: consider importing one of these items
[INFO] [stdout]    |
[INFO] [stdout] 2  | use async_graphql::dynamic::FieldValue;
[INFO] [stdout]    |
[INFO] [stdout] 2  | use dynamic_graphql::FieldValue;
[INFO] [stdout]    |
[INFO] [stdout] help: if you import `FieldValue`, refer to it directly
[INFO] [stdout]    |
[INFO] [stdout] 17 | #[derive(ResolvedObject)]
[INFO] [stdout]    |
[INFO] [stdout] 
[INFO] [stdout] error[E0433]: failed to resolve: unresolved import
[INFO] [stdout]   --> src/lib.rs:359:1
[INFO] [stdout]    |
[INFO] [stdout] 23 | #[ResolvedObjectFields]
[INFO] [stdout]    | ^^^^^^^^^^^^^^^^^^^^^^^ unresolved import
[INFO] [stdout]    |
[INFO] [stdout]    = note: this error originates in the attribute macro `ResolvedObjectFields` (in Nightly builds, run with -Z macro-backtrace for more info)
[INFO] [stdout] help: a similar path exists
[INFO] [stdout]    |
[INFO] [stdout] 23 | async_graphql::dynamic
[INFO] [stdout]    |
[INFO] [stdout] help: consider importing one of these items
[INFO] [stdout]    |
[INFO] [stdout] 2  | use async_graphql::dynamic::Object;
[INFO] [stdout]    |
[INFO] [stdout] 2  | use dynamic_graphql::dynamic::Object;
[INFO] [stdout]    |
[INFO] [stdout] 2  | use dynamic_graphql::internal::Object;
[INFO] [stdout]    |
[INFO] [stdout] 
[INFO] [stdout] error[E0433]: failed to resolve: unresolved import
[INFO] [stdout]   --> src/lib.rs:359:1
[INFO] [stdout]    |
[INFO] [stdout] 23 | #[ResolvedObjectFields]
[INFO] [stdout]    | ^^^^^^^^^^^^^^^^^^^^^^^ unresolved import
[INFO] [stdout]    |
[INFO] [stdout]    = note: this error originates in the attribute macro `ResolvedObjectFields` (in Nightly builds, run with -Z macro-backtrace for more info)
[INFO] [stdout] help: a similar path exists
[INFO] [stdout]    |
[INFO] [stdout] 23 | async_graphql::dynamic
[INFO] [stdout]    |
[INFO] [stdout] help: consider importing one of these items
[INFO] [stdout]    |
[INFO] [stdout] 2  | use async_graphql::dynamic::Field;
[INFO] [stdout]    |
[INFO] [stdout] 2  | use dynamic_graphql::dynamic::Field;
[INFO] [stdout]    |
[INFO] [stdout] 2  | use graphql_parser::query::Field;
[INFO] [stdout]    |
[INFO] [stdout] 2  | use graphql_parser::schema::Field;
[INFO] [stdout]    |
[INFO] [stdout] 
[INFO] [stdout] error[E0433]: failed to resolve: unresolved import
[INFO] [stdout]   --> src/lib.rs:359:1
[INFO] [stdout]    |
[INFO] [stdout] 23 | #[ResolvedObjectFields]
[INFO] [stdout]    | ^^^^^^^^^^^^^^^^^^^^^^^ unresolved import
[INFO] [stdout]    |
[INFO] [stdout]    = note: this error originates in the attribute macro `ResolvedObjectFields` (in Nightly builds, run with -Z macro-backtrace for more info)
[INFO] [stdout] help: a similar path exists
[INFO] [stdout]    |
[INFO] [stdout] 23 | async_graphql::dynamic
[INFO] [stdout]    |
[INFO] [stdout] help: consider importing one of these items
[INFO] [stdout]    |
[INFO] [stdout] 2  | use async_graphql::dynamic::FieldFuture;
[INFO] [stdout]    |
[INFO] [stdout] 2  | use dynamic_graphql::dynamic::FieldFuture;
[INFO] [stdout]    |
[INFO] [stdout] 
[INFO] [stdout] error[E0433]: failed to resolve: unresolved import
[INFO] [stdout]   --> src/lib.rs:359:1
[INFO] [stdout]    |
[INFO] [stdout] 23 | #[ResolvedObjectFields]
[INFO] [stdout]    | ^^^^^^^^^^^^^^^^^^^^^^^ unresolved import
[INFO] [stdout]    |
[INFO] [stdout]    = note: this error originates in the attribute macro `ResolvedObjectFields` (in Nightly builds, run with -Z macro-backtrace for more info)
[INFO] [stdout] help: a similar path exists
[INFO] [stdout]    |
[INFO] [stdout] 23 | dynamic_graphql::internal
[INFO] [stdout]    |
[INFO] [stdout] help: consider importing this trait
[INFO] [stdout]    |
[INFO] [stdout] 2  | use dynamic_graphql::internal::FromValue;
[INFO] [stdout]    |
[INFO] [stdout] 
[INFO] [stdout] error[E0433]: failed to resolve: unresolved import
[INFO] [stdout]   --> src/lib.rs:359:1
[INFO] [stdout]    |
[INFO] [stdout] 23 | #[ResolvedObjectFields]
[INFO] [stdout]    | ^^^^^^^^^^^^^^^^^^^^^^^ unresolved import
[INFO] [stdout]    |
[INFO] [stdout]    = note: this error originates in the attribute macro `ResolvedObjectFields` (in Nightly builds, run with -Z macro-backtrace for more info)
[INFO] [stdout] help: a similar path exists
[INFO] [stdout]    |
[INFO] [stdout] 23 | dynamic_graphql::internal
[INFO] [stdout]    |
[INFO] [stdout] help: consider importing this trait
[INFO] [stdout]    |
[INFO] [stdout] 2  | use dynamic_graphql::internal::Resolve;
[INFO] [stdout]    |
[INFO] [stdout] 
[INFO] [stdout] error[E0433]: failed to resolve: unresolved import
[INFO] [stdout]   --> src/lib.rs:359:1
[INFO] [stdout]    |
[INFO] [stdout] 23 | #[ResolvedObjectFields]
[INFO] [stdout]    | ^^^^^^^^^^^^^^^^^^^^^^^ unresolved import
[INFO] [stdout]    |
[INFO] [stdout]    = note: this error originates in the attribute macro `ResolvedObjectFields` (in Nightly builds, run with -Z macro-backtrace for more info)
[INFO] [stdout] help: a similar path exists
[INFO] [stdout]    |
[INFO] [stdout] 23 | async_graphql::dynamic
[INFO] [stdout]    |
[INFO] [stdout] help: consider importing one of these items
[INFO] [stdout]    |
[INFO] [stdout] 2  | use async_graphql::dynamic::InputValue;
[INFO] [stdout]    |
[INFO] [stdout] 2  | use dynamic_graphql::dynamic::InputValue;
[INFO] [stdout]    |
[INFO] [stdout] 2  | use graphql_parser::schema::InputValue;
[INFO] [stdout]    |
[INFO] [stdout] 
[INFO] [stdout] error[E0433]: failed to resolve: unresolved import
[INFO] [stdout]   --> src/lib.rs:386:10
[INFO] [stdout]    |
[INFO] [stdout] 50 | #[derive(App)]
[INFO] [stdout]    |          ^^^ unresolved import
[INFO] [stdout]    |
[INFO] [stdout]    = note: this error originates in the derive macro `App` (in Nightly builds, run with -Z macro-backtrace for more info)
[INFO] [stdout] help: a similar path exists
[INFO] [stdout]    |
[INFO] [stdout] 50 | #[derive(dynamic_graphql::internal)]
[INFO] [stdout]    |          ~~~~~~~~~~~~~~~~~~~~~~~~~
[INFO] [stdout] help: consider importing one of these items
[INFO] [stdout]    |
[INFO] [stdout] 2  | use async_graphql::registry::Registry;
[INFO] [stdout]    |
[INFO] [stdout] 2  | use dynamic_graphql::internal::Registry;
[INFO] [stdout]    |
[INFO] [stdout] help: if you import `Registry`, refer to it directly
[INFO] [stdout]    |
[INFO] [stdout] 50 | #[derive(App)]
[INFO] [stdout]    |
[INFO] [stdout] 
[INFO] [stdout] error: aborting due to 15 previous errors
[INFO] [stdout] 
[INFO] [stdout] Some errors have detailed explanations: E0412, E0433.
[INFO] [stdout] For more information about an error, try `rustc --explain E0412`.
[INFO] [stdout] Couldn't compile the test.
[INFO] [stdout] ---- src/lib.rs - ResolvedObjectFields (line 157) stdout ----
[INFO] [stdout] error[E0433]: failed to resolve: unresolved import
[INFO] [stdout]   --> src/lib.rs:164:10
[INFO] [stdout]    |
[INFO] [stdout] 10 | #[derive(ResolvedObject)]
[INFO] [stdout]    |          ^^^^^^^^^^^^^^
[INFO] [stdout]    |          |
[INFO] [stdout]    |          unresolved import
[INFO] [stdout]    |          help: a similar path exists: `dynamic_graphql::internal`
[INFO] [stdout]    |
[INFO] [stdout]    = note: this error originates in the derive macro `ResolvedObject` (in Nightly builds, run with -Z macro-backtrace for more info)
[INFO] [stdout] 
[INFO] [stdout] error[E0433]: failed to resolve: unresolved import
[INFO] [stdout]   --> src/lib.rs:169:1
[INFO] [stdout]    |
[INFO] [stdout] 15 | #[ResolvedObjectFields]
[INFO] [stdout]    | ^^^^^^^^^^^^^^^^^^^^^^^
[INFO] [stdout]    | |
[INFO] [stdout]    | unresolved import
[INFO] [stdout]    | help: a similar path exists: `dynamic_graphql::internal`
[INFO] [stdout]    |
[INFO] [stdout]    = note: this error originates in the attribute macro `ResolvedObjectFields` (in Nightly builds, run with -Z macro-backtrace for more info)
[INFO] [stdout] 
[INFO] [stdout] error[E0433]: failed to resolve: unresolved import
[INFO] [stdout]   --> src/lib.rs:176:10
[INFO] [stdout]    |
[INFO] [stdout] 22 | #[derive(ResolvedObject)]
[INFO] [stdout]    |          ^^^^^^^^^^^^^^
[INFO] [stdout]    |          |
[INFO] [stdout]    |          unresolved import
[INFO] [stdout]    |          help: a similar path exists: `dynamic_graphql::internal`
[INFO] [stdout]    |
[INFO] [stdout]    = note: this error originates in the derive macro `ResolvedObject` (in Nightly builds, run with -Z macro-backtrace for more info)
[INFO] [stdout] 
[INFO] [stdout] error[E0433]: failed to resolve: unresolved import
[INFO] [stdout]   --> src/lib.rs:180:1
[INFO] [stdout]    |
[INFO] [stdout] 26 | #[ResolvedObjectFields]
[INFO] [stdout]    | ^^^^^^^^^^^^^^^^^^^^^^^
[INFO] [stdout]    | |
[INFO] [stdout]    | unresolved import
[INFO] [stdout]    | help: a similar path exists: `dynamic_graphql::internal`
[INFO] [stdout]    |
[INFO] [stdout]    = note: this error originates in the attribute macro `ResolvedObjectFields` (in Nightly builds, run with -Z macro-backtrace for more info)
[INFO] [stdout] 
[INFO] [stdout] error[E0433]: failed to resolve: unresolved import
[INFO] [stdout]   --> src/lib.rs:188:10
[INFO] [stdout]    |
[INFO] [stdout] 34 | #[derive(App)]
[INFO] [stdout]    |          ^^^
[INFO] [stdout]    |          |
[INFO] [stdout]    |          unresolved import
[INFO] [stdout]    |          help: a similar path exists: `dynamic_graphql::internal`
[INFO] [stdout]    |
[INFO] [stdout]    = note: this error originates in the derive macro `App` (in Nightly builds, run with -Z macro-backtrace for more info)
[INFO] [stdout] 
[INFO] [stdout] error[E0433]: failed to resolve: unresolved import
[INFO] [stdout]   --> src/lib.rs:188:10
[INFO] [stdout]    |
[INFO] [stdout] 34 | #[derive(App)]
[INFO] [stdout]    |          ^^^
[INFO] [stdout]    |          |
[INFO] [stdout]    |          unresolved import
[INFO] [stdout]    |          help: a similar path exists: `async_graphql::dynamic`
[INFO] [stdout]    |
[INFO] [stdout]    = note: this error originates in the derive macro `App` (in Nightly builds, run with -Z macro-backtrace for more info)
[INFO] [stdout] 
[INFO] [stdout] error[E0412]: cannot find type `Context` in the crate root
[INFO] [stdout]   --> src/lib.rs:164:10
[INFO] [stdout]    |
[INFO] [stdout] 10 | #[derive(ResolvedObject)]
[INFO] [stdout]    |          ^^^^^^^^^^^^^^ not found in the crate root
[INFO] [stdout]    |
[INFO] [stdout]    = note: this error originates in the derive macro `ResolvedObject` (in Nightly builds, run with -Z macro-backtrace for more info)
[INFO] [stdout] help: consider importing one of these items
[INFO] [stdout]    |
[INFO] [stdout] 2  | use async_graphql::Context;
[INFO] [stdout]    |
[INFO] [stdout] 2  | use core::task::Context;
[INFO] [stdout]    |
[INFO] [stdout] 2  | use dynamic_graphql::Context;
[INFO] [stdout]    |
[INFO] [stdout] 2  | use std::task::Context;
[INFO] [stdout]    |
[INFO] [stdout] help: if you import `Context`, refer to it directly
[INFO] [stdout]    |
[INFO] [stdout] 10 | #[derive(ResolvedObject)]
[INFO] [stdout]    |
[INFO] [stdout] 
[INFO] [stdout] error[E0412]: cannot find type `Result` in the crate root
[INFO] [stdout]   --> src/lib.rs:164:10
[INFO] [stdout]    |
[INFO] [stdout] 10 | #[derive(ResolvedObject)]
[INFO] [stdout]    |          ^^^^^^^^^^^^^^ not found in the crate root
[INFO] [stdout]    |
[INFO] [stdout]    = note: this error originates in the derive macro `ResolvedObject` (in Nightly builds, run with -Z macro-backtrace for more info)
[INFO] [stdout] help: consider importing one of these items
[INFO] [stdout]    |
[INFO] [stdout] 2  | use async_graphql::Result;
[INFO] [stdout]    |
[INFO] [stdout] 2  | use core::fmt::Result;
[INFO] [stdout]    |
[INFO] [stdout] 2  | use core::result::Result;
[INFO] [stdout]    |
[INFO] [stdout] 2  | use dynamic_graphql::Result;
[INFO] [stdout]    |
[INFO] [stdout]      and 4 other candidates
[INFO] [stdout] help: if you import `Result`, refer to it directly
[INFO] [stdout]    |
[INFO] [stdout] 10 | #[derive(ResolvedObject)]
[INFO] [stdout]    |
[INFO] [stdout] 
[INFO] [stdout] error[E0412]: cannot find type `FieldValue` in the crate root
[INFO] [stdout]   --> src/lib.rs:164:10
[INFO] [stdout]    |
[INFO] [stdout] 10 | #[derive(ResolvedObject)]
[INFO] [stdout]    |          ^^^^^^^^^^^^^^ not found in the crate root
[INFO] [stdout]    |
[INFO] [stdout]    = note: this error originates in the derive macro `ResolvedObject` (in Nightly builds, run with -Z macro-backtrace for more info)
[INFO] [stdout] help: consider importing one of these items
[INFO] [stdout]    |
[INFO] [stdout] 2  | use async_graphql::dynamic::FieldValue;
[INFO] [stdout]    |
[INFO] [stdout] 2  | use dynamic_graphql::FieldValue;
[INFO] [stdout]    |
[INFO] [stdout] help: if you import `FieldValue`, refer to it directly
[INFO] [stdout]    |
[INFO] [stdout] 10 | #[derive(ResolvedObject)]
[INFO] [stdout]    |
[INFO] [stdout] 
[INFO] [stdout] error[E0433]: failed to resolve: could not find `FieldValue` in the crate root
[INFO] [stdout]   --> src/lib.rs:164:10
[INFO] [stdout]    |
[INFO] [stdout] 10 | #[derive(ResolvedObject)]
[INFO] [stdout]    |          ^^^^^^^^^^^^^^ could not find `FieldValue` in the crate root
[INFO] [stdout]    |
[INFO] [stdout]    = note: this error originates in the derive macro `ResolvedObject` (in Nightly builds, run with -Z macro-backtrace for more info)
[INFO] [stdout] help: consider importing one of these items
[INFO] [stdout]    |
[INFO] [stdout] 2  | use async_graphql::dynamic::FieldValue;
[INFO] [stdout]    |
[INFO] [stdout] 2  | use dynamic_graphql::FieldValue;
[INFO] [stdout]    |
[INFO] [stdout] help: if you import `FieldValue`, refer to it directly
[INFO] [stdout]    |
[INFO] [stdout] 10 | #[derive(ResolvedObject)]
[INFO] [stdout]    |
[INFO] [stdout] 
[INFO] [stdout] error[E0433]: failed to resolve: unresolved import
[INFO] [stdout]   --> src/lib.rs:169:1
[INFO] [stdout]    |
[INFO] [stdout] 15 | #[ResolvedObjectFields]
[INFO] [stdout]    | ^^^^^^^^^^^^^^^^^^^^^^^ unresolved import
[INFO] [stdout]    |
[INFO] [stdout]    = note: this error originates in the attribute macro `ResolvedObjectFields` (in Nightly builds, run with -Z macro-backtrace for more info)
[INFO] [stdout] help: a similar path exists
[INFO] [stdout]    |
[INFO] [stdout] 15 | async_graphql::dynamic
[INFO] [stdout]    |
[INFO] [stdout] help: consider importing one of these items
[INFO] [stdout]    |
[INFO] [stdout] 2  | use async_graphql::dynamic::Object;
[INFO] [stdout]    |
[INFO] [stdout] 2  | use dynamic_graphql::dynamic::Object;
[INFO] [stdout]    |
[INFO] [stdout] 2  | use dynamic_graphql::internal::Object;
[INFO] [stdout]    |
[INFO] [stdout] 
[INFO] [stdout] error[E0433]: failed to resolve: unresolved import
[INFO] [stdout]   --> src/lib.rs:169:1
[INFO] [stdout]    |
[INFO] [stdout] 15 | #[ResolvedObjectFields]
[INFO] [stdout]    | ^^^^^^^^^^^^^^^^^^^^^^^ unresolved import
[INFO] [stdout]    |
[INFO] [stdout]    = note: this error originates in the attribute macro `ResolvedObjectFields` (in Nightly builds, run with -Z macro-backtrace for more info)
[INFO] [stdout] help: a similar path exists
[INFO] [stdout]    |
[INFO] [stdout] 15 | async_graphql::dynamic
[INFO] [stdout]    |
[INFO] [stdout] help: consider importing one of these items
[INFO] [stdout]    |
[INFO] [stdout] 2  | use async_graphql::dynamic::Field;
[INFO] [stdout]    |
[INFO] [stdout] 2  | use dynamic_graphql::dynamic::Field;
[INFO] [stdout]    |
[INFO] [stdout] 2  | use graphql_parser::query::Field;
[INFO] [stdout]    |
[INFO] [stdout] 2  | use graphql_parser::schema::Field;
[INFO] [stdout]    |
[INFO] [stdout] 
[INFO] [stdout] error[E0433]: failed to resolve: unresolved import
[INFO] [stdout]   --> src/lib.rs:169:1
[INFO] [stdout]    |
[INFO] [stdout] 15 | #[ResolvedObjectFields]
[INFO] [stdout]    | ^^^^^^^^^^^^^^^^^^^^^^^ unresolved import
[INFO] [stdout]    |
[INFO] [stdout]    = note: this error originates in the attribute macro `ResolvedObjectFields` (in Nightly builds, run with -Z macro-backtrace for more info)
[INFO] [stdout] help: a similar path exists
[INFO] [stdout]    |
[INFO] [stdout] 15 | async_graphql::dynamic
[INFO] [stdout]    |
[INFO] [stdout] help: consider importing one of these items
[INFO] [stdout]    |
[INFO] [stdout] 2  | use async_graphql::dynamic::FieldFuture;
[INFO] [stdout]    |
[INFO] [stdout] 2  | use dynamic_graphql::dynamic::FieldFuture;
[INFO] [stdout]    |
[INFO] [stdout] 
[INFO] [stdout] error[E0433]: failed to resolve: unresolved import
[INFO] [stdout]   --> src/lib.rs:169:1
[INFO] [stdout]    |
[INFO] [stdout] 15 | #[ResolvedObjectFields]
[INFO] [stdout]    | ^^^^^^^^^^^^^^^^^^^^^^^ unresolved import
[INFO] [stdout]    |
[INFO] [stdout]    = note: this error originates in the attribute macro `ResolvedObjectFields` (in Nightly builds, run with -Z macro-backtrace for more info)
[INFO] [stdout] help: a similar path exists
[INFO] [stdout]    |
[INFO] [stdout] 15 | dynamic_graphql::internal
[INFO] [stdout]    |
[INFO] [stdout] help: consider importing this trait
[INFO] [stdout]    |
[INFO] [stdout] 2  | use dynamic_graphql::internal::Resolve;
[INFO] [stdout]    |
[INFO] [stdout] 
[INFO] [stdout] error[E0412]: cannot find type `Context` in the crate root
[INFO] [stdout]   --> src/lib.rs:176:10
[INFO] [stdout]    |
[INFO] [stdout] 22 | #[derive(ResolvedObject)]
[INFO] [stdout]    |          ^^^^^^^^^^^^^^ not found in the crate root
[INFO] [stdout]    |
[INFO] [stdout]    = note: this error originates in the derive macro `ResolvedObject` (in Nightly builds, run with -Z macro-backtrace for more info)
[INFO] [stdout] help: consider importing one of these items
[INFO] [stdout]    |
[INFO] [stdout] 2  | use async_graphql::Context;
[INFO] [stdout]    |
[INFO] [stdout] 2  | use core::task::Context;
[INFO] [stdout]    |
[INFO] [stdout] 2  | use dynamic_graphql::Context;
[INFO] [stdout]    |
[INFO] [stdout] 2  | use std::task::Context;
[INFO] [stdout]    |
[INFO] [stdout] help: if you import `Context`, refer to it directly
[INFO] [stdout]    |
[INFO] [stdout] 22 | #[derive(ResolvedObject)]
[INFO] [stdout]    |
[INFO] [stdout] 
[INFO] [stdout] error[E0412]: cannot find type `Result` in the crate root
[INFO] [stdout]   --> src/lib.rs:176:10
[INFO] [stdout]    |
[INFO] [stdout] 22 | #[derive(ResolvedObject)]
[INFO] [stdout]    |          ^^^^^^^^^^^^^^ not found in the crate root
[INFO] [stdout]    |
[INFO] [stdout]    = note: this error originates in the derive macro `ResolvedObject` (in Nightly builds, run with -Z macro-backtrace for more info)
[INFO] [stdout] help: consider importing one of these items
[INFO] [stdout]    |
[INFO] [stdout] 2  | use async_graphql::Result;
[INFO] [stdout]    |
[INFO] [stdout] 2  | use core::fmt::Result;
[INFO] [stdout]    |
[INFO] [stdout] 2  | use core::result::Result;
[INFO] [stdout]    |
[INFO] [stdout] 2  | use dynamic_graphql::Result;
[INFO] [stdout]    |
[INFO] [stdout]      and 4 other candidates
[INFO] [stdout] help: if you import `Result`, refer to it directly
[INFO] [stdout]    |
[INFO] [stdout] 22 | #[derive(ResolvedObject)]
[INFO] [stdout]    |
[INFO] [stdout] 
[INFO] [stdout] error[E0412]: cannot find type `FieldValue` in the crate root
[INFO] [stdout]   --> src/lib.rs:176:10
[INFO] [stdout]    |
[INFO] [stdout] 22 | #[derive(ResolvedObject)]
[INFO] [stdout]    |          ^^^^^^^^^^^^^^ not found in the crate root
[INFO] [stdout]    |
[INFO] [stdout]    = note: this error originates in the derive macro `ResolvedObject` (in Nightly builds, run with -Z macro-backtrace for more info)
[INFO] [stdout] help: consider importing one of these items
[INFO] [stdout]    |
[INFO] [stdout] 2  | use async_graphql::dynamic::FieldValue;
[INFO] [stdout]    |
[INFO] [stdout] 2  | use dynamic_graphql::FieldValue;
[INFO] [stdout]    |
[INFO] [stdout] help: if you import `FieldValue`, refer to it directly
[INFO] [stdout]    |
[INFO] [stdout] 22 | #[derive(ResolvedObject)]
[INFO] [stdout]    |
[INFO] [stdout] 
[INFO] [stdout] error[E0433]: failed to resolve: could not find `FieldValue` in the crate root
[INFO] [stdout]   --> src/lib.rs:176:10
[INFO] [stdout]    |
[INFO] [stdout] 22 | #[derive(ResolvedObject)]
[INFO] [stdout]    |          ^^^^^^^^^^^^^^ could not find `FieldValue` in the crate root
[INFO] [stdout]    |
[INFO] [stdout]    = note: this error originates in the derive macro `ResolvedObject` (in Nightly builds, run with -Z macro-backtrace for more info)
[INFO] [stdout] help: consider importing one of these items
[INFO] [stdout]    |
[INFO] [stdout] 2  | use async_graphql::dynamic::FieldValue;
[INFO] [stdout]    |
[INFO] [stdout] 2  | use dynamic_graphql::FieldValue;
[INFO] [stdout]    |
[INFO] [stdout] help: if you import `FieldValue`, refer to it directly
[INFO] [stdout]    |
[INFO] [stdout] 22 | #[derive(ResolvedObject)]
[INFO] [stdout]    |
[INFO] [stdout] 
[INFO] [stdout] error[E0433]: failed to resolve: unresolved import
[INFO] [stdout]   --> src/lib.rs:180:1
[INFO] [stdout]    |
[INFO] [stdout] 26 | #[ResolvedObjectFields]
[INFO] [stdout]    | ^^^^^^^^^^^^^^^^^^^^^^^ unresolved import
[INFO] [stdout]    |
[INFO] [stdout]    = note: this error originates in the attribute macro `ResolvedObjectFields` (in Nightly builds, run with -Z macro-backtrace for more info)
[INFO] [stdout] help: a similar path exists
[INFO] [stdout]    |
[INFO] [stdout] 26 | async_graphql::dynamic
[INFO] [stdout]    |
[INFO] [stdout] help: consider importing one of these items
[INFO] [stdout]    |
[INFO] [stdout] 2  | use async_graphql::dynamic::Object;
[INFO] [stdout]    |
[INFO] [stdout] 2  | use dynamic_graphql::dynamic::Object;
[INFO] [stdout]    |
[INFO] [stdout] 2  | use dynamic_graphql::internal::Object;
[INFO] [stdout]    |
[INFO] [stdout] 
[INFO] [stdout] error[E0433]: failed to resolve: unresolved import
[INFO] [stdout]   --> src/lib.rs:180:1
[INFO] [stdout]    |
[INFO] [stdout] 26 | #[ResolvedObjectFields]
[INFO] [stdout]    | ^^^^^^^^^^^^^^^^^^^^^^^ unresolved import
[INFO] [stdout]    |
[INFO] [stdout]    = note: this error originates in the attribute macro `ResolvedObjectFields` (in Nightly builds, run with -Z macro-backtrace for more info)
[INFO] [stdout] help: a similar path exists
[INFO] [stdout]    |
[INFO] [stdout] 26 | async_graphql::dynamic
[INFO] [stdout]    |
[INFO] [stdout] help: consider importing one of these items
[INFO] [stdout]    |
[INFO] [stdout] 2  | use async_graphql::dynamic::Field;
[INFO] [stdout]    |
[INFO] [stdout] 2  | use dynamic_graphql::dynamic::Field;
[INFO] [stdout]    |
[INFO] [stdout] 2  | use graphql_parser::query::Field;
[INFO] [stdout]    |
[INFO] [stdout] 2  | use graphql_parser::schema::Field;
[INFO] [stdout]    |
[INFO] [stdout] 
[INFO] [stdout] error[E0433]: failed to resolve: unresolved import
[INFO] [stdout]   --> src/lib.rs:180:1
[INFO] [stdout]    |
[INFO] [stdout] 26 | #[ResolvedObjectFields]
[INFO] [stdout]    | ^^^^^^^^^^^^^^^^^^^^^^^ unresolved import
[INFO] [stdout]    |
[INFO] [stdout]    = note: this error originates in the attribute macro `ResolvedObjectFields` (in Nightly builds, run with -Z macro-backtrace for more info)
[INFO] [stdout] help: a similar path exists
[INFO] [stdout]    |
[INFO] [stdout] 26 | async_graphql::dynamic
[INFO] [stdout]    |
[INFO] [stdout] help: consider importing one of these items
[INFO] [stdout]    |
[INFO] [stdout] 2  | use async_graphql::dynamic::FieldFuture;
[INFO] [stdout]    |
[INFO] [stdout] 2  | use dynamic_graphql::dynamic::FieldFuture;
[INFO] [stdout]    |
[INFO] [stdout] 
[INFO] [stdout] error[E0433]: failed to resolve: unresolved import
[INFO] [stdout]   --> src/lib.rs:180:1
[INFO] [stdout]    |
[INFO] [stdout] 26 | #[ResolvedObjectFields]
[INFO] [stdout]    | ^^^^^^^^^^^^^^^^^^^^^^^ unresolved import
[INFO] [stdout]    |
[INFO] [stdout]    = note: this error originates in the attribute macro `ResolvedObjectFields` (in Nightly builds, run with -Z macro-backtrace for more info)
[INFO] [stdout] help: a similar path exists
[INFO] [stdout]    |
[INFO] [stdout] 26 | dynamic_graphql::internal
[INFO] [stdout]    |
[INFO] [stdout] help: consider importing this trait
[INFO] [stdout]    |
[INFO] [stdout] 2  | use dynamic_graphql::internal::Resolve;
[INFO] [stdout]    |
[INFO] [stdout] 
[INFO] [stdout] error[E0433]: failed to resolve: unresolved import
[INFO] [stdout]   --> src/lib.rs:188:10
[INFO] [stdout]    |
[INFO] [stdout] 34 | #[derive(App)]
[INFO] [stdout]    |          ^^^ unresolved import
[INFO] [stdout]    |
[INFO] [stdout]    = note: this error originates in the derive macro `App` (in Nightly builds, run with -Z macro-backtrace for more info)
[INFO] [stdout] help: a similar path exists
[INFO] [stdout]    |
[INFO] [stdout] 34 | #[derive(dynamic_graphql::internal)]
[INFO] [stdout]    |          ~~~~~~~~~~~~~~~~~~~~~~~~~
[INFO] [stdout] help: consider importing one of these items
[INFO] [stdout]    |
[INFO] [stdout] 2  | use async_graphql::registry::Registry;
[INFO] [stdout]    |
[INFO] [stdout] 2  | use dynamic_graphql::internal::Registry;
[INFO] [stdout]    |
[INFO] [stdout] help: if you import `Registry`, refer to it directly
[INFO] [stdout]    |
[INFO] [stdout] 34 | #[derive(App)]
[INFO] [stdout]    |
[INFO] [stdout] 
[INFO] [stdout] error: aborting due to 23 previous errors
[INFO] [stdout] 
[INFO] [stdout] Some errors have detailed explanations: E0412, E0433.
[INFO] [stdout] For more information about an error, try `rustc --explain E0412`.
[INFO] [stdout] Couldn't compile the test.
[INFO] [stdout] ---- src/lib.rs - Interface (line 136) stdout ----
[INFO] [stdout] error[E0433]: failed to resolve: unresolved import
[INFO] [stdout]   --> src/lib.rs:148:1
[INFO] [stdout]    |
[INFO] [stdout] 15 | #[Interface]
[INFO] [stdout]    | ^^^^^^^^^^^^
[INFO] [stdout]    | |
[INFO] [stdout]    | unresolved import
[INFO] [stdout]    | help: a similar path exists: `dynamic_graphql::internal`
[INFO] [stdout]    |
[INFO] [stdout]    = note: this error originates in the attribute macro `Interface` (in Nightly builds, run with -Z macro-backtrace for more info)
[INFO] [stdout] 
[INFO] [stdout] error[E0433]: failed to resolve: unresolved import
[INFO] [stdout]   --> src/lib.rs:157:10
[INFO] [stdout]    |
[INFO] [stdout] 24 | #[derive(SimpleObject)]
[INFO] [stdout]    |          ^^^^^^^^^^^^
[INFO] [stdout]    |          |
[INFO] [stdout]    |          unresolved import
[INFO] [stdout]    |          help: a similar path exists: `dynamic_graphql::internal`
[INFO] [stdout]    |
[INFO] [stdout]    = note: this error originates in the derive macro `SimpleObject` (in Nightly builds, run with -Z macro-backtrace for more info)
[INFO] [stdout] 
[INFO] [stdout] error[E0433]: failed to resolve: unresolved import
[INFO] [stdout]   --> src/lib.rs:170:10
[INFO] [stdout]    |
[INFO] [stdout] 37 | #[derive(ResolvedObject)]
[INFO] [stdout]    |          ^^^^^^^^^^^^^^
[INFO] [stdout]    |          |
[INFO] [stdout]    |          unresolved import
[INFO] [stdout]    |          help: a similar path exists: `dynamic_graphql::internal`
[INFO] [stdout]    |
[INFO] [stdout]    = note: this error originates in the derive macro `ResolvedObject` (in Nightly builds, run with -Z macro-backtrace for more info)
[INFO] [stdout] 
[INFO] [stdout] error[E0433]: failed to resolve: unresolved import
[INFO] [stdout]   --> src/lib.rs:178:1
[INFO] [stdout]    |
[INFO] [stdout] 45 | #[ResolvedObjectFields]
[INFO] [stdout]    | ^^^^^^^^^^^^^^^^^^^^^^^
[INFO] [stdout]    | |
[INFO] [stdout]    | unresolved import
[INFO] [stdout]    | help: a similar path exists: `dynamic_graphql::internal`
[INFO] [stdout]    |
[INFO] [stdout]    = note: this error originates in the attribute macro `ResolvedObjectFields` (in Nightly builds, run with -Z macro-backtrace for more info)
[INFO] [stdout] 
[INFO] [stdout] error[E0433]: failed to resolve: unresolved import
[INFO] [stdout]   --> src/lib.rs:195:10
[INFO] [stdout]    |
[INFO] [stdout] 62 | #[derive(ResolvedObject)]
[INFO] [stdout]    |          ^^^^^^^^^^^^^^
[INFO] [stdout]    |          |
[INFO] [stdout]    |          unresolved import
[INFO] [stdout]    |          help: a similar path exists: `dynamic_graphql::internal`
[INFO] [stdout]    |
[INFO] [stdout]    = note: this error originates in the derive macro `ResolvedObject` (in Nightly builds, run with -Z macro-backtrace for more info)
[INFO] [stdout] 
[INFO] [stdout] error[E0433]: failed to resolve: unresolved import
[INFO] [stdout]   --> src/lib.rs:199:1
[INFO] [stdout]    |
[INFO] [stdout] 66 | #[ResolvedObjectFields]
[INFO] [stdout]    | ^^^^^^^^^^^^^^^^^^^^^^^
[INFO] [stdout]    | |
[INFO] [stdout]    | unresolved import
[INFO] [stdout]    | help: a similar path exists: `dynamic_graphql::internal`
[INFO] [stdout]    |
[INFO] [stdout]    = note: this error originates in the attribute macro `ResolvedObjectFields` (in Nightly builds, run with -Z macro-backtrace for more info)
[INFO] [stdout] 
[INFO] [stdout] error[E0433]: failed to resolve: unresolved import
[INFO] [stdout]   --> src/lib.rs:223:10
[INFO] [stdout]    |
[INFO] [stdout] 90 | #[derive(App)]
[INFO] [stdout]    |          ^^^
[INFO] [stdout]    |          |
[INFO] [stdout]    |          unresolved import
[INFO] [stdout]    |          help: a similar path exists: `dynamic_graphql::internal`
[INFO] [stdout]    |
[INFO] [stdout]    = note: this error originates in the derive macro `App` (in Nightly builds, run with -Z macro-backtrace for more info)
[INFO] [stdout] 
[INFO] [stdout] error[E0433]: failed to resolve: unresolved import
[INFO] [stdout]   --> src/lib.rs:223:10
[INFO] [stdout]    |
[INFO] [stdout] 90 | #[derive(App)]
[INFO] [stdout]    |          ^^^
[INFO] [stdout]    |          |
[INFO] [stdout]    |          unresolved import
[INFO] [stdout]    |          help: a similar path exists: `async_graphql::dynamic`
[INFO] [stdout]    |
[INFO] [stdout]    = note: this error originates in the derive macro `App` (in Nightly builds, run with -Z macro-backtrace for more info)
[INFO] [stdout] 
[INFO] [stdout] error[E0433]: failed to resolve: unresolved import
[INFO] [stdout]   --> src/lib.rs:148:1
[INFO] [stdout]    |
[INFO] [stdout] 15 | #[Interface]
[INFO] [stdout]    | ^^^^^^^^^^^^ unresolved import
[INFO] [stdout]    |
[INFO] [stdout]    = note: this error originates in the attribute macro `Interface` (in Nightly builds, run with -Z macro-backtrace for more info)
[INFO] [stdout] help: a similar path exists
[INFO] [stdout]    |
[INFO] [stdout] 15 | async_graphql::dynamic
[INFO] [stdout]    |
[INFO] [stdout] help: consider importing one of these items
[INFO] [stdout]    |
[INFO] [stdout] 2  | use async_graphql::dynamic::Interface;
[INFO] [stdout]    |
[INFO] [stdout] 2  | use dynamic_graphql::dynamic::Interface;
[INFO] [stdout]    |
[INFO] [stdout] 2  | use dynamic_graphql::internal::Interface;
[INFO] [stdout]    |
[INFO] [stdout] 
[INFO] [stdout] error[E0433]: failed to resolve: unresolved import
[INFO] [stdout]   --> src/lib.rs:148:1
[INFO] [stdout]    |
[INFO] [stdout] 15 | #[Interface]
[INFO] [stdout]    | ^^^^^^^^^^^^ unresolved import
[INFO] [stdout]    |
[INFO] [stdout]    = note: this error originates in the attribute macro `Interface` (in Nightly builds, run with -Z macro-backtrace for more info)
[INFO] [stdout] help: a similar path exists
[INFO] [stdout]    |
[INFO] [stdout] 15 | async_graphql::dynamic
[INFO] [stdout]    |
[INFO] [stdout] help: consider importing one of these items
[INFO] [stdout]    |
[INFO] [stdout] 2  | use async_graphql::dynamic::InterfaceField;
[INFO] [stdout]    |
[INFO] [stdout] 2  | use dynamic_graphql::dynamic::InterfaceField;
[INFO] [stdout]    |
[INFO] [stdout] 
[INFO] [stdout] error[E0433]: failed to resolve: unresolved import
[INFO] [stdout]   --> src/lib.rs:148:1
[INFO] [stdout]    |
[INFO] [stdout] 15 | #[Interface]
[INFO] [stdout]    | ^^^^^^^^^^^^ unresolved import
[INFO] [stdout]    |
[INFO] [stdout]    = note: this error originates in the attribute macro `Interface` (in Nightly builds, run with -Z macro-backtrace for more info)
[INFO] [stdout] help: a similar path exists
[INFO] [stdout]    |
[INFO] [stdout] 15 | async_graphql::dynamic
[INFO] [stdout]    |
[INFO] [stdout] help: consider importing one of these items
[INFO] [stdout]    |
[INFO] [stdout] 2  | use async_graphql::dynamic::Field;
[INFO] [stdout]    |
[INFO] [stdout] 2  | use dynamic_graphql::dynamic::Field;
[INFO] [stdout]    |
[INFO] [stdout] 2  | use graphql_parser::query::Field;
[INFO] [stdout]    |
[INFO] [stdout] 2  | use graphql_parser::schema::Field;
[INFO] [stdout]    |
[INFO] [stdout] 
[INFO] [stdout] error[E0433]: failed to resolve: unresolved import
[INFO] [stdout]   --> src/lib.rs:148:1
[INFO] [stdout]    |
[INFO] [stdout] 15 | #[Interface]
[INFO] [stdout]    | ^^^^^^^^^^^^ unresolved import
[INFO] [stdout]    |
[INFO] [stdout]    = note: this error originates in the attribute macro `Interface` (in Nightly builds, run with -Z macro-backtrace for more info)
[INFO] [stdout] help: a similar path exists
[INFO] [stdout]    |
[INFO] [stdout] 15 | async_graphql::dynamic
[INFO] [stdout]    |
[INFO] [stdout] help: consider importing one of these items
[INFO] [stdout]    |
[INFO] [stdout] 2  | use async_graphql::dynamic::FieldFuture;
[INFO] [stdout]    |
[INFO] [stdout] 2  | use dynamic_graphql::dynamic::FieldFuture;
[INFO] [stdout]    |
[INFO] [stdout] 
[INFO] [stdout] error[E0433]: failed to resolve: unresolved import
[INFO] [stdout]   --> src/lib.rs:148:1
[INFO] [stdout]    |
[INFO] [stdout] 15 | #[Interface]
[INFO] [stdout]    | ^^^^^^^^^^^^ unresolved import
[INFO] [stdout]    |
[INFO] [stdout]    = note: this error originates in the attribute macro `Interface` (in Nightly builds, run with -Z macro-backtrace for more info)
[INFO] [stdout] help: a similar path exists
[INFO] [stdout]    |
[INFO] [stdout] 15 | dynamic_graphql::internal
[INFO] [stdout]    |
[INFO] [stdout] help: consider importing this trait
[INFO] [stdout]    |
[INFO] [stdout] 2  | use dynamic_graphql::internal::Resolve;
[INFO] [stdout]    |
[INFO] [stdout] 
[INFO] [stdout] error[E0412]: cannot find type `Context` in the crate root
[INFO] [stdout]   --> src/lib.rs:157:10
[INFO] [stdout]    |
[INFO] [stdout] 24 | #[derive(SimpleObject)]
[INFO] [stdout]    |          ^^^^^^^^^^^^ not found in the crate root
[INFO] [stdout]    |
[INFO] [stdout]    = note: this error originates in the derive macro `SimpleObject` (in Nightly builds, run with -Z macro-backtrace for more info)
[INFO] [stdout] help: consider importing one of these items
[INFO] [stdout]    |
[INFO] [stdout] 2  | use async_graphql::Context;
[INFO] [stdout]    |
[INFO] [stdout] 2  | use core::task::Context;
[INFO] [stdout]    |
[INFO] [stdout] 2  | use dynamic_graphql::Context;
[INFO] [stdout]    |
[INFO] [stdout] 2  | use std::task::Context;
[INFO] [stdout]    |
[INFO] [stdout] help: if you import `Context`, refer to it directly
[INFO] [stdout]    |
[INFO] [stdout] 24 | #[derive(SimpleObject)]
[INFO] [stdout]    |
[INFO] [stdout] 
[INFO] [stdout] error[E0412]: cannot find type `Result` in the crate root
[INFO] [stdout]   --> src/lib.rs:157:10
[INFO] [stdout]    |
[INFO] [stdout] 24 | #[derive(SimpleObject)]
[INFO] [stdout]    |          ^^^^^^^^^^^^ not found in the crate root
[INFO] [stdout]    |
[INFO] [stdout]    = note: this error originates in the derive macro `SimpleObject` (in Nightly builds, run with -Z macro-backtrace for more info)
[INFO] [stdout] help: consider importing one of these items
[INFO] [stdout]    |
[INFO] [stdout] 2  | use async_graphql::Result;
[INFO] [stdout]    |
[INFO] [stdout] 2  | use core::fmt::Result;
[INFO] [stdout]    |
[INFO] [stdout] 2  | use core::result::Result;
[INFO] [stdout]    |
[INFO] [stdout] 2  | use dynamic_graphql::Result;
[INFO] [stdout]    |
[INFO] [stdout]      and 4 other candidates
[INFO] [stdout] help: if you import `Result`, refer to it directly
[INFO] [stdout]    |
[INFO] [stdout] 24 | #[derive(SimpleObject)]
[INFO] [stdout]    |
[INFO] [stdout] 
[INFO] [stdout] error[E0412]: cannot find type `FieldValue` in the crate root
[INFO] [stdout]   --> src/lib.rs:157:10
[INFO] [stdout]    |
[INFO] [stdout] 24 | #[derive(SimpleObject)]
[INFO] [stdout]    |          ^^^^^^^^^^^^ not found in the crate root
[INFO] [stdout]    |
[INFO] [stdout]    = note: this error originates in the derive macro `SimpleObject` (in Nightly builds, run with -Z macro-backtrace for more info)
[INFO] [stdout] help: consider importing one of these items
[INFO] [stdout]    |
[INFO] [stdout] 2  | use async_graphql::dynamic::FieldValue;
[INFO] [stdout]    |
[INFO] [stdout] 2  | use dynamic_graphql::FieldValue;
[INFO] [stdout]    |
[INFO] [stdout] help: if you import `FieldValue`, refer to it directly
[INFO] [stdout]    |
[INFO] [stdout] 24 | #[derive(SimpleObject)]
[INFO] [stdout]    |
[INFO] [stdout] 
[INFO] [stdout] error[E0433]: failed to resolve: could not find `FieldValue` in the crate root
[INFO] [stdout]   --> src/lib.rs:157:10
[INFO] [stdout]    |
[INFO] [stdout] 24 | #[derive(SimpleObject)]
[INFO] [stdout]    |          ^^^^^^^^^^^^ could not find `FieldValue` in the crate root
[INFO] [stdout]    |
[INFO] [stdout]    = note: this error originates in the derive macro `SimpleObject` (in Nightly builds, run with -Z macro-backtrace for more info)
[INFO] [stdout] help: consider importing one of these items
[INFO] [stdout]    |
[INFO] [stdout] 2  | use async_graphql::dynamic::FieldValue;
[INFO] [stdout]    |
[INFO] [stdout] 2  | use dynamic_graphql::FieldValue;
[INFO] [stdout]    |
[INFO] [stdout] help: if you import `FieldValue`, refer to it directly
[INFO] [stdout]    |
[INFO] [stdout] 24 | #[derive(SimpleObject)]
[INFO] [stdout]    |
[INFO] [stdout] 
[INFO] [stdout] error[E0433]: failed to resolve: unresolved import
[INFO] [stdout]   --> src/lib.rs:157:10
[INFO] [stdout]    |
[INFO] [stdout] 24 | #[derive(SimpleObject)]
[INFO] [stdout]    |          ^^^^^^^^^^^^ unresolved import
[INFO] [stdout]    |
[INFO] [stdout]    = note: this error originates in the derive macro `SimpleObject` (in Nightly builds, run with -Z macro-backtrace for more info)
[INFO] [stdout] help: a similar path exists
[INFO] [stdout]    |
[INFO] [stdout] 24 | #[derive(async_graphql::dynamic)]
[INFO] [stdout]    |          ~~~~~~~~~~~~~~~~~~~~~~
[INFO] [stdout] help: consider importing one of these items
[INFO] [stdout]    |
[INFO] [stdout] 2  | use async_graphql::dynamic::Object;
[INFO] [stdout]    |
[INFO] [stdout] 2  | use dynamic_graphql::dynamic::Object;
[INFO] [stdout]    |
[INFO] [stdout] 2  | use dynamic_graphql::internal::Object;
[INFO] [stdout]    |
[INFO] [stdout] help: if you import `Object`, refer to it directly
[INFO] [stdout]    |
[INFO] [stdout] 24 | #[derive(SimpleObject)]
[INFO] [stdout]    |
[INFO] [stdout] 
[INFO] [stdout] error[E0433]: failed to resolve: unresolved import
[INFO] [stdout]   --> src/lib.rs:157:10
[INFO] [stdout]    |
[INFO] [stdout] 24 | #[derive(SimpleObject)]
[INFO] [stdout]    |          ^^^^^^^^^^^^ unresolved import
[INFO] [stdout]    |
[INFO] [stdout]    = note: this error originates in the derive macro `SimpleObject` (in Nightly builds, run with -Z macro-backtrace for more info)
[INFO] [stdout] help: a similar path exists
[INFO] [stdout]    |
[INFO] [stdout] 24 | #[derive(async_graphql::dynamic)]
[INFO] [stdout]    |          ~~~~~~~~~~~~~~~~~~~~~~
[INFO] [stdout] help: consider importing one of these items
[INFO] [stdout]    |
[INFO] [stdout] 2  | use async_graphql::dynamic::Field;
[INFO] [stdout]    |
[INFO] [stdout] 2  | use dynamic_graphql::dynamic::Field;
[INFO] [stdout]    |
[INFO] [stdout] 2  | use graphql_parser::query::Field;
[INFO] [stdout]    |
[INFO] [stdout] 2  | use graphql_parser::schema::Field;
[INFO] [stdout]    |
[INFO] [stdout] help: if you import `Field`, refer to it directly
[INFO] [stdout]    |
[INFO] [stdout] 24 | #[derive(SimpleObject)]
[INFO] [stdout]    |
[INFO] [stdout] 
[INFO] [stdout] error[E0433]: failed to resolve: unresolved import
[INFO] [stdout]   --> src/lib.rs:157:10
[INFO] [stdout]    |
[INFO] [stdout] 24 | #[derive(SimpleObject)]
[INFO] [stdout]    |          ^^^^^^^^^^^^ unresolved import
[INFO] [stdout]    |
[INFO] [stdout]    = note: this error originates in the derive macro `SimpleObject` (in Nightly builds, run with -Z macro-backtrace for more info)
[INFO] [stdout] help: a similar path exists
[INFO] [stdout]    |
[INFO] [stdout] 24 | #[derive(async_graphql::dynamic)]
[INFO] [stdout]    |          ~~~~~~~~~~~~~~~~~~~~~~
[INFO] [stdout] help: consider importing one of these items
[INFO] [stdout]    |
[INFO] [stdout] 2  | use async_graphql::dynamic::FieldFuture;
[INFO] [stdout]    |
[INFO] [stdout] 2  | use dynamic_graphql::dynamic::FieldFuture;
[INFO] [stdout]    |
[INFO] [stdout] help: if you import `FieldFuture`, refer to it directly
[INFO] [stdout]    |
[INFO] [stdout] 24 | #[derive(SimpleObject)]
[INFO] [stdout]    |
[INFO] [stdout] 
[INFO] [stdout] error[E0433]: failed to resolve: unresolved import
[INFO] [stdout]   --> src/lib.rs:157:10
[INFO] [stdout]    |
[INFO] [stdout] 24 | #[derive(SimpleObject)]
[INFO] [stdout]    |          ^^^^^^^^^^^^ unresolved import
[INFO] [stdout]    |
[INFO] [stdout]    = note: this error originates in the derive macro `SimpleObject` (in Nightly builds, run with -Z macro-backtrace for more info)
[INFO] [stdout] help: a similar path exists
[INFO] [stdout]    |
[INFO] [stdout] 24 | #[derive(dynamic_graphql::internal)]
[INFO] [stdout]    |          ~~~~~~~~~~~~~~~~~~~~~~~~~
[INFO] [stdout] help: consider importing this trait
[INFO] [stdout]    |
[INFO] [stdout] 2  | use dynamic_graphql::internal::Resolve;
[INFO] [stdout]    |
[INFO] [stdout] help: if you import `Resolve`, refer to it directly
[INFO] [stdout]    |
[INFO] [stdout] 24 | #[derive(SimpleObject)]
[INFO] [stdout]    |
[INFO] [stdout] 
[INFO] [stdout] error[E0412]: cannot find type `Context` in the crate root
[INFO] [stdout]   --> src/lib.rs:170:10
[INFO] [stdout]    |
[INFO] [stdout] 37 | #[derive(ResolvedObject)]
[INFO] [stdout]    |          ^^^^^^^^^^^^^^ not found in the crate root
[INFO] [stdout]    |
[INFO] [stdout]    = note: this error originates in the derive macro `ResolvedObject` (in Nightly builds, run with -Z macro-backtrace for more info)
[INFO] [stdout] help: consider importing one of these items
[INFO] [stdout]    |
[INFO] [stdout] 2  | use async_graphql::Context;
[INFO] [stdout]    |
[INFO] [stdout] 2  | use core::task::Context;
[INFO] [stdout]    |
[INFO] [stdout] 2  | use dynamic_graphql::Context;
[INFO] [stdout]    |
[INFO] [stdout] 2  | use std::task::Context;
[INFO] [stdout]    |
[INFO] [stdout] help: if you import `Context`, refer to it directly
[INFO] [stdout]    |
[INFO] [stdout] 37 | #[derive(ResolvedObject)]
[INFO] [stdout]    |
[INFO] [stdout] 
[INFO] [stdout] error[E0412]: cannot find type `Result` in the crate root
[INFO] [stdout]   --> src/lib.rs:170:10
[INFO] [stdout]    |
[INFO] [stdout] 37 | #[derive(ResolvedObject)]
[INFO] [stdout]    |          ^^^^^^^^^^^^^^ not found in the crate root
[INFO] [stdout]    |
[INFO] [stdout]    = note: this error originates in the derive macro `ResolvedObject` (in Nightly builds, run with -Z macro-backtrace for more info)
[INFO] [stdout] help: consider importing one of these items
[INFO] [stdout]    |
[INFO] [stdout] 2  | use async_graphql::Result;
[INFO] [stdout]    |
[INFO] [stdout] 2  | use core::fmt::Result;
[INFO] [stdout]    |
[INFO] [stdout] 2  | use core::result::Result;
[INFO] [stdout]    |
[INFO] [stdout] 2  | use dynamic_graphql::Result;
[INFO] [stdout]    |
[INFO] [stdout]      and 4 other candidates
[INFO] [stdout] help: if you import `Result`, refer to it directly
[INFO] [stdout]    |
[INFO] [stdout] 37 | #[derive(ResolvedObject)]
[INFO] [stdout]    |
[INFO] [stdout] 
[INFO] [stdout] error[E0412]: cannot find type `FieldValue` in the crate root
[INFO] [stdout]   --> src/lib.rs:170:10
[INFO] [stdout]    |
[INFO] [stdout] 37 | #[derive(ResolvedObject)]
[INFO] [stdout]    |          ^^^^^^^^^^^^^^ not found in the crate root
[INFO] [stdout]    |
[INFO] [stdout]    = note: this error originates in the derive macro `ResolvedObject` (in Nightly builds, run with -Z macro-backtrace for more info)
[INFO] [stdout] help: consider importing one of these items
[INFO] [stdout]    |
[INFO] [stdout] 2  | use async_graphql::dynamic::FieldValue;
[INFO] [stdout]    |
[INFO] [stdout] 2  | use dynamic_graphql::FieldValue;
[INFO] [stdout]    |
[INFO] [stdout] help: if you import `FieldValue`, refer to it directly
[INFO] [stdout]    |
[INFO] [stdout] 37 | #[derive(ResolvedObject)]
[INFO] [stdout]    |
[INFO] [stdout] 
[INFO] [stdout] error[E0433]: failed to resolve: could not find `FieldValue` in the crate root
[INFO] [stdout]   --> src/lib.rs:170:10
[INFO] [stdout]    |
[INFO] [stdout] 37 | #[derive(ResolvedObject)]
[INFO] [stdout]    |          ^^^^^^^^^^^^^^ could not find `FieldValue` in the crate root
[INFO] [stdout]    |
[INFO] [stdout]    = note: this error originates in the derive macro `ResolvedObject` (in Nightly builds, run with -Z macro-backtrace for more info)
[INFO] [stdout] help: consider importing one of these items
[INFO] [stdout]    |
[INFO] [stdout] 2  | use async_graphql::dynamic::FieldValue;
[INFO] [stdout]    |
[INFO] [stdout] 2  | use dynamic_graphql::FieldValue;
[INFO] [stdout]    |
[INFO] [stdout] help: if you import `FieldValue`, refer to it directly
[INFO] [stdout]    |
[INFO] [stdout] 37 | #[derive(ResolvedObject)]
[INFO] [stdout]    |
[INFO] [stdout] 
[INFO] [stdout] error[E0412]: cannot find type `Instance` in the crate root
[INFO] [stdout]   --> src/lib.rs:170:10
[INFO] [stdout]    |
[INFO] [stdout] 37 | #[derive(ResolvedObject)]
[INFO] [stdout]    |          ^^^^^^^^^^^^^^ not found in the crate root
[INFO] [stdout]    |
[INFO] [stdout]    = note: this error originates in the derive macro `ResolvedObject` (in Nightly builds, run with -Z macro-backtrace for more info)
[INFO] [stdout] help: consider importing this struct
[INFO] [stdout]    |
[INFO] [stdout] 2  | use dynamic_graphql::Instance;
[INFO] [stdout]    |
[INFO] [stdout] help: if you import `Instance`, refer to it directly
[INFO] [stdout]    |
[INFO] [stdout] 37 | #[derive(ResolvedObject)]
[INFO] [stdout]    |
[INFO] [stdout] 
[INFO] [stdout] error[E0433]: failed to resolve: unresolved import
[INFO] [stdout]   --> src/lib.rs:178:1
[INFO] [stdout]    |
[INFO] [stdout] 45 | #[ResolvedObjectFields]
[INFO] [stdout]    | ^^^^^^^^^^^^^^^^^^^^^^^ unresolved import
[INFO] [stdout]    |
[INFO] [stdout]    = note: this error originates in the attribute macro `ResolvedObjectFields` (in Nightly builds, run with -Z macro-backtrace for more info)
[INFO] [stdout] help: a similar path exists
[INFO] [stdout]    |
[INFO] [stdout] 45 | async_graphql::dynamic
[INFO] [stdout]    |
[INFO] [stdout] help: consider importing one of these items
[INFO] [stdout]    |
[INFO] [stdout] 2  | use async_graphql::dynamic::Object;
[INFO] [stdout]    |
[INFO] [stdout] 2  | use dynamic_graphql::dynamic::Object;
[INFO] [stdout]    |
[INFO] [stdout] 2  | use dynamic_graphql::internal::Object;
[INFO] [stdout]    |
[INFO] [stdout] 
[INFO] [stdout] error[E0433]: failed to resolve: unresolved import
[INFO] [stdout]   --> src/lib.rs:178:1
[INFO] [stdout]    |
[INFO] [stdout] 45 | #[ResolvedObjectFields]
[INFO] [stdout]    | ^^^^^^^^^^^^^^^^^^^^^^^ unresolved import
[INFO] [stdout]    |
[INFO] [stdout]    = note: this error originates in the attribute macro `ResolvedObjectFields` (in Nightly builds, run with -Z macro-backtrace for more info)
[INFO] [stdout] help: a similar path exists
[INFO] [stdout]    |
[INFO] [stdout] 45 | async_graphql::dynamic
[INFO] [stdout]    |
[INFO] [stdout] help: consider importing one of these items
[INFO] [stdout]    |
[INFO] [stdout] 2  | use async_graphql::dynamic::Field;
[INFO] [stdout]    |
[INFO] [stdout] 2  | use dynamic_graphql::dynamic::Field;
[INFO] [stdout]    |
[INFO] [stdout] 2  | use graphql_parser::query::Field;
[INFO] [stdout]    |
[INFO] [stdout] 2  | use graphql_parser::schema::Field;
[INFO] [stdout]    |
[INFO] [stdout] 
[INFO] [stdout] error[E0433]: failed to resolve: unresolved import
[INFO] [stdout]   --> src/lib.rs:178:1
[INFO] [stdout]    |
[INFO] [stdout] 45 | #[ResolvedObjectFields]
[INFO] [stdout]    | ^^^^^^^^^^^^^^^^^^^^^^^ unresolved import
[INFO] [stdout]    |
[INFO] [stdout]    = note: this error originates in the attribute macro `ResolvedObjectFields` (in Nightly builds, run with -Z macro-backtrace for more info)
[INFO] [stdout] help: a similar path exists
[INFO] [stdout]    |
[INFO] [stdout] 45 | async_graphql::dynamic
[INFO] [stdout]    |
[INFO] [stdout] help: consider importing one of these items
[INFO] [stdout]    |
[INFO] [stdout] 2  | use async_graphql::dynamic::FieldFuture;
[INFO] [stdout]    |
[INFO] [stdout] 2  | use dynamic_graphql::dynamic::FieldFuture;
[INFO] [stdout]    |
[INFO] [stdout] 
[INFO] [stdout] error[E0433]: failed to resolve: unresolved import
[INFO] [stdout]   --> src/lib.rs:178:1
[INFO] [stdout]    |
[INFO] [stdout] 45 | #[ResolvedObjectFields]
[INFO] [stdout]    | ^^^^^^^^^^^^^^^^^^^^^^^ unresolved import
[INFO] [stdout]    |
[INFO] [stdout]    = note: this error originates in the attribute macro `ResolvedObjectFields` (in Nightly builds, run with -Z macro-backtrace for more info)
[INFO] [stdout] help: a similar path exists
[INFO] [stdout]    |
[INFO] [stdout] 45 | dynamic_graphql::internal
[INFO] [stdout]    |
[INFO] [stdout] help: consider importing this trait
[INFO] [stdout]    |
[INFO] [stdout] 2  | use dynamic_graphql::internal::Resolve;
[INFO] [stdout]    |
[INFO] [stdout] 
[INFO] [stdout] error[E0412]: cannot find type `Context` in the crate root
[INFO] [stdout]   --> src/lib.rs:195:10
[INFO] [stdout]    |
[INFO] [stdout] 62 | #[derive(ResolvedObject)]
[INFO] [stdout]    |          ^^^^^^^^^^^^^^ not found in the crate root
[INFO] [stdout]    |
[INFO] [stdout]    = note: this error originates in the derive macro `ResolvedObject` (in Nightly builds, run with -Z macro-backtrace for more info)
[INFO] [stdout] help: consider importing one of these items
[INFO] [stdout]    |
[INFO] [stdout] 2  | use async_graphql::Context;
[INFO] [stdout]    |
[INFO] [stdout] 2  | use core::task::Context;
[INFO] [stdout]    |
[INFO] [stdout] 2  | use dynamic_graphql::Context;
[INFO] [stdout]    |
[INFO] [stdout] 2  | use std::task::Context;
[INFO] [stdout]    |
[INFO] [stdout] help: if you import `Context`, refer to it directly
[INFO] [stdout]    |
[INFO] [stdout] 62 | #[derive(ResolvedObject)]
[INFO] [stdout]    |
[INFO] [stdout] 
[INFO] [stdout] error[E0412]: cannot find type `Result` in the crate root
[INFO] [stdout]   --> src/lib.rs:195:10
[INFO] [stdout]    |
[INFO] [stdout] 62 | #[derive(ResolvedObject)]
[INFO] [stdout]    |          ^^^^^^^^^^^^^^ not found in the crate root
[INFO] [stdout]    |
[INFO] [stdout]    = note: this error originates in the derive macro `ResolvedObject` (in Nightly builds, run with -Z macro-backtrace for more info)
[INFO] [stdout] help: consider importing one of these items
[INFO] [stdout]    |
[INFO] [stdout] 2  | use async_graphql::Result;
[INFO] [stdout]    |
[INFO] [stdout] 2  | use core::fmt::Result;
[INFO] [stdout]    |
[INFO] [stdout] 2  | use core::result::Result;
[INFO] [stdout]    |
[INFO] [stdout] 2  | use dynamic_graphql::Result;
[INFO] [stdout]    |
[INFO] [stdout]      and 4 other candidates
[INFO] [stdout] help: if you import `Result`, refer to it directly
[INFO] [stdout]    |
[INFO] [stdout] 62 | #[derive(ResolvedObject)]
[INFO] [stdout]    |
[INFO] [stdout] 
[INFO] [stdout] error[E0412]: cannot find type `FieldValue` in the crate root
[INFO] [stdout]   --> src/lib.rs:195:10
[INFO] [stdout]    |
[INFO] [stdout] 62 | #[derive(ResolvedObject)]
[INFO] [stdout]    |          ^^^^^^^^^^^^^^ not found in the crate root
[INFO] [stdout]    |
[INFO] [stdout]    = note: this error originates in the derive macro `ResolvedObject` (in Nightly builds, run with -Z macro-backtrace for more info)
[INFO] [stdout] help: consider importing one of these items
[INFO] [stdout]    |
[INFO] [stdout] 2  | use async_graphql::dynamic::FieldValue;
[INFO] [stdout]    |
[INFO] [stdout] 2  | use dynamic_graphql::FieldValue;
[INFO] [stdout]    |
[INFO] [stdout] help: if you import `FieldValue`, refer to it directly
[INFO] [stdout]    |
[INFO] [stdout] 62 | #[derive(ResolvedObject)]
[INFO] [stdout]    |
[INFO] [stdout] 
[INFO] [stdout] error[E0433]: failed to resolve: could not find `FieldValue` in the crate root
[INFO] [stdout]   --> src/lib.rs:195:10
[INFO] [stdout]    |
[INFO] [stdout] 62 | #[derive(ResolvedObject)]
[INFO] [stdout]    |          ^^^^^^^^^^^^^^ could not find `FieldValue` in the crate root
[INFO] [stdout]    |
[INFO] [stdout]    = note: this error originates in the derive macro `ResolvedObject` (in Nightly builds, run with -Z macro-backtrace for more info)
[INFO] [stdout] help: consider importing one of these items
[INFO] [stdout]    |
[INFO] [stdout] 2  | use async_graphql::dynamic::FieldValue;
[INFO] [stdout]    |
[INFO] [stdout] 2  | use dynamic_graphql::FieldValue;
[INFO] [stdout]    |
[INFO] [stdout] help: if you import `FieldValue`, refer to it directly
[INFO] [stdout]    |
[INFO] [stdout] 62 | #[derive(ResolvedObject)]
[INFO] [stdout]    |
[INFO] [stdout] 
[INFO] [stdout] error[E0433]: failed to resolve: unresolved import
[INFO] [stdout]   --> src/lib.rs:199:1
[INFO] [stdout]    |
[INFO] [stdout] 66 | #[ResolvedObjectFields]
[INFO] [stdout]    | ^^^^^^^^^^^^^^^^^^^^^^^ unresolved import
[INFO] [stdout]    |
[INFO] [stdout]    = note: this error originates in the attribute macro `ResolvedObjectFields` (in Nightly builds, run with -Z macro-backtrace for more info)
[INFO] [stdout] help: a similar path exists
[INFO] [stdout]    |
[INFO] [stdout] 66 | async_graphql::dynamic
[INFO] [stdout]    |
[INFO] [stdout] help: consider importing one of these items
[INFO] [stdout]    |
[INFO] [stdout] 2  | use async_graphql::dynamic::Object;
[INFO] [stdout]    |
[INFO] [stdout] 2  | use dynamic_graphql::dynamic::Object;
[INFO] [stdout]    |
[INFO] [stdout] 2  | use dynamic_graphql::internal::Object;
[INFO] [stdout]    |
[INFO] [stdout] 
[INFO] [stdout] error[E0433]: failed to resolve: unresolved import
[INFO] [stdout]   --> src/lib.rs:199:1
[INFO] [stdout]    |
[INFO] [stdout] 66 | #[ResolvedObjectFields]
[INFO] [stdout]    | ^^^^^^^^^^^^^^^^^^^^^^^ unresolved import
[INFO] [stdout]    |
[INFO] [stdout]    = note: this error originates in the attribute macro `ResolvedObjectFields` (in Nightly builds, run with -Z macro-backtrace for more info)
[INFO] [stdout] help: a similar path exists
[INFO] [stdout]    |
[INFO] [stdout] 66 | async_graphql::dynamic
[INFO] [stdout]    |
[INFO] [stdout] help: consider importing one of these items
[INFO] [stdout]    |
[INFO] [stdout] 2  | use async_graphql::dynamic::Field;
[INFO] [stdout]    |
[INFO] [stdout] 2  | use dynamic_graphql::dynamic::Field;
[INFO] [stdout]    |
[INFO] [stdout] 2  | use graphql_parser::query::Field;
[INFO] [stdout]    |
[INFO] [stdout] 2  | use graphql_parser::schema::Field;
[INFO] [stdout]    |
[INFO] [stdout] 
[INFO] [stdout] error[E0433]: failed to resolve: unresolved import
[INFO] [stdout]   --> src/lib.rs:199:1
[INFO] [stdout]    |
[INFO] [stdout] 66 | #[ResolvedObjectFields]
[INFO] [stdout]    | ^^^^^^^^^^^^^^^^^^^^^^^ unresolved import
[INFO] [stdout]    |
[INFO] [stdout]    = note: this error originates in the attribute macro `ResolvedObjectFields` (in Nightly builds, run with -Z macro-backtrace for more info)
[INFO] [stdout] help: a similar path exists
[INFO] [stdout]    |
[INFO] [stdout] 66 | async_graphql::dynamic
[INFO] [stdout]    |
[INFO] [stdout] help: consider importing one of these items
[INFO] [stdout]    |
[INFO] [stdout] 2  | use async_graphql::dynamic::FieldFuture;
[INFO] [stdout]    |
[INFO] [stdout] 2  | use dynamic_graphql::dynamic::FieldFuture;
[INFO] [stdout]    |
[INFO] [stdout] 
[INFO] [stdout] error[E0433]: failed to resolve: unresolved import
[INFO] [stdout]   --> src/lib.rs:199:1
[INFO] [stdout]    |
[INFO] [stdout] 66 | #[ResolvedObjectFields]
[INFO] [stdout]    | ^^^^^^^^^^^^^^^^^^^^^^^ unresolved import
[INFO] [stdout]    |
[INFO] [stdout]    = note: this error originates in the attribute macro `ResolvedObjectFields` (in Nightly builds, run with -Z macro-backtrace for more info)
[INFO] [stdout] help: a similar path exists
[INFO] [stdout]    |
[INFO] [stdout] 66 | dynamic_graphql::internal
[INFO] [stdout]    |
[INFO] [stdout] help: consider importing this trait
[INFO] [stdout]    |
[INFO] [stdout] 2  | use dynamic_graphql::internal::FromValue;
[INFO] [stdout]    |
[INFO] [stdout] 
[INFO] [stdout] error[E0433]: failed to resolve: unresolved import
[INFO] [stdout]   --> src/lib.rs:199:1
[INFO] [stdout]    |
[INFO] [stdout] 66 | #[ResolvedObjectFields]
[INFO] [stdout]    | ^^^^^^^^^^^^^^^^^^^^^^^ unresolved import
[INFO] [stdout]    |
[INFO] [stdout]    = note: this error originates in the attribute macro `ResolvedObjectFields` (in Nightly builds, run with -Z macro-backtrace for more info)
[INFO] [stdout] help: a similar path exists
[INFO] [stdout]    |
[INFO] [stdout] 66 | dynamic_graphql::internal
[INFO] [stdout]    |
[INFO] [stdout] help: consider importing this trait
[INFO] [stdout]    |
[INFO] [stdout] 2  | use dynamic_graphql::internal::Resolve;
[INFO] [stdout]    |
[INFO] [stdout] 
[INFO] [stdout] error[E0433]: failed to resolve: unresolved import
[INFO] [stdout]   --> src/lib.rs:199:1
[INFO] [stdout]    |
[INFO] [stdout] 66 | #[ResolvedObjectFields]
[INFO] [stdout]    | ^^^^^^^^^^^^^^^^^^^^^^^ unresolved import
[INFO] [stdout]    |
[INFO] [stdout]    = note: this error originates in the attribute macro `ResolvedObjectFields` (in Nightly builds, run with -Z macro-backtrace for more info)
[INFO] [stdout] help: a similar path exists
[INFO] [stdout]    |
[INFO] [stdout] 66 | async_graphql::dynamic
[INFO] [stdout]    |
[INFO] [stdout] help: consider importing one of these items
[INFO] [stdout]    |
[INFO] [stdout] 2  | use async_graphql::dynamic::InputValue;
[INFO] [stdout]    |
[INFO] [stdout] 2  | use dynamic_graphql::dynamic::InputValue;
[INFO] [stdout]    |
[INFO] [stdout] 2  | use graphql_parser::schema::InputValue;
[INFO] [stdout]    |
[INFO] [stdout] 
[INFO] [stdout] error[E0433]: failed to resolve: unresolved import
[INFO] [stdout]   --> src/lib.rs:223:10
[INFO] [stdout]    |
[INFO] [stdout] 90 | #[derive(App)]
[INFO] [stdout]    |          ^^^ unresolved import
[INFO] [stdout]    |
[INFO] [stdout]    = note: this error originates in the derive macro `App` (in Nightly builds, run with -Z macro-backtrace for more info)
[INFO] [stdout] help: a similar path exists
[INFO] [stdout]    |
[INFO] [stdout] 90 | #[derive(dynamic_graphql::internal)]
[INFO] [stdout]    |          ~~~~~~~~~~~~~~~~~~~~~~~~~
[INFO] [stdout] help: consider importing one of these items
[INFO] [stdout]    |
[INFO] [stdout] 2  | use async_graphql::registry::Registry;
[INFO] [stdout]    |
[INFO] [stdout] 2  | use dynamic_graphql::internal::Registry;
[INFO] [stdout]    |
[INFO] [stdout] help: if you import `Registry`, refer to it directly
[INFO] [stdout]    |
[INFO] [stdout] 90 | #[derive(App)]
[INFO] [stdout]    |
[INFO] [stdout] 
[INFO] [stdout] error: aborting due to 41 previous errors
[INFO] [stdout] 
[INFO] [stdout] Some errors have detailed explanations: E0412, E0433.
[INFO] [stdout] For more information about an error, try `rustc --explain E0412`.
[INFO] [stdout] Couldn't compile the test.
[INFO] [stdout] 
[INFO] [stdout] failures:
[INFO] [stdout]     src/lib.rs - Interface (line 136)
[INFO] [stdout]     src/lib.rs - ResolvedObjectFields (line 157)
[INFO] [stdout]     src/lib.rs - ResolvedObjectFields (line 213)
[INFO] [stdout]     src/lib.rs - ResolvedObjectFields (line 274)
[INFO] [stdout]     src/lib.rs - ResolvedObjectFields (line 339)
[INFO] [stdout]     src/lib.rs - SimpleObject (line 139)
[INFO] [stdout]     src/lib.rs - SimpleObject (line 183)
[INFO] [stdout]     src/lib.rs - SimpleObject (line 221)
[INFO] [stdout] 
[INFO] [stdout] test result: FAILED. 0 passed; 8 failed; 0 ignored; 0 measured; 0 filtered out; finished in 0.21s
[INFO] [stdout] 
[INFO] running `Command { std: "docker" "inspect" "e4f5c7625e506962a15e4efb47d05760e5f747716f7403d023697632ee104a24", kill_on_drop: false }`
[INFO] running `Command { std: "docker" "rm" "-f" "e4f5c7625e506962a15e4efb47d05760e5f747716f7403d023697632ee104a24", kill_on_drop: false }`
[INFO] [stdout] e4f5c7625e506962a15e4efb47d05760e5f747716f7403d023697632ee104a24
